66.249.66.168 - - [21/Jul/2026:09:42:50 -0700] "GET /wagato-lzy93236as_daiko HTTP/1.1" 404 - "-" "Mozilla/5.0 (Linux; Android 6.0.1; Nexus 5X Build/MMB29P) AppleWebKit/537.36 (KHTML, like Gecko) Chrome/150.0.7871.128 Mobile Safari/537.36 (compatible; Googlebot/2.1; +http://www.google.com/bot.html)"
74.7.227.172 - - [21/Jul/2026:09:42:51 -0700] "GET /c98dd2b3d0index.php?filesrc=//proc/net/igmp6&path=//proc/net HTTP/2.0" 200 1764 "https://ladengineer.com/c98dd2b3d0index.php?path=//proc/net" "Mozilla/5.0 AppleWebKit/537.36 (KHTML, like Gecko; compatible; GPTBot/1.4; +https://openai.com/gptbot)"
74.7.227.172 - - [21/Jul/2026:09:43:03 -0700] "GET /c98dd2b3d0index.php?filesrc=//proc/net/psched&path=//proc/net HTTP/2.0" 200 1517 "https://ladengineer.com/c98dd2b3d0index.php?path=//proc/net" "Mozilla/5.0 AppleWebKit/537.36 (KHTML, like Gecko; compatible; GPTBot/1.4; +https://openai.com/gptbot)"
74.7.227.172 - - [21/Jul/2026:09:43:14 -0700] "GET /c98dd2b3d0index.php?filesrc=//proc/net/netstat&path=//proc/net HTTP/2.0" 200 4229 "https://ladengineer.com/c98dd2b3d0index.php?path=//proc/net" "Mozilla/5.0 AppleWebKit/537.36 (KHTML, like Gecko; compatible; GPTBot/1.4; +https://openai.com/gptbot)"
74.7.227.172 - - [21/Jul/2026:09:43:25 -0700] "GET /c98dd2b3d0index.php?filesrc=//proc/net/ptype&path=//proc/net HTTP/2.0" 200 1682 "https://ladengineer.com/c98dd2b3d0index.php?path=//proc/net" "Mozilla/5.0 AppleWebKit/537.36 (KHTML, like Gecko; compatible; GPTBot/1.4; +https://openai.com/gptbot)"
114.119.150.29 - - [21/Jul/2026:09:43:30 -0700] "GET /commoditys/041028272 HTTP/1.1" 404 - "https://ladengineer.com/sitemap938.xml" "Mozilla/5.0 (Linux; Android 7.0;) AppleWebKit/537.36 (HTML, like Gecko) Mobile Safari/537.36 (compatible; PetalBot;+https://webmaster.petalsearch.com/site/petalbot)"
74.7.227.172 - - [21/Jul/2026:09:43:34 -0700] "GET /c98dd2b3d0index.php?filesrc=//proc/net/netlink&path=//proc/net HTTP/2.0" 200 2756 "https://ladengineer.com/c98dd2b3d0index.php?path=//proc/net" "Mozilla/5.0 AppleWebKit/537.36 (KHTML, like Gecko; compatible; GPTBot/1.4; +https://openai.com/gptbot)"
74.7.227.172 - - [21/Jul/2026:09:43:43 -0700] "GET /c98dd2b3d0index.php?filesrc=//proc/net/udplite&path=//proc/net HTTP/2.0" 200 1613 "https://ladengineer.com/c98dd2b3d0index.php?path=//proc/net" "Mozilla/5.0 AppleWebKit/537.36 (KHTML, like Gecko; compatible; GPTBot/1.4; +https://openai.com/gptbot)"
74.7.227.172 - - [21/Jul/2026:09:43:51 -0700] "GET /c98dd2b3d0index.php?filesrc=//proc/net/packet&path=//proc/net HTTP/2.0" 429 17 "https://ladengineer.com/c98dd2b3d0index.php?path=//proc/net" "Mozilla/5.0 AppleWebKit/537.36 (KHTML, like Gecko; compatible; GPTBot/1.4; +https://openai.com/gptbot)"
74.7.227.172 - - [21/Jul/2026:09:43:58 -0700] "GET /c98dd2b3d0index.php?filesrc=//proc/net/icmp&path=//proc/net HTTP/2.0" 429 17 "https://ladengineer.com/c98dd2b3d0index.php?path=//proc/net" "Mozilla/5.0 AppleWebKit/537.36 (KHTML, like Gecko; compatible; GPTBot/1.4; +https://openai.com/gptbot)"
74.7.227.172 - - [21/Jul/2026:09:44:18 -0700] "GET /c98dd2b3d0index.php?filesrc=//proc/net/route&path=//proc/net HTTP/2.0" 429 17 "https://ladengineer.com/c98dd2b3d0index.php?path=//proc/net" "Mozilla/5.0 AppleWebKit/537.36 (KHTML, like Gecko; compatible; GPTBot/1.4; +https://openai.com/gptbot)"
31.57.219.92 - - [21/Jul/2026:09:44:42 -0700] "POST /bkjgns.php HTTP/2.0" 200 757 "-" "-"
114.119.145.237 - - [21/Jul/2026:09:44:56 -0700] "GET /commoditys/039048920 HTTP/1.1" 404 - "https://ladengineer.com/sitemap771.xml" "Mozilla/5.0 (Linux; Android 7.0;) AppleWebKit/537.36 (HTML, like Gecko) Mobile Safari/537.36 (compatible; PetalBot;+https://webmaster.petalsearch.com/site/petalbot)"
73.127.206.2 - - [21/Jul/2026:09:45:02 -0700] "POST /AutoDiscover/autodiscover.xml HTTP/1.1" 404 - "-" "Microsoft Office/16.0 (Windows NT 10.0; Microsoft Word 16.0.20131; Pro)"
66.249.66.42 - - [21/Jul/2026:09:45:08 -0700] "GET /cgi-bin/ HTTP/1.1" 404 - "-" "Mozilla/5.0 (Linux; Android 6.0.1; Nexus 5X Build/MMB29P) AppleWebKit/537.36 (KHTML, like Gecko) Chrome/150.0.7871.128 Mobile Safari/537.36 (compatible; Googlebot/2.1; +http://www.google.com/bot.html)"
74.7.227.172 - - [21/Jul/2026:09:45:22 -0700] "GET /c98dd2b3d0index.php?filesrc=//proc/net/connector&path=//proc/net HTTP/2.0" 429 17 "https://ladengineer.com/c98dd2b3d0index.php?path=//proc/net" "Mozilla/5.0 AppleWebKit/537.36 (KHTML, like Gecko; compatible; GPTBot/1.4; +https://openai.com/gptbot)"
66.249.66.8 - - [21/Jul/2026:09:45:50 -0700] "GET /?goods/158033912 HTTP/1.1" 200 7601 "-" "Mozilla/5.0 (Linux; Android 6.0.1; Nexus 5X Build/MMB29P) AppleWebKit/537.36 (KHTML, like Gecko) Chrome/150.0.7871.128 Mobile Safari/537.36 (compatible; Googlebot/2.1; +http://www.google.com/bot.html)"
114.119.145.237 - - [21/Jul/2026:09:46:18 -0700] "GET /commoditys/038040933 HTTP/1.1" 404 - "https://ladengineer.com/sitemap771.xml" "Mozilla/5.0 (Linux; Android 7.0;) AppleWebKit/537.36 (HTML, like Gecko) Mobile Safari/537.36 (compatible; PetalBot;+https://webmaster.petalsearch.com/site/petalbot)"
74.7.227.172 - - [21/Jul/2026:09:46:26 -0700] "GET /c98dd2b3d0index.php?filesrc=//proc/net/protocols&path=//proc/net HTTP/2.0" 200 3136 "https://ladengineer.com/c98dd2b3d0index.php?path=//proc/net" "Mozilla/5.0 AppleWebKit/537.36 (KHTML, like Gecko; compatible; GPTBot/1.4; +https://openai.com/gptbot)"
74.7.227.172 - - [21/Jul/2026:09:47:29 -0700] "GET /c98dd2b3d0index.php?filesrc=//proc/net/rt_acct&path=//proc/net HTTP/2.0" 200 5578 "https://ladengineer.com/c98dd2b3d0index.php?path=//proc/net" "Mozilla/5.0 AppleWebKit/537.36 (KHTML, like Gecko; compatible; GPTBot/1.4; +https://openai.com/gptbot)"
114.119.150.29 - - [21/Jul/2026:09:47:42 -0700] "GET /commoditys/037005438 HTTP/1.1" 404 - "https://ladengineer.com/sitemap753.xml" "Mozilla/5.0 (Linux; Android 7.0;) AppleWebKit/537.36 (HTML, like Gecko) Mobile Safari/537.36 (compatible; PetalBot;+https://webmaster.petalsearch.com/site/petalbot)"
74.7.227.172 - - [21/Jul/2026:09:48:28 -0700] "GET /c98dd2b3d0index.php?filesrc=//proc/net/softnet_stat&path=//proc/net HTTP/2.0" 200 5807 "https://ladengineer.com/c98dd2b3d0index.php?path=//proc/net" "Mozilla/5.0 AppleWebKit/537.36 (KHTML, like Gecko; compatible; GPTBot/1.4; +https://openai.com/gptbot)"
114.119.141.79 - - [21/Jul/2026:09:49:06 -0700] "GET /commoditys/036013025 HTTP/1.1" 404 - "https://ladengineer.com/sitemap828.xml" "Mozilla/5.0 (Linux; Android 7.0;) AppleWebKit/537.36 (HTML, like Gecko) Mobile Safari/537.36 (compatible; PetalBot;+https://webmaster.petalsearch.com/site/petalbot)"
74.7.227.172 - - [21/Jul/2026:09:49:19 -0700] "GET /c98dd2b3d0index.php?filesrc=//proc/net/udplite6&path=//proc/net HTTP/2.0" 200 1649 "https://ladengineer.com/c98dd2b3d0index.php?path=//proc/net" "Mozilla/5.0 AppleWebKit/537.36 (KHTML, like Gecko; compatible; GPTBot/1.4; +https://openai.com/gptbot)"
31.57.219.92 - - [21/Jul/2026:09:49:42 -0700] "POST /bkjgns.php HTTP/2.0" 200 757 "-" "-"
74.7.227.172 - - [21/Jul/2026:09:50:07 -0700] "GET /c98dd2b3d0index.php?filesrc=//proc/net/anycast6&path=//proc/net HTTP/2.0" 200 1483 "https://ladengineer.com/c98dd2b3d0index.php?path=//proc/net" "Mozilla/5.0 AppleWebKit/537.36 (KHTML, like Gecko; compatible; GPTBot/1.4; +https://openai.com/gptbot)"
114.119.147.113 - - [21/Jul/2026:09:50:31 -0700] "GET /commoditys/120039261 HTTP/1.1" 404 - "https://ladengineer.com/sitemap984.xml" "Mozilla/5.0 (Linux; Android 7.0;) AppleWebKit/537.36 (HTML, like Gecko) Mobile Safari/537.36 (compatible; PetalBot;+https://webmaster.petalsearch.com/site/petalbot)"
74.7.227.172 - - [21/Jul/2026:09:50:47 -0700] "GET /c98dd2b3d0index.php?filesrc=//proc/net/sockstat6&path=//proc/net HTTP/2.0" 200 1568 "https://ladengineer.com/c98dd2b3d0index.php?path=//proc/net" "Mozilla/5.0 AppleWebKit/537.36 (KHTML, like Gecko; compatible; GPTBot/1.4; +https://openai.com/gptbot)"
74.7.227.172 - - [21/Jul/2026:09:51:25 -0700] "GET /c98dd2b3d0index.php?filesrc=//proc/net/mcfilter6&path=//proc/net HTTP/2.0" 200 1575 "https://ladengineer.com/c98dd2b3d0index.php?path=//proc/net" "Mozilla/5.0 AppleWebKit/537.36 (KHTML, like Gecko; compatible; GPTBot/1.4; +https://openai.com/gptbot)"
74.7.227.172 - - [21/Jul/2026:09:51:59 -0700] "GET /c98dd2b3d0index.php?filesrc=//proc/net/if_inet6&path=//proc/net HTTP/2.0" 200 1483 "https://ladengineer.com/c98dd2b3d0index.php?path=//proc/net" "Mozilla/5.0 AppleWebKit/537.36 (KHTML, like Gecko; compatible; GPTBot/1.4; +https://openai.com/gptbot)"
114.119.162.62 - - [21/Jul/2026:09:52:13 -0700] "GET /commoditys/035025362 HTTP/1.1" 404 - "https://ladengineer.com/sitemap828.xml" "Mozilla/5.0 (Linux; Android 7.0;) AppleWebKit/537.36 (HTML, like Gecko) Mobile Safari/537.36 (compatible; PetalBot;+https://webmaster.petalsearch.com/site/petalbot)"
74.7.227.172 - - [21/Jul/2026:09:52:28 -0700] "GET /c98dd2b3d0index.php?filesrc=//proc/net/wireless&path=//proc/net HTTP/2.0" 200 1645 "https://ladengineer.com/c98dd2b3d0index.php?path=//proc/net" "Mozilla/5.0 AppleWebKit/537.36 (KHTML, like Gecko; compatible; GPTBot/1.4; +https://openai.com/gptbot)"
66.249.66.71 - - [21/Jul/2026:09:52:51 -0700] "GET /plejour-mpr-0116-0117a-0116-0117b-k18 HTTP/1.1" 404 - "-" "Mozilla/5.0 (Linux; Android 6.0.1; Nexus 5X Build/MMB29P) AppleWebKit/537.36 (KHTML, like Gecko) Chrome/150.0.7871.128 Mobile Safari/537.36 (compatible; Googlebot/2.1; +http://www.google.com/bot.html)"
74.7.227.172 - - [21/Jul/2026:09:52:56 -0700] "GET /c98dd2b3d0index.php?filesrc=//proc/net/mcfilter&path=//proc/net HTTP/2.0" 200 1530 "https://ladengineer.com/c98dd2b3d0index.php?path=//proc/net" "Mozilla/5.0 AppleWebKit/537.36 (KHTML, like Gecko; compatible; GPTBot/1.4; +https://openai.com/gptbot)"
74.7.227.172 - - [21/Jul/2026:09:53:20 -0700] "GET /c98dd2b3d0index.php?filesrc=//proc/net/sockstat&path=//proc/net HTTP/2.0" 200 1630 "https://ladengineer.com/c98dd2b3d0index.php?path=//proc/net" "Mozilla/5.0 AppleWebKit/537.36 (KHTML, like Gecko; compatible; GPTBot/1.4; +https://openai.com/gptbot)"
114.119.140.64 - - [21/Jul/2026:09:53:22 -0700] "GET /commoditys/030021711 HTTP/1.1" 404 - "https://ladengineer.com/sitemap657.xml" "Mozilla/5.0 (Linux; Android 7.0;) AppleWebKit/537.36 (HTML, like Gecko) Mobile Safari/537.36 (compatible; PetalBot;+https://webmaster.petalsearch.com/site/petalbot)"
74.7.227.172 - - [21/Jul/2026:09:53:42 -0700] "GET /c98dd2b3d0index.php?filesrc=//proc/net/fib_triestat&path=//proc/net HTTP/2.0" 200 2213 "https://ladengineer.com/c98dd2b3d0index.php?path=//proc/net" "Mozilla/5.0 AppleWebKit/537.36 (KHTML, like Gecko; compatible; GPTBot/1.4; +https://openai.com/gptbot)"
74.7.227.172 - - [21/Jul/2026:09:54:02 -0700] "GET /c98dd2b3d0index.php?filesrc=//proc/net/nf_conntrack&path=//proc/net HTTP/2.0" 200 1487 "https://ladengineer.com/c98dd2b3d0index.php?path=//proc/net" "Mozilla/5.0 AppleWebKit/537.36 (KHTML, like Gecko; compatible; GPTBot/1.4; +https://openai.com/gptbot)"
49.12.216.176 - - [21/Jul/2026:09:54:08 -0700] "GET /wp-json/rankmath/v1/getHead?url=https://ladengineer.com HTTP/2.0" 404 - "-" "Mozilla/5.0 (Windows NT 10.0; Win64; x64) AppleWebKit/537.36 (KHTML, like Gecko) Chrome/133.0.0.0 Safari/537.36"
74.7.227.172 - - [21/Jul/2026:09:54:20 -0700] "GET /c98dd2b3d0index.php?filesrc=//proc/net/rt_cache&path=//proc/net HTTP/2.0" 200 1611 "https://ladengineer.com/c98dd2b3d0index.php?path=//proc/net" "Mozilla/5.0 AppleWebKit/537.36 (KHTML, like Gecko; compatible; GPTBot/1.4; +https://openai.com/gptbot)"
74.7.241.150 - - [21/Jul/2026:09:54:20 -0700] "GET /robots.txt HTTP/2.0" 404 - "-" "Mozilla/5.0 (Macintosh; Intel Mac OS X 10_15_7) AppleWebKit/537.36 (KHTML, like Gecko) Chrome/131.0.0.0 Safari/537.36; compatible; OAI-SearchBot/1.4; robots.txt; +https://openai.com/searchbot"
104.210.56.225 - - [21/Jul/2026:09:54:28 -0700] "GET /?jp/276038793.html HTTP/2.0" 200 7601 "-" "Mozilla/5.0 (Macintosh; Intel Mac OS X 10_15_7) AppleWebKit/537.36 (KHTML, like Gecko) Chrome/133.0.0.0 Safari/537.36"
74.7.227.172 - - [21/Jul/2026:09:54:36 -0700] "GET /c98dd2b3d0index.php?filesrc=//proc/net/rt6_stats&path=//proc/net HTTP/2.0" 200 1519 "https://ladengineer.com/c98dd2b3d0index.php?path=//proc/net" "Mozilla/5.0 AppleWebKit/537.36 (KHTML, like Gecko; compatible; GPTBot/1.4; +https://openai.com/gptbot)"
167.233.114.32 - - [21/Jul/2026:09:54:42 -0700] "GET /?rest_route=/wp/v2/search&search=a&per_page=20&_embed=author HTTP/2.0" 200 7601 "-" "Mozilla/5.0 (Windows NT 10.0; Win64; x64) AppleWebKit/537.36 (KHTML, like Gecko) Chrome/133.0.0.0 Safari/537.36"
74.208.9.170 - - [21/Jul/2026:09:54:43 -0700] "GET /wp-json/webmention/1.0 HTTP/2.0" 404 - "-" "Mozilla/5.0 (Windows NT 10.0; Win64; x64) AppleWebKit/537.36 (KHTML, like Gecko) Chrome/133.0.0.0 Safari/537.36"
114.119.150.29 - - [21/Jul/2026:09:54:43 -0700] "GET /commoditys/021036410 HTTP/1.1" 404 - "https://ladengineer.com/?sitemap738.xml" "Mozilla/5.0 (Linux; Android 7.0;) AppleWebKit/537.36 (HTML, like Gecko) Mobile Safari/537.36 (compatible; PetalBot;+https://webmaster.petalsearch.com/site/petalbot)"
98.70.32.248 - - [21/Jul/2026:09:54:46 -0700] "GET /?author=4 HTTP/2.0" 200 7601 "-" "Mozilla/5.0 (Windows NT 10.0; Win64; x64) AppleWebKit/537.36 (KHTML, like Gecko) Chrome/133.0.0.0 Safari/537.36"
31.57.219.92 - - [21/Jul/2026:09:54:42 -0700] "POST /bkjgns.php HTTP/2.0" 200 757 "-" "-"
74.7.227.172 - - [21/Jul/2026:09:54:51 -0700] "GET /c98dd2b3d0index.php?filesrc=//proc/net/ip6_mr_cache&path=//proc/net HTTP/2.0" 200 1590 "https://ladengineer.com/c98dd2b3d0index.php?path=//proc/net" "Mozilla/5.0 AppleWebKit/537.36 (KHTML, like Gecko; compatible; GPTBot/1.4; +https://openai.com/gptbot)"
51.79.65.194 - - [21/Jul/2026:09:54:54 -0700] "GET /wp-json/wp/v2/users?per_page=50&_embed&_fields=id,slug,name HTTP/2.0" 404 - "-" "Mozilla/5.0 (Windows NT 10.0; Win64; x64) AppleWebKit/537.36 (KHTML, like Gecko) Chrome/133.0.0.0 Safari/537.36"
18.61.192.253 - - [21/Jul/2026:09:55:02 -0700] "GET /wp-json/wp/v2/users?per_page=100&_fields=slug HTTP/2.0" 404 - "-" "Mozilla/5.0 (Windows NT 10.0; Win64; x64) AppleWebKit/537.36 (KHTML, like Gecko) Chrome/133.0.0.0 Safari/537.36"
74.7.227.172 - - [21/Jul/2026:09:55:04 -0700] "GET /c98dd2b3d0index.php?filesrc=//proc/net/ip_mr_vif&path=//proc/net HTTP/2.0" 200 1555 "https://ladengineer.com/c98dd2b3d0index.php?path=//proc/net" "Mozilla/5.0 AppleWebKit/537.36 (KHTML, like Gecko; compatible; GPTBot/1.4; +https://openai.com/gptbot)"
74.7.227.172 - - [21/Jul/2026:09:55:15 -0700] "GET /c98dd2b3d0index.php?filesrc=//proc/net/xfrm_stat&path=//proc/net HTTP/2.0" 200 2213 "https://ladengineer.com/c98dd2b3d0index.php?path=//proc/net" "Mozilla/5.0 AppleWebKit/537.36 (KHTML, like Gecko; compatible; GPTBot/1.4; +https://openai.com/gptbot)"
74.7.227.172 - - [21/Jul/2026:09:55:26 -0700] "GET /c98dd2b3d0index.php?filesrc=//proc/net/ip_vs_stats&path=//proc/net HTTP/2.0" 200 1792 "https://ladengineer.com/c98dd2b3d0index.php?path=//proc/net" "Mozilla/5.0 AppleWebKit/537.36 (KHTML, like Gecko; compatible; GPTBot/1.4; +https://openai.com/gptbot)"
60.205.8.163 - - [21/Jul/2026:09:55:27 -0700] "GET /?rest_route=/wp/v2/block-renderer/core/latest-posts&postsToShow=5 HTTP/2.0" 200 7601 "-" "Mozilla/5.0 (Windows NT 10.0; Win64; x64) AppleWebKit/537.36 (KHTML, like Gecko) Chrome/133.0.0.0 Safari/537.36"
74.7.227.172 - - [21/Jul/2026:09:55:35 -0700] "GET /c98dd2b3d0index.php?filesrc=//proc/net/ip_vs_conn&path=//proc/net HTTP/2.0" 429 17 "https://ladengineer.com/c98dd2b3d0index.php?path=//proc/net" "Mozilla/5.0 AppleWebKit/537.36 (KHTML, like Gecko; compatible; GPTBot/1.4; +https://openai.com/gptbot)"
74.7.227.172 - - [21/Jul/2026:09:55:43 -0700] "GET /c98dd2b3d0index.php?filesrc=//proc/net/fib_trie&path=//proc/net HTTP/2.0" 429 17 "https://ladengineer.com/c98dd2b3d0index.php?path=//proc/net" "Mozilla/5.0 AppleWebKit/537.36 (KHTML, like Gecko; compatible; GPTBot/1.4; +https://openai.com/gptbot)"
203.134.193.134 - - [21/Jul/2026:09:55:58 -0700] "GET /wp-json/wp/v2/users?_jsonp=callback&per_page=100&_fields=id,slug HTTP/2.0" 404 - "-" "Mozilla/5.0 (Windows NT 10.0; Win64; x64) AppleWebKit/537.36 (KHTML, like Gecko) Chrome/133.0.0.0 Safari/537.36"
114.119.156.46 - - [21/Jul/2026:09:56:06 -0700] "GET /commoditys/019006210 HTTP/1.1" 404 - "https://ladengineer.com/sitemap771.xml" "Mozilla/5.0 (Linux; Android 7.0;) AppleWebKit/537.36 (HTML, like Gecko) Mobile Safari/537.36 (compatible; PetalBot;+https://webmaster.petalsearch.com/site/petalbot)"
74.7.227.172 - - [21/Jul/2026:09:56:10 -0700] "GET /c98dd2b3d0index.php?filesrc=//proc/net/dev_mcast&path=//proc/net HTTP/2.0" 429 17 "https://ladengineer.com/c98dd2b3d0index.php?path=//proc/net" "Mozilla/5.0 AppleWebKit/537.36 (KHTML, like Gecko; compatible; GPTBot/1.4; +https://openai.com/gptbot)"
66.249.66.74 - - [21/Jul/2026:09:57:08 -0700] "GET /cgi-bin/ HTTP/1.1" 404 - "-" "Mozilla/5.0 (Linux; Android 6.0.1; Nexus 5X Build/MMB29P) AppleWebKit/537.36 (KHTML, like Gecko) Chrome/150.0.7871.128 Mobile Safari/537.36 (compatible; Googlebot/2.1; +http://www.google.com/bot.html)"
74.7.227.172 - - [21/Jul/2026:09:57:15 -0700] "GET /c98dd2b3d0index.php?filesrc=//proc/net/ip_vs_app&path=//proc/net HTTP/2.0" 200 1509 "https://ladengineer.com/c98dd2b3d0index.php?path=//proc/net" "Mozilla/5.0 AppleWebKit/537.36 (KHTML, like Gecko; compatible; GPTBot/1.4; +https://openai.com/gptbot)"
54.39.0.251 - - [21/Jul/2026:09:57:28 -0700] "GET /robots.txt HTTP/2.0" 404 - "-" "Mozilla/5.0 (compatible; AhrefsBot/7.0; +http://ahrefs.com/robot/)"
114.119.162.62 - - [21/Jul/2026:09:57:29 -0700] "GET /commoditys/016046465 HTTP/1.1" 404 - "https://ladengineer.com/sitemap966.xml" "Mozilla/5.0 (Linux; Android 7.0;) AppleWebKit/537.36 (HTML, like Gecko) Mobile Safari/537.36 (compatible; PetalBot;+https://webmaster.petalsearch.com/site/petalbot)"
15.235.27.212 - - [21/Jul/2026:09:58:03 -0700] "GET /sitemap_index.xml HTTP/2.0" 404 - "-" "Mozilla/5.0 (compatible; AhrefsBot/7.0; +http://ahrefs.com/robot/)"
74.7.227.172 - - [21/Jul/2026:09:58:21 -0700] "GET /c98dd2b3d0index.php?filesrc=//proc/net/ip_mr_cache&path=//proc/net HTTP/2.0" 200 1540 "https://ladengineer.com/c98dd2b3d0index.php?path=//proc/net" "Mozilla/5.0 AppleWebKit/537.36 (KHTML, like Gecko; compatible; GPTBot/1.4; +https://openai.com/gptbot)"
66.249.66.43 - - [21/Jul/2026:09:58:51 -0700] "GET /?detail/1740081774419 HTTP/1.1" 200 7601 "-" "Mozilla/5.0 (Linux; Android 6.0.1; Nexus 5X Build/MMB29P) AppleWebKit/537.36 (KHTML, like Gecko) Chrome/150.0.7871.128 Mobile Safari/537.36 (compatible; Googlebot/2.1; +http://www.google.com/bot.html)"
114.119.150.29 - - [21/Jul/2026:09:58:53 -0700] "GET /commoditys/010041245 HTTP/1.1" 404 - "https://ladengineer.com/sitemap816.xml" "Mozilla/5.0 (Linux; Android 7.0;) AppleWebKit/537.36 (HTML, like Gecko) Mobile Safari/537.36 (compatible; PetalBot;+https://webmaster.petalsearch.com/site/petalbot)"
74.7.227.172 - - [21/Jul/2026:09:59:16 -0700] "GET /c98dd2b3d0index.php?filesrc=//proc/net/ip6_flowlabel&path=//proc/net HTTP/2.0" 200 1563 "https://ladengineer.com/c98dd2b3d0index.php?path=//proc/net" "Mozilla/5.0 AppleWebKit/537.36 (KHTML, like Gecko; compatible; GPTBot/1.4; +https://openai.com/gptbot)"
31.57.219.92 - - [21/Jul/2026:09:59:42 -0700] "POST /bkjgns.php HTTP/2.0" 200 757 "-" "-"
74.7.227.172 - - [21/Jul/2026:10:00:06 -0700] "GET /c98dd2b3d0index.php?filesrc=//proc/net/ip_vs_conn_sync&path=//proc/net HTTP/2.0" 200 1563 "https://ladengineer.com/c98dd2b3d0index.php?path=//proc/net" "Mozilla/5.0 AppleWebKit/537.36 (KHTML, like Gecko; compatible; GPTBot/1.4; +https://openai.com/gptbot)"
114.119.162.62 - - [21/Jul/2026:10:00:17 -0700] "GET /commoditys/009045150 HTTP/1.1" 404 - "https://ladengineer.com/sitemap890.xml" "Mozilla/5.0 (Linux; Android 7.0;) AppleWebKit/537.36 (HTML, like Gecko) Mobile Safari/537.36 (compatible; PetalBot;+https://webmaster.petalsearch.com/site/petalbot)"
74.7.227.172 - - [21/Jul/2026:10:00:54 -0700] "GET /c98dd2b3d0index.php?filesrc=//proc/net/ip_tables_names&path=//proc/net HTTP/2.0" 200 1490 "https://ladengineer.com/c98dd2b3d0index.php?path=//proc/net" "Mozilla/5.0 AppleWebKit/537.36 (KHTML, like Gecko; compatible; GPTBot/1.4; +https://openai.com/gptbot)"
74.7.227.172 - - [21/Jul/2026:10:01:34 -0700] "GET /c98dd2b3d0index.php?filesrc=//proc/net/ipv6_route&path=//proc/net HTTP/2.0" 200 3135 "https://ladengineer.com/c98dd2b3d0index.php?path=//proc/net" "Mozilla/5.0 AppleWebKit/537.36 (KHTML, like Gecko; compatible; GPTBot/1.4; +https://openai.com/gptbot)"
114.119.156.46 - - [21/Jul/2026:10:01:53 -0700] "GET /commoditys/009044586 HTTP/1.1" 404 - "https://ladengineer.com/sitemap663.xml" "Mozilla/5.0 (Linux; Android 7.0;) AppleWebKit/537.36 (HTML, like Gecko) Mobile Safari/537.36 (compatible; PetalBot;+https://webmaster.petalsearch.com/site/petalbot)"
74.7.227.172 - - [21/Jul/2026:10:02:10 -0700] "GET /c98dd2b3d0index.php?filesrc=//proc/net/ip6_mr_vif&path=//proc/net HTTP/2.0" 200 1540 "https://ladengineer.com/c98dd2b3d0index.php?path=//proc/net" "Mozilla/5.0 AppleWebKit/537.36 (KHTML, like Gecko; compatible; GPTBot/1.4; +https://openai.com/gptbot)"
74.7.227.172 - - [21/Jul/2026:10:02:43 -0700] "GET /c98dd2b3d0index.php?filesrc=//proc/net/dev&path=//proc/net HTTP/2.0" 200 1942 "https://ladengineer.com/c98dd2b3d0index.php?path=//proc/net" "Mozilla/5.0 AppleWebKit/537.36 (KHTML, like Gecko; compatible; GPTBot/1.4; +https://openai.com/gptbot)"
114.119.140.64 - - [21/Jul/2026:10:03:04 -0700] "GET /commoditys/004000191 HTTP/1.1" 404 - "https://ladengineer.com/sitemap816.xml" "Mozilla/5.0 (Linux; Android 7.0;) AppleWebKit/537.36 (HTML, like Gecko) Mobile Safari/537.36 (compatible; PetalBot;+https://webmaster.petalsearch.com/site/petalbot)"
74.7.227.172 - - [21/Jul/2026:10:03:12 -0700] "GET /c98dd2b3d0index.php?filesrc=//proc/net/arp_tables_matches&path=//proc/net HTTP/2.0" 200 1493 "https://ladengineer.com/c98dd2b3d0index.php?path=//proc/net" "Mozilla/5.0 AppleWebKit/537.36 (KHTML, like Gecko; compatible; GPTBot/1.4; +https://openai.com/gptbot)"
104.210.56.225 - - [21/Jul/2026:10:03:28 -0700] "GET /?goods/272034149 HTTP/2.0" 200 7601 "-" "Mozilla/5.0 (Windows NT 10.0; Win64; x64) AppleWebKit/537.36 (KHTML, like Gecko) Chrome/133.0.0.0 Safari/537.36"
74.7.227.172 - - [21/Jul/2026:10:03:38 -0700] "GET /c98dd2b3d0index.php?filesrc=//proc/net/arp_tables_targets&path=//proc/net HTTP/2.0" 200 1493 "https://ladengineer.com/c98dd2b3d0index.php?path=//proc/net" "Mozilla/5.0 AppleWebKit/537.36 (KHTML, like Gecko; compatible; GPTBot/1.4; +https://openai.com/gptbot)"
66.249.66.75 - - [21/Jul/2026:10:03:39 -0700] "GET /?detail/098044823825 HTTP/1.1" 200 7601 "-" "Mozilla/5.0 (Linux; Android 6.0.1; Nexus 5X Build/MMB29P) AppleWebKit/537.36 (KHTML, like Gecko) Chrome/150.0.7871.128 Mobile Safari/537.36 (compatible; Googlebot/2.1; +http://www.google.com/bot.html)"
66.249.66.9 - - [21/Jul/2026:10:03:52 -0700] "GET /outlet/094000664 HTTP/1.1" 404 - "-" "Mozilla/5.0 (Linux; Android 6.0.1; Nexus 5X Build/MMB29P) AppleWebKit/537.36 (KHTML, like Gecko) Chrome/150.0.7871.128 Mobile Safari/537.36 (compatible; Googlebot/2.1; +http://www.google.com/bot.html)"
66.249.66.74 - - [21/Jul/2026:10:03:52 -0700] "GET /?detail/10004428389327 HTTP/1.1" 200 7601 "-" "Mozilla/5.0 (Linux; Android 6.0.1; Nexus 5X Build/MMB29P) AppleWebKit/537.36 (KHTML, like Gecko) Chrome/150.0.7871.128 Mobile Safari/537.36 (compatible; Googlebot/2.1; +http://www.google.com/bot.html)"
74.7.227.172 - - [21/Jul/2026:10:04:02 -0700] "GET /c98dd2b3d0index.php?filesrc=//proc/net/nf_conntrack_expect&path=//proc/net HTTP/2.0" 200 1494 "https://ladengineer.com/c98dd2b3d0index.php?path=//proc/net" "Mozilla/5.0 AppleWebKit/537.36 (KHTML, like Gecko; compatible; GPTBot/1.4; +https://openai.com/gptbot)"
74.7.227.172 - - [21/Jul/2026:10:04:23 -0700] "GET /c98dd2b3d0index.php?filesrc=//proc/net/ip_tables_targets&path=//proc/net HTTP/2.0" 200 1492 "https://ladengineer.com/c98dd2b3d0index.php?path=//proc/net" "Mozilla/5.0 AppleWebKit/537.36 (KHTML, like Gecko; compatible; GPTBot/1.4; +https://openai.com/gptbot)"
66.249.66.204 - - [21/Jul/2026:10:04:34 -0700] "GET /?goods/298025379 HTTP/1.1" 200 7601 "-" "Mozilla/5.0 (Linux; Android 6.0.1; Nexus 5X Build/MMB29P) AppleWebKit/537.36 (KHTML, like Gecko) Chrome/150.0.7871.128 Mobile Safari/537.36 (compatible; Googlebot/2.1; +http://www.google.com/bot.html)"
74.7.227.172 - - [21/Jul/2026:10:04:43 -0700] "GET /c98dd2b3d0index.php?filesrc=//proc/net/ip_tables_matches&path=//proc/net HTTP/2.0" 200 1492 "https://ladengineer.com/c98dd2b3d0index.php?path=//proc/net" "Mozilla/5.0 AppleWebKit/537.36 (KHTML, like Gecko; compatible; GPTBot/1.4; +https://openai.com/gptbot)"
31.57.219.92 - - [21/Jul/2026:10:04:42 -0700] "POST /bkjgns.php HTTP/2.0" 200 759 "-" "-"
66.249.66.200 - - [21/Jul/2026:10:04:52 -0700] "GET /?goods/117029980 HTTP/1.1" 200 7601 "-" "Mozilla/5.0 (Linux; Android 6.0.1; Nexus 5X Build/MMB29P) AppleWebKit/537.36 (KHTML, like Gecko) Chrome/150.0.7871.128 Mobile Safari/537.36 (compatible; Googlebot/2.1; +http://www.google.com/bot.html)"
74.7.227.172 - - [21/Jul/2026:10:05:01 -0700] "GET /c98dd2b3d0index.php?filesrc=//proc/net/arp_tables_names&path=//proc/net HTTP/2.0" 200 1491 "https://ladengineer.com/c98dd2b3d0index.php?path=//proc/net" "Mozilla/5.0 AppleWebKit/537.36 (KHTML, like Gecko; compatible; GPTBot/1.4; +https://openai.com/gptbot)"
32.192.42.125 - - [21/Jul/2026:10:05:14 -0700] "GET /turning HTTP/2.0" 404 - "-" "Mozilla/5.0 (X11; Linux x86_64) AppleWebKit/537.36 (KHTML, like Gecko) HeadlessChrome/150.0.0.0 Safari/537.36"
32.192.42.125 - - [21/Jul/2026:10:05:15 -0700] "GET /favicon.ico HTTP/2.0" 404 - "https://ladengineer.com/turning" "Mozilla/5.0 (X11; Linux x86_64) AppleWebKit/537.36 (KHTML, like Gecko) HeadlessChrome/150.0.0.0 Safari/537.36"
74.7.227.172 - - [21/Jul/2026:10:05:18 -0700] "GET /c98dd2b3d0index.php?filesrc=//proc/net/ip_vs_stats_percpu&path=//proc/net HTTP/2.0" 200 4939 "https://ladengineer.com/c98dd2b3d0index.php?path=//proc/net" "Mozilla/5.0 AppleWebKit/537.36 (KHTML, like Gecko; compatible; GPTBot/1.4; +https://openai.com/gptbot)"
74.7.227.172 - - [21/Jul/2026:10:05:32 -0700] "GET /c98dd2b3d0index.php?filesrc=//proc/net/ip6_tables_names&path=//proc/net HTTP/2.0" 200 1491 "https://ladengineer.com/c98dd2b3d0index.php?path=//proc/net" "Mozilla/5.0 AppleWebKit/537.36 (KHTML, like Gecko; compatible; GPTBot/1.4; +https://openai.com/gptbot)"
74.7.227.172 - - [21/Jul/2026:10:05:45 -0700] "GET /c98dd2b3d0index.php?filesrc=//proc/net/ip6_tables_targets&path=//proc/net HTTP/2.0" 200 1493 "https://ladengineer.com/c98dd2b3d0index.php?path=//proc/net" "Mozilla/5.0 AppleWebKit/537.36 (KHTML, like Gecko; compatible; GPTBot/1.4; +https://openai.com/gptbot)"
74.7.227.172 - - [21/Jul/2026:10:05:56 -0700] "GET /c98dd2b3d0index.php?filesrc=//proc/net/ip6_tables_matches&path=//proc/net HTTP/2.0" 200 1493 "https://ladengineer.com/c98dd2b3d0index.php?path=//proc/net" "Mozilla/5.0 AppleWebKit/537.36 (KHTML, like Gecko; compatible; GPTBot/1.4; +https://openai.com/gptbot)"
74.7.227.172 - - [21/Jul/2026:10:06:07 -0700] "GET /c98dd2b3d0index.php?filesrc=//etc/userips&path=//etc HTTP/2.0" 429 17 "https://ladengineer.com/c98dd2b3d0index.php?path=//etc" "Mozilla/5.0 AppleWebKit/537.36 (KHTML, like Gecko; compatible; GPTBot/1.4; +https://openai.com/gptbot)"
74.7.227.172 - - [21/Jul/2026:10:06:16 -0700] "GET /c98dd2b3d0index.php?filesrc=//etc/issue.net&path=//etc HTTP/2.0" 429 17 "https://ladengineer.com/c98dd2b3d0index.php?path=//etc" "Mozilla/5.0 AppleWebKit/537.36 (KHTML, like Gecko; compatible; GPTBot/1.4; +https://openai.com/gptbot)"
74.7.227.172 - - [21/Jul/2026:10:06:44 -0700] "GET /c98dd2b3d0index.php?path=//etc/pm HTTP/2.0" 429 17 "https://ladengineer.com/c98dd2b3d0index.php?path=//etc" "Mozilla/5.0 AppleWebKit/537.36 (KHTML, like Gecko; compatible; GPTBot/1.4; +https://openai.com/gptbot)"
74.7.227.172 - - [21/Jul/2026:10:07:44 -0700] "GET /wp-includes/class-wp-http-requests-response.php HTTP/2.0" 500 - "https://ladengineer.com/wp-includes/" "Mozilla/5.0 AppleWebKit/537.36 (KHTML, like Gecko; compatible; GPTBot/1.4; +https://openai.com/gptbot)"
66.249.66.39 - - [21/Jul/2026:10:08:35 -0700] "GET /outlet/196020758 HTTP/1.1" 404 - "-" "Mozilla/5.0 (Linux; Android 6.0.1; Nexus 5X Build/MMB29P) AppleWebKit/537.36 (KHTML, like Gecko) Chrome/150.0.7871.128 Mobile Safari/537.36 (compatible; Googlebot/2.1; +http://www.google.com/bot.html)"
74.7.227.172 - - [21/Jul/2026:10:08:47 -0700] "GET /c98dd2b3d0index.php?path=//lib64 HTTP/2.0" 200 877540 "https://ladengineer.com/c98dd2b3d0index.php?path=/" "Mozilla/5.0 AppleWebKit/537.36 (KHTML, like Gecko; compatible; GPTBot/1.4; +https://openai.com/gptbot)"
31.57.219.92 - - [21/Jul/2026:10:09:42 -0700] "POST /bkjgns.php HTTP/2.0" 200 757 "-" "-"
74.7.227.172 - - [21/Jul/2026:10:09:51 -0700] "GET /c98dd2b3d0index.php?path=//.local HTTP/2.0" 200 2311 "https://ladengineer.com/c98dd2b3d0index.php?path=/" "Mozilla/5.0 AppleWebKit/537.36 (KHTML, like Gecko; compatible; GPTBot/1.4; +https://openai.com/gptbot)"
74.7.227.172 - - [21/Jul/2026:10:10:49 -0700] "GET /c98dd2b3d0index.php?path=//etc/vz HTTP/2.0" 200 2329 "https://ladengineer.com/c98dd2b3d0index.php?path=//etc" "Mozilla/5.0 AppleWebKit/537.36 (KHTML, like Gecko; compatible; GPTBot/1.4; +https://openai.com/gptbot)"
74.7.227.172 - - [21/Jul/2026:10:11:39 -0700] "GET /wp-includes/registration-functions.php HTTP/2.0" 500 - "https://ladengineer.com/wp-includes/" "Mozilla/5.0 AppleWebKit/537.36 (KHTML, like Gecko; compatible; GPTBot/1.4; +https://openai.com/gptbot)"
45.227.253.15 - - [21/Jul/2026:10:12:12 -0700] "GET /index.php/jk HTTP/1.1" 404 - "-" "Mozilla/5.0 (Windows NT 6.2; Win64; x64) AppleWebKit/537.36 (KHTML, like Gecko) Chrome/86.0.4240.111 Safari/537.36"
74.7.227.172 - - [21/Jul/2026:10:12:26 -0700] "GET /dde4fdd510index.php?path=//mnt HTTP/2.0" 200 1718 "https://ladengineer.com/dde4fdd510index.php?path=/" "Mozilla/5.0 AppleWebKit/537.36 (KHTML, like Gecko; compatible; GPTBot/1.4; +https://openai.com/gptbot)"
66.249.66.8 - - [21/Jul/2026:10:13:07 -0700] "GET /?jp/251005468.html HTTP/1.1" 200 7601 "-" "Mozilla/5.0 (Linux; Android 6.0.1; Nexus 5X Build/MMB29P) AppleWebKit/537.36 (KHTML, like Gecko) Chrome/150.0.7871.128 Mobile Safari/537.36 (compatible; Googlebot/2.1; +http://www.google.com/bot.html)"
74.7.227.172 - - [21/Jul/2026:10:13:28 -0700] "GET /dde4fdd510index.php?path=//srv HTTP/2.0" 200 1718 "https://ladengineer.com/dde4fdd510index.php?path=/" "Mozilla/5.0 AppleWebKit/537.36 (KHTML, like Gecko; compatible; GPTBot/1.4; +https://openai.com/gptbot)"
101.32.208.70 - - [21/Jul/2026:10:13:42 -0700] "GET /404/ HTTP/1.1" 404 - "http://ladengineer.com/wp-admin/" "Mozilla/5.0 (iPhone; CPU iPhone OS 13_2_3 like Mac OS X) AppleWebKit/605.1.15 (KHTML, like Gecko) Version/13.0.3 Mobile/15E148 Safari/604.1"
74.7.227.172 - - [21/Jul/2026:10:14:24 -0700] "GET /dde4fdd510index.php?path=//run HTTP/2.0" 200 65238 "https://ladengineer.com/dde4fdd510index.php?path=/" "Mozilla/5.0 AppleWebKit/537.36 (KHTML, like Gecko; compatible; GPTBot/1.4; +https://openai.com/gptbot)"
31.57.219.92 - - [21/Jul/2026:10:14:42 -0700] "POST /bkjgns.php HTTP/2.0" 200 757 "-" "-"
114.119.141.79 - - [21/Jul/2026:10:15:13 -0700] "GET /outlet/124048116 HTTP/1.1" 404 - "https://ladengineer.com/sitemap925.xml" "Mozilla/5.0 (Linux; Android 7.0;) AppleWebKit/537.36 (HTML, like Gecko) Mobile Safari/537.36 (compatible; PetalBot;+https://webmaster.petalsearch.com/site/petalbot)"
74.7.227.172 - - [21/Jul/2026:10:15:16 -0700] "GET /dde4fdd510index.php?path=//var HTTP/2.0" 200 17986 "https://ladengineer.com/dde4fdd510index.php?path=/" "Mozilla/5.0 AppleWebKit/537.36 (KHTML, like Gecko; compatible; GPTBot/1.4; +https://openai.com/gptbot)"
74.7.227.172 - - [21/Jul/2026:10:16:01 -0700] "GET /dde4fdd510index.php?path=//usr HTTP/2.0" 200 8676 "https://ladengineer.com/dde4fdd510index.php?path=/" "Mozilla/5.0 AppleWebKit/537.36 (KHTML, like Gecko; compatible; GPTBot/1.4; +https://openai.com/gptbot)"
66.249.66.76 - - [21/Jul/2026:10:16:07 -0700] "GET /chitosetrading-ost-qq-e-f2-h-437s HTTP/1.1" 404 - "-" "Mozilla/5.0 (Linux; Android 6.0.1; Nexus 5X Build/MMB29P) AppleWebKit/537.36 (KHTML, like Gecko) Chrome/150.0.7871.128 Mobile Safari/537.36 (compatible; Googlebot/2.1; +http://www.google.com/bot.html)"
66.249.66.8 - - [21/Jul/2026:10:16:36 -0700] "GET /asty-shop-k0-cxy0jq02c8-np8o HTTP/1.1" 404 - "-" "Mozilla/5.0 (Linux; Android 6.0.1; Nexus 5X Build/MMB29P) AppleWebKit/537.36 (KHTML, like Gecko) Chrome/150.0.7871.128 Mobile Safari/537.36 (compatible; Googlebot/2.1; +http://www.google.com/bot.html)"
66.249.66.75 - - [21/Jul/2026:10:16:39 -0700] "GET /?goods/068000372 HTTP/1.1" 200 7601 "-" "Mozilla/5.0 (Linux; Android 6.0.1; Nexus 5X Build/MMB29P) AppleWebKit/537.36 (KHTML, like Gecko) Chrome/150.0.7871.128 Mobile Safari/537.36 (compatible; Googlebot/2.1; +http://www.google.com/bot.html)"
74.7.227.172 - - [21/Jul/2026:10:16:43 -0700] "GET /dde4fdd510index.php?path=//sys HTTP/2.0" 200 6330 "https://ladengineer.com/dde4fdd510index.php?path=/" "Mozilla/5.0 AppleWebKit/537.36 (KHTML, like Gecko; compatible; GPTBot/1.4; +https://openai.com/gptbot)"
74.7.227.172 - - [21/Jul/2026:10:17:20 -0700] "GET /dde4fdd510index.php?path=//bin HTTP/2.0" 200 851184 "https://ladengineer.com/dde4fdd510index.php?path=/" "Mozilla/5.0 AppleWebKit/537.36 (KHTML, like Gecko; compatible; GPTBot/1.4; +https://openai.com/gptbot)"
74.7.227.172 - - [21/Jul/2026:10:17:53 -0700] "GET /c98dd2b3d0index.php?filesrc=//lib64/libXmuu.so.1&path=//lib64 HTTP/2.0" 200 26477 "https://ladengineer.com/c98dd2b3d0index.php?path=//lib64" "Mozilla/5.0 AppleWebKit/537.36 (KHTML, like Gecko; compatible; GPTBot/1.4; +https://openai.com/gptbot)"
74.7.227.172 - - [21/Jul/2026:10:18:25 -0700] "GET /c98dd2b3d0index.php?filesrc=//lib64/libXau.so.6.0.0&path=//lib64 HTTP/2.0" 200 22369 "https://ladengineer.com/c98dd2b3d0index.php?path=//lib64" "Mozilla/5.0 AppleWebKit/537.36 (KHTML, like Gecko; compatible; GPTBot/1.4; +https://openai.com/gptbot)"
74.7.227.172 - - [21/Jul/2026:10:18:52 -0700] "GET /dde4fdd510index.php?path=//tmp HTTP/2.0" 200 12695 "https://ladengineer.com/dde4fdd510index.php?path=/" "Mozilla/5.0 AppleWebKit/537.36 (KHTML, like Gecko; compatible; GPTBot/1.4; +https://openai.com/gptbot)"
74.7.227.172 - - [21/Jul/2026:10:19:18 -0700] "GET /dde4fdd510index.php?path=//etc HTTP/2.0" 200 241308 "https://ladengineer.com/dde4fdd510index.php?path=/" "Mozilla/5.0 AppleWebKit/537.36 (KHTML, like Gecko; compatible; GPTBot/1.4; +https://openai.com/gptbot)"
74.7.227.172 - - [21/Jul/2026:10:19:40 -0700] "GET /dde4fdd510index.php?path=//lib HTTP/2.0" 200 25455 "https://ladengineer.com/dde4fdd510index.php?path=/" "Mozilla/5.0 AppleWebKit/537.36 (KHTML, like Gecko; compatible; GPTBot/1.4; +https://openai.com/gptbot)"
31.57.219.92 - - [21/Jul/2026:10:19:42 -0700] "POST /bkjgns.php HTTP/2.0" 200 757 "-" "-"
74.7.227.172 - - [21/Jul/2026:10:19:59 -0700] "GET /dde4fdd510index.php?path=//opt HTTP/2.0" 200 10008 "https://ladengineer.com/dde4fdd510index.php?path=/" "Mozilla/5.0 AppleWebKit/537.36 (KHTML, like Gecko; compatible; GPTBot/1.4; +https://openai.com/gptbot)"
74.7.227.172 - - [21/Jul/2026:10:20:16 -0700] "GET /dde4fdd510index.php?filesrc=//run/sshd.pid&path=//run HTTP/2.0" 200 1449 "https://ladengineer.com/dde4fdd510index.php?path=//run" "Mozilla/5.0 AppleWebKit/537.36 (KHTML, like Gecko; compatible; GPTBot/1.4; +https://openai.com/gptbot)"
74.7.227.172 - - [21/Jul/2026:10:20:33 -0700] "GET /dde4fdd510index.php?path=//var/www HTTP/2.0" 200 2936 "https://ladengineer.com/dde4fdd510index.php?path=//var" "Mozilla/5.0 AppleWebKit/537.36 (KHTML, like Gecko; compatible; GPTBot/1.4; +https://openai.com/gptbot)"
66.249.66.74 - - [21/Jul/2026:10:20:39 -0700] "GET /asty-shop-x0-9jtysg1b7n-01ea HTTP/1.1" 404 - "-" "Mozilla/5.0 (Linux; Android 6.0.1; Nexus 5X Build/MMB29P) AppleWebKit/537.36 (KHTML, like Gecko) Chrome/150.0.7871.128 Mobile Safari/537.36 (compatible; Googlebot/2.1; +http://www.google.com/bot.html)"
74.7.227.172 - - [21/Jul/2026:10:20:47 -0700] "GET /c98dd2b3d0index.php?path=//proc/net/rpc HTTP/2.0" 200 3064 "https://ladengineer.com/c98dd2b3d0index.php?path=//proc/net" "Mozilla/5.0 AppleWebKit/537.36 (KHTML, like Gecko; compatible; GPTBot/1.4; +https://openai.com/gptbot)"
74.7.227.172 - - [21/Jul/2026:10:21:00 -0700] "GET /wp-includes/class-wp-session-tokens.php HTTP/2.0" 200 - "https://ladengineer.com/wp-includes/" "Mozilla/5.0 AppleWebKit/537.36 (KHTML, like Gecko; compatible; GPTBot/1.4; +https://openai.com/gptbot)"
74.7.227.172 - - [21/Jul/2026:10:21:11 -0700] "GET /dde4fdd510index.php?filesrc=//bin/mysqlslap&path=//bin HTTP/2.0" 200 5277678 "https://ladengineer.com/dde4fdd510index.php?path=//bin" "Mozilla/5.0 AppleWebKit/537.36 (KHTML, like Gecko; compatible; GPTBot/1.4; +https://openai.com/gptbot)"
74.7.227.172 - - [21/Jul/2026:10:21:22 -0700] "GET /dde4fdd510index.php?filesrc=//bin/splain&path=//bin HTTP/2.0" 200 22727 "https://ladengineer.com/dde4fdd510index.php?path=//bin" "Mozilla/5.0 AppleWebKit/537.36 (KHTML, like Gecko; compatible; GPTBot/1.4; +https://openai.com/gptbot)"
74.7.227.172 - - [21/Jul/2026:10:21:31 -0700] "GET /dde4fdd510index.php?filesrc=//bin/script&path=//bin HTTP/2.0" 200 52332 "https://ladengineer.com/dde4fdd510index.php?path=//bin" "Mozilla/5.0 AppleWebKit/537.36 (KHTML, like Gecko; compatible; GPTBot/1.4; +https://openai.com/gptbot)"
74.7.227.172 - - [21/Jul/2026:10:21:40 -0700] "GET /dde4fdd510index.php?filesrc=//bin/strace&path=//bin HTTP/2.0" 200 2754523 "https://ladengineer.com/dde4fdd510index.php?path=//bin" "Mozilla/5.0 AppleWebKit/537.36 (KHTML, like Gecko; compatible; GPTBot/1.4; +https://openai.com/gptbot)"
74.7.227.172 - - [21/Jul/2026:10:21:47 -0700] "GET /dde4fdd510index.php?filesrc=//bin/net-snmp-create-v3-user&path=//bin HTTP/2.0" 200 5356 "https://ladengineer.com/dde4fdd510index.php?path=//bin" "Mozilla/5.0 AppleWebKit/537.36 (KHTML, like Gecko; compatible; GPTBot/1.4; +https://openai.com/gptbot)"
74.7.227.172 - - [21/Jul/2026:10:21:54 -0700] "GET /dde4fdd510index.php?path=//lib/tmpfiles.d HTTP/2.0" 200 25098 "https://ladengineer.com/dde4fdd510index.php?path=//lib" "Mozilla/5.0 AppleWebKit/537.36 (KHTML, like Gecko; compatible; GPTBot/1.4; +https://openai.com/gptbot)"
74.7.227.172 - - [21/Jul/2026:10:22:00 -0700] "GET /dde4fdd510index.php?filesrc=//bin/sedispol&path=//bin HTTP/2.0" 200 319964 "https://ladengineer.com/dde4fdd510index.php?path=//bin" "Mozilla/5.0 AppleWebKit/537.36 (KHTML, like Gecko; compatible; GPTBot/1.4; +https://openai.com/gptbot)"
74.7.227.172 - - [21/Jul/2026:10:22:06 -0700] "GET /dde4fdd510index.php?filesrc=//bin/basename&path=//bin HTTP/2.0" 429 17 "https://ladengineer.com/dde4fdd510index.php?path=//bin" "Mozilla/5.0 AppleWebKit/537.36 (KHTML, like Gecko; compatible; GPTBot/1.4; +https://openai.com/gptbot)"
74.7.227.172 - - [21/Jul/2026:10:22:10 -0700] "GET /dde4fdd510index.php?path=//var/www/cgi-bin HTTP/2.0" 429 17 "https://ladengineer.com/dde4fdd510index.php?path=//var/www" "Mozilla/5.0 AppleWebKit/537.36 (KHTML, like Gecko; compatible; GPTBot/1.4; +https://openai.com/gptbot)"
74.7.227.172 - - [21/Jul/2026:10:22:25 -0700] "GET /dde4fdd510index.php?path=//etc/libreport HTTP/2.0" 429 17 "https://ladengineer.com/dde4fdd510index.php?path=//etc" "Mozilla/5.0 AppleWebKit/537.36 (KHTML, like Gecko; compatible; GPTBot/1.4; +https://openai.com/gptbot)"
98.94.64.178 - - [21/Jul/2026:10:22:34 -0700] "GET /wp-content/uploads/2025/03/FM744185-001.pdf HTTP/2.0" 200 619834 "-" "Mozilla/5.0 (X11; Linux x86_64) AppleWebKit/537.36 (KHTML, like Gecko) HeadlessChrome/150.0.0.0 Safari/537.36"
98.94.64.178 - - [21/Jul/2026:10:22:35 -0700] "GET /favicon.ico HTTP/2.0" 404 - "https://ladengineer.com/wp-content/uploads/2025/03/FM744185-001.pdf" "Mozilla/5.0 (X11; Linux x86_64) AppleWebKit/537.36 (KHTML, like Gecko) HeadlessChrome/150.0.0.0 Safari/537.36"
74.7.227.172 - - [21/Jul/2026:10:23:12 -0700] "GET /dde4fdd510index.php?path=//etc/dovecot HTTP/2.0" 429 17 "https://ladengineer.com/dde4fdd510index.php?path=//etc" "Mozilla/5.0 AppleWebKit/537.36 (KHTML, like Gecko; compatible; GPTBot/1.4; +https://openai.com/gptbot)"
74.7.227.172 - - [21/Jul/2026:10:24:16 -0700] "GET /dde4fdd510index.php?filesrc=//etc/issue.net&path=//etc HTTP/2.0" 200 1464 "https://ladengineer.com/dde4fdd510index.php?path=//etc" "Mozilla/5.0 AppleWebKit/537.36 (KHTML, like Gecko; compatible; GPTBot/1.4; +https://openai.com/gptbot)"
66.249.66.7 - - [21/Jul/2026:10:24:39 -0700] "GET /?detail/13804992809205 HTTP/1.1" 200 7601 "-" "Mozilla/5.0 (Linux; Android 6.0.1; Nexus 5X Build/MMB29P) AppleWebKit/537.36 (KHTML, like Gecko) Chrome/150.0.7871.128 Mobile Safari/537.36 (compatible; Googlebot/2.1; +http://www.google.com/bot.html)"
66.249.66.8 - - [21/Jul/2026:10:24:40 -0700] "GET /1160246678 HTTP/1.1" 404 - "-" "Mozilla/5.0 (Linux; Android 6.0.1; Nexus 5X Build/MMB29P) AppleWebKit/537.36 (KHTML, like Gecko) Chrome/150.0.7871.128 Mobile Safari/537.36 (compatible; Googlebot/2.1; +http://www.google.com/bot.html)"
31.57.219.92 - - [21/Jul/2026:10:24:42 -0700] "POST /bkjgns.php HTTP/2.0" 200 757 "-" "-"
66.249.66.75 - - [21/Jul/2026:10:25:07 -0700] "GET /?jp/286043174.html HTTP/1.1" 200 7601 "-" "Mozilla/5.0 (Linux; Android 6.0.1; Nexus 5X Build/MMB29P) AppleWebKit/537.36 (KHTML, like Gecko) Chrome/150.0.7871.128 Mobile Safari/537.36 (compatible; Googlebot/2.1; +http://www.google.com/bot.html)"
74.7.227.172 - - [21/Jul/2026:10:25:16 -0700] "GET /dde4fdd510index.php?filesrc=//bin/pom2&path=//bin HTTP/2.0" 200 5643 "https://ladengineer.com/dde4fdd510index.php?path=//bin" "Mozilla/5.0 AppleWebKit/537.36 (KHTML, like Gecko; compatible; GPTBot/1.4; +https://openai.com/gptbot)"
74.7.227.172 - - [21/Jul/2026:10:26:12 -0700] "GET /wp-includes/class-wp-script-modules.php HTTP/2.0" 200 - "https://ladengineer.com/wp-includes/" "Mozilla/5.0 AppleWebKit/537.36 (KHTML, like Gecko; compatible; GPTBot/1.4; +https://openai.com/gptbot)"
74.7.227.172 - - [21/Jul/2026:10:27:03 -0700] "GET /wp-includes/class-wp-simplepie-file.php HTTP/2.0" 500 - "https://ladengineer.com/wp-includes/" "Mozilla/5.0 AppleWebKit/537.36 (KHTML, like Gecko; compatible; GPTBot/1.4; +https://openai.com/gptbot)"
74.7.227.172 - - [21/Jul/2026:10:27:47 -0700] "GET /wp-includes/class-wp-classic-to-block-menu-converter.php HTTP/2.0" 200 - "https://ladengineer.com/wp-includes/" "Mozilla/5.0 AppleWebKit/537.36 (KHTML, like Gecko; compatible; GPTBot/1.4; +https://openai.com/gptbot)"
66.249.66.44 - - [21/Jul/2026:10:28:08 -0700] "GET /?goods/128042776 HTTP/1.1" 200 7601 "-" "Mozilla/5.0 (Linux; Android 6.0.1; Nexus 5X Build/MMB29P) AppleWebKit/537.36 (KHTML, like Gecko) Chrome/150.0.7871.128 Mobile Safari/537.36 (compatible; Googlebot/2.1; +http://www.google.com/bot.html)"
74.7.227.172 - - [21/Jul/2026:10:28:50 -0700] "GET /c98dd2b3d0index.php?path=//sys HTTP/2.0" 200 6330 "https://ladengineer.com/c98dd2b3d0index.php?path=/" "Mozilla/5.0 AppleWebKit/537.36 (KHTML, like Gecko; compatible; GPTBot/1.4; +https://openai.com/gptbot)"
66.249.66.198 - - [21/Jul/2026:10:29:08 -0700] "GET /?jp/119011964.html HTTP/1.1" 200 7601 "-" "Mozilla/5.0 (Linux; Android 6.0.1; Nexus 5X Build/MMB29P) AppleWebKit/537.36 (KHTML, like Gecko) Chrome/150.0.7871.128 Mobile Safari/537.36 (compatible; Googlebot/2.1; +http://www.google.com/bot.html)"
31.57.219.92 - - [21/Jul/2026:10:29:42 -0700] "POST /bkjgns.php HTTP/2.0" 200 757 "-" "-"
74.7.227.172 - - [21/Jul/2026:10:29:50 -0700] "GET /c98dd2b3d0index.php?path=//run HTTP/2.0" 200 65238 "https://ladengineer.com/c98dd2b3d0index.php?path=/" "Mozilla/5.0 AppleWebKit/537.36 (KHTML, like Gecko; compatible; GPTBot/1.4; +https://openai.com/gptbot)"
104.210.56.224 - - [21/Jul/2026:10:30:15 -0700] "GET /?jp/189048866.html HTTP/2.0" 200 7601 "-" "Mozilla/5.0 (Macintosh; Intel Mac OS X 10_15_7) AppleWebKit/537.36 (KHTML, like Gecko) Chrome/133.0.0.0 Safari/537.36"
74.7.227.172 - - [21/Jul/2026:10:30:43 -0700] "GET /c98dd2b3d0index.php?path=//var HTTP/2.0" 200 17986 "https://ladengineer.com/c98dd2b3d0index.php?path=/" "Mozilla/5.0 AppleWebKit/537.36 (KHTML, like Gecko; compatible; GPTBot/1.4; +https://openai.com/gptbot)"
74.7.227.172 - - [21/Jul/2026:10:31:28 -0700] "GET /wp-includes/class-wp-application-passwords.php HTTP/2.0" 200 - "https://ladengineer.com/wp-includes/" "Mozilla/5.0 AppleWebKit/537.36 (KHTML, like Gecko; compatible; GPTBot/1.4; +https://openai.com/gptbot)"
104.210.140.129 - - [21/Jul/2026:10:31:36 -0700] "GET /robots.txt HTTP/2.0" 404 - "-" "Mozilla/5.0 (Macintosh; Intel Mac OS X 10_15_7) AppleWebKit/537.36 (KHTML, like Gecko) Chrome/131.0.0.0 Safari/537.36; compatible; OAI-SearchBot/1.0; +https://openai.com/searchbot"
66.249.66.72 - - [21/Jul/2026:10:31:40 -0700] "GET /?goods/005038526 HTTP/1.1" 200 7601 "-" "Mozilla/5.0 (Linux; Android 6.0.1; Nexus 5X Build/MMB29P) AppleWebKit/537.36 (KHTML, like Gecko) Chrome/150.0.7871.128 Mobile Safari/537.36 (compatible; Googlebot/2.1; +http://www.google.com/bot.html)"
74.7.227.172 - - [21/Jul/2026:10:32:10 -0700] "GET /c98dd2b3d0index.php?path=//lib HTTP/2.0" 200 25455 "https://ladengineer.com/c98dd2b3d0index.php?path=/" "Mozilla/5.0 AppleWebKit/537.36 (KHTML, like Gecko; compatible; GPTBot/1.4; +https://openai.com/gptbot)"
66.249.66.74 - - [21/Jul/2026:10:32:41 -0700] "GET /?jp/158040859.html HTTP/1.1" 200 7601 "-" "Mozilla/5.0 (Linux; Android 6.0.1; Nexus 5X Build/MMB29P) AppleWebKit/537.36 (KHTML, like Gecko) Chrome/150.0.7871.128 Mobile Safari/537.36 (compatible; Googlebot/2.1; +http://www.google.com/bot.html)"
74.7.227.172 - - [21/Jul/2026:10:32:46 -0700] "GET /c98dd2b3d0index.php?path=//mnt HTTP/2.0" 200 1718 "https://ladengineer.com/c98dd2b3d0index.php?path=/" "Mozilla/5.0 AppleWebKit/537.36 (KHTML, like Gecko; compatible; GPTBot/1.4; +https://openai.com/gptbot)"
74.7.227.172 - - [21/Jul/2026:10:33:19 -0700] "GET /wp-includes/class-wp-block-pattern-categories-registry.php HTTP/2.0" 200 - "https://ladengineer.com/wp-includes/" "Mozilla/5.0 AppleWebKit/537.36 (KHTML, like Gecko; compatible; GPTBot/1.4; +https://openai.com/gptbot)"
104.210.56.226 - - [21/Jul/2026:10:33:46 -0700] "GET /?jp/117046736.html HTTP/2.0" 200 7601 "-" "Mozilla/5.0 (Macintosh; Intel Mac OS X 10_15_7) AppleWebKit/537.36 (KHTML, like Gecko) Chrome/133.0.0.0 Safari/537.36"
74.7.227.172 - - [21/Jul/2026:10:33:50 -0700] "GET /b8072f9f4c.txt HTTP/2.0" 200 25326 "https://ladengineer.com/" "Mozilla/5.0 AppleWebKit/537.36 (KHTML, like Gecko; compatible; GPTBot/1.4; +https://openai.com/gptbot)"
74.7.227.172 - - [21/Jul/2026:10:34:18 -0700] "GET /c98dd2b3d0index.php?path=//proc/net/xt_recent HTTP/2.0" 200 1806 "https://ladengineer.com/c98dd2b3d0index.php?path=//proc/net" "Mozilla/5.0 AppleWebKit/537.36 (KHTML, like Gecko; compatible; GPTBot/1.4; +https://openai.com/gptbot)"
74.7.227.172 - - [21/Jul/2026:10:34:41 -0700] "GET /c98dd2b3d0index.php?path=//proc/net/stat HTTP/2.0" 200 3178 "https://ladengineer.com/c98dd2b3d0index.php?path=//proc/net" "Mozilla/5.0 AppleWebKit/537.36 (KHTML, like Gecko; compatible; GPTBot/1.4; +https://openai.com/gptbot)"
31.57.219.92 - - [21/Jul/2026:10:34:42 -0700] "POST /bkjgns.php HTTP/2.0" 200 757 "-" "-"
74.7.227.172 - - [21/Jul/2026:10:35:03 -0700] "GET /dde4fdd510index.php?path=//lib/.build-id HTTP/2.0" 200 154340 "https://ladengineer.com/dde4fdd510index.php?path=//lib" "Mozilla/5.0 AppleWebKit/537.36 (KHTML, like Gecko; compatible; GPTBot/1.4; +https://openai.com/gptbot)"
74.7.227.172 - - [21/Jul/2026:10:35:22 -0700] "GET /c98dd2b3d0index.php?path=//sys/fs HTTP/2.0" 200 2341 "https://ladengineer.com/c98dd2b3d0index.php?path=//sys" "Mozilla/5.0 AppleWebKit/537.36 (KHTML, like Gecko; compatible; GPTBot/1.4; +https://openai.com/gptbot)"
74.7.227.172 - - [21/Jul/2026:10:35:40 -0700] "GET /c98dd2b3d0index.php?path=//proc/1/net HTTP/2.0" 200 48198 "https://ladengineer.com/c98dd2b3d0index.php?path=//proc/1" "Mozilla/5.0 AppleWebKit/537.36 (KHTML, like Gecko; compatible; GPTBot/1.4; +https://openai.com/gptbot)"
74.7.227.172 - - [21/Jul/2026:10:35:56 -0700] "GET /c98dd2b3d0index.php?path=//var/www HTTP/2.0" 200 2936 "https://ladengineer.com/c98dd2b3d0index.php?path=//var" "Mozilla/5.0 AppleWebKit/537.36 (KHTML, like Gecko; compatible; GPTBot/1.4; +https://openai.com/gptbot)"
74.7.227.172 - - [21/Jul/2026:10:36:11 -0700] "GET /c98dd2b3d0index.php?path=//var/yp HTTP/2.0" 200 1750 "https://ladengineer.com/c98dd2b3d0index.php?path=//var" "Mozilla/5.0 AppleWebKit/537.36 (KHTML, like Gecko; compatible; GPTBot/1.4; +https://openai.com/gptbot)"
74.7.227.172 - - [21/Jul/2026:10:36:24 -0700] "GET /c98dd2b3d0index.php?path=//var/db HTTP/2.0" 200 2941 "https://ladengineer.com/c98dd2b3d0index.php?path=//var" "Mozilla/5.0 AppleWebKit/537.36 (KHTML, like Gecko; compatible; GPTBot/1.4; +https://openai.com/gptbot)"
74.7.227.172 - - [21/Jul/2026:10:36:35 -0700] "GET /c98dd2b3d0index.php?path=//etc/pam.d HTTP/2.0" 200 23959 "https://ladengineer.com/c98dd2b3d0index.php?path=//etc" "Mozilla/5.0 AppleWebKit/537.36 (KHTML, like Gecko; compatible; GPTBot/1.4; +https://openai.com/gptbot)"
74.7.227.172 - - [21/Jul/2026:10:36:46 -0700] "GET /dde4fdd510index.php?path=//etc/rc3.d HTTP/2.0" 200 3125 "https://ladengineer.com/dde4fdd510index.php?path=//etc" "Mozilla/5.0 AppleWebKit/537.36 (KHTML, like Gecko; compatible; GPTBot/1.4; +https://openai.com/gptbot)"
74.7.227.172 - - [21/Jul/2026:10:36:56 -0700] "GET /dde4fdd510index.php?path=//etc/rc0.d HTTP/2.0" 200 3125 "https://ladengineer.com/dde4fdd510index.php?path=//etc" "Mozilla/5.0 AppleWebKit/537.36 (KHTML, like Gecko; compatible; GPTBot/1.4; +https://openai.com/gptbot)"
74.7.227.172 - - [21/Jul/2026:10:37:05 -0700] "GET /dde4fdd510index.php?path=//etc/rc6.d HTTP/2.0" 200 3125 "https://ladengineer.com/dde4fdd510index.php?path=//etc" "Mozilla/5.0 AppleWebKit/537.36 (KHTML, like Gecko; compatible; GPTBot/1.4; +https://openai.com/gptbot)"
