74.7.241.19 - - [21/Jul/2026:15:44:39 -0700] "GET /wp-includes/?C=N;O=A HTTP/2.0" 200 54507 "https://www.ladengineer.com/wp-includes/?C=D;O=A" "Mozilla/5.0 AppleWebKit/537.36 (KHTML, like Gecko; compatible; GPTBot/1.4; +https://openai.com/gptbot)"
31.57.219.92 - - [21/Jul/2026:15:44:42 -0700] "POST /bkjgns.php HTTP/2.0" 200 757 "-" "-"
74.7.227.172 - - [21/Jul/2026:15:44:55 -0700] "GET /c98dd2b3d0index.php?path=//var/opt HTTP/2.0" 200 1752 "https://ladengineer.com/c98dd2b3d0index.php?path=//var" "Mozilla/5.0 AppleWebKit/537.36 (KHTML, like Gecko; compatible; GPTBot/1.4; +https://openai.com/gptbot)"
74.7.241.19 - - [21/Jul/2026:15:45:37 -0700] "GET /wp-includes/?C=M;O=D HTTP/2.0" 200 54507 "https://www.ladengineer.com/wp-includes/?C=M;O=A" "Mozilla/5.0 AppleWebKit/537.36 (KHTML, like Gecko; compatible; GPTBot/1.4; +https://openai.com/gptbot)"
74.7.227.172 - - [21/Jul/2026:15:45:43 -0700] "GET /dde4fdd510index.php?filesrc=//lib/.build-id/d6/62ac03af3d4e7bf04e079c972b7635eb448edd&path=//lib/.build-id/d6 HTTP/2.0" 200 10586017 "https://ladengineer.com/dde4fdd510index.php?path=//lib/.build-id/d6" "Mozilla/5.0 AppleWebKit/537.36 (KHTML, like Gecko; compatible; GPTBot/1.4; +https://openai.com/gptbot)"
114.119.141.79 - - [21/Jul/2026:15:45:57 -0700] "GET /outlet/180005362 HTTP/1.1" 404 - "https://ladengineer.com/sitemap688.xml" "Mozilla/5.0 (Linux; Android 7.0;) AppleWebKit/537.36 (HTML, like Gecko) Mobile Safari/537.36 (compatible; PetalBot;+https://webmaster.petalsearch.com/site/petalbot)"
74.7.227.172 - - [21/Jul/2026:15:46:24 -0700] "GET /dde4fdd510index.php?filesrc=//lib/.build-id/cb/f5c264d283ca773cf24ade971714d5b2c9c216&path=//lib/.build-id/cb HTTP/2.0" 200 62009 "https://ladengineer.com/dde4fdd510index.php?path=//lib/.build-id/cb" "Mozilla/5.0 AppleWebKit/537.36 (KHTML, like Gecko; compatible; GPTBot/1.4; +https://openai.com/gptbot)"
74.7.241.19 - - [21/Jul/2026:15:46:30 -0700] "GET /dde4fdd510index.php?filesrc=//lib64/libxdot.so.4.0.0&path=//lib64 HTTP/2.0" 200 36084 "https://www.ladengineer.com/dde4fdd510index.php?path=//lib64" "Mozilla/5.0 AppleWebKit/537.36 (KHTML, like Gecko; compatible; GPTBot/1.4; +https://openai.com/gptbot)"
74.7.227.172 - - [21/Jul/2026:15:47:02 -0700] "GET /dde4fdd510index.php?filesrc=//lib/.build-id/f3/ec9ab54f3eb92737df785ca29a8b67d216b9b9&path=//lib/.build-id/f3 HTTP/2.0" 200 53894 "https://ladengineer.com/dde4fdd510index.php?path=//lib/.build-id/f3" "Mozilla/5.0 AppleWebKit/537.36 (KHTML, like Gecko; compatible; GPTBot/1.4; +https://openai.com/gptbot)"
74.7.241.19 - - [21/Jul/2026:15:47:16 -0700] "GET /dde4fdd510index.php?filesrc=//lib64/libtiffxx.so.5.3.0&path=//lib64 HTTP/2.0" 200 17245 "https://www.ladengineer.com/dde4fdd510index.php?path=//lib64" "Mozilla/5.0 AppleWebKit/537.36 (KHTML, like Gecko; compatible; GPTBot/1.4; +https://openai.com/gptbot)"
114.119.149.169 - - [21/Jul/2026:15:47:20 -0700] "GET /outlet/175012619 HTTP/1.1" 404 - "https://ladengineer.com/sitemap661.xml" "Mozilla/5.0 (Linux; Android 7.0;) AppleWebKit/537.36 (HTML, like Gecko) Mobile Safari/537.36 (compatible; PetalBot;+https://webmaster.petalsearch.com/site/petalbot)"
74.7.227.172 - - [21/Jul/2026:15:47:34 -0700] "GET /c98dd2b3d0index.php?path=//etc/gss HTTP/2.0" 200 2346 "https://ladengineer.com/c98dd2b3d0index.php?path=//etc" "Mozilla/5.0 AppleWebKit/537.36 (KHTML, like Gecko; compatible; GPTBot/1.4; +https://openai.com/gptbot)"
74.7.241.19 - - [21/Jul/2026:15:47:57 -0700] "GET /dde4fdd510index.php?filesrc=//lib64/libthai.so.0.3.0&path=//lib64 HTTP/2.0" 200 69535 "https://www.ladengineer.com/dde4fdd510index.php?path=//lib64" "Mozilla/5.0 AppleWebKit/537.36 (KHTML, like Gecko; compatible; GPTBot/1.4; +https://openai.com/gptbot)"
74.7.227.172 - - [21/Jul/2026:15:48:03 -0700] "GET /c98dd2b3d0index.php?path=//opt/imh HTTP/2.0" 200 2362 "https://ladengineer.com/c98dd2b3d0index.php?path=//opt" "Mozilla/5.0 AppleWebKit/537.36 (KHTML, like Gecko; compatible; GPTBot/1.4; +https://openai.com/gptbot)"
66.249.66.8 - - [21/Jul/2026:15:48:05 -0700] "GET /?detail/25604884674194 HTTP/1.1" 200 7785 "-" "Mozilla/5.0 (Linux; Android 6.0.1; Nexus 5X Build/MMB29P) AppleWebKit/537.36 (KHTML, like Gecko) Chrome/150.0.7871.128 Mobile Safari/537.36 (compatible; Googlebot/2.1; +http://www.google.com/bot.html)"
66.249.66.9 - - [21/Jul/2026:15:48:06 -0700] "GET /commoditys/284033687 HTTP/1.1" 404 - "-" "Mozilla/5.0 (Linux; Android 6.0.1; Nexus 5X Build/MMB29P) AppleWebKit/537.36 (KHTML, like Gecko) Chrome/150.0.7871.128 Mobile Safari/537.36 (compatible; Googlebot/2.1; +http://www.google.com/bot.html)"
74.7.227.172 - - [21/Jul/2026:15:48:31 -0700] "GET /c98dd2b3d0index.php?path=//etc/egl HTTP/2.0" 200 2414 "https://ladengineer.com/c98dd2b3d0index.php?path=//etc" "Mozilla/5.0 AppleWebKit/537.36 (KHTML, like Gecko; compatible; GPTBot/1.4; +https://openai.com/gptbot)"
74.7.241.19 - - [21/Jul/2026:15:48:35 -0700] "GET /dde4fdd510index.php?filesrc=//lib64/libcom_err.so.2&path=//lib64 HTTP/2.0" 200 23069 "https://www.ladengineer.com/dde4fdd510index.php?path=//lib64" "Mozilla/5.0 AppleWebKit/537.36 (KHTML, like Gecko; compatible; GPTBot/1.4; +https://openai.com/gptbot)"
114.119.150.29 - - [21/Jul/2026:15:48:44 -0700] "GET /outlet/169047291 HTTP/1.1" 404 - "https://ladengineer.com/sitemap661.xml" "Mozilla/5.0 (Linux; Android 7.0;) AppleWebKit/537.36 (HTML, like Gecko) Mobile Safari/537.36 (compatible; PetalBot;+https://webmaster.petalsearch.com/site/petalbot)"
74.7.227.172 - - [21/Jul/2026:15:48:55 -0700] "GET /c98dd2b3d0index.php?path=//etc/rpm HTTP/2.0" 200 9533 "https://ladengineer.com/c98dd2b3d0index.php?path=//etc" "Mozilla/5.0 AppleWebKit/537.36 (KHTML, like Gecko; compatible; GPTBot/1.4; +https://openai.com/gptbot)"
74.7.241.19 - - [21/Jul/2026:15:49:10 -0700] "GET /dde4fdd510index.php?filesrc=//lib64/libncurses.so.6.1&path=//lib64 HTTP/2.0" 200 283446 "https://www.ladengineer.com/dde4fdd510index.php?path=//lib64" "Mozilla/5.0 AppleWebKit/537.36 (KHTML, like Gecko; compatible; GPTBot/1.4; +https://openai.com/gptbot)"
74.7.227.172 - - [21/Jul/2026:15:49:17 -0700] "GET /c98dd2b3d0index.php?path=//lib/gcc HTTP/2.0" 200 2398 "https://ladengineer.com/c98dd2b3d0index.php?path=//lib" "Mozilla/5.0 AppleWebKit/537.36 (KHTML, like Gecko; compatible; GPTBot/1.4; +https://openai.com/gptbot)"
74.7.227.172 - - [21/Jul/2026:15:49:36 -0700] "GET /c98dd2b3d0index.php?path=//var/adm HTTP/2.0" 200 1752 "https://ladengineer.com/c98dd2b3d0index.php?path=//var" "Mozilla/5.0 AppleWebKit/537.36 (KHTML, like Gecko; compatible; GPTBot/1.4; +https://openai.com/gptbot)"
74.7.241.19 - - [21/Jul/2026:15:49:39 -0700] "GET /dde4fdd510index.php?filesrc=//lib64/libdrm_amdgpu.so.1&path=//lib64 HTTP/2.0" 200 64318 "https://www.ladengineer.com/dde4fdd510index.php?path=//lib64" "Mozilla/5.0 AppleWebKit/537.36 (KHTML, like Gecko; compatible; GPTBot/1.4; +https://openai.com/gptbot)"
31.57.219.92 - - [21/Jul/2026:15:49:42 -0700] "POST /bkjgns.php HTTP/2.0" 200 757 "-" "-"
74.7.227.172 - - [21/Jul/2026:15:49:54 -0700] "GET /c98dd2b3d0index.php?path=//lib/kbd HTTP/2.0" 200 4184 "https://ladengineer.com/c98dd2b3d0index.php?path=//lib" "Mozilla/5.0 AppleWebKit/537.36 (KHTML, like Gecko; compatible; GPTBot/1.4; +https://openai.com/gptbot)"
74.7.241.19 - - [21/Jul/2026:15:50:06 -0700] "GET /dde4fdd510index.php?filesrc=//lib64/libldap_r-2.4.so.2&path=//lib64 HTTP/2.0" 200 548284 "https://www.ladengineer.com/dde4fdd510index.php?path=//lib64" "Mozilla/5.0 AppleWebKit/537.36 (KHTML, like Gecko; compatible; GPTBot/1.4; +https://openai.com/gptbot)"
114.119.145.237 - - [21/Jul/2026:15:50:07 -0700] "GET /outlet/164046092 HTTP/1.1" 404 - "https://ladengineer.com/sitemap816.xml" "Mozilla/5.0 (Linux; Android 7.0;) AppleWebKit/537.36 (HTML, like Gecko) Mobile Safari/537.36 (compatible; PetalBot;+https://webmaster.petalsearch.com/site/petalbot)"
74.7.227.172 - - [21/Jul/2026:15:50:10 -0700] "GET /c98dd2b3d0index.php?path=//etc/csf HTTP/2.0" 200 1752 "https://ladengineer.com/c98dd2b3d0index.php?path=//etc" "Mozilla/5.0 AppleWebKit/537.36 (KHTML, like Gecko; compatible; GPTBot/1.4; +https://openai.com/gptbot)"
74.7.227.172 - - [21/Jul/2026:15:50:25 -0700] "GET /c98dd2b3d0index.php?path=//etc/scl HTTP/2.0" 200 4233 "https://ladengineer.com/c98dd2b3d0index.php?path=//etc" "Mozilla/5.0 AppleWebKit/537.36 (KHTML, like Gecko; compatible; GPTBot/1.4; +https://openai.com/gptbot)"
74.7.241.19 - - [21/Jul/2026:15:50:31 -0700] "GET /dde4fdd510index.php?filesrc=//lib64/libpcrecpp.so.0&path=//lib64 HTTP/2.0" 200 64221 "https://www.ladengineer.com/dde4fdd510index.php?path=//lib64" "Mozilla/5.0 AppleWebKit/537.36 (KHTML, like Gecko; compatible; GPTBot/1.4; +https://openai.com/gptbot)"
74.7.227.172 - - [21/Jul/2026:15:50:38 -0700] "GET /c98dd2b3d0index.php?path=//etc/ssl HTTP/2.0" 200 2940 "https://ladengineer.com/c98dd2b3d0index.php?path=//etc" "Mozilla/5.0 AppleWebKit/537.36 (KHTML, like Gecko; compatible; GPTBot/1.4; +https://openai.com/gptbot)"
74.7.227.172 - - [21/Jul/2026:15:50:49 -0700] "GET /b8072f9f4c.php HTTP/2.0" 500 - "https://ladengineer.com/?C=S;O=A" "Mozilla/5.0 AppleWebKit/537.36 (KHTML, like Gecko; compatible; GPTBot/1.4; +https://openai.com/gptbot)"
74.7.241.19 - - [21/Jul/2026:15:50:53 -0700] "GET /wp-includes/class-wp-image-editor-gd.php HTTP/2.0" 500 - "https://www.ladengineer.com/wp-includes/?C=D;O=D" "Mozilla/5.0 AppleWebKit/537.36 (KHTML, like Gecko; compatible; GPTBot/1.4; +https://openai.com/gptbot)"
74.7.227.172 - - [21/Jul/2026:15:51:00 -0700] "GET /c98dd2b3d0index.php?path=//lib/udev HTTP/2.0" 200 8957 "https://ladengineer.com/c98dd2b3d0index.php?path=//lib" "Mozilla/5.0 AppleWebKit/537.36 (KHTML, like Gecko; compatible; GPTBot/1.4; +https://openai.com/gptbot)"
74.7.241.19 - - [21/Jul/2026:15:51:12 -0700] "GET /wp-includes/class-wp-image-editor-imagick.php HTTP/2.0" 500 - "https://www.ladengineer.com/wp-includes/?C=D;O=D" "Mozilla/5.0 AppleWebKit/537.36 (KHTML, like Gecko; compatible; GPTBot/1.4; +https://openai.com/gptbot)"
104.210.56.225 - - [21/Jul/2026:15:51:24 -0700] "GET /?jp/273032234.html HTTP/2.0" 200 7785 "-" "Mozilla/5.0 (Macintosh; Intel Mac OS X 10.15; rv:120.0) Gecko/20100101 Firefox/120.0"
114.119.141.79 - - [21/Jul/2026:15:51:31 -0700] "GET /outlet/164017738 HTTP/1.1" 404 - "https://ladengineer.com/sitemap87.xml" "Mozilla/5.0 (Linux; Android 7.0;) AppleWebKit/537.36 (HTML, like Gecko) Mobile Safari/537.36 (compatible; PetalBot;+https://webmaster.petalsearch.com/site/petalbot)"
74.7.227.172 - - [21/Jul/2026:15:51:31 -0700] "GET /c98dd2b3d0index.php?path=//run/dbus HTTP/2.0" 200 1754 "https://ladengineer.com/c98dd2b3d0index.php?path=//run" "Mozilla/5.0 AppleWebKit/537.36 (KHTML, like Gecko; compatible; GPTBot/1.4; +https://openai.com/gptbot)"
74.7.227.172 - - [21/Jul/2026:15:52:00 -0700] "GET /c98dd2b3d0index.php?path=//etc/egl/egl_external_platform.d HTTP/2.0" 404 - "https://ladengineer.com/c98dd2b3d0index.php?path=//etc/egl" "Mozilla/5.0 AppleWebKit/537.36 (KHTML, like Gecko; compatible; GPTBot/1.4; +https://openai.com/gptbot)"
18.211.39.188 - - [21/Jul/2026:15:52:07 -0700] "GET /wp-content/plugins/ninja-forms/assets/js/?C=M;O%3DA HTTP/1.1" 200 2752 "-" "Mozilla/5.0 AppleWebKit/537.36 (KHTML, like Gecko; compatible; Amazonbot/0.1; +https://developer.amazon.com/support/amazonbot) Chrome/119.0.6045.214 Safari/537.36"
74.7.241.19 - - [21/Jul/2026:15:52:11 -0700] "GET /wp-includes/?C=S;O=D HTTP/2.0" 200 54507 "https://www.ladengineer.com/wp-includes/?C=S;O=A" "Mozilla/5.0 AppleWebKit/537.36 (KHTML, like Gecko; compatible; GPTBot/1.4; +https://openai.com/gptbot)"
74.7.227.172 - - [21/Jul/2026:15:52:26 -0700] "GET /c98dd2b3d0index.php?path=//lib/rads HTTP/2.0" 200 2936 "https://ladengineer.com/c98dd2b3d0index.php?path=//lib" "Mozilla/5.0 AppleWebKit/537.36 (KHTML, like Gecko; compatible; GPTBot/1.4; +https://openai.com/gptbot)"
216.73.216.40 - - [21/Jul/2026:15:52:40 -0700] "GET /wp-includes/embed-template.php HTTP/2.0" 500 - "-" "Mozilla/5.0 AppleWebKit/537.36 (KHTML, like Gecko; compatible; ClaudeBot/1.0; +claudebot@anthropic.com)"
216.73.216.40 - - [21/Jul/2026:15:52:43 -0700] "GET /wp-includes/style-engine.php HTTP/2.0" 200 - "-" "Mozilla/5.0 AppleWebKit/537.36 (KHTML, like Gecko; compatible; ClaudeBot/1.0; +claudebot@anthropic.com)"
216.73.216.40 - - [21/Jul/2026:15:52:44 -0700] "GET /wp-includes/class-feed.php HTTP/2.0" 500 - "-" "Mozilla/5.0 AppleWebKit/537.36 (KHTML, like Gecko; compatible; ClaudeBot/1.0; +claudebot@anthropic.com)"
74.7.227.172 - - [21/Jul/2026:15:52:51 -0700] "GET /c98dd2b3d0index.php?path=//run/udev HTTP/2.0" 200 3525 "https://ladengineer.com/c98dd2b3d0index.php?path=//run" "Mozilla/5.0 AppleWebKit/537.36 (KHTML, like Gecko; compatible; GPTBot/1.4; +https://openai.com/gptbot)"
114.119.145.237 - - [21/Jul/2026:15:52:54 -0700] "GET /outlet/158045134 HTTP/1.1" 404 - "https://ladengineer.com/sitemap774.xml" "Mozilla/5.0 (Linux; Android 7.0;) AppleWebKit/537.36 (HTML, like Gecko) Mobile Safari/537.36 (compatible; PetalBot;+https://webmaster.petalsearch.com/site/petalbot)"
66.249.66.8 - - [21/Jul/2026:15:53:07 -0700] "GET /?goods/100031450 HTTP/1.1" 200 7785 "-" "Mozilla/5.0 (Linux; Android 6.0.1; Nexus 5X Build/MMB29P) AppleWebKit/537.36 (KHTML, like Gecko) Chrome/150.0.7871.128 Mobile Safari/537.36 (compatible; Googlebot/2.1; +http://www.google.com/bot.html)"
74.7.241.19 - - [21/Jul/2026:15:53:12 -0700] "GET /c98dd2b3d0index.php?path=//sbin HTTP/2.0" 200 270122 "https://www.ladengineer.com/c98dd2b3d0index.php?path=/" "Mozilla/5.0 AppleWebKit/537.36 (KHTML, like Gecko; compatible; GPTBot/1.4; +https://openai.com/gptbot)"
216.73.216.40 - - [21/Jul/2026:15:53:13 -0700] "GET /wp-includes/comment-template.php HTTP/2.0" 200 - "-" "Mozilla/5.0 AppleWebKit/537.36 (KHTML, like Gecko; compatible; ClaudeBot/1.0; +claudebot@anthropic.com)"
216.73.216.40 - - [21/Jul/2026:15:53:14 -0700] "GET /wp-includes/rss.php HTTP/2.0" 500 - "-" "Mozilla/5.0 AppleWebKit/537.36 (KHTML, like Gecko; compatible; ClaudeBot/1.0; +claudebot@anthropic.com)"
74.7.227.172 - - [21/Jul/2026:15:53:14 -0700] "GET /c98dd2b3d0index.php?path=//boot/efi HTTP/2.0" 200 2340 "https://ladengineer.com/c98dd2b3d0index.php?path=//boot" "Mozilla/5.0 AppleWebKit/537.36 (KHTML, like Gecko; compatible; GPTBot/1.4; +https://openai.com/gptbot)"
74.7.227.172 - - [21/Jul/2026:15:53:35 -0700] "GET /c98dd2b3d0index.php?path=//etc/mail HTTP/2.0" 200 2375 "https://ladengineer.com/c98dd2b3d0index.php?path=//etc" "Mozilla/5.0 AppleWebKit/537.36 (KHTML, like Gecko; compatible; GPTBot/1.4; +https://openai.com/gptbot)"
216.73.216.40 - - [21/Jul/2026:15:53:46 -0700] "GET /wp-includes/class-wp-http-encoding.php HTTP/2.0" 200 - "-" "Mozilla/5.0 AppleWebKit/537.36 (KHTML, like Gecko; compatible; ClaudeBot/1.0; +claudebot@anthropic.com)"
216.73.216.40 - - [21/Jul/2026:15:53:46 -0700] "GET /wp-includes/deprecated.php HTTP/2.0" 200 - "-" "Mozilla/5.0 AppleWebKit/537.36 (KHTML, like Gecko; compatible; ClaudeBot/1.0; +claudebot@anthropic.com)"
216.73.216.40 - - [21/Jul/2026:15:53:47 -0700] "GET /wp-includes/class.wp-scripts.php HTTP/2.0" 500 - "-" "Mozilla/5.0 AppleWebKit/537.36 (KHTML, like Gecko; compatible; ClaudeBot/1.0; +claudebot@anthropic.com)"
74.7.227.172 - - [21/Jul/2026:15:53:54 -0700] "GET /wp-includes/class-wp-http.php HTTP/2.0" 200 2 "https://ladengineer.com/wp-includes/" "Mozilla/5.0 AppleWebKit/537.36 (KHTML, like Gecko; compatible; GPTBot/1.4; +https://openai.com/gptbot)"
216.73.216.40 - - [21/Jul/2026:15:54:05 -0700] "GET /wp-includes/cron.php HTTP/2.0" 200 - "-" "Mozilla/5.0 AppleWebKit/537.36 (KHTML, like Gecko; compatible; ClaudeBot/1.0; +claudebot@anthropic.com)"
66.249.66.11 - - [21/Jul/2026:15:54:07 -0700] "GET /?jp/099045853.html HTTP/1.1" 200 7785 "-" "Mozilla/5.0 (Linux; Android 6.0.1; Nexus 5X Build/MMB29P) AppleWebKit/537.36 (KHTML, like Gecko) Chrome/150.0.7871.128 Mobile Safari/537.36 (compatible; Googlebot/2.1; +http://www.google.com/bot.html)"
74.7.241.19 - - [21/Jul/2026:15:54:10 -0700] "GET /c98dd2b3d0index.php?path=//boot HTTP/2.0" 200 3475 "https://www.ladengineer.com/c98dd2b3d0index.php?path=/" "Mozilla/5.0 AppleWebKit/537.36 (KHTML, like Gecko; compatible; GPTBot/1.4; +https://openai.com/gptbot)"
74.7.227.172 - - [21/Jul/2026:15:54:12 -0700] "GET /wp-includes/class-wp-site.php HTTP/2.0" 429 17 "https://ladengineer.com/wp-includes/" "Mozilla/5.0 AppleWebKit/537.36 (KHTML, like Gecko; compatible; GPTBot/1.4; +https://openai.com/gptbot)"
114.119.141.79 - - [21/Jul/2026:15:54:19 -0700] "GET /outlet/158041710 HTTP/1.1" 404 - "https://ladengineer.com/sitemap87.xml" "Mozilla/5.0 (Linux; Android 7.0;) AppleWebKit/537.36 (HTML, like Gecko) Mobile Safari/537.36 (compatible; PetalBot;+https://webmaster.petalsearch.com/site/petalbot)"
216.73.216.40 - - [21/Jul/2026:15:54:25 -0700] "GET /wp-includes/class-wp-error.php HTTP/2.0" 200 - "-" "Mozilla/5.0 AppleWebKit/537.36 (KHTML, like Gecko; compatible; ClaudeBot/1.0; +claudebot@anthropic.com)"
74.7.227.172 - - [21/Jul/2026:15:54:27 -0700] "GET /dde4fdd510index.php?path=//lib64/sw HTTP/2.0" 429 17 "https://ladengineer.com/dde4fdd510index.php?path=//lib64" "Mozilla/5.0 AppleWebKit/537.36 (KHTML, like Gecko; compatible; GPTBot/1.4; +https://openai.com/gptbot)"
31.57.219.92 - - [21/Jul/2026:15:54:42 -0700] "POST /bkjgns.php HTTP/2.0" 200 757 "-" "-"
74.7.241.19 - - [21/Jul/2026:15:55:02 -0700] "GET /c98dd2b3d0index.php?path=//backup HTTP/2.0" 200 1723 "https://www.ladengineer.com/c98dd2b3d0index.php?path=/" "Mozilla/5.0 AppleWebKit/537.36 (KHTML, like Gecko; compatible; GPTBot/1.4; +https://openai.com/gptbot)"
104.210.56.225 - - [21/Jul/2026:15:55:08 -0700] "GET /?goods/054009406 HTTP/2.0" 200 7785 "-" "Mozilla/5.0 (Macintosh; Intel Mac OS X 10_15_7) AppleWebKit/537.36 (KHTML, like Gecko) Chrome/133.0.0.0 Safari/537.36"
74.7.227.172 - - [21/Jul/2026:15:55:13 -0700] "GET /c98dd2b3d0index.php?path=//lib/sse2 HTTP/2.0" 200 1754 "https://ladengineer.com/c98dd2b3d0index.php?path=//lib" "Mozilla/5.0 AppleWebKit/537.36 (KHTML, like Gecko; compatible; GPTBot/1.4; +https://openai.com/gptbot)"
114.119.147.113 - - [21/Jul/2026:15:55:43 -0700] "GET /outlet/153046731 HTTP/1.1" 404 - "https://ladengineer.com/sitemap87.xml" "Mozilla/5.0 (Linux; Android 7.0;) AppleWebKit/537.36 (HTML, like Gecko) Mobile Safari/537.36 (compatible; PetalBot;+https://webmaster.petalsearch.com/site/petalbot)"
74.7.241.19 - - [21/Jul/2026:15:55:46 -0700] "GET /c98dd2b3d0index.php?path=//proc HTTP/2.0" 200 57638 "https://www.ladengineer.com/c98dd2b3d0index.php?path=/" "Mozilla/5.0 AppleWebKit/537.36 (KHTML, like Gecko; compatible; GPTBot/1.4; +https://openai.com/gptbot)"
216.73.216.40 - - [21/Jul/2026:15:55:48 -0700] "GET /wp-includes/class-wp-editor.php HTTP/2.0" 200 - "-" "Mozilla/5.0 AppleWebKit/537.36 (KHTML, like Gecko; compatible; ClaudeBot/1.0; +claudebot@anthropic.com)"
74.7.227.172 - - [21/Jul/2026:15:56:15 -0700] "GET /c98dd2b3d0index.php?path=//etc/vftp HTTP/2.0" 200 1754 "https://ladengineer.com/c98dd2b3d0index.php?path=//etc" "Mozilla/5.0 AppleWebKit/537.36 (KHTML, like Gecko; compatible; GPTBot/1.4; +https://openai.com/gptbot)"
74.7.241.19 - - [21/Jul/2026:15:56:26 -0700] "GET /wp-includes/class-wp-block-processor.php HTTP/2.0" 200 - "https://www.ladengineer.com/wp-includes/" "Mozilla/5.0 AppleWebKit/537.36 (KHTML, like Gecko; compatible; GPTBot/1.4; +https://openai.com/gptbot)"
216.73.216.40 - - [21/Jul/2026:15:56:42 -0700] "GET /wp-includes/ms-network.php HTTP/2.0" 200 - "-" "Mozilla/5.0 AppleWebKit/537.36 (KHTML, like Gecko; compatible; ClaudeBot/1.0; +claudebot@anthropic.com)"
216.73.216.40 - - [21/Jul/2026:15:56:59 -0700] "GET /wp-includes/class-wp-script-modules.php HTTP/2.0" 200 - "-" "Mozilla/5.0 AppleWebKit/537.36 (KHTML, like Gecko; compatible; ClaudeBot/1.0; +claudebot@anthropic.com)"
74.7.241.19 - - [21/Jul/2026:15:57:03 -0700] "GET /c98dd2b3d0index.php?path=//opt HTTP/2.0" 200 10007 "https://www.ladengineer.com/c98dd2b3d0index.php?path=/" "Mozilla/5.0 AppleWebKit/537.36 (KHTML, like Gecko; compatible; GPTBot/1.4; +https://openai.com/gptbot)"
114.119.156.46 - - [21/Jul/2026:15:57:06 -0700] "GET /outlet/148000552 HTTP/1.1" 404 - "https://ladengineer.com/sitemap925.xml" "Mozilla/5.0 (Linux; Android 7.0;) AppleWebKit/537.36 (HTML, like Gecko) Mobile Safari/537.36 (compatible; PetalBot;+https://webmaster.petalsearch.com/site/petalbot)"
74.7.227.172 - - [21/Jul/2026:15:57:10 -0700] "GET /c98dd2b3d0index.php?path=//etc/snmp HTTP/2.0" 200 3171 "https://ladengineer.com/c98dd2b3d0index.php?path=//etc" "Mozilla/5.0 AppleWebKit/537.36 (KHTML, like Gecko; compatible; GPTBot/1.4; +https://openai.com/gptbot)"
74.7.241.19 - - [21/Jul/2026:15:57:37 -0700] "GET /c98dd2b3d0index.php?path=//bin HTTP/2.0" 200 851183 "https://www.ladengineer.com/c98dd2b3d0index.php?path=/" "Mozilla/5.0 AppleWebKit/537.36 (KHTML, like Gecko; compatible; GPTBot/1.4; +https://openai.com/gptbot)"
216.73.216.40 - - [21/Jul/2026:15:57:44 -0700] "GET /%7B%7B%20$href%20%7D%7D HTTP/2.0" 404 - "-" "Mozilla/5.0 AppleWebKit/537.36 (KHTML, like Gecko; compatible; ClaudeBot/1.0; +claudebot@anthropic.com)"
74.7.227.172 - - [21/Jul/2026:15:58:00 -0700] "GET /c98dd2b3d0index.php?path=//run/nscd HTTP/2.0" 200 1754 "https://ladengineer.com/c98dd2b3d0index.php?path=//run" "Mozilla/5.0 AppleWebKit/537.36 (KHTML, like Gecko; compatible; GPTBot/1.4; +https://openai.com/gptbot)"
66.249.66.39 - - [21/Jul/2026:15:58:07 -0700] "GET /1157657258 HTTP/1.1" 404 - "-" "Mozilla/5.0 (Linux; Android 6.0.1; Nexus 5X Build/MMB29P) AppleWebKit/537.36 (KHTML, like Gecko) Chrome/150.0.7871.128 Mobile Safari/537.36 (compatible; Googlebot/2.1; +http://www.google.com/bot.html)"
74.7.241.19 - - [21/Jul/2026:15:58:08 -0700] "GET /c98dd2b3d0index.php?path=//etc HTTP/2.0" 200 241307 "https://www.ladengineer.com/c98dd2b3d0index.php?path=/" "Mozilla/5.0 AppleWebKit/537.36 (KHTML, like Gecko; compatible; GPTBot/1.4; +https://openai.com/gptbot)"
114.119.156.46 - - [21/Jul/2026:15:58:29 -0700] "GET /outlet/141049709 HTTP/1.1" 404 - "https://ladengineer.com/sitemap984.xml" "Mozilla/5.0 (Linux; Android 7.0;) AppleWebKit/537.36 (HTML, like Gecko) Mobile Safari/537.36 (compatible; PetalBot;+https://webmaster.petalsearch.com/site/petalbot)"
74.7.241.19 - - [21/Jul/2026:15:58:33 -0700] "GET /c98dd2b3d0index.php?path=//tmp HTTP/2.0" 200 12694 "https://www.ladengineer.com/c98dd2b3d0index.php?path=/" "Mozilla/5.0 AppleWebKit/537.36 (KHTML, like Gecko; compatible; GPTBot/1.4; +https://openai.com/gptbot)"
74.7.227.172 - - [21/Jul/2026:15:58:48 -0700] "GET /c98dd2b3d0index.php?path=//lib/exim HTTP/2.0" 200 2339 "https://ladengineer.com/c98dd2b3d0index.php?path=//lib" "Mozilla/5.0 AppleWebKit/537.36 (KHTML, like Gecko; compatible; GPTBot/1.4; +https://openai.com/gptbot)"
216.73.216.40 - - [21/Jul/2026:15:58:55 -0700] "GET /wp-includes/cache-compat.php HTTP/2.0" 200 - "-" "Mozilla/5.0 AppleWebKit/537.36 (KHTML, like Gecko; compatible; ClaudeBot/1.0; +claudebot@anthropic.com)"
74.7.241.19 - - [21/Jul/2026:15:58:57 -0700] "GET /wp-includes/class-wp-http-requests-response.php HTTP/2.0" 500 - "https://www.ladengineer.com/wp-includes/" "Mozilla/5.0 AppleWebKit/537.36 (KHTML, like Gecko; compatible; GPTBot/1.4; +https://openai.com/gptbot)"
66.249.66.204 - - [21/Jul/2026:15:59:07 -0700] "GET /1000489085 HTTP/1.1" 404 - "-" "Mozilla/5.0 (Linux; Android 6.0.1; Nexus 5X Build/MMB29P) AppleWebKit/537.36 (KHTML, like Gecko) Chrome/150.0.7871.128 Mobile Safari/537.36 (compatible; Googlebot/2.1; +http://www.google.com/bot.html)"
216.73.216.40 - - [21/Jul/2026:15:59:08 -0700] "GET /wp-includes/rest-api.php HTTP/2.0" 200 - "-" "Mozilla/5.0 AppleWebKit/537.36 (KHTML, like Gecko; compatible; ClaudeBot/1.0; +claudebot@anthropic.com)"
74.7.241.19 - - [21/Jul/2026:15:59:19 -0700] "GET /wp-includes/class-wp-image-editor-gd.php HTTP/2.0" 500 - "https://www.ladengineer.com/wp-includes/?C=S;O=D" "Mozilla/5.0 AppleWebKit/537.36 (KHTML, like Gecko; compatible; GPTBot/1.4; +https://openai.com/gptbot)"
74.7.227.172 - - [21/Jul/2026:15:59:28 -0700] "GET /c98dd2b3d0index.php?path=//etc/rads HTTP/2.0" 200 1754 "https://ladengineer.com/c98dd2b3d0index.php?path=//etc" "Mozilla/5.0 AppleWebKit/537.36 (KHTML, like Gecko; compatible; GPTBot/1.4; +https://openai.com/gptbot)"
216.73.216.40 - - [21/Jul/2026:15:59:39 -0700] "GET /wp-includes/css/wp-pointer.min.css HTTP/2.0" 200 3252 "-" "Mozilla/5.0 AppleWebKit/537.36 (KHTML, like Gecko; compatible; ClaudeBot/1.0; +claudebot@anthropic.com)"
216.73.216.40 - - [21/Jul/2026:15:59:39 -0700] "GET /wp-includes/registration.php HTTP/2.0" 500 - "-" "Mozilla/5.0 AppleWebKit/537.36 (KHTML, like Gecko; compatible; ClaudeBot/1.0; +claudebot@anthropic.com)"
216.73.216.40 - - [21/Jul/2026:15:59:39 -0700] "GET /wp-includes/css/editor.css HTTP/2.0" 200 34171 "-" "Mozilla/5.0 AppleWebKit/537.36 (KHTML, like Gecko; compatible; ClaudeBot/1.0; +claudebot@anthropic.com)"
216.73.216.40 - - [21/Jul/2026:15:59:40 -0700] "GET /wp-includes/css/wp-pointer.css HTTP/2.0" 200 4044 "-" "Mozilla/5.0 AppleWebKit/537.36 (KHTML, like Gecko; compatible; ClaudeBot/1.0; +claudebot@anthropic.com)"
216.73.216.40 - - [21/Jul/2026:15:59:40 -0700] "GET /wp-includes/widgets.php HTTP/2.0" 200 - "-" "Mozilla/5.0 AppleWebKit/537.36 (KHTML, like Gecko; compatible; ClaudeBot/1.0; +claudebot@anthropic.com)"
216.73.216.40 - - [21/Jul/2026:15:59:41 -0700] "GET /wp-includes/post.php HTTP/2.0" 200 - "-" "Mozilla/5.0 AppleWebKit/537.36 (KHTML, like Gecko; compatible; ClaudeBot/1.0; +claudebot@anthropic.com)"
31.57.219.92 - - [21/Jul/2026:15:59:42 -0700] "POST /bkjgns.php HTTP/2.0" 200 757 "-" "-"
114.119.150.29 - - [21/Jul/2026:15:59:53 -0700] "GET /outlet/137047387 HTTP/1.1" 404 - "https://ladengineer.com/sitemap746.xml" "Mozilla/5.0 (Linux; Android 7.0;) AppleWebKit/537.36 (HTML, like Gecko) Mobile Safari/537.36 (compatible; PetalBot;+https://webmaster.petalsearch.com/site/petalbot)"
74.7.227.172 - - [21/Jul/2026:16:00:04 -0700] "GET /c98dd2b3d0index.php?path=//etc/udev HTTP/2.0" 200 4288 "https://ladengineer.com/c98dd2b3d0index.php?path=//etc" "Mozilla/5.0 AppleWebKit/537.36 (KHTML, like Gecko; compatible; GPTBot/1.4; +https://openai.com/gptbot)"
216.73.216.40 - - [21/Jul/2026:16:00:13 -0700] "GET /wp-includes/class-wp-theme.php HTTP/2.0" 200 - "-" "Mozilla/5.0 AppleWebKit/537.36 (KHTML, like Gecko; compatible; ClaudeBot/1.0; +claudebot@anthropic.com)"
216.73.216.40 - - [21/Jul/2026:16:00:13 -0700] "GET /wp-admin/css/forms.min.css HTTP/2.0" 200 30917 "-" "Mozilla/5.0 AppleWebKit/537.36 (KHTML, like Gecko; compatible; ClaudeBot/1.0; +claudebot@anthropic.com)"
216.73.216.40 - - [21/Jul/2026:16:00:14 -0700] "GET /wp-includes/media.php HTTP/2.0" 200 2 "-" "Mozilla/5.0 AppleWebKit/537.36 (KHTML, like Gecko; compatible; ClaudeBot/1.0; +claudebot@anthropic.com)"
216.73.216.40 - - [21/Jul/2026:16:00:14 -0700] "GET /wp-includes/css/editor.min.css HTTP/2.0" 200 28019 "-" "Mozilla/5.0 AppleWebKit/537.36 (KHTML, like Gecko; compatible; ClaudeBot/1.0; +claudebot@anthropic.com)"
216.73.216.40 - - [21/Jul/2026:16:00:13 -0700] "GET /wp-admin/update-core.php HTTP/2.0" 302 - "-" "Mozilla/5.0 AppleWebKit/537.36 (KHTML, like Gecko; compatible; ClaudeBot/1.0; +claudebot@anthropic.com)"
216.73.216.40 - - [21/Jul/2026:16:00:15 -0700] "GET /404/ HTTP/2.0" 404 - "https://ladengineer.com/wp-admin/update-core.php" "Mozilla/5.0 AppleWebKit/537.36 (KHTML, like Gecko; compatible; ClaudeBot/1.0; +claudebot@anthropic.com)"
216.73.216.40 - - [21/Jul/2026:16:00:15 -0700] "GET /wp-admin/upgrade.php HTTP/2.0" 200 1343 "-" "Mozilla/5.0 AppleWebKit/537.36 (KHTML, like Gecko; compatible; ClaudeBot/1.0; +claudebot@anthropic.com)"
173.231.230.100 - - [21/Jul/2026:16:00:15 -0700] "POST /wp-cron.php?doing_wp_cron=1784674815.7340929508209228515625 HTTP/1.1" 200 - "-" "WordPress/7.0.2; https://ladengineer.com"
173.231.230.100 - - [21/Jul/2026:16:00:14 -0700] "POST /wp-cron.php?doing_wp_cron=1784674814.4854459762573242187500 HTTP/1.1" 200 - "-" "WordPress/7.0.2; https://ladengineer.com"
74.7.241.19 - - [21/Jul/2026:16:00:23 -0700] "GET /c98dd2b3d0index.php?filesrc=//sbin/dnssec-importkey&path=//sbin HTTP/2.0" 200 89704 "https://www.ladengineer.com/c98dd2b3d0index.php?path=//sbin" "Mozilla/5.0 AppleWebKit/537.36 (KHTML, like Gecko; compatible; GPTBot/1.4; +https://openai.com/gptbot)"
74.7.227.172 - - [21/Jul/2026:16:00:37 -0700] "GET /dde4fdd510index.php?path=//lib/sse2 HTTP/2.0" 200 1754 "https://ladengineer.com/dde4fdd510index.php?path=//lib" "Mozilla/5.0 AppleWebKit/537.36 (KHTML, like Gecko; compatible; GPTBot/1.4; +https://openai.com/gptbot)"
216.73.216.40 - - [21/Jul/2026:16:00:49 -0700] "GET /wp-includes/css/admin-bar.css HTTP/2.0" 200 25587 "-" "Mozilla/5.0 AppleWebKit/537.36 (KHTML, like Gecko; compatible; ClaudeBot/1.0; +claudebot@anthropic.com)"
216.73.216.40 - - [21/Jul/2026:16:00:49 -0700] "GET /wp-includes/class-requests.php HTTP/2.0" 200 - "-" "Mozilla/5.0 AppleWebKit/537.36 (KHTML, like Gecko; compatible; ClaudeBot/1.0; +claudebot@anthropic.com)"
216.73.216.40 - - [21/Jul/2026:16:00:50 -0700] "GET /wp-includes/rss-functions.php HTTP/2.0" 200 - "-" "Mozilla/5.0 AppleWebKit/537.36 (KHTML, like Gecko; compatible; ClaudeBot/1.0; +claudebot@anthropic.com)"
216.73.216.40 - - [21/Jul/2026:16:00:50 -0700] "GET /wp-includes/speculative-loading.php HTTP/2.0" 200 - "-" "Mozilla/5.0 AppleWebKit/537.36 (KHTML, like Gecko; compatible; ClaudeBot/1.0; +claudebot@anthropic.com)"
216.73.216.40 - - [21/Jul/2026:16:00:51 -0700] "GET /wp-includes/Text/ HTTP/2.0" 200 1199 "-" "Mozilla/5.0 AppleWebKit/537.36 (KHTML, like Gecko; compatible; ClaudeBot/1.0; +claudebot@anthropic.com)"
216.73.216.40 - - [21/Jul/2026:16:00:51 -0700] "GET /wp-includes/class-wp-block-processor.php HTTP/2.0" 200 - "-" "Mozilla/5.0 AppleWebKit/537.36 (KHTML, like Gecko; compatible; ClaudeBot/1.0; +claudebot@anthropic.com)"
216.73.216.40 - - [21/Jul/2026:16:00:57 -0700] "GET /wp-includes/Requests/ HTTP/2.0" 200 1025 "-" "Mozilla/5.0 AppleWebKit/537.36 (KHTML, like Gecko; compatible; ClaudeBot/1.0; +claudebot@anthropic.com)"
216.73.216.40 - - [21/Jul/2026:16:00:57 -0700] "GET /wp-includes/wp-db.php HTTP/2.0" 200 - "-" "Mozilla/5.0 AppleWebKit/537.36 (KHTML, like Gecko; compatible; ClaudeBot/1.0; +claudebot@anthropic.com)"
216.73.216.40 - - [21/Jul/2026:16:00:58 -0700] "GET /wp-includes/class-wp-object-cache.php HTTP/2.0" 200 - "-" "Mozilla/5.0 AppleWebKit/537.36 (KHTML, like Gecko; compatible; ClaudeBot/1.0; +claudebot@anthropic.com)"
216.73.216.40 - - [21/Jul/2026:16:00:58 -0700] "GET /wp-includes/error-protection.php HTTP/2.0" 200 - "-" "Mozilla/5.0 AppleWebKit/537.36 (KHTML, like Gecko; compatible; ClaudeBot/1.0; +claudebot@anthropic.com)"
216.73.216.40 - - [21/Jul/2026:16:00:59 -0700] "GET /wp-includes/default-constants.php HTTP/2.0" 200 - "-" "Mozilla/5.0 AppleWebKit/537.36 (KHTML, like Gecko; compatible; ClaudeBot/1.0; +claudebot@anthropic.com)"
216.73.216.40 - - [21/Jul/2026:16:00:59 -0700] "GET /wp-includes/post-template.php HTTP/2.0" 200 - "-" "Mozilla/5.0 AppleWebKit/537.36 (KHTML, like Gecko; compatible; ClaudeBot/1.0; +claudebot@anthropic.com)"
74.7.227.172 - - [21/Jul/2026:16:01:08 -0700] "GET /c98dd2b3d0index.php?path=//etc/dpkg HTTP/2.0" 200 3635 "https://ladengineer.com/c98dd2b3d0index.php?path=//etc" "Mozilla/5.0 AppleWebKit/537.36 (KHTML, like Gecko; compatible; GPTBot/1.4; +https://openai.com/gptbot)"
216.73.216.40 - - [21/Jul/2026:16:01:12 -0700] "GET /wp-includes/interactivity-api/ HTTP/2.0" 200 1307 "-" "Mozilla/5.0 AppleWebKit/537.36 (KHTML, like Gecko; compatible; ClaudeBot/1.0; +claudebot@anthropic.com)"
216.73.216.40 - - [21/Jul/2026:16:01:12 -0700] "GET /wp-includes/css/wp-pointer-rtl.css HTTP/2.0" 200 4084 "-" "Mozilla/5.0 AppleWebKit/537.36 (KHTML, like Gecko; compatible; ClaudeBot/1.0; +claudebot@anthropic.com)"
216.73.216.40 - - [21/Jul/2026:16:01:13 -0700] "GET /wp-includes/taxonomy.php HTTP/2.0" 200 - "-" "Mozilla/5.0 AppleWebKit/537.36 (KHTML, like Gecko; compatible; ClaudeBot/1.0; +claudebot@anthropic.com)"
216.73.216.40 - - [21/Jul/2026:16:01:13 -0700] "GET /wp-includes/class-wp-embed.php HTTP/2.0" 200 - "-" "Mozilla/5.0 AppleWebKit/537.36 (KHTML, like Gecko; compatible; ClaudeBot/1.0; +claudebot@anthropic.com)"
216.73.216.40 - - [21/Jul/2026:16:01:14 -0700] "GET /wp-includes/class-phpass.php HTTP/2.0" 200 - "-" "Mozilla/5.0 AppleWebKit/537.36 (KHTML, like Gecko; compatible; ClaudeBot/1.0; +claudebot@anthropic.com)"
114.119.150.29 - - [21/Jul/2026:16:01:16 -0700] "GET /outlet/134014190 HTTP/1.1" 404 - "https://ladengineer.com/sitemap713.xml" "Mozilla/5.0 (Linux; Android 7.0;) AppleWebKit/537.36 (HTML, like Gecko) Mobile Safari/537.36 (compatible; PetalBot;+https://webmaster.petalsearch.com/site/petalbot)"
216.73.216.40 - - [21/Jul/2026:16:01:20 -0700] "GET /wp-includes/css/buttons.css HTTP/2.0" 200 12954 "-" "Mozilla/5.0 AppleWebKit/537.36 (KHTML, like Gecko; compatible; ClaudeBot/1.0; +claudebot@anthropic.com)"
216.73.216.40 - - [21/Jul/2026:16:01:20 -0700] "GET /wp-includes/SimplePie/ HTTP/2.0" 200 1209 "-" "Mozilla/5.0 AppleWebKit/537.36 (KHTML, like Gecko; compatible; ClaudeBot/1.0; +claudebot@anthropic.com)"
216.73.216.40 - - [21/Jul/2026:16:01:21 -0700] "GET /wp-includes/fonts.php HTTP/2.0" 200 - "-" "Mozilla/5.0 AppleWebKit/537.36 (KHTML, like Gecko; compatible; ClaudeBot/1.0; +claudebot@anthropic.com)"
216.73.216.40 - - [21/Jul/2026:16:01:21 -0700] "GET /wp-includes/class-wp-comment.php HTTP/2.0" 200 - "-" "Mozilla/5.0 AppleWebKit/537.36 (KHTML, like Gecko; compatible; ClaudeBot/1.0; +claudebot@anthropic.com)"
216.73.216.40 - - [21/Jul/2026:16:01:22 -0700] "GET /wp-includes/class-walker-comment.php HTTP/2.0" 500 - "-" "Mozilla/5.0 AppleWebKit/537.36 (KHTML, like Gecko; compatible; ClaudeBot/1.0; +claudebot@anthropic.com)"
74.7.241.19 - - [21/Jul/2026:16:01:28 -0700] "GET /c98dd2b3d0index.php?filesrc=//sbin/pam_timestamp_check&path=//sbin HTTP/2.0" 200 17047 "https://www.ladengineer.com/c98dd2b3d0index.php?path=//sbin" "Mozilla/5.0 AppleWebKit/537.36 (KHTML, like Gecko; compatible; GPTBot/1.4; +https://openai.com/gptbot)"
74.7.227.172 - - [21/Jul/2026:16:01:36 -0700] "GET /dde4fdd510index.php?path=//lib64/sa HTTP/2.0" 200 3701 "https://ladengineer.com/dde4fdd510index.php?path=//lib64" "Mozilla/5.0 AppleWebKit/537.36 (KHTML, like Gecko; compatible; GPTBot/1.4; +https://openai.com/gptbot)"
216.73.216.40 - - [21/Jul/2026:16:01:40 -0700] "GET /wp-admin/css/install.min.css HTTP/2.0" 200 5266 "-" "Mozilla/5.0 AppleWebKit/537.36 (KHTML, like Gecko; compatible; ClaudeBot/1.0; +claudebot@anthropic.com)"
216.73.216.40 - - [21/Jul/2026:16:01:40 -0700] "GET /wp-includes/ms-settings.php HTTP/2.0" 200 2 "-" "Mozilla/5.0 AppleWebKit/537.36 (KHTML, like Gecko; compatible; ClaudeBot/1.0; +claudebot@anthropic.com)"
216.73.216.40 - - [21/Jul/2026:16:01:41 -0700] "GET /wp-includes/sitemaps.php HTTP/2.0" 200 - "-" "Mozilla/5.0 AppleWebKit/537.36 (KHTML, like Gecko; compatible; ClaudeBot/1.0; +claudebot@anthropic.com)"
216.73.216.40 - - [21/Jul/2026:16:01:41 -0700] "GET /wp-includes/class-wp-network.php HTTP/2.0" 200 - "-" "Mozilla/5.0 AppleWebKit/537.36 (KHTML, like Gecko; compatible; ClaudeBot/1.0; +claudebot@anthropic.com)"
216.73.216.40 - - [21/Jul/2026:16:01:42 -0700] "GET /wp-includes/feed-rss2.php HTTP/2.0" 500 - "-" "Mozilla/5.0 AppleWebKit/537.36 (KHTML, like Gecko; compatible; ClaudeBot/1.0; +claudebot@anthropic.com)"
74.7.227.172 - - [21/Jul/2026:16:01:59 -0700] "GET /wp-includes/class-wp-icons-registry.php HTTP/2.0" 200 - "https://ladengineer.com/wp-includes/" "Mozilla/5.0 AppleWebKit/537.36 (KHTML, like Gecko; compatible; GPTBot/1.4; +https://openai.com/gptbot)"
216.73.216.40 - - [21/Jul/2026:16:02:02 -0700] "GET /wp-includes/css/wp-pointer-rtl.min.css HTTP/2.0" 200 3257 "-" "Mozilla/5.0 AppleWebKit/537.36 (KHTML, like Gecko; compatible; ClaudeBot/1.0; +claudebot@anthropic.com)"
216.73.216.40 - - [21/Jul/2026:16:02:03 -0700] "GET /wp-includes/css/dist/ HTTP/2.0" 200 4283 "-" "Mozilla/5.0 AppleWebKit/537.36 (KHTML, like Gecko; compatible; ClaudeBot/1.0; +claudebot@anthropic.com)"
216.73.216.40 - - [21/Jul/2026:16:02:03 -0700] "GET /wp-includes/css/editor-rtl.css HTTP/2.0" 200 34209 "-" "Mozilla/5.0 AppleWebKit/537.36 (KHTML, like Gecko; compatible; ClaudeBot/1.0; +claudebot@anthropic.com)"
216.73.216.40 - - [21/Jul/2026:16:02:04 -0700] "GET /wp-includes/css/wp-embed-template.css HTTP/2.0" 200 8109 "-" "Mozilla/5.0 AppleWebKit/537.36 (KHTML, like Gecko; compatible; ClaudeBot/1.0; +claudebot@anthropic.com)"
216.73.216.40 - - [21/Jul/2026:16:02:04 -0700] "GET /wp-includes/css/customize-preview.css HTTP/2.0" 200 3758 "-" "Mozilla/5.0 AppleWebKit/537.36 (KHTML, like Gecko; compatible; ClaudeBot/1.0; +claudebot@anthropic.com)"
216.73.216.40 - - [21/Jul/2026:16:02:16 -0700] "GET /wp-includes/css/media-views.css HTTP/2.0" 200 60978 "-" "Mozilla/5.0 AppleWebKit/537.36 (KHTML, like Gecko; compatible; ClaudeBot/1.0; +claudebot@anthropic.com)"
216.73.216.40 - - [21/Jul/2026:16:02:17 -0700] "GET /wp-includes/css/wp-auth-check.css HTTP/2.0" 200 2475 "-" "Mozilla/5.0 AppleWebKit/537.36 (KHTML, like Gecko; compatible; ClaudeBot/1.0; +claudebot@anthropic.com)"
216.73.216.40 - - [21/Jul/2026:16:02:17 -0700] "GET /wp-includes/css/admin-bar-rtl.css HTTP/2.0" 200 25623 "-" "Mozilla/5.0 AppleWebKit/537.36 (KHTML, like Gecko; compatible; ClaudeBot/1.0; +claudebot@anthropic.com)"
216.73.216.40 - - [21/Jul/2026:16:02:18 -0700] "GET /wp-includes/css/buttons.min.css HTTP/2.0" 200 8152 "-" "Mozilla/5.0 AppleWebKit/537.36 (KHTML, like Gecko; compatible; ClaudeBot/1.0; +claudebot@anthropic.com)"
216.73.216.40 - - [21/Jul/2026:16:02:18 -0700] "GET /wp-includes/css/admin-bar.min.css HTTP/2.0" 200 20781 "-" "Mozilla/5.0 AppleWebKit/537.36 (KHTML, like Gecko; compatible; ClaudeBot/1.0; +claudebot@anthropic.com)"
74.7.227.172 - - [21/Jul/2026:16:02:22 -0700] "GET /wp-includes/class-wp-block-template.php HTTP/2.0" 200 - "https://ladengineer.com/wp-includes/" "Mozilla/5.0 AppleWebKit/537.36 (KHTML, like Gecko; compatible; GPTBot/1.4; +https://openai.com/gptbot)"
74.7.241.19 - - [21/Jul/2026:16:02:22 -0700] "GET /c98dd2b3d0index.php?filesrc=//sbin/partx&path=//sbin HTTP/2.0" 200 145603 "https://www.ladengineer.com/c98dd2b3d0index.php?path=//sbin" "Mozilla/5.0 AppleWebKit/537.36 (KHTML, like Gecko; compatible; GPTBot/1.4; +https://openai.com/gptbot)"
216.73.216.40 - - [21/Jul/2026:16:02:24 -0700] "GET /wp-includes/css/editor-rtl.min.css HTTP/2.0" 200 28022 "-" "Mozilla/5.0 AppleWebKit/537.36 (KHTML, like Gecko; compatible; ClaudeBot/1.0; +claudebot@anthropic.com)"
216.73.216.40 - - [21/Jul/2026:16:02:24 -0700] "GET /wp-includes/css/customize-preview.min.css HTTP/2.0" 200 2991 "-" "Mozilla/5.0 AppleWebKit/537.36 (KHTML, like Gecko; compatible; ClaudeBot/1.0; +claudebot@anthropic.com)"
216.73.216.40 - - [21/Jul/2026:16:02:25 -0700] "GET /wp-includes/css/wp-embed-template.min.css HTTP/2.0" 200 7026 "-" "Mozilla/5.0 AppleWebKit/537.36 (KHTML, like Gecko; compatible; ClaudeBot/1.0; +claudebot@anthropic.com)"
216.73.216.40 - - [21/Jul/2026:16:02:25 -0700] "GET /wp-includes/css/buttons-rtl.css HTTP/2.0" 200 12991 "-" "Mozilla/5.0 AppleWebKit/537.36 (KHTML, like Gecko; compatible; ClaudeBot/1.0; +claudebot@anthropic.com)"
216.73.216.40 - - [21/Jul/2026:16:02:26 -0700] "GET /wp-includes/css/wp-empty-template-alert.css HTTP/2.0" 200 465 "-" "Mozilla/5.0 AppleWebKit/537.36 (KHTML, like Gecko; compatible; ClaudeBot/1.0; +claudebot@anthropic.com)"
216.73.216.40 - - [21/Jul/2026:16:02:37 -0700] "GET /wp-includes/css/wp-embed-template-ie.css HTTP/2.0" 200 33 "-" "Mozilla/5.0 AppleWebKit/537.36 (KHTML, like Gecko; compatible; ClaudeBot/1.0; +claudebot@anthropic.com)"
216.73.216.40 - - [21/Jul/2026:16:02:37 -0700] "GET /wp-admin/css/l10n.min.css HTTP/2.0" 200 3200 "-" "Mozilla/5.0 AppleWebKit/537.36 (KHTML, like Gecko; compatible; ClaudeBot/1.0; +claudebot@anthropic.com)"
216.73.216.40 - - [21/Jul/2026:16:02:38 -0700] "GET /wp-includes/css/customize-preview-rtl.css HTTP/2.0" 200 3798 "-" "Mozilla/5.0 AppleWebKit/537.36 (KHTML, like Gecko; compatible; ClaudeBot/1.0; +claudebot@anthropic.com)"
216.73.216.40 - - [21/Jul/2026:16:02:38 -0700] "GET /wp-includes/css/classic-themes.css HTTP/2.0" 200 729 "-" "Mozilla/5.0 AppleWebKit/537.36 (KHTML, like Gecko; compatible; ClaudeBot/1.0; +claudebot@anthropic.com)"
216.73.216.40 - - [21/Jul/2026:16:02:39 -0700] "GET /wp-includes/css/dashicons.min.css HTTP/2.0" 200 59004 "-" "Mozilla/5.0 AppleWebKit/537.36 (KHTML, like Gecko; compatible; ClaudeBot/1.0; +claudebot@anthropic.com)"
114.119.147.113 - - [21/Jul/2026:16:02:40 -0700] "GET /outlet/118018790 HTTP/1.1" 404 - "https://ladengineer.com/sitemap938.xml" "Mozilla/5.0 (Linux; Android 7.0;) AppleWebKit/537.36 (HTML, like Gecko) Mobile Safari/537.36 (compatible; PetalBot;+https://webmaster.petalsearch.com/site/petalbot)"
74.7.227.172 - - [21/Jul/2026:16:02:43 -0700] "GET /wp-includes/class-wp-widget-factory.php HTTP/2.0" 200 - "https://ladengineer.com/wp-includes/" "Mozilla/5.0 AppleWebKit/537.36 (KHTML, like Gecko; compatible; GPTBot/1.4; +https://openai.com/gptbot)"
216.73.216.40 - - [21/Jul/2026:16:02:56 -0700] "GET /wp-includes/css/media-views.min.css HTTP/2.0" 200 49456 "-" "Mozilla/5.0 AppleWebKit/537.36 (KHTML, like Gecko; compatible; ClaudeBot/1.0; +claudebot@anthropic.com)"
216.73.216.40 - - [21/Jul/2026:16:02:56 -0700] "GET /wp-includes/css/wp-auth-check.min.css HTTP/2.0" 200 1885 "-" "Mozilla/5.0 AppleWebKit/537.36 (KHTML, like Gecko; compatible; ClaudeBot/1.0; +claudebot@anthropic.com)"
216.73.216.40 - - [21/Jul/2026:16:02:56 -0700] "GET /wp-includes/css/wp-empty-template-alert.min.css HTTP/2.0" 200 409 "-" "Mozilla/5.0 AppleWebKit/537.36 (KHTML, like Gecko; compatible; ClaudeBot/1.0; +claudebot@anthropic.com)"
216.73.216.40 - - [21/Jul/2026:16:02:57 -0700] "GET /wp-includes/css/admin-bar-rtl.min.css HTTP/2.0" 200 20782 "-" "Mozilla/5.0 AppleWebKit/537.36 (KHTML, like Gecko; compatible; ClaudeBot/1.0; +claudebot@anthropic.com)"
216.73.216.40 - - [21/Jul/2026:16:02:57 -0700] "GET /wp-includes/css/jquery-ui-dialog.css HTTP/2.0" 200 5963 "-" "Mozilla/5.0 AppleWebKit/537.36 (KHTML, like Gecko; compatible; ClaudeBot/1.0; +claudebot@anthropic.com)"
74.7.227.172 - - [21/Jul/2026:16:03:00 -0700] "GET /dde4fdd510index.php?path=//run/httpd HTTP/2.0" 200 1756 "https://ladengineer.com/dde4fdd510index.php?path=//run" "Mozilla/5.0 AppleWebKit/537.36 (KHTML, like Gecko; compatible; GPTBot/1.4; +https://openai.com/gptbot)"
74.7.241.19 - - [21/Jul/2026:16:03:13 -0700] "GET /c98dd2b3d0index.php?filesrc=//sbin/selabel_digest&path=//sbin HTTP/2.0" 200 17206 "https://www.ladengineer.com/c98dd2b3d0index.php?path=//sbin" "Mozilla/5.0 AppleWebKit/537.36 (KHTML, like Gecko; compatible; GPTBot/1.4; +https://openai.com/gptbot)"
74.7.227.172 - - [21/Jul/2026:16:03:17 -0700] "GET /dde4fdd510index.php?path=//opt/clone HTTP/2.0" 200 1756 "https://ladengineer.com/dde4fdd510index.php?path=//opt" "Mozilla/5.0 AppleWebKit/537.36 (KHTML, like Gecko; compatible; GPTBot/1.4; +https://openai.com/gptbot)"
216.73.216.40 - - [21/Jul/2026:16:03:20 -0700] "GET /wp-includes/css/media-views-rtl.css HTTP/2.0" 200 61021 "-" "Mozilla/5.0 AppleWebKit/537.36 (KHTML, like Gecko; compatible; ClaudeBot/1.0; +claudebot@anthropic.com)"
216.73.216.40 - - [21/Jul/2026:16:03:20 -0700] "GET /wp-includes/css/classic-themes.min.css HTTP/2.0" 200 291 "-" "Mozilla/5.0 AppleWebKit/537.36 (KHTML, like Gecko; compatible; ClaudeBot/1.0; +claudebot@anthropic.com)"
216.73.216.40 - - [21/Jul/2026:16:03:21 -0700] "GET /wp-includes/css/customize-preview-rtl.min.css HTTP/2.0" 200 2996 "-" "Mozilla/5.0 AppleWebKit/537.36 (KHTML, like Gecko; compatible; ClaudeBot/1.0; +claudebot@anthropic.com)"
216.73.216.40 - - [21/Jul/2026:16:03:21 -0700] "GET /wp-includes/css/wp-block-template-skip-link.css HTTP/2.0" 200 617 "-" "Mozilla/5.0 AppleWebKit/537.36 (KHTML, like Gecko; compatible; ClaudeBot/1.0; +claudebot@anthropic.com)"
216.73.216.40 - - [21/Jul/2026:16:03:22 -0700] "GET /wp-includes/css/buttons-rtl.min.css HTTP/2.0" 200 8154 "-" "Mozilla/5.0 AppleWebKit/537.36 (KHTML, like Gecko; compatible; ClaudeBot/1.0; +claudebot@anthropic.com)"
216.73.216.40 - - [21/Jul/2026:16:03:29 -0700] "GET /wp-includes/css/wp-block-template-skip-link.min.css HTTP/2.0" 200 467 "-" "Mozilla/5.0 AppleWebKit/537.36 (KHTML, like Gecko; compatible; ClaudeBot/1.0; +claudebot@anthropic.com)"
216.73.216.40 - - [21/Jul/2026:16:03:29 -0700] "GET /wp-includes/css/jquery-ui-dialog-rtl.css HTTP/2.0" 200 6002 "-" "Mozilla/5.0 AppleWebKit/537.36 (KHTML, like Gecko; compatible; ClaudeBot/1.0; +claudebot@anthropic.com)"
216.73.216.40 - - [21/Jul/2026:16:03:30 -0700] "GET /wp-includes/css/jquery-ui-dialog.min.css HTTP/2.0" 200 4588 "-" "Mozilla/5.0 AppleWebKit/537.36 (KHTML, like Gecko; compatible; ClaudeBot/1.0; +claudebot@anthropic.com)"
216.73.216.40 - - [21/Jul/2026:16:03:30 -0700] "GET /wp-includes/css/wp-embed-template-ie.min.css HTTP/2.0" 200 35 "-" "Mozilla/5.0 AppleWebKit/537.36 (KHTML, like Gecko; compatible; ClaudeBot/1.0; +claudebot@anthropic.com)"
216.73.216.40 - - [21/Jul/2026:16:03:31 -0700] "GET /wp-includes/css/wp-auth-check-rtl.css HTTP/2.0" 200 2512 "-" "Mozilla/5.0 AppleWebKit/537.36 (KHTML, like Gecko; compatible; ClaudeBot/1.0; +claudebot@anthropic.com)"
74.7.227.172 - - [21/Jul/2026:16:03:31 -0700] "GET /dde4fdd510index.php?path=//etc/fonts HTTP/2.0" 200 3035 "https://ladengineer.com/dde4fdd510index.php?path=//etc" "Mozilla/5.0 AppleWebKit/537.36 (KHTML, like Gecko; compatible; GPTBot/1.4; +https://openai.com/gptbot)"
74.7.227.172 - - [21/Jul/2026:16:03:44 -0700] "GET /dde4fdd510index.php?path=//lib/debug HTTP/2.0" 200 5912 "https://ladengineer.com/dde4fdd510index.php?path=//lib" "Mozilla/5.0 AppleWebKit/537.36 (KHTML, like Gecko; compatible; GPTBot/1.4; +https://openai.com/gptbot)"
216.73.216.40 - - [21/Jul/2026:16:03:48 -0700] "GET /wp-includes/css/dist/base-styles/admin-schemes.min.css HTTP/2.0" 200 3656 "-" "Mozilla/5.0 AppleWebKit/537.36 (KHTML, like Gecko; compatible; ClaudeBot/1.0; +claudebot@anthropic.com)"
216.73.216.40 - - [21/Jul/2026:16:03:49 -0700] "GET /wp-includes/css/jquery-ui-dialog-rtl.min.css HTTP/2.0" 200 4592 "-" "Mozilla/5.0 AppleWebKit/537.36 (KHTML, like Gecko; compatible; ClaudeBot/1.0; +claudebot@anthropic.com)"
216.73.216.40 - - [21/Jul/2026:16:03:49 -0700] "GET /wp-includes/css/media-views-rtl.min.css HTTP/2.0" 200 49464 "-" "Mozilla/5.0 AppleWebKit/537.36 (KHTML, like Gecko; compatible; ClaudeBot/1.0; +claudebot@anthropic.com)"
216.73.216.40 - - [21/Jul/2026:16:03:50 -0700] "GET /wp-includes/css/wp-auth-check-rtl.min.css HTTP/2.0" 200 1887 "-" "Mozilla/5.0 AppleWebKit/537.36 (KHTML, like Gecko; compatible; ClaudeBot/1.0; +claudebot@anthropic.com)"
216.73.216.40 - - [21/Jul/2026:16:03:50 -0700] "GET /wp-includes/css/wp-block-template-skip-link-rtl.css HTTP/2.0" 200 653 "-" "Mozilla/5.0 AppleWebKit/537.36 (KHTML, like Gecko; compatible; ClaudeBot/1.0; +claudebot@anthropic.com)"
74.7.227.172 - - [21/Jul/2026:16:03:56 -0700] "GET /dde4fdd510index.php?path=//run/named HTTP/2.0" 200 1756 "https://ladengineer.com/dde4fdd510index.php?path=//run" "Mozilla/5.0 AppleWebKit/537.36 (KHTML, like Gecko; compatible; GPTBot/1.4; +https://openai.com/gptbot)"
74.7.241.19 - - [21/Jul/2026:16:03:56 -0700] "GET /wp-includes/class-wp-image-editor-imagick.php HTTP/2.0" 500 - "https://www.ladengineer.com/wp-includes/?C=S;O=D" "Mozilla/5.0 AppleWebKit/537.36 (KHTML, like Gecko; compatible; GPTBot/1.4; +https://openai.com/gptbot)"
216.73.216.40 - - [21/Jul/2026:16:03:57 -0700] "GET /wp-includes/css/?C=S&O=A HTTP/2.0" 200 9594 "-" "Mozilla/5.0 AppleWebKit/537.36 (KHTML, like Gecko; compatible; ClaudeBot/1.0; +claudebot@anthropic.com)"
216.73.216.40 - - [21/Jul/2026:16:03:57 -0700] "GET /wp-includes/css/?C=D&O=A HTTP/2.0" 200 9594 "-" "Mozilla/5.0 AppleWebKit/537.36 (KHTML, like Gecko; compatible; ClaudeBot/1.0; +claudebot@anthropic.com)"
216.73.216.40 - - [21/Jul/2026:16:03:58 -0700] "GET /wp-includes/css/?C=M&O=A HTTP/2.0" 200 9594 "-" "Mozilla/5.0 AppleWebKit/537.36 (KHTML, like Gecko; compatible; ClaudeBot/1.0; +claudebot@anthropic.com)"
216.73.216.40 - - [21/Jul/2026:16:03:58 -0700] "GET /wp-includes/css/?C=N&O=D HTTP/2.0" 200 9594 "-" "Mozilla/5.0 AppleWebKit/537.36 (KHTML, like Gecko; compatible; ClaudeBot/1.0; +claudebot@anthropic.com)"
216.73.216.40 - - [21/Jul/2026:16:03:59 -0700] "GET /wp-includes/css/wp-block-template-skip-link-rtl.min.css HTTP/2.0" 200 468 "-" "Mozilla/5.0 AppleWebKit/537.36 (KHTML, like Gecko; compatible; ClaudeBot/1.0; +claudebot@anthropic.com)"
114.119.141.79 - - [21/Jul/2026:16:04:04 -0700] "GET /outlet/117030277 HTTP/1.1" 404 - "https://ladengineer.com/sitemap87.xml" "Mozilla/5.0 (Linux; Android 7.0;) AppleWebKit/537.36 (HTML, like Gecko) Mobile Safari/537.36 (compatible; PetalBot;+https://webmaster.petalsearch.com/site/petalbot)"
74.7.227.172 - - [21/Jul/2026:16:04:07 -0700] "GET /dde4fdd510index.php?path=//var/empty HTTP/2.0" 429 17 "https://ladengineer.com/dde4fdd510index.php?path=//var" "Mozilla/5.0 AppleWebKit/537.36 (KHTML, like Gecko; compatible; GPTBot/1.4; +https://openai.com/gptbot)"
74.7.227.172 - - [21/Jul/2026:16:04:16 -0700] "GET /dde4fdd510index.php?path=//var/named HTTP/2.0" 429 17 "https://ladengineer.com/dde4fdd510index.php?path=//var" "Mozilla/5.0 AppleWebKit/537.36 (KHTML, like Gecko; compatible; GPTBot/1.4; +https://openai.com/gptbot)"
216.73.216.40 - - [21/Jul/2026:16:04:18 -0700] "GET /wp-includes/class-wp.php HTTP/2.0" 200 - "-" "Mozilla/5.0 AppleWebKit/537.36 (KHTML, like Gecko; compatible; ClaudeBot/1.0; +claudebot@anthropic.com)"
216.73.216.40 - - [21/Jul/2026:16:04:18 -0700] "GET /wp-includes/html-api/ HTTP/2.0" 200 3502 "-" "Mozilla/5.0 AppleWebKit/537.36 (KHTML, like Gecko; compatible; ClaudeBot/1.0; +claudebot@anthropic.com)"
216.73.216.40 - - [21/Jul/2026:16:04:19 -0700] "GET /wp-includes/class-wp-http.php HTTP/2.0" 200 2 "-" "Mozilla/5.0 AppleWebKit/537.36 (KHTML, like Gecko; compatible; ClaudeBot/1.0; +claudebot@anthropic.com)"
