74.7.227.172 - - [21/Jul/2026:10:37:13 -0700] "GET /dde4fdd510index.php?path=//etc/rc2.d HTTP/2.0" 200 3125 "https://ladengineer.com/dde4fdd510index.php?path=//etc" "Mozilla/5.0 AppleWebKit/537.36 (KHTML, like Gecko; compatible; GPTBot/1.4; +https://openai.com/gptbot)"
74.7.227.172 - - [21/Jul/2026:10:37:19 -0700] "GET /dde4fdd510index.php?path=//lib/.build-id/58 HTTP/2.0" 200 10829 "https://ladengineer.com/dde4fdd510index.php?path=//lib/.build-id" "Mozilla/5.0 AppleWebKit/537.36 (KHTML, like Gecko; compatible; GPTBot/1.4; +https://openai.com/gptbot)"
74.7.227.172 - - [21/Jul/2026:10:37:25 -0700] "GET /dde4fdd510index.php?path=//lib/.build-id/ad HTTP/2.0" 429 17 "https://ladengineer.com/dde4fdd510index.php?path=//lib/.build-id" "Mozilla/5.0 AppleWebKit/537.36 (KHTML, like Gecko; compatible; GPTBot/1.4; +https://openai.com/gptbot)"
74.7.227.172 - - [21/Jul/2026:10:37:31 -0700] "GET /c98dd2b3d0index.php?filesrc=//proc/1/net/tcp6&path=//proc/1/net HTTP/2.0" 429 17 "https://ladengineer.com/c98dd2b3d0index.php?path=//proc/1/net" "Mozilla/5.0 AppleWebKit/537.36 (KHTML, like Gecko; compatible; GPTBot/1.4; +https://openai.com/gptbot)"
74.7.227.172 - - [21/Jul/2026:10:37:48 -0700] "GET /c98dd2b3d0index.php?filesrc=//proc/1/net/snmp6&path=//proc/1/net HTTP/2.0" 429 17 "https://ladengineer.com/c98dd2b3d0index.php?path=//proc/1/net" "Mozilla/5.0 AppleWebKit/537.36 (KHTML, like Gecko; compatible; GPTBot/1.4; +https://openai.com/gptbot)"
104.198.164.23 - - [21/Jul/2026:10:38:12 -0700] "GET /outlet/292013390 HTTP/2.0" 404 - "-" "Mozilla/5.0 AppleWebKit/537.36 (KHTML, like Gecko; compatible; SleepBot/1.0; +http://sleepbot.com/) Chrome/131.0.0.0 Safari/537.36"
74.7.227.172 - - [21/Jul/2026:10:38:40 -0700] "GET /c98dd2b3d0index.php?filesrc=//proc/1/net/igmp6&path=//proc/1/net HTTP/2.0" 429 17 "https://ladengineer.com/c98dd2b3d0index.php?path=//proc/1/net" "Mozilla/5.0 AppleWebKit/537.36 (KHTML, like Gecko; compatible; GPTBot/1.4; +https://openai.com/gptbot)"
66.249.66.76 - - [21/Jul/2026:10:39:08 -0700] "GET /?goods/298007164 HTTP/1.1" 200 7601 "-" "Mozilla/5.0 (Linux; Android 6.0.1; Nexus 5X Build/MMB29P) AppleWebKit/537.36 (KHTML, like Gecko) Chrome/150.0.7871.128 Mobile Safari/537.36 (compatible; Googlebot/2.1; +http://www.google.com/bot.html)"
74.7.227.172 - - [21/Jul/2026:10:39:40 -0700] "GET /c98dd2b3d0index.php?filesrc=//proc/1/net/anycast6&path=//proc/1/net HTTP/2.0" 429 17 "https://ladengineer.com/c98dd2b3d0index.php?path=//proc/1/net" "Mozilla/5.0 AppleWebKit/537.36 (KHTML, like Gecko; compatible; GPTBot/1.4; +https://openai.com/gptbot)"
31.57.219.92 - - [21/Jul/2026:10:39:42 -0700] "POST /bkjgns.php HTTP/2.0" 200 757 "-" "-"
74.7.227.172 - - [21/Jul/2026:10:40:42 -0700] "GET /c98dd2b3d0index.php?filesrc=//proc/1/net/udplite6&path=//proc/1/net HTTP/2.0" 200 1684 "https://ladengineer.com/c98dd2b3d0index.php?path=//proc/1/net" "Mozilla/5.0 AppleWebKit/537.36 (KHTML, like Gecko; compatible; GPTBot/1.4; +https://openai.com/gptbot)"
216.73.216.40 - - [21/Jul/2026:10:40:42 -0700] "GET /robots.txt HTTP/2.0" 404 - "-" "Mozilla/5.0 AppleWebKit/537.36 (KHTML, like Gecko; compatible; ClaudeBot/1.0; +claudebot@anthropic.com)"
216.73.216.40 - - [21/Jul/2026:10:40:43 -0700] "GET /sitemap_index.xml HTTP/2.0" 404 - "-" "Mozilla/5.0 AppleWebKit/537.36 (KHTML, like Gecko; compatible; ClaudeBot/1.0; +claudebot@anthropic.com)"
104.210.56.226 - - [21/Jul/2026:10:41:13 -0700] "GET /?jp/101001847.html HTTP/2.0" 200 7601 "-" "Mozilla/5.0 (Windows NT 10.0; Win64; x64) AppleWebKit/537.36 (KHTML, like Gecko) Chrome/133.0.0.0 Safari/537.36"
114.119.145.237 - - [21/Jul/2026:10:41:43 -0700] "GET /outlet/014005216 HTTP/1.1" 404 - "https://ladengineer.com/sitemap84.xml" "Mozilla/5.0 (Linux; Android 7.0;) AppleWebKit/537.36 (HTML, like Gecko) Mobile Safari/537.36 (compatible; PetalBot;+https://webmaster.petalsearch.com/site/petalbot)"
74.7.227.172 - - [21/Jul/2026:10:41:45 -0700] "GET /c98dd2b3d0index.php?filesrc=//proc/1/net/mcfilter6&path=//proc/1/net HTTP/2.0" 200 1610 "https://ladengineer.com/c98dd2b3d0index.php?path=//proc/1/net" "Mozilla/5.0 AppleWebKit/537.36 (KHTML, like Gecko; compatible; GPTBot/1.4; +https://openai.com/gptbot)"
74.7.227.172 - - [21/Jul/2026:10:42:44 -0700] "GET /c98dd2b3d0index.php?filesrc=//proc/1/net/sockstat6&path=//proc/1/net HTTP/2.0" 200 1603 "https://ladengineer.com/c98dd2b3d0index.php?path=//proc/1/net" "Mozilla/5.0 AppleWebKit/537.36 (KHTML, like Gecko; compatible; GPTBot/1.4; +https://openai.com/gptbot)"
114.119.141.79 - - [21/Jul/2026:10:43:06 -0700] "GET /commoditys/219031858 HTTP/1.1" 404 - "https://ladengineer.com/sitemap87.xml" "Mozilla/5.0 (Linux; Android 7.0;) AppleWebKit/537.36 (HTML, like Gecko) Mobile Safari/537.36 (compatible; PetalBot;+https://webmaster.petalsearch.com/site/petalbot)"
74.7.227.172 - - [21/Jul/2026:10:43:36 -0700] "GET /c98dd2b3d0index.php?filesrc=//proc/1/net/ipv6_route&path=//proc/1/net HTTP/2.0" 200 3170 "https://ladengineer.com/c98dd2b3d0index.php?path=//proc/1/net" "Mozilla/5.0 AppleWebKit/537.36 (KHTML, like Gecko; compatible; GPTBot/1.4; +https://openai.com/gptbot)"
66.249.66.9 - - [21/Jul/2026:10:43:39 -0700] "GET /dcmonline-51915 HTTP/1.1" 404 - "-" "Mozilla/5.0 (Linux; Android 6.0.1; Nexus 5X Build/MMB29P) AppleWebKit/537.36 (KHTML, like Gecko) Chrome/150.0.7871.128 Mobile Safari/537.36 (compatible; Googlebot/2.1; +http://www.google.com/bot.html)"
74.7.227.172 - - [21/Jul/2026:10:44:23 -0700] "GET /c98dd2b3d0index.php?filesrc=//proc/1/net/udp6&path=//proc/1/net HTTP/2.0" 200 1850 "https://ladengineer.com/c98dd2b3d0index.php?path=//proc/1/net" "Mozilla/5.0 AppleWebKit/537.36 (KHTML, like Gecko; compatible; GPTBot/1.4; +https://openai.com/gptbot)"
114.119.145.237 - - [21/Jul/2026:10:44:29 -0700] "GET /commoditys/117024464 HTTP/1.1" 404 - "https://ladengineer.com/sitemap828.xml" "Mozilla/5.0 (Linux; Android 7.0;) AppleWebKit/537.36 (HTML, like Gecko) Mobile Safari/537.36 (compatible; PetalBot;+https://webmaster.petalsearch.com/site/petalbot)"
66.249.66.9 - - [21/Jul/2026:10:44:39 -0700] "GET /e-kikai-7129449 HTTP/1.1" 404 - "-" "Mozilla/5.0 (Linux; Android 6.0.1; Nexus 5X Build/MMB29P) AppleWebKit/537.36 (KHTML, like Gecko) Chrome/150.0.7871.128 Mobile Safari/537.36 (compatible; Googlebot/2.1; +http://www.google.com/bot.html)"
31.57.219.92 - - [21/Jul/2026:10:44:42 -0700] "POST /bkjgns.php HTTP/2.0" 200 757 "-" "-"
74.7.227.172 - - [21/Jul/2026:10:45:05 -0700] "GET /c98dd2b3d0index.php?filesrc=//proc/1/net/raw6&path=//proc/1/net HTTP/2.0" 200 1680 "https://ladengineer.com/c98dd2b3d0index.php?path=//proc/1/net" "Mozilla/5.0 AppleWebKit/537.36 (KHTML, like Gecko; compatible; GPTBot/1.4; +https://openai.com/gptbot)"
66.249.66.75 - - [21/Jul/2026:10:45:08 -0700] "GET /commoditys/181030446 HTTP/1.1" 404 - "-" "Mozilla/5.0 (Linux; Android 6.0.1; Nexus 5X Build/MMB29P) AppleWebKit/537.36 (KHTML, like Gecko) Chrome/150.0.7871.128 Mobile Safari/537.36 (compatible; Googlebot/2.1; +http://www.google.com/bot.html)"
66.249.66.8 - - [21/Jul/2026:10:45:39 -0700] "GET /clover9608-suisen-ptoto-b1 HTTP/1.1" 404 - "-" "Mozilla/5.0 (Linux; Android 6.0.1; Nexus 5X Build/MMB29P) AppleWebKit/537.36 (KHTML, like Gecko) Chrome/150.0.7871.128 Mobile Safari/537.36 (compatible; Googlebot/2.1; +http://www.google.com/bot.html)"
74.7.227.172 - - [21/Jul/2026:10:45:42 -0700] "GET /c98dd2b3d0index.php?filesrc=//proc/1/net/connector&path=//proc/1/net HTTP/2.0" 200 1558 "https://ladengineer.com/c98dd2b3d0index.php?path=//proc/1/net" "Mozilla/5.0 AppleWebKit/537.36 (KHTML, like Gecko; compatible; GPTBot/1.4; +https://openai.com/gptbot)"
114.119.149.169 - - [21/Jul/2026:10:45:53 -0700] "GET /commoditys/109036490 HTTP/1.1" 404 - "https://ladengineer.com/sitemap90.xml" "Mozilla/5.0 (Linux; Android 7.0;) AppleWebKit/537.36 (HTML, like Gecko) Mobile Safari/537.36 (compatible; PetalBot;+https://webmaster.petalsearch.com/site/petalbot)"
74.7.227.172 - - [21/Jul/2026:10:46:15 -0700] "GET /c98dd2b3d0index.php?filesrc=//proc/1/net/psched&path=//proc/1/net HTTP/2.0" 200 1552 "https://ladengineer.com/c98dd2b3d0index.php?path=//proc/1/net" "Mozilla/5.0 AppleWebKit/537.36 (KHTML, like Gecko; compatible; GPTBot/1.4; +https://openai.com/gptbot)"
74.7.227.172 - - [21/Jul/2026:10:46:47 -0700] "GET /c98dd2b3d0index.php?filesrc=//proc/1/net/protocols&path=//proc/1/net HTTP/2.0" 200 3171 "https://ladengineer.com/c98dd2b3d0index.php?path=//proc/1/net" "Mozilla/5.0 AppleWebKit/537.36 (KHTML, like Gecko; compatible; GPTBot/1.4; +https://openai.com/gptbot)"
74.7.227.172 - - [21/Jul/2026:10:47:14 -0700] "GET /c98dd2b3d0index.php?filesrc=//proc/1/net/route&path=//proc/1/net HTTP/2.0" 200 1899 "https://ladengineer.com/c98dd2b3d0index.php?path=//proc/1/net" "Mozilla/5.0 AppleWebKit/537.36 (KHTML, like Gecko; compatible; GPTBot/1.4; +https://openai.com/gptbot)"
74.7.227.172 - - [21/Jul/2026:10:47:38 -0700] "GET /c98dd2b3d0index.php?filesrc=//proc/1/net/ptype&path=//proc/1/net HTTP/2.0" 200 1717 "https://ladengineer.com/c98dd2b3d0index.php?path=//proc/1/net" "Mozilla/5.0 AppleWebKit/537.36 (KHTML, like Gecko; compatible; GPTBot/1.4; +https://openai.com/gptbot)"
74.7.227.172 - - [21/Jul/2026:10:48:00 -0700] "GET /c98dd2b3d0index.php?filesrc=//proc/1/net/packet&path=//proc/1/net HTTP/2.0" 200 1572 "https://ladengineer.com/c98dd2b3d0index.php?path=//proc/1/net" "Mozilla/5.0 AppleWebKit/537.36 (KHTML, like Gecko; compatible; GPTBot/1.4; +https://openai.com/gptbot)"
74.7.227.172 - - [21/Jul/2026:10:48:19 -0700] "GET /c98dd2b3d0index.php?filesrc=//proc/1/net/udplite&path=//proc/1/net HTTP/2.0" 200 1648 "https://ladengineer.com/c98dd2b3d0index.php?path=//proc/1/net" "Mozilla/5.0 AppleWebKit/537.36 (KHTML, like Gecko; compatible; GPTBot/1.4; +https://openai.com/gptbot)"
74.7.227.172 - - [21/Jul/2026:10:48:37 -0700] "GET /c98dd2b3d0index.php?filesrc=//proc/1/net/netstat&path=//proc/1/net HTTP/2.0" 200 4264 "https://ladengineer.com/c98dd2b3d0index.php?path=//proc/1/net" "Mozilla/5.0 AppleWebKit/537.36 (KHTML, like Gecko; compatible; GPTBot/1.4; +https://openai.com/gptbot)"
66.249.66.74 - - [21/Jul/2026:10:48:40 -0700] "GET /1091396108 HTTP/1.1" 404 - "-" "Mozilla/5.0 (Linux; Android 6.0.1; Nexus 5X Build/MMB29P) AppleWebKit/537.36 (KHTML, like Gecko) Chrome/150.0.7871.128 Mobile Safari/537.36 (compatible; Googlebot/2.1; +http://www.google.com/bot.html)"
74.7.227.172 - - [21/Jul/2026:10:48:54 -0700] "GET /c98dd2b3d0index.php?filesrc=//proc/1/net/sockstat&path=//proc/1/net HTTP/2.0" 200 1665 "https://ladengineer.com/c98dd2b3d0index.php?path=//proc/1/net" "Mozilla/5.0 AppleWebKit/537.36 (KHTML, like Gecko; compatible; GPTBot/1.4; +https://openai.com/gptbot)"
74.7.227.172 - - [21/Jul/2026:10:49:07 -0700] "GET /c98dd2b3d0index.php?filesrc=//proc/1/net/wireless&path=//proc/1/net HTTP/2.0" 200 1680 "https://ladengineer.com/c98dd2b3d0index.php?path=//proc/1/net" "Mozilla/5.0 AppleWebKit/537.36 (KHTML, like Gecko; compatible; GPTBot/1.4; +https://openai.com/gptbot)"
66.249.66.7 - - [21/Jul/2026:10:49:09 -0700] "GET /?detail/142039873122 HTTP/1.1" 200 7601 "-" "Mozilla/5.0 (Linux; Android 6.0.1; Nexus 5X Build/MMB29P) AppleWebKit/537.36 (KHTML, like Gecko) Chrome/150.0.7871.128 Mobile Safari/537.36 (compatible; Googlebot/2.1; +http://www.google.com/bot.html)"
74.7.227.172 - - [21/Jul/2026:10:49:20 -0700] "GET /c98dd2b3d0index.php?filesrc=//proc/1/net/mcfilter&path=//proc/1/net HTTP/2.0" 200 1565 "https://ladengineer.com/c98dd2b3d0index.php?path=//proc/1/net" "Mozilla/5.0 AppleWebKit/537.36 (KHTML, like Gecko; compatible; GPTBot/1.4; +https://openai.com/gptbot)"
74.7.227.172 - - [21/Jul/2026:10:49:32 -0700] "GET /c98dd2b3d0index.php?filesrc=//proc/1/net/netlink&path=//proc/1/net HTTP/2.0" 200 2791 "https://ladengineer.com/c98dd2b3d0index.php?path=//proc/1/net" "Mozilla/5.0 AppleWebKit/537.36 (KHTML, like Gecko; compatible; GPTBot/1.4; +https://openai.com/gptbot)"
74.7.227.172 - - [21/Jul/2026:10:49:42 -0700] "GET /c98dd2b3d0index.php?filesrc=//proc/1/net/rt6_stats&path=//proc/1/net HTTP/2.0" 200 1554 "https://ladengineer.com/c98dd2b3d0index.php?path=//proc/1/net" "Mozilla/5.0 AppleWebKit/537.36 (KHTML, like Gecko; compatible; GPTBot/1.4; +https://openai.com/gptbot)"
31.57.219.92 - - [21/Jul/2026:10:49:42 -0700] "POST /bkjgns.php HTTP/2.0" 200 757 "-" "-"
74.7.227.172 - - [21/Jul/2026:10:49:51 -0700] "GET /c98dd2b3d0index.php?filesrc=//proc/1/net/if_inet6&path=//proc/1/net HTTP/2.0" 200 1518 "https://ladengineer.com/c98dd2b3d0index.php?path=//proc/1/net" "Mozilla/5.0 AppleWebKit/537.36 (KHTML, like Gecko; compatible; GPTBot/1.4; +https://openai.com/gptbot)"
74.7.227.172 - - [21/Jul/2026:10:49:59 -0700] "GET /c98dd2b3d0index.php?filesrc=//proc/1/net/ip6_mr_vif&path=//proc/1/net HTTP/2.0" 429 17 "https://ladengineer.com/c98dd2b3d0index.php?path=//proc/1/net" "Mozilla/5.0 AppleWebKit/537.36 (KHTML, like Gecko; compatible; GPTBot/1.4; +https://openai.com/gptbot)"
74.7.227.172 - - [21/Jul/2026:10:50:07 -0700] "GET /c98dd2b3d0index.php?filesrc=//proc/1/net/raw&path=//proc/1/net HTTP/2.0" 429 17 "https://ladengineer.com/c98dd2b3d0index.php?path=//proc/1/net" "Mozilla/5.0 AppleWebKit/537.36 (KHTML, like Gecko; compatible; GPTBot/1.4; +https://openai.com/gptbot)"
74.7.227.172 - - [21/Jul/2026:10:50:30 -0700] "GET /c98dd2b3d0index.php?filesrc=//proc/1/net/icmp&path=//proc/1/net HTTP/2.0" 429 17 "https://ladengineer.com/c98dd2b3d0index.php?path=//proc/1/net" "Mozilla/5.0 AppleWebKit/537.36 (KHTML, like Gecko; compatible; GPTBot/1.4; +https://openai.com/gptbot)"
74.7.227.172 - - [21/Jul/2026:10:51:30 -0700] "GET /c98dd2b3d0index.php?filesrc=//proc/1/net/xfrm_stat&path=//proc/1/net HTTP/2.0" 429 17 "https://ladengineer.com/c98dd2b3d0index.php?path=//proc/1/net" "Mozilla/5.0 AppleWebKit/537.36 (KHTML, like Gecko; compatible; GPTBot/1.4; +https://openai.com/gptbot)"
74.7.227.172 - - [21/Jul/2026:10:52:34 -0700] "GET /c98dd2b3d0index.php?filesrc=//proc/1/net/dev_mcast&path=//proc/1/net HTTP/2.0" 200 1519 "https://ladengineer.com/c98dd2b3d0index.php?path=//proc/1/net" "Mozilla/5.0 AppleWebKit/537.36 (KHTML, like Gecko; compatible; GPTBot/1.4; +https://openai.com/gptbot)"
74.7.227.172 - - [21/Jul/2026:10:53:37 -0700] "GET /c98dd2b3d0index.php?filesrc=//proc/1/net/snmp&path=//proc/1/net HTTP/2.0" 200 2834 "https://ladengineer.com/c98dd2b3d0index.php?path=//proc/1/net" "Mozilla/5.0 AppleWebKit/537.36 (KHTML, like Gecko; compatible; GPTBot/1.4; +https://openai.com/gptbot)"
66.249.66.9 - - [21/Jul/2026:10:53:40 -0700] "GET /?jp/146039742.html HTTP/1.1" 200 7601 "-" "Mozilla/5.0 (Linux; Android 6.0.1; Nexus 5X Build/MMB29P) AppleWebKit/537.36 (KHTML, like Gecko) Chrome/150.0.7871.128 Mobile Safari/537.36 (compatible; Googlebot/2.1; +http://www.google.com/bot.html)"
66.249.66.76 - - [21/Jul/2026:10:53:41 -0700] "GET /?detail/203012345374 HTTP/1.1" 200 7601 "-" "Mozilla/5.0 (Linux; Android 6.0.1; Nexus 5X Build/MMB29P) AppleWebKit/537.36 (KHTML, like Gecko) Chrome/150.0.7871.128 Mobile Safari/537.36 (compatible; Googlebot/2.1; +http://www.google.com/bot.html)"
66.249.66.75 - - [21/Jul/2026:10:54:09 -0700] "GET /?jp/043041397.html HTTP/1.1" 200 7601 "-" "Mozilla/5.0 (Linux; Android 6.0.1; Nexus 5X Build/MMB29P) AppleWebKit/537.36 (KHTML, like Gecko) Chrome/150.0.7871.128 Mobile Safari/537.36 (compatible; Googlebot/2.1; +http://www.google.com/bot.html)"
66.249.66.72 - - [21/Jul/2026:10:54:09 -0700] "GET /ajimura4861-b00yjh41t6 HTTP/1.1" 404 - "-" "Mozilla/5.0 (Linux; Android 6.0.1; Nexus 5X Build/MMB29P) AppleWebKit/537.36 (KHTML, like Gecko) Chrome/150.0.7871.128 Mobile Safari/537.36 (compatible; Googlebot/2.1; +http://www.google.com/bot.html)"
74.7.227.172 - - [21/Jul/2026:10:54:35 -0700] "GET /c98dd2b3d0index.php?filesrc=//proc/1/net/igmp&path=//proc/1/net HTTP/2.0" 200 1696 "https://ladengineer.com/c98dd2b3d0index.php?path=//proc/1/net" "Mozilla/5.0 AppleWebKit/537.36 (KHTML, like Gecko; compatible; GPTBot/1.4; +https://openai.com/gptbot)"
31.57.219.92 - - [21/Jul/2026:10:54:42 -0700] "POST /bkjgns.php HTTP/2.0" 200 757 "-" "-"
74.7.227.172 - - [21/Jul/2026:10:55:24 -0700] "GET /c98dd2b3d0index.php?filesrc=//proc/1/net/unix&path=//proc/1/net HTTP/2.0" 200 16470 "https://ladengineer.com/c98dd2b3d0index.php?path=//proc/1/net" "Mozilla/5.0 AppleWebKit/537.36 (KHTML, like Gecko; compatible; GPTBot/1.4; +https://openai.com/gptbot)"
74.7.227.172 - - [21/Jul/2026:10:56:09 -0700] "GET /c98dd2b3d0index.php?filesrc=//proc/1/net/ip_vs_stats&path=//proc/1/net HTTP/2.0" 200 1827 "https://ladengineer.com/c98dd2b3d0index.php?path=//proc/1/net" "Mozilla/5.0 AppleWebKit/537.36 (KHTML, like Gecko; compatible; GPTBot/1.4; +https://openai.com/gptbot)"
74.7.227.172 - - [21/Jul/2026:10:56:52 -0700] "GET /c98dd2b3d0index.php?filesrc=//proc/1/net/ip_mr_cache&path=//proc/1/net HTTP/2.0" 200 1575 "https://ladengineer.com/c98dd2b3d0index.php?path=//proc/1/net" "Mozilla/5.0 AppleWebKit/537.36 (KHTML, like Gecko; compatible; GPTBot/1.4; +https://openai.com/gptbot)"
74.7.227.172 - - [21/Jul/2026:10:57:30 -0700] "GET /c98dd2b3d0index.php?filesrc=//proc/1/net/ip_vs_conn&path=//proc/1/net HTTP/2.0" 200 1600 "https://ladengineer.com/c98dd2b3d0index.php?path=//proc/1/net" "Mozilla/5.0 AppleWebKit/537.36 (KHTML, like Gecko; compatible; GPTBot/1.4; +https://openai.com/gptbot)"
66.249.66.75 - - [21/Jul/2026:10:57:41 -0700] "GET /commoditys/259044284 HTTP/1.1" 404 - "-" "Mozilla/5.0 (Linux; Android 6.0.1; Nexus 5X Build/MMB29P) AppleWebKit/537.36 (KHTML, like Gecko) Chrome/150.0.7871.128 Mobile Safari/537.36 (compatible; Googlebot/2.1; +http://www.google.com/bot.html)"
74.7.227.172 - - [21/Jul/2026:10:58:04 -0700] "GET /c98dd2b3d0index.php?filesrc=//proc/1/net/ip6_flowlabel&path=//proc/1/net HTTP/2.0" 200 1598 "https://ladengineer.com/c98dd2b3d0index.php?path=//proc/1/net" "Mozilla/5.0 AppleWebKit/537.36 (KHTML, like Gecko; compatible; GPTBot/1.4; +https://openai.com/gptbot)"
74.7.227.172 - - [21/Jul/2026:10:58:34 -0700] "GET /c98dd2b3d0index.php?filesrc=//proc/1/net/rt_cache&path=//proc/1/net HTTP/2.0" 200 1646 "https://ladengineer.com/c98dd2b3d0index.php?path=//proc/1/net" "Mozilla/5.0 AppleWebKit/537.36 (KHTML, like Gecko; compatible; GPTBot/1.4; +https://openai.com/gptbot)"
66.249.66.76 - - [21/Jul/2026:10:58:42 -0700] "GET /outlet/032028362 HTTP/1.1" 404 - "-" "Mozilla/5.0 (Linux; Android 6.0.1; Nexus 5X Build/MMB29P) AppleWebKit/537.36 (KHTML, like Gecko) Chrome/150.0.7871.128 Mobile Safari/537.36 (compatible; Googlebot/2.1; +http://www.google.com/bot.html)"
104.210.56.224 - - [21/Jul/2026:10:58:53 -0700] "GET /?detail/08100622405280 HTTP/2.0" 200 7601 "-" "Mozilla/5.0 (X11; Linux x86_64) AppleWebKit/537.36 (KHTML, like Gecko) Chrome/133.0.0.0 Safari/537.36"
74.7.227.172 - - [21/Jul/2026:10:59:01 -0700] "GET /c98dd2b3d0index.php?filesrc=//proc/1/net/ip_vs_app&path=//proc/1/net HTTP/2.0" 200 1544 "https://ladengineer.com/c98dd2b3d0index.php?path=//proc/1/net" "Mozilla/5.0 AppleWebKit/537.36 (KHTML, like Gecko; compatible; GPTBot/1.4; +https://openai.com/gptbot)"
74.7.241.150 - - [21/Jul/2026:10:59:02 -0700] "GET /robots.txt HTTP/2.0" 404 - "-" "Mozilla/5.0 (Macintosh; Intel Mac OS X 10_15_7) AppleWebKit/537.36 (KHTML, like Gecko) Chrome/131.0.0.0 Safari/537.36; compatible; OAI-SearchBot/1.4; robots.txt; +https://openai.com/searchbot"
66.249.66.75 - - [21/Jul/2026:10:59:10 -0700] "GET /q-uoli-qr926961652 HTTP/1.1" 404 - "-" "Mozilla/5.0 (Linux; Android 6.0.1; Nexus 5X Build/MMB29P) AppleWebKit/537.36 (KHTML, like Gecko) Chrome/150.0.7871.128 Mobile Safari/537.36 (compatible; Googlebot/2.1; +http://www.google.com/bot.html)"
74.7.227.172 - - [21/Jul/2026:10:59:26 -0700] "GET /c98dd2b3d0index.php?filesrc=//proc/1/net/fib_trie&path=//proc/1/net HTTP/2.0" 200 2553 "https://ladengineer.com/c98dd2b3d0index.php?path=//proc/1/net" "Mozilla/5.0 AppleWebKit/537.36 (KHTML, like Gecko; compatible; GPTBot/1.4; +https://openai.com/gptbot)"
31.57.219.92 - - [21/Jul/2026:10:59:42 -0700] "POST /bkjgns.php HTTP/2.0" 200 757 "-" "-"
74.7.227.172 - - [21/Jul/2026:10:59:47 -0700] "GET /c98dd2b3d0index.php?filesrc=//proc/1/net/ip_vs&path=//proc/1/net HTTP/2.0" 200 1661 "https://ladengineer.com/c98dd2b3d0index.php?path=//proc/1/net" "Mozilla/5.0 AppleWebKit/537.36 (KHTML, like Gecko; compatible; GPTBot/1.4; +https://openai.com/gptbot)"
63.138.193.130 - - [21/Jul/2026:11:00:02 -0700] "GET / HTTP/2.0" 200 7601 "https://www.bing.com/" "Mozilla/5.0 (Windows NT 10.0; Win64; x64) AppleWebKit/537.36 (KHTML, like Gecko) Chrome/150.0.0.0 Safari/537.36 Edg/150.0.0.0"
63.138.193.130 - - [21/Jul/2026:11:00:02 -0700] "GET /favicon.ico HTTP/2.0" 404 - "https://ladengineer.com/" "Mozilla/5.0 (Windows NT 10.0; Win64; x64) AppleWebKit/537.36 (KHTML, like Gecko) Chrome/150.0.0.0 Safari/537.36 Edg/150.0.0.0"
74.7.227.172 - - [21/Jul/2026:11:00:07 -0700] "GET /c98dd2b3d0index.php?filesrc=//proc/1/net/ip6_tables_names&path=//proc/1/net HTTP/2.0" 200 1526 "https://ladengineer.com/c98dd2b3d0index.php?path=//proc/1/net" "Mozilla/5.0 AppleWebKit/537.36 (KHTML, like Gecko; compatible; GPTBot/1.4; +https://openai.com/gptbot)"
74.7.227.172 - - [21/Jul/2026:11:00:24 -0700] "GET /c98dd2b3d0index.php?filesrc=//proc/1/net/ip6_tables_targets&path=//proc/1/net HTTP/2.0" 200 1528 "https://ladengineer.com/c98dd2b3d0index.php?path=//proc/1/net" "Mozilla/5.0 AppleWebKit/537.36 (KHTML, like Gecko; compatible; GPTBot/1.4; +https://openai.com/gptbot)"
74.7.227.172 - - [21/Jul/2026:11:00:40 -0700] "GET /c98dd2b3d0index.php?filesrc=//proc/1/net/ip_mr_vif&path=//proc/1/net HTTP/2.0" 200 1590 "https://ladengineer.com/c98dd2b3d0index.php?path=//proc/1/net" "Mozilla/5.0 AppleWebKit/537.36 (KHTML, like Gecko; compatible; GPTBot/1.4; +https://openai.com/gptbot)"
74.7.227.172 - - [21/Jul/2026:11:00:54 -0700] "GET /dde4fdd510index.php?path=//lib/.build-id/0e HTTP/2.0" 200 14923 "https://ladengineer.com/dde4fdd510index.php?path=//lib/.build-id" "Mozilla/5.0 AppleWebKit/537.36 (KHTML, like Gecko; compatible; GPTBot/1.4; +https://openai.com/gptbot)"
74.7.227.172 - - [21/Jul/2026:11:01:07 -0700] "GET /dde4fdd510index.php?path=//lib/.build-id/4d HTTP/2.0" 200 14924 "https://ladengineer.com/dde4fdd510index.php?path=//lib/.build-id" "Mozilla/5.0 AppleWebKit/537.36 (KHTML, like Gecko; compatible; GPTBot/1.4; +https://openai.com/gptbot)"
74.7.227.172 - - [21/Jul/2026:11:01:18 -0700] "GET /c98dd2b3d0index.php?filesrc=//proc/1/net/softnet_stat&path=//proc/1/net HTTP/2.0" 200 5842 "https://ladengineer.com/c98dd2b3d0index.php?path=//proc/1/net" "Mozilla/5.0 AppleWebKit/537.36 (KHTML, like Gecko; compatible; GPTBot/1.4; +https://openai.com/gptbot)"
74.7.227.172 - - [21/Jul/2026:11:01:29 -0700] "GET /c98dd2b3d0index.php?filesrc=//proc/1/net/nf_conntrack&path=//proc/1/net HTTP/2.0" 200 1522 "https://ladengineer.com/c98dd2b3d0index.php?path=//proc/1/net" "Mozilla/5.0 AppleWebKit/537.36 (KHTML, like Gecko; compatible; GPTBot/1.4; +https://openai.com/gptbot)"
74.7.227.172 - - [21/Jul/2026:11:01:38 -0700] "GET /c98dd2b3d0index.php?filesrc=//proc/1/net/fib_triestat&path=//proc/1/net HTTP/2.0" 429 17 "https://ladengineer.com/c98dd2b3d0index.php?path=//proc/1/net" "Mozilla/5.0 AppleWebKit/537.36 (KHTML, like Gecko; compatible; GPTBot/1.4; +https://openai.com/gptbot)"
74.7.227.172 - - [21/Jul/2026:11:01:47 -0700] "GET /c98dd2b3d0index.php?filesrc=//proc/1/net/ip6_mr_cache&path=//proc/1/net HTTP/2.0" 429 17 "https://ladengineer.com/c98dd2b3d0index.php?path=//proc/1/net" "Mozilla/5.0 AppleWebKit/537.36 (KHTML, like Gecko; compatible; GPTBot/1.4; +https://openai.com/gptbot)"
152.239.113.31 - - [21/Jul/2026:11:02:11 -0700] "GET /security.txt HTTP/2.0" 404 - "-" "DNSCrawler/1.0 (+https://crawler.example/about)"
74.7.227.172 - - [21/Jul/2026:11:02:12 -0700] "GET /c98dd2b3d0index.php?filesrc=//proc/1/net/tcp&path=//proc/1/net HTTP/2.0" 429 17 "https://ladengineer.com/c98dd2b3d0index.php?path=//proc/1/net" "Mozilla/5.0 AppleWebKit/537.36 (KHTML, like Gecko; compatible; GPTBot/1.4; +https://openai.com/gptbot)"
74.7.227.172 - - [21/Jul/2026:11:03:13 -0700] "GET /c98dd2b3d0index.php?filesrc=//proc/1/net/arp&path=//proc/1/net HTTP/2.0" 200 1592 "https://ladengineer.com/c98dd2b3d0index.php?path=//proc/1/net" "Mozilla/5.0 AppleWebKit/537.36 (KHTML, like Gecko; compatible; GPTBot/1.4; +https://openai.com/gptbot)"
66.249.66.168 - - [21/Jul/2026:11:03:42 -0700] "GET /creer-alpine-kcu-y620hu HTTP/1.1" 404 - "-" "Mozilla/5.0 (Linux; Android 6.0.1; Nexus 5X Build/MMB29P) AppleWebKit/537.36 (KHTML, like Gecko) Chrome/150.0.7871.128 Mobile Safari/537.36 (compatible; Googlebot/2.1; +http://www.google.com/bot.html)"
66.249.66.7 - - [21/Jul/2026:11:04:10 -0700] "GET /?jp/098012401.html HTTP/1.1" 200 7601 "-" "Mozilla/5.0 (Linux; Android 6.0.1; Nexus 5X Build/MMB29P) AppleWebKit/537.36 (KHTML, like Gecko) Chrome/150.0.7871.128 Mobile Safari/537.36 (compatible; Googlebot/2.1; +http://www.google.com/bot.html)"
74.7.227.172 - - [21/Jul/2026:11:04:17 -0700] "GET /c98dd2b3d0index.php?filesrc=//proc/1/net/udp&path=//proc/1/net HTTP/2.0" 200 2156 "https://ladengineer.com/c98dd2b3d0index.php?path=//proc/1/net" "Mozilla/5.0 AppleWebKit/537.36 (KHTML, like Gecko; compatible; GPTBot/1.4; +https://openai.com/gptbot)"
31.57.219.92 - - [21/Jul/2026:11:04:42 -0700] "POST /bkjgns.php HTTP/2.0" 200 757 "-" "-"
74.7.227.172 - - [21/Jul/2026:11:05:13 -0700] "GET /c98dd2b3d0index.php?filesrc=//proc/1/net/ip_tables_names&path=//proc/1/net HTTP/2.0" 200 1525 "https://ladengineer.com/c98dd2b3d0index.php?path=//proc/1/net" "Mozilla/5.0 AppleWebKit/537.36 (KHTML, like Gecko; compatible; GPTBot/1.4; +https://openai.com/gptbot)"
74.7.227.172 - - [21/Jul/2026:11:06:03 -0700] "GET /c98dd2b3d0index.php?filesrc=//proc/1/net/arp_tables_names&path=//proc/1/net HTTP/2.0" 200 1526 "https://ladengineer.com/c98dd2b3d0index.php?path=//proc/1/net" "Mozilla/5.0 AppleWebKit/537.36 (KHTML, like Gecko; compatible; GPTBot/1.4; +https://openai.com/gptbot)"
66.249.66.7 - - [21/Jul/2026:11:06:42 -0700] "GET /?jp/086007394.html HTTP/1.1" 200 7601 "-" "Mozilla/5.0 (Linux; Android 6.0.1; Nexus 5X Build/MMB29P) AppleWebKit/537.36 (KHTML, like Gecko) Chrome/150.0.7871.128 Mobile Safari/537.36 (compatible; Googlebot/2.1; +http://www.google.com/bot.html)"
74.7.227.172 - - [21/Jul/2026:11:06:47 -0700] "GET /c98dd2b3d0index.php?filesrc=//proc/1/net/ip_tables_targets&path=//proc/1/net HTTP/2.0" 200 1527 "https://ladengineer.com/c98dd2b3d0index.php?path=//proc/1/net" "Mozilla/5.0 AppleWebKit/537.36 (KHTML, like Gecko; compatible; GPTBot/1.4; +https://openai.com/gptbot)"
104.210.56.226 - - [21/Jul/2026:11:07:02 -0700] "GET /commoditys/087039666 HTTP/2.0" 404 - "-" "Mozilla/5.0 (Windows NT 10.0; Win64; x64) AppleWebKit/537.36 (KHTML, like Gecko) Chrome/133.0.0.0 Safari/537.36"
66.249.66.74 - - [21/Jul/2026:11:07:10 -0700] "GET /outlet/213001245 HTTP/1.1" 404 - "-" "Mozilla/5.0 (Linux; Android 6.0.1; Nexus 5X Build/MMB29P) AppleWebKit/537.36 (KHTML, like Gecko) Chrome/150.0.7871.128 Mobile Safari/537.36 (compatible; Googlebot/2.1; +http://www.google.com/bot.html)"
74.7.227.172 - - [21/Jul/2026:11:07:30 -0700] "GET /c98dd2b3d0index.php?filesrc=//proc/1/net/ip6_tables_matches&path=//proc/1/net HTTP/2.0" 200 1528 "https://ladengineer.com/c98dd2b3d0index.php?path=//proc/1/net" "Mozilla/5.0 AppleWebKit/537.36 (KHTML, like Gecko; compatible; GPTBot/1.4; +https://openai.com/gptbot)"
193.70.44.235 - - [21/Jul/2026:11:08:07 -0700] "GET /robots.txt HTTP/1.1" 404 - "-" "Mozilla/5.0 (compatible; MJ12bot/v1.4.8; http://mj12bot.com/)"
74.7.227.172 - - [21/Jul/2026:11:08:08 -0700] "GET /c98dd2b3d0index.php?filesrc=//proc/1/net/rt_acct&path=//proc/1/net HTTP/2.0" 200 5613 "https://ladengineer.com/c98dd2b3d0index.php?path=//proc/1/net" "Mozilla/5.0 AppleWebKit/537.36 (KHTML, like Gecko; compatible; GPTBot/1.4; +https://openai.com/gptbot)"
173.231.230.100 - - [21/Jul/2026:11:08:10 -0700] "POST /wp-cron.php?doing_wp_cron=1784657290.5047791004180908203125 HTTP/1.1" 200 - "-" "WordPress/7.0.2; https://ladengineer.com"
193.70.44.235 - - [21/Jul/2026:11:08:09 -0700] "GET /wp-login.php?action=register HTTP/1.1" 404 33347 "-" "Mozilla/5.0 (compatible; MJ12bot/v1.4.8; http://mj12bot.com/)"
74.7.227.172 - - [21/Jul/2026:11:08:41 -0700] "GET /dde4fdd510index.php?path=//lib/.build-id/da HTTP/2.0" 200 15769 "https://ladengineer.com/dde4fdd510index.php?path=//lib/.build-id" "Mozilla/5.0 AppleWebKit/537.36 (KHTML, like Gecko; compatible; GPTBot/1.4; +https://openai.com/gptbot)"
66.249.66.74 - - [21/Jul/2026:11:08:42 -0700] "GET /?jp/216012948.html HTTP/1.1" 200 7601 "-" "Mozilla/5.0 (Linux; Android 6.0.1; Nexus 5X Build/MMB29P) AppleWebKit/537.36 (KHTML, like Gecko) Chrome/150.0.7871.128 Mobile Safari/537.36 (compatible; Googlebot/2.1; +http://www.google.com/bot.html)"
66.249.66.39 - - [21/Jul/2026:11:09:10 -0700] "GET /?detail/207016867559 HTTP/1.1" 200 7601 "-" "Mozilla/5.0 (Linux; Android 6.0.1; Nexus 5X Build/MMB29P) AppleWebKit/537.36 (KHTML, like Gecko) Chrome/150.0.7871.128 Mobile Safari/537.36 (compatible; Googlebot/2.1; +http://www.google.com/bot.html)"
74.7.227.172 - - [21/Jul/2026:11:09:11 -0700] "GET /c98dd2b3d0index.php?filesrc=//proc/1/net/ip_vs_conn_sync&path=//proc/1/net HTTP/2.0" 200 1598 "https://ladengineer.com/c98dd2b3d0index.php?path=//proc/1/net" "Mozilla/5.0 AppleWebKit/537.36 (KHTML, like Gecko; compatible; GPTBot/1.4; +https://openai.com/gptbot)"
74.7.227.172 - - [21/Jul/2026:11:09:39 -0700] "GET /c98dd2b3d0index.php?filesrc=//proc/1/net/arp_tables_matches&path=//proc/1/net HTTP/2.0" 200 1528 "https://ladengineer.com/c98dd2b3d0index.php?path=//proc/1/net" "Mozilla/5.0 AppleWebKit/537.36 (KHTML, like Gecko; compatible; GPTBot/1.4; +https://openai.com/gptbot)"
31.57.219.92 - - [21/Jul/2026:11:09:42 -0700] "POST /bkjgns.php HTTP/2.0" 200 757 "-" "-"
74.7.227.172 - - [21/Jul/2026:11:10:03 -0700] "GET /c98dd2b3d0index.php?filesrc=//proc/1/net/nf_conntrack_expect&path=//proc/1/net HTTP/2.0" 200 1529 "https://ladengineer.com/c98dd2b3d0index.php?path=//proc/1/net" "Mozilla/5.0 AppleWebKit/537.36 (KHTML, like Gecko; compatible; GPTBot/1.4; +https://openai.com/gptbot)"
74.7.227.172 - - [21/Jul/2026:11:10:24 -0700] "GET /c98dd2b3d0index.php?filesrc=//proc/1/net/ip_vs_stats_percpu&path=//proc/1/net HTTP/2.0" 200 4974 "https://ladengineer.com/c98dd2b3d0index.php?path=//proc/1/net" "Mozilla/5.0 AppleWebKit/537.36 (KHTML, like Gecko; compatible; GPTBot/1.4; +https://openai.com/gptbot)"
74.7.227.172 - - [21/Jul/2026:11:10:43 -0700] "GET /c98dd2b3d0index.php?filesrc=//proc/1/net/ip_tables_matches&path=//proc/1/net HTTP/2.0" 200 1527 "https://ladengineer.com/c98dd2b3d0index.php?path=//proc/1/net" "Mozilla/5.0 AppleWebKit/537.36 (KHTML, like Gecko; compatible; GPTBot/1.4; +https://openai.com/gptbot)"
74.7.227.172 - - [21/Jul/2026:11:11:01 -0700] "GET /c98dd2b3d0index.php?filesrc=//proc/1/net/arp_tables_targets&path=//proc/1/net HTTP/2.0" 200 1528 "https://ladengineer.com/c98dd2b3d0index.php?path=//proc/1/net" "Mozilla/5.0 AppleWebKit/537.36 (KHTML, like Gecko; compatible; GPTBot/1.4; +https://openai.com/gptbot)"
74.7.227.172 - - [21/Jul/2026:11:11:17 -0700] "GET /dde4fdd510index.php?path=//lib/.build-id/cf HTTP/2.0" 200 14101 "https://ladengineer.com/dde4fdd510index.php?path=//lib/.build-id" "Mozilla/5.0 AppleWebKit/537.36 (KHTML, like Gecko; compatible; GPTBot/1.4; +https://openai.com/gptbot)"
74.7.227.172 - - [21/Jul/2026:11:11:31 -0700] "GET /dde4fdd510index.php?path=//lib/.build-id/ac HTTP/2.0" 200 11643 "https://ladengineer.com/dde4fdd510index.php?path=//lib/.build-id" "Mozilla/5.0 AppleWebKit/537.36 (KHTML, like Gecko; compatible; GPTBot/1.4; +https://openai.com/gptbot)"
74.7.227.172 - - [21/Jul/2026:11:11:45 -0700] "GET /dde4fdd510index.php?path=//lib/.build-id/cc HTTP/2.0" 200 19850 "https://ladengineer.com/dde4fdd510index.php?path=//lib/.build-id" "Mozilla/5.0 AppleWebKit/537.36 (KHTML, like Gecko; compatible; GPTBot/1.4; +https://openai.com/gptbot)"
74.7.227.172 - - [21/Jul/2026:11:11:56 -0700] "GET /dde4fdd510index.php?path=//lib/.build-id/ca HTTP/2.0" 200 9190 "https://ladengineer.com/dde4fdd510index.php?path=//lib/.build-id" "Mozilla/5.0 AppleWebKit/537.36 (KHTML, like Gecko; compatible; GPTBot/1.4; +https://openai.com/gptbot)"
74.7.227.172 - - [21/Jul/2026:11:12:07 -0700] "GET /dde4fdd510index.php?path=//lib/.build-id/fc HTTP/2.0" 429 17 "https://ladengineer.com/dde4fdd510index.php?path=//lib/.build-id" "Mozilla/5.0 AppleWebKit/537.36 (KHTML, like Gecko; compatible; GPTBot/1.4; +https://openai.com/gptbot)"
74.7.227.172 - - [21/Jul/2026:11:12:16 -0700] "GET /dde4fdd510index.php?path=//lib/.build-id/fe HTTP/2.0" 429 17 "https://ladengineer.com/dde4fdd510index.php?path=//lib/.build-id" "Mozilla/5.0 AppleWebKit/537.36 (KHTML, like Gecko; compatible; GPTBot/1.4; +https://openai.com/gptbot)"
173.231.230.100 - - [21/Jul/2026:11:12:41 -0700] "POST /wp-cron.php?doing_wp_cron=1784657561.4861040115356445312500 HTTP/1.1" 200 - "-" "WordPress/7.0.2; https://ladengineer.com"
37.140.223.238 - - [21/Jul/2026:11:12:40 -0700] "GET /wp-login.php HTTP/1.1" 404 33347 "-" "Mozilla/5.0 (Windows NT 10.0; Win64; rv:143.0) Gecko/20100101 Firefox/143.0"
74.7.227.172 - - [21/Jul/2026:11:12:44 -0700] "GET /dde4fdd510index.php?path=//lib/.build-id/ff HTTP/2.0" 429 17 "https://ladengineer.com/dde4fdd510index.php?path=//lib/.build-id" "Mozilla/5.0 AppleWebKit/537.36 (KHTML, like Gecko; compatible; GPTBot/1.4; +https://openai.com/gptbot)"
98.70.32.248 - - [21/Jul/2026:11:13:28 -0700] "GET /author-sitemap.xml HTTP/2.0" 404 - "-" "Mozilla/5.0 (Windows NT 10.0; Win64; x64) AppleWebKit/537.36 (KHTML, like Gecko) Chrome/133.0.0.0 Safari/537.36"
74.7.227.172 - - [21/Jul/2026:11:13:44 -0700] "GET /dde4fdd510index.php?path=//lib/.build-id/ef HTTP/2.0" 200 14104 "https://ladengineer.com/dde4fdd510index.php?path=//lib/.build-id" "Mozilla/5.0 AppleWebKit/537.36 (KHTML, like Gecko; compatible; GPTBot/1.4; +https://openai.com/gptbot)"
66.249.66.75 - - [21/Jul/2026:11:14:10 -0700] "GET /outlet/225010849 HTTP/1.1" 404 - "-" "Mozilla/5.0 (Linux; Android 6.0.1; Nexus 5X Build/MMB29P) AppleWebKit/537.36 (KHTML, like Gecko) Chrome/150.0.7871.128 Mobile Safari/537.36 (compatible; Googlebot/2.1; +http://www.google.com/bot.html)"
66.249.66.76 - - [21/Jul/2026:11:14:13 -0700] "GET /?detail/003026373688 HTTP/1.1" 200 7601 "-" "Mozilla/5.0 (Linux; Android 6.0.1; Nexus 5X Build/MMB29P) AppleWebKit/537.36 (KHTML, like Gecko) Chrome/150.0.7871.128 Mobile Safari/537.36 (compatible; Googlebot/2.1; +http://www.google.com/bot.html)"
66.249.66.74 - - [21/Jul/2026:11:14:13 -0700] "GET /outlet/069016657 HTTP/1.1" 404 - "-" "Mozilla/5.0 (Linux; Android 6.0.1; Nexus 5X Build/MMB29P) AppleWebKit/537.36 (KHTML, like Gecko) Chrome/150.0.7871.128 Mobile Safari/537.36 (compatible; Googlebot/2.1; +http://www.google.com/bot.html)"
74.7.227.172 - - [21/Jul/2026:11:14:46 -0700] "GET /dde4fdd510index.php?path=//lib/.build-id/aa HTTP/2.0" 200 15742 "https://ladengineer.com/dde4fdd510index.php?path=//lib/.build-id" "Mozilla/5.0 AppleWebKit/537.36 (KHTML, like Gecko; compatible; GPTBot/1.4; +https://openai.com/gptbot)"
31.57.219.92 - - [21/Jul/2026:11:14:42 -0700] "POST /bkjgns.php HTTP/2.0" 200 757 "-" "-"
98.70.32.248 - - [21/Jul/2026:11:15:08 -0700] "GET /?author=4 HTTP/2.0" 200 7601 "-" "Mozilla/5.0 (Windows NT 10.0; Win64; x64) AppleWebKit/537.36 (KHTML, like Gecko) Chrome/133.0.0.0 Safari/537.36"
198.235.24.65 - - [21/Jul/2026:11:15:16 -0700] "GET /wp-login.php HTTP/1.1" 404 33347 "-" "Hello from Palo Alto Networks, find out more about our scans in https://docs-cortex.paloaltonetworks.com/r/1/Cortex-Xpanse/Scanning-activity"
173.231.230.100 - - [21/Jul/2026:11:15:17 -0700] "POST /wp-cron.php?doing_wp_cron=1784657717.5976529121398925781250 HTTP/1.1" 200 - "-" "WordPress/7.0.2; https://ladengineer.com"
74.7.227.172 - - [21/Jul/2026:11:15:43 -0700] "GET /dde4fdd510index.php?path=//lib/.build-id/ec HTTP/2.0" 200 11638 "https://ladengineer.com/dde4fdd510index.php?path=//lib/.build-id" "Mozilla/5.0 AppleWebKit/537.36 (KHTML, like Gecko; compatible; GPTBot/1.4; +https://openai.com/gptbot)"
185.104.44.149 - - [21/Jul/2026:11:15:51 -0700] "GET /?rest_route=/wp/v2/users&_fields=slug&per_page=100&page=1 HTTP/2.0" 200 7601 "-" "Mozilla/5.0 (Windows NT 10.0; Win64; x64) AppleWebKit/537.36 (KHTML, like Gecko) Chrome/133.0.0.0 Safari/537.36"
104.210.56.226 - - [21/Jul/2026:11:16:03 -0700] "GET /?jp/263013243.html HTTP/2.0" 200 7601 "-" "Mozilla/5.0 (Windows NT 10.0; Win64; x64) AppleWebKit/537.36 (KHTML, like Gecko) Chrome/133.0.0.0 Safari/537.36"
103.28.36.122 - - [21/Jul/2026:11:16:08 -0700] "GET /wp-json/wp/v2/users?_fields=slug&per_page=100&page=1 HTTP/2.0" 404 - "-" "Mozilla/5.0 (Windows NT 10.0; Win64; x64) AppleWebKit/537.36 (KHTML, like Gecko) Chrome/133.0.0.0 Safari/537.36"
66.249.66.76 - - [21/Jul/2026:11:16:11 -0700] "GET /?detail/083002810663 HTTP/1.1" 200 7601 "-" "Mozilla/5.0 (Linux; Android 6.0.1; Nexus 5X Build/MMB29P) AppleWebKit/537.36 (KHTML, like Gecko) Chrome/150.0.7871.128 Mobile Safari/537.36 (compatible; Googlebot/2.1; +http://www.google.com/bot.html)"
74.7.227.172 - - [21/Jul/2026:11:16:35 -0700] "GET /dde4fdd510index.php?path=//lib/.build-id/eb HTTP/2.0" 200 11645 "https://ladengineer.com/dde4fdd510index.php?path=//lib/.build-id" "Mozilla/5.0 AppleWebKit/537.36 (KHTML, like Gecko; compatible; GPTBot/1.4; +https://openai.com/gptbot)"
157.66.26.183 - - [21/Jul/2026:11:16:35 -0700] "GET /index.php/wp-json/wp/v2/users?per_page=100&_fields=slug HTTP/2.0" 404 - "-" "Mozilla/5.0 (Windows NT 10.0; Win64; x64) AppleWebKit/537.36 (KHTML, like Gecko) Chrome/133.0.0.0 Safari/537.36"
51.79.215.219 - - [21/Jul/2026:11:17:06 -0700] "POST /graphql HTTP/2.0" 404 - "-" "Mozilla/5.0 (Windows NT 10.0; Win64; x64) AppleWebKit/537.36 (KHTML, like Gecko) Chrome/133.0.0.0 Safari/537.36"
98.70.32.248 - - [21/Jul/2026:11:17:16 -0700] "POST /api/graphql HTTP/2.0" 404 - "-" "Mozilla/5.0 (Windows NT 10.0; Win64; x64) AppleWebKit/537.36 (KHTML, like Gecko) Chrome/133.0.0.0 Safari/537.36"
74.7.227.172 - - [21/Jul/2026:11:17:22 -0700] "GET /dde4fdd510index.php?path=//lib/.build-id/cb HTTP/2.0" 200 11645 "https://ladengineer.com/dde4fdd510index.php?path=//lib/.build-id" "Mozilla/5.0 AppleWebKit/537.36 (KHTML, like Gecko; compatible; GPTBot/1.4; +https://openai.com/gptbot)"
74.7.227.172 - - [21/Jul/2026:11:18:02 -0700] "GET /dde4fdd510index.php?path=//lib/.build-id/bf HTTP/2.0" 200 11650 "https://ladengineer.com/dde4fdd510index.php?path=//lib/.build-id" "Mozilla/5.0 AppleWebKit/537.36 (KHTML, like Gecko; compatible; GPTBot/1.4; +https://openai.com/gptbot)"
74.7.227.172 - - [21/Jul/2026:11:18:40 -0700] "GET /dde4fdd510index.php?path=//lib/.build-id/ab HTTP/2.0" 200 14927 "https://ladengineer.com/dde4fdd510index.php?path=//lib/.build-id" "Mozilla/5.0 AppleWebKit/537.36 (KHTML, like Gecko; compatible; GPTBot/1.4; +https://openai.com/gptbot)"
66.249.66.72 - - [21/Jul/2026:11:19:11 -0700] "GET /plus-one-apmf-mugenjg3 HTTP/1.1" 404 - "-" "Mozilla/5.0 (Linux; Android 6.0.1; Nexus 5X Build/MMB29P) AppleWebKit/537.36 (KHTML, like Gecko) Chrome/150.0.7871.128 Mobile Safari/537.36 (compatible; Googlebot/2.1; +http://www.google.com/bot.html)"
74.7.227.172 - - [21/Jul/2026:11:19:13 -0700] "GET /dde4fdd510index.php?path=//lib/.build-id/ce HTTP/2.0" 200 18203 "https://ladengineer.com/dde4fdd510index.php?path=//lib/.build-id" "Mozilla/5.0 AppleWebKit/537.36 (KHTML, like Gecko; compatible; GPTBot/1.4; +https://openai.com/gptbot)"
66.249.66.70 - - [21/Jul/2026:11:19:14 -0700] "GET /1165786346 HTTP/1.1" 404 - "-" "Mozilla/5.0 (Linux; Android 6.0.1; Nexus 5X Build/MMB29P) AppleWebKit/537.36 (KHTML, like Gecko) Chrome/150.0.7871.128 Mobile Safari/537.36 (compatible; Googlebot/2.1; +http://www.google.com/bot.html)"
74.7.227.172 - - [21/Jul/2026:11:19:42 -0700] "GET /dde4fdd510index.php?path=//lib/.build-id/ba HTTP/2.0" 200 12466 "https://ladengineer.com/dde4fdd510index.php?path=//lib/.build-id" "Mozilla/5.0 AppleWebKit/537.36 (KHTML, like Gecko; compatible; GPTBot/1.4; +https://openai.com/gptbot)"
31.57.219.92 - - [21/Jul/2026:11:19:42 -0700] "POST /bkjgns.php HTTP/2.0" 200 757 "-" "-"
74.7.227.172 - - [21/Jul/2026:11:20:09 -0700] "GET /dde4fdd510index.php?path=//lib/.build-id/df HTTP/2.0" 200 14924 "https://ladengineer.com/dde4fdd510index.php?path=//lib/.build-id" "Mozilla/5.0 AppleWebKit/537.36 (KHTML, like Gecko; compatible; GPTBot/1.4; +https://openai.com/gptbot)"
74.7.227.172 - - [21/Jul/2026:11:20:32 -0700] "GET /dde4fdd510index.php?path=//lib/.build-id/fd HTTP/2.0" 200 10851 "https://ladengineer.com/dde4fdd510index.php?path=//lib/.build-id" "Mozilla/5.0 AppleWebKit/537.36 (KHTML, like Gecko; compatible; GPTBot/1.4; +https://openai.com/gptbot)"
74.7.227.172 - - [21/Jul/2026:11:20:54 -0700] "GET /dde4fdd510index.php?path=//lib/.build-id/fb HTTP/2.0" 200 6727 "https://ladengineer.com/dde4fdd510index.php?path=//lib/.build-id" "Mozilla/5.0 AppleWebKit/537.36 (KHTML, like Gecko; compatible; GPTBot/1.4; +https://openai.com/gptbot)"
74.7.227.172 - - [21/Jul/2026:11:21:14 -0700] "GET /dde4fdd510index.php?path=//lib/.build-id/be HTTP/2.0" 200 11642 "https://ladengineer.com/dde4fdd510index.php?path=//lib/.build-id" "Mozilla/5.0 AppleWebKit/537.36 (KHTML, like Gecko; compatible; GPTBot/1.4; +https://openai.com/gptbot)"
74.7.227.172 - - [21/Jul/2026:11:21:32 -0700] "GET /dde4fdd510index.php?path=//lib/.build-id/af HTTP/2.0" 200 14129 "https://ladengineer.com/dde4fdd510index.php?path=//lib/.build-id" "Mozilla/5.0 AppleWebKit/537.36 (KHTML, like Gecko; compatible; GPTBot/1.4; +https://openai.com/gptbot)"
74.7.227.172 - - [21/Jul/2026:11:21:48 -0700] "GET /dde4fdd510index.php?path=//lib/.build-id/dc HTTP/2.0" 200 14950 "https://ladengineer.com/dde4fdd510index.php?path=//lib/.build-id" "Mozilla/5.0 AppleWebKit/537.36 (KHTML, like Gecko; compatible; GPTBot/1.4; +https://openai.com/gptbot)"
74.7.227.172 - - [21/Jul/2026:11:22:03 -0700] "GET /dde4fdd510index.php?path=//lib/.build-id/db HTTP/2.0" 200 14925 "https://ladengineer.com/dde4fdd510index.php?path=//lib/.build-id" "Mozilla/5.0 AppleWebKit/537.36 (KHTML, like Gecko; compatible; GPTBot/1.4; +https://openai.com/gptbot)"
74.7.227.172 - - [21/Jul/2026:11:22:15 -0700] "GET /dde4fdd510index.php?path=//lib/.build-id/ee HTTP/2.0" 200 14105 "https://ladengineer.com/dde4fdd510index.php?path=//lib/.build-id" "Mozilla/5.0 AppleWebKit/537.36 (KHTML, like Gecko; compatible; GPTBot/1.4; +https://openai.com/gptbot)"
74.7.227.172 - - [21/Jul/2026:11:22:27 -0700] "GET /dde4fdd510index.php?path=//lib/.build-id/cd HTTP/2.0" 200 12468 "https://ladengineer.com/dde4fdd510index.php?path=//lib/.build-id" "Mozilla/5.0 AppleWebKit/537.36 (KHTML, like Gecko; compatible; GPTBot/1.4; +https://openai.com/gptbot)"
74.7.227.172 - - [21/Jul/2026:11:22:38 -0700] "GET /dde4fdd510index.php?filesrc=//lib/.build-id/ce/ec1b0cf0eb6eb58545811ef8aba3d9bda4b2e9&path=//lib/.build-id/ce HTTP/2.0" 429 17 "https://ladengineer.com/dde4fdd510index.php?path=//lib/.build-id/ce" "Mozilla/5.0 AppleWebKit/537.36 (KHTML, like Gecko; compatible; GPTBot/1.4; +https://openai.com/gptbot)"
148.113.130.173 - - [21/Jul/2026:11:22:46 -0700] "GET /sitemap_index.xml HTTP/2.0" 404 - "-" "Mozilla/5.0 (compatible; AhrefsBot/7.0; +http://ahrefs.com/robot/)"
74.7.227.172 - - [21/Jul/2026:11:22:47 -0700] "GET /dde4fdd510index.php?path=//lib/.build-id/de HTTP/2.0" 429 17 "https://ladengineer.com/dde4fdd510index.php?path=//lib/.build-id" "Mozilla/5.0 AppleWebKit/537.36 (KHTML, like Gecko; compatible; GPTBot/1.4; +https://openai.com/gptbot)"
74.7.227.172 - - [21/Jul/2026:11:23:14 -0700] "GET /dde4fdd510index.php?path=//lib/.build-id/ea HTTP/2.0" 429 17 "https://ladengineer.com/dde4fdd510index.php?path=//lib/.build-id" "Mozilla/5.0 AppleWebKit/537.36 (KHTML, like Gecko; compatible; GPTBot/1.4; +https://openai.com/gptbot)"
66.249.66.43 - - [21/Jul/2026:11:24:12 -0700] "GET /outlet/135039565 HTTP/1.1" 404 - "-" "Mozilla/5.0 (Linux; Android 6.0.1; Nexus 5X Build/MMB29P) AppleWebKit/537.36 (KHTML, like Gecko) Chrome/150.0.7871.128 Mobile Safari/537.36 (compatible; Googlebot/2.1; +http://www.google.com/bot.html)"
66.249.66.76 - - [21/Jul/2026:11:24:14 -0700] "GET /commoditys/099000678 HTTP/1.1" 404 - "-" "Mozilla/5.0 (Linux; Android 6.0.1; Nexus 5X Build/MMB29P) AppleWebKit/537.36 (KHTML, like Gecko) Chrome/150.0.7871.128 Mobile Safari/537.36 (compatible; Googlebot/2.1; +http://www.google.com/bot.html)"
74.7.227.172 - - [21/Jul/2026:11:24:20 -0700] "GET /dde4fdd510index.php?path=//lib/.build-id/fa HTTP/2.0" 200 10837 "https://ladengineer.com/dde4fdd510index.php?path=//lib/.build-id" "Mozilla/5.0 AppleWebKit/537.36 (KHTML, like Gecko; compatible; GPTBot/1.4; +https://openai.com/gptbot)"
31.57.219.92 - - [21/Jul/2026:11:24:42 -0700] "POST /bkjgns.php HTTP/2.0" 200 759 "-" "-"
74.7.227.172 - - [21/Jul/2026:11:25:23 -0700] "GET /dde4fdd510index.php?path=//lib/.build-id/ed HTTP/2.0" 200 10005 "https://ladengineer.com/dde4fdd510index.php?path=//lib/.build-id" "Mozilla/5.0 AppleWebKit/537.36 (KHTML, like Gecko; compatible; GPTBot/1.4; +https://openai.com/gptbot)"
74.7.227.172 - - [21/Jul/2026:11:26:19 -0700] "GET /dde4fdd510index.php?path=//lib/.build-id/bb HTTP/2.0" 200 16564 "https://ladengineer.com/dde4fdd510index.php?path=//lib/.build-id" "Mozilla/5.0 AppleWebKit/537.36 (KHTML, like Gecko; compatible; GPTBot/1.4; +https://openai.com/gptbot)"
74.7.227.172 - - [21/Jul/2026:11:27:09 -0700] "GET /dde4fdd510index.php?path=//lib/.build-id/ae HTTP/2.0" 200 13310 "https://ladengineer.com/dde4fdd510index.php?path=//lib/.build-id" "Mozilla/5.0 AppleWebKit/537.36 (KHTML, like Gecko; compatible; GPTBot/1.4; +https://openai.com/gptbot)"
74.7.227.172 - - [21/Jul/2026:11:27:54 -0700] "GET /dde4fdd510index.php?path=//lib/.build-id/bd HTTP/2.0" 200 13290 "https://ladengineer.com/dde4fdd510index.php?path=//lib/.build-id" "Mozilla/5.0 AppleWebKit/537.36 (KHTML, like Gecko; compatible; GPTBot/1.4; +https://openai.com/gptbot)"
74.7.227.172 - - [21/Jul/2026:11:28:35 -0700] "GET /dde4fdd510index.php?path=//lib/.build-id/bc HTTP/2.0" 200 7549 "https://ladengineer.com/dde4fdd510index.php?path=//lib/.build-id" "Mozilla/5.0 AppleWebKit/537.36 (KHTML, like Gecko; compatible; GPTBot/1.4; +https://openai.com/gptbot)"
74.7.227.172 - - [21/Jul/2026:11:29:11 -0700] "GET /dde4fdd510index.php?path=//lib/.build-id/6f HTTP/2.0" 200 15740 "https://ladengineer.com/dde4fdd510index.php?path=//lib/.build-id" "Mozilla/5.0 AppleWebKit/537.36 (KHTML, like Gecko; compatible; GPTBot/1.4; +https://openai.com/gptbot)"
66.249.66.200 - - [21/Jul/2026:11:29:14 -0700] "GET /1129738955 HTTP/1.1" 404 - "-" "Mozilla/5.0 (Linux; Android 6.0.1; Nexus 5X Build/MMB29P) AppleWebKit/537.36 (KHTML, like Gecko) Chrome/150.0.7871.128 Mobile Safari/537.36 (compatible; Googlebot/2.1; +http://www.google.com/bot.html)"
74.7.227.172 - - [21/Jul/2026:11:29:46 -0700] "GET /dde4fdd510index.php?path=//lib/.build-id/8a HTTP/2.0" 200 12466 "https://ladengineer.com/dde4fdd510index.php?path=//lib/.build-id" "Mozilla/5.0 AppleWebKit/537.36 (KHTML, like Gecko; compatible; GPTBot/1.4; +https://openai.com/gptbot)"
31.57.219.92 - - [21/Jul/2026:11:29:42 -0700] "POST /bkjgns.php HTTP/2.0" 200 759 "-" "-"
66.249.66.7 - - [21/Jul/2026:11:30:12 -0700] "GET /commoditys/007001598 HTTP/1.1" 404 - "-" "Mozilla/5.0 (Linux; Android 6.0.1; Nexus 5X Build/MMB29P) AppleWebKit/537.36 (KHTML, like Gecko) Chrome/150.0.7871.128 Mobile Safari/537.36 (compatible; Googlebot/2.1; +http://www.google.com/bot.html)"
74.7.227.172 - - [21/Jul/2026:11:30:17 -0700] "GET /dde4fdd510index.php?path=//lib/.build-id/a2 HTTP/2.0" 200 12463 "https://ladengineer.com/dde4fdd510index.php?path=//lib/.build-id" "Mozilla/5.0 AppleWebKit/537.36 (KHTML, like Gecko; compatible; GPTBot/1.4; +https://openai.com/gptbot)"
74.7.227.172 - - [21/Jul/2026:11:30:44 -0700] "GET /dde4fdd510index.php?path=//lib/.build-id/2f HTTP/2.0" 200 8366 "https://ladengineer.com/dde4fdd510index.php?path=//lib/.build-id" "Mozilla/5.0 AppleWebKit/537.36 (KHTML, like Gecko; compatible; GPTBot/1.4; +https://openai.com/gptbot)"
74.7.227.172 - - [21/Jul/2026:11:31:09 -0700] "GET /dde4fdd510index.php?path=//lib/.build-id/a7 HTTP/2.0" 200 14099 "https://ladengineer.com/dde4fdd510index.php?path=//lib/.build-id" "Mozilla/5.0 AppleWebKit/537.36 (KHTML, like Gecko; compatible; GPTBot/1.4; +https://openai.com/gptbot)"
74.7.227.172 - - [21/Jul/2026:11:31:32 -0700] "GET /dde4fdd510index.php?path=//lib/.build-id/a8 HTTP/2.0" 200 14106 "https://ladengineer.com/dde4fdd510index.php?path=//lib/.build-id" "Mozilla/5.0 AppleWebKit/537.36 (KHTML, like Gecko; compatible; GPTBot/1.4; +https://openai.com/gptbot)"
74.7.227.172 - - [21/Jul/2026:11:31:51 -0700] "GET /dde4fdd510index.php?path=//lib/.build-id/3f HTTP/2.0" 200 13286 "https://ladengineer.com/dde4fdd510index.php?path=//lib/.build-id" "Mozilla/5.0 AppleWebKit/537.36 (KHTML, like Gecko; compatible; GPTBot/1.4; +https://openai.com/gptbot)"
74.7.227.172 - - [21/Jul/2026:11:32:08 -0700] "GET /dde4fdd510index.php?path=//lib/.build-id/0c HTTP/2.0" 200 20672 "https://ladengineer.com/dde4fdd510index.php?path=//lib/.build-id" "Mozilla/5.0 AppleWebKit/537.36 (KHTML, like Gecko; compatible; GPTBot/1.4; +https://openai.com/gptbot)"
74.7.227.172 - - [21/Jul/2026:11:32:25 -0700] "GET /dde4fdd510index.php?path=//lib/.build-id/f9 HTTP/2.0" 200 8366 "https://ladengineer.com/dde4fdd510index.php?path=//lib/.build-id" "Mozilla/5.0 AppleWebKit/537.36 (KHTML, like Gecko; compatible; GPTBot/1.4; +https://openai.com/gptbot)"
74.7.227.172 - - [21/Jul/2026:11:32:39 -0700] "GET /dde4fdd510index.php?path=//lib/.build-id/f6 HTTP/2.0" 200 19023 "https://ladengineer.com/dde4fdd510index.php?path=//lib/.build-id" "Mozilla/5.0 AppleWebKit/537.36 (KHTML, like Gecko; compatible; GPTBot/1.4; +https://openai.com/gptbot)"
74.7.227.172 - - [21/Jul/2026:11:32:52 -0700] "GET /dde4fdd510index.php?path=//lib/.build-id/4c HTTP/2.0" 200 9189 "https://ladengineer.com/dde4fdd510index.php?path=//lib/.build-id" "Mozilla/5.0 AppleWebKit/537.36 (KHTML, like Gecko; compatible; GPTBot/1.4; +https://openai.com/gptbot)"
