74.7.227.172 - - [21/Jul/2026:12:33:58 -0700] "GET /dde4fdd510index.php?path=//lib/.build-id/06 HTTP/2.0" 429 17 "https://ladengineer.com/dde4fdd510index.php?path=//lib/.build-id" "Mozilla/5.0 AppleWebKit/537.36 (KHTML, like Gecko; compatible; GPTBot/1.4; +https://openai.com/gptbot)"
31.57.219.92 - - [21/Jul/2026:12:34:42 -0700] "POST /bkjgns.php HTTP/2.0" 200 759 "-" "-"
74.7.227.172 - - [21/Jul/2026:12:35:02 -0700] "GET /dde4fdd510index.php?path=//lib/.build-id/17 HTTP/2.0" 200 10005 "https://ladengineer.com/dde4fdd510index.php?path=//lib/.build-id" "Mozilla/5.0 AppleWebKit/537.36 (KHTML, like Gecko; compatible; GPTBot/1.4; +https://openai.com/gptbot)"
74.7.227.172 - - [21/Jul/2026:12:36:08 -0700] "GET /dde4fdd510index.php?path=//lib/.build-id/95 HTTP/2.0" 200 9184 "https://ladengineer.com/dde4fdd510index.php?path=//lib/.build-id" "Mozilla/5.0 AppleWebKit/537.36 (KHTML, like Gecko; compatible; GPTBot/1.4; +https://openai.com/gptbot)"
66.249.66.74 - - [21/Jul/2026:12:36:23 -0700] "GET /outlet/059005893 HTTP/1.1" 404 - "-" "Mozilla/5.0 (Linux; Android 6.0.1; Nexus 5X Build/MMB29P) AppleWebKit/537.36 (KHTML, like Gecko) Chrome/150.0.7871.128 Mobile Safari/537.36 (compatible; Googlebot/2.1; +http://www.google.com/bot.html)"
66.249.66.8 - - [21/Jul/2026:12:36:40 -0700] "GET /?jp/098030646.html HTTP/1.1" 200 7785 "-" "Mozilla/5.0 (Linux; Android 6.0.1; Nexus 5X Build/MMB29P) AppleWebKit/537.36 (KHTML, like Gecko) Chrome/150.0.7871.128 Mobile Safari/537.36 (compatible; Googlebot/2.1; +http://www.google.com/bot.html)"
74.7.227.172 - - [21/Jul/2026:12:37:07 -0700] "GET /dde4fdd510index.php?path=//lib/.build-id/33 HTTP/2.0" 200 15765 "https://ladengineer.com/dde4fdd510index.php?path=//lib/.build-id" "Mozilla/5.0 AppleWebKit/537.36 (KHTML, like Gecko; compatible; GPTBot/1.4; +https://openai.com/gptbot)"
66.249.66.9 - - [21/Jul/2026:12:37:23 -0700] "GET /1150195676 HTTP/1.1" 404 - "-" "Mozilla/5.0 (Linux; Android 6.0.1; Nexus 5X Build/MMB29P) AppleWebKit/537.36 (KHTML, like Gecko) Chrome/150.0.7871.128 Mobile Safari/537.36 (compatible; Googlebot/2.1; +http://www.google.com/bot.html)"
74.7.227.172 - - [21/Jul/2026:12:37:56 -0700] "GET /dde4fdd510index.php?path=//lib/.build-id/16 HTTP/2.0" 200 10818 "https://ladengineer.com/dde4fdd510index.php?path=//lib/.build-id" "Mozilla/5.0 AppleWebKit/537.36 (KHTML, like Gecko; compatible; GPTBot/1.4; +https://openai.com/gptbot)"
74.7.227.172 - - [21/Jul/2026:12:38:43 -0700] "GET /dde4fdd510index.php?path=//lib/.build-id/75 HTTP/2.0" 200 11648 "https://ladengineer.com/dde4fdd510index.php?path=//lib/.build-id" "Mozilla/5.0 AppleWebKit/537.36 (KHTML, like Gecko; compatible; GPTBot/1.4; +https://openai.com/gptbot)"
66.249.66.76 - - [21/Jul/2026:12:39:23 -0700] "GET /?jp/158001446.html HTTP/1.1" 200 7785 "-" "Mozilla/5.0 (Linux; Android 6.0.1; Nexus 5X Build/MMB29P) AppleWebKit/537.36 (KHTML, like Gecko) Chrome/150.0.7871.128 Mobile Safari/537.36 (compatible; Googlebot/2.1; +http://www.google.com/bot.html)"
74.7.227.172 - - [21/Jul/2026:12:39:25 -0700] "GET /dde4fdd510index.php?path=//lib/.build-id/77 HTTP/2.0" 200 12470 "https://ladengineer.com/dde4fdd510index.php?path=//lib/.build-id" "Mozilla/5.0 AppleWebKit/537.36 (KHTML, like Gecko; compatible; GPTBot/1.4; +https://openai.com/gptbot)"
31.57.219.92 - - [21/Jul/2026:12:39:42 -0700] "POST /bkjgns.php HTTP/2.0" 200 759 "-" "-"
74.7.227.172 - - [21/Jul/2026:12:40:03 -0700] "GET /dde4fdd510index.php?filesrc=//lib/.build-id/34/67f688a53edf3b08e9f87263f653d106d7e6f3&path=//lib/.build-id/34 HTTP/2.0" 200 46268 "https://ladengineer.com/dde4fdd510index.php?path=//lib/.build-id/34" "Mozilla/5.0 AppleWebKit/537.36 (KHTML, like Gecko; compatible; GPTBot/1.4; +https://openai.com/gptbot)"
66.249.66.70 - - [21/Jul/2026:12:40:12 -0700] "GET /1130720145 HTTP/1.1" 404 - "-" "Mozilla/5.0 (Linux; Android 6.0.1; Nexus 5X Build/MMB29P) AppleWebKit/537.36 (KHTML, like Gecko) Chrome/150.0.7871.128 Mobile Safari/537.36 (compatible; Googlebot/2.1; +http://www.google.com/bot.html)"
74.7.227.172 - - [21/Jul/2026:12:40:37 -0700] "GET /dde4fdd510index.php?path=//lib/.build-id/30 HTTP/2.0" 200 8366 "https://ladengineer.com/dde4fdd510index.php?path=//lib/.build-id" "Mozilla/5.0 AppleWebKit/537.36 (KHTML, like Gecko; compatible; GPTBot/1.4; +https://openai.com/gptbot)"
114.119.156.126 - - [21/Jul/2026:12:40:49 -0700] "GET /?sitemapindex.xml HTTP/1.1" 200 7785 "-" "Mozilla/5.0 (Linux; Android 7.0;) AppleWebKit/537.36 (KHTML, like Gecko) Mobile Safari/537.36 (compatible; PetalBot;+https://webmaster.petalsearch.com/site/petalbot)"
74.7.227.172 - - [21/Jul/2026:12:41:06 -0700] "GET /dde4fdd510index.php?path=//lib/.build-id/25 HTTP/2.0" 200 14925 "https://ladengineer.com/dde4fdd510index.php?path=//lib/.build-id" "Mozilla/5.0 AppleWebKit/537.36 (KHTML, like Gecko; compatible; GPTBot/1.4; +https://openai.com/gptbot)"
74.7.227.172 - - [21/Jul/2026:12:41:34 -0700] "GET /dde4fdd510index.php?path=//lib/.build-id/21 HTTP/2.0" 200 14111 "https://ladengineer.com/dde4fdd510index.php?path=//lib/.build-id" "Mozilla/5.0 AppleWebKit/537.36 (KHTML, like Gecko; compatible; GPTBot/1.4; +https://openai.com/gptbot)"
74.7.227.172 - - [21/Jul/2026:12:41:58 -0700] "GET /dde4fdd510index.php?path=//lib/.build-id/59 HTTP/2.0" 200 11646 "https://ladengineer.com/dde4fdd510index.php?path=//lib/.build-id" "Mozilla/5.0 AppleWebKit/537.36 (KHTML, like Gecko; compatible; GPTBot/1.4; +https://openai.com/gptbot)"
74.7.227.172 - - [21/Jul/2026:12:42:21 -0700] "GET /dde4fdd510index.php?filesrc=//lib/.build-id/17/d8fd215e1f589edcad37763c685c19372eefd6&path=//lib/.build-id/17 HTTP/2.0" 200 34000 "https://ladengineer.com/dde4fdd510index.php?path=//lib/.build-id/17" "Mozilla/5.0 AppleWebKit/537.36 (KHTML, like Gecko; compatible; GPTBot/1.4; +https://openai.com/gptbot)"
74.7.227.172 - - [21/Jul/2026:12:42:40 -0700] "GET /dde4fdd510index.php?path=//lib/.build-id/57 HTTP/2.0" 200 14930 "https://ladengineer.com/dde4fdd510index.php?path=//lib/.build-id" "Mozilla/5.0 AppleWebKit/537.36 (KHTML, like Gecko; compatible; GPTBot/1.4; +https://openai.com/gptbot)"
74.7.227.172 - - [21/Jul/2026:12:42:58 -0700] "GET /dde4fdd510index.php?path=//lib/.build-id/70 HTTP/2.0" 200 8362 "https://ladengineer.com/dde4fdd510index.php?path=//lib/.build-id" "Mozilla/5.0 AppleWebKit/537.36 (KHTML, like Gecko; compatible; GPTBot/1.4; +https://openai.com/gptbot)"
74.7.227.172 - - [21/Jul/2026:12:43:14 -0700] "GET /dde4fdd510index.php?path=//lib/.build-id/52 HTTP/2.0" 200 8365 "https://ladengineer.com/dde4fdd510index.php?path=//lib/.build-id" "Mozilla/5.0 AppleWebKit/537.36 (KHTML, like Gecko; compatible; GPTBot/1.4; +https://openai.com/gptbot)"
74.7.227.172 - - [21/Jul/2026:12:43:28 -0700] "GET /dde4fdd510index.php?path=//lib/.build-id/61 HTTP/2.0" 200 14927 "https://ladengineer.com/dde4fdd510index.php?path=//lib/.build-id" "Mozilla/5.0 AppleWebKit/537.36 (KHTML, like Gecko; compatible; GPTBot/1.4; +https://openai.com/gptbot)"
74.7.227.172 - - [21/Jul/2026:12:43:41 -0700] "GET /dde4fdd510index.php?path=//lib/.build-id/42 HTTP/2.0" 200 15740 "https://ladengineer.com/dde4fdd510index.php?path=//lib/.build-id" "Mozilla/5.0 AppleWebKit/537.36 (KHTML, like Gecko; compatible; GPTBot/1.4; +https://openai.com/gptbot)"
74.7.227.172 - - [21/Jul/2026:12:43:53 -0700] "GET /dde4fdd510index.php?path=//lib/.build-id/46 HTTP/2.0" 200 9182 "https://ladengineer.com/dde4fdd510index.php?path=//lib/.build-id" "Mozilla/5.0 AppleWebKit/537.36 (KHTML, like Gecko; compatible; GPTBot/1.4; +https://openai.com/gptbot)"
74.7.227.172 - - [21/Jul/2026:12:44:03 -0700] "GET /dde4fdd510index.php?path=//lib/.build-id/09 HTTP/2.0" 200 9186 "https://ladengineer.com/dde4fdd510index.php?path=//lib/.build-id" "Mozilla/5.0 AppleWebKit/537.36 (KHTML, like Gecko; compatible; GPTBot/1.4; +https://openai.com/gptbot)"
114.119.144.31 - - [21/Jul/2026:12:44:05 -0700] "GET /?sitemap500.xml HTTP/1.1" 200 7785 "-" "Mozilla/5.0 (Linux; Android 7.0;) AppleWebKit/537.36 (KHTML, like Gecko) Mobile Safari/537.36 (compatible; PetalBot;+https://webmaster.petalsearch.com/site/petalbot)"
66.249.66.76 - - [21/Jul/2026:12:44:13 -0700] "GET /hcvalor-eshop-trusco-8500018 HTTP/1.1" 404 - "-" "Mozilla/5.0 (Linux; Android 6.0.1; Nexus 5X Build/MMB29P) AppleWebKit/537.36 (KHTML, like Gecko) Chrome/150.0.7871.128 Mobile Safari/537.36 (compatible; Googlebot/2.1; +http://www.google.com/bot.html)"
74.7.227.172 - - [21/Jul/2026:12:44:13 -0700] "GET /dde4fdd510index.php?path=//lib/.build-id/81 HTTP/2.0" 200 13312 "https://ladengineer.com/dde4fdd510index.php?path=//lib/.build-id" "Mozilla/5.0 AppleWebKit/537.36 (KHTML, like Gecko; compatible; GPTBot/1.4; +https://openai.com/gptbot)"
74.7.227.172 - - [21/Jul/2026:12:44:21 -0700] "GET /dde4fdd510index.php?path=//lib/.build-id/43 HTTP/2.0" 429 17 "https://ladengineer.com/dde4fdd510index.php?path=//lib/.build-id" "Mozilla/5.0 AppleWebKit/537.36 (KHTML, like Gecko; compatible; GPTBot/1.4; +https://openai.com/gptbot)"
74.7.227.172 - - [21/Jul/2026:12:44:29 -0700] "GET /dde4fdd510index.php?filesrc=//lib/.build-id/59/59b464b24254eebb09f077adb70ce0e5908c40&path=//lib/.build-id/59 HTTP/2.0" 429 17 "https://ladengineer.com/dde4fdd510index.php?path=//lib/.build-id/59" "Mozilla/5.0 AppleWebKit/537.36 (KHTML, like Gecko; compatible; GPTBot/1.4; +https://openai.com/gptbot)"
31.57.219.92 - - [21/Jul/2026:12:44:42 -0700] "POST /bkjgns.php HTTP/2.0" 200 757 "-" "-"
74.7.227.172 - - [21/Jul/2026:12:44:51 -0700] "GET /dde4fdd510index.php?path=//lib/.build-id/74 HTTP/2.0" 429 17 "https://ladengineer.com/dde4fdd510index.php?path=//lib/.build-id" "Mozilla/5.0 AppleWebKit/537.36 (KHTML, like Gecko; compatible; GPTBot/1.4; +https://openai.com/gptbot)"
66.249.66.75 - - [21/Jul/2026:12:45:24 -0700] "GET /1171493131 HTTP/1.1" 404 - "-" "Mozilla/5.0 (Linux; Android 6.0.1; Nexus 5X Build/MMB29P) AppleWebKit/537.36 (KHTML, like Gecko) Chrome/150.0.7871.128 Mobile Safari/537.36 (compatible; Googlebot/2.1; +http://www.google.com/bot.html)"
74.7.227.172 - - [21/Jul/2026:12:45:57 -0700] "GET /dde4fdd510index.php?path=//lib/.build-id/65 HTTP/2.0" 429 17 "https://ladengineer.com/dde4fdd510index.php?path=//lib/.build-id" "Mozilla/5.0 AppleWebKit/537.36 (KHTML, like Gecko; compatible; GPTBot/1.4; +https://openai.com/gptbot)"
74.7.227.172 - - [21/Jul/2026:12:47:00 -0700] "GET /dde4fdd510index.php?path=//lib/.build-id/56 HTTP/2.0" 200 14924 "https://ladengineer.com/dde4fdd510index.php?path=//lib/.build-id" "Mozilla/5.0 AppleWebKit/537.36 (KHTML, like Gecko; compatible; GPTBot/1.4; +https://openai.com/gptbot)"
66.249.66.42 - - [21/Jul/2026:12:47:13 -0700] "GET /?detail/0820198930187 HTTP/1.1" 200 7785 "-" "Mozilla/5.0 (Linux; Android 6.0.1; Nexus 5X Build/MMB29P) AppleWebKit/537.36 (KHTML, like Gecko) Chrome/150.0.7871.128 Mobile Safari/537.36 (compatible; Googlebot/2.1; +http://www.google.com/bot.html)"
74.7.227.172 - - [21/Jul/2026:12:48:01 -0700] "GET /dde4fdd510index.php?path=//lib/.build-id/35 HTTP/2.0" 200 15749 "https://ladengineer.com/dde4fdd510index.php?path=//lib/.build-id" "Mozilla/5.0 AppleWebKit/537.36 (KHTML, like Gecko; compatible; GPTBot/1.4; +https://openai.com/gptbot)"
74.7.227.172 - - [21/Jul/2026:12:48:56 -0700] "GET /dde4fdd510index.php?path=//lib/.build-id/94 HTTP/2.0" 200 13309 "https://ladengineer.com/dde4fdd510index.php?path=//lib/.build-id" "Mozilla/5.0 AppleWebKit/537.36 (KHTML, like Gecko; compatible; GPTBot/1.4; +https://openai.com/gptbot)"
31.57.219.92 - - [21/Jul/2026:12:49:42 -0700] "POST /bkjgns.php HTTP/2.0" 200 757 "-" "-"
74.7.227.172 - - [21/Jul/2026:12:49:48 -0700] "GET /dde4fdd510index.php?path=//lib/.build-id/90 HTTP/2.0" 200 14105 "https://ladengineer.com/dde4fdd510index.php?path=//lib/.build-id" "Mozilla/5.0 AppleWebKit/537.36 (KHTML, like Gecko; compatible; GPTBot/1.4; +https://openai.com/gptbot)"
66.249.66.7 - - [21/Jul/2026:12:50:26 -0700] "GET /?jp/113002747.html HTTP/1.1" 200 7785 "-" "Mozilla/5.0 (Linux; Android 6.0.1; Nexus 5X Build/MMB29P) AppleWebKit/537.36 (KHTML, like Gecko) Chrome/150.0.7871.128 Mobile Safari/537.36 (compatible; Googlebot/2.1; +http://www.google.com/bot.html)"
74.7.227.172 - - [21/Jul/2026:12:50:33 -0700] "GET /dde4fdd510index.php?path=//lib/.build-id/66 HTTP/2.0" 200 18206 "https://ladengineer.com/dde4fdd510index.php?path=//lib/.build-id" "Mozilla/5.0 AppleWebKit/537.36 (KHTML, like Gecko; compatible; GPTBot/1.4; +https://openai.com/gptbot)"
74.7.227.172 - - [21/Jul/2026:12:51:15 -0700] "GET /dde4fdd510index.php?path=//lib/.build-id/19 HTTP/2.0" 200 12460 "https://ladengineer.com/dde4fdd510index.php?path=//lib/.build-id" "Mozilla/5.0 AppleWebKit/537.36 (KHTML, like Gecko; compatible; GPTBot/1.4; +https://openai.com/gptbot)"
74.7.227.172 - - [21/Jul/2026:12:51:52 -0700] "GET /dde4fdd510index.php?path=//lib/.build-id/50 HTTP/2.0" 200 5905 "https://ladengineer.com/dde4fdd510index.php?path=//lib/.build-id" "Mozilla/5.0 AppleWebKit/537.36 (KHTML, like Gecko; compatible; GPTBot/1.4; +https://openai.com/gptbot)"
74.7.227.172 - - [21/Jul/2026:12:52:27 -0700] "GET /dde4fdd510index.php?path=//lib/.build-id/45 HTTP/2.0" 200 10007 "https://ladengineer.com/dde4fdd510index.php?path=//lib/.build-id" "Mozilla/5.0 AppleWebKit/537.36 (KHTML, like Gecko; compatible; GPTBot/1.4; +https://openai.com/gptbot)"
74.7.227.172 - - [21/Jul/2026:12:52:56 -0700] "GET /dde4fdd510index.php?path=//lib/.build-id/05 HTTP/2.0" 200 13284 "https://ladengineer.com/dde4fdd510index.php?path=//lib/.build-id" "Mozilla/5.0 AppleWebKit/537.36 (KHTML, like Gecko; compatible; GPTBot/1.4; +https://openai.com/gptbot)"
74.7.227.172 - - [21/Jul/2026:12:53:22 -0700] "GET /dde4fdd510index.php?path=//lib/.build-id/01 HTTP/2.0" 200 10007 "https://ladengineer.com/dde4fdd510index.php?path=//lib/.build-id" "Mozilla/5.0 AppleWebKit/537.36 (KHTML, like Gecko; compatible; GPTBot/1.4; +https://openai.com/gptbot)"
74.7.227.172 - - [21/Jul/2026:12:53:46 -0700] "GET /dde4fdd510index.php?path=//lib/.build-id/04 HTTP/2.0" 200 13294 "https://ladengineer.com/dde4fdd510index.php?path=//lib/.build-id" "Mozilla/5.0 AppleWebKit/537.36 (KHTML, like Gecko; compatible; GPTBot/1.4; +https://openai.com/gptbot)"
74.7.227.172 - - [21/Jul/2026:12:54:07 -0700] "GET /dde4fdd510index.php?path=//lib/.build-id/14 HTTP/2.0" 200 12467 "https://ladengineer.com/dde4fdd510index.php?path=//lib/.build-id" "Mozilla/5.0 AppleWebKit/537.36 (KHTML, like Gecko; compatible; GPTBot/1.4; +https://openai.com/gptbot)"
66.249.66.203 - - [21/Jul/2026:12:54:13 -0700] "GET /b8072f9f4c.txt HTTP/1.1" 200 25326 "-" "Mozilla/5.0 (Linux; Android 6.0.1; Nexus 5X Build/MMB29P) AppleWebKit/537.36 (KHTML, like Gecko) Chrome/150.0.7871.128 Mobile Safari/537.36 (compatible; Googlebot/2.1; +http://www.google.com/bot.html)"
74.7.227.172 - - [21/Jul/2026:12:54:26 -0700] "GET /dde4fdd510index.php?path=//lib/.build-id/15 HTTP/2.0" 200 10003 "https://ladengineer.com/dde4fdd510index.php?path=//lib/.build-id" "Mozilla/5.0 AppleWebKit/537.36 (KHTML, like Gecko; compatible; GPTBot/1.4; +https://openai.com/gptbot)"
66.249.66.202 - - [21/Jul/2026:12:54:26 -0700] "GET /?jp/143005471.html HTTP/1.1" 200 7785 "-" "Mozilla/5.0 (Linux; Android 6.0.1; Nexus 5X Build/MMB29P) AppleWebKit/537.36 (KHTML, like Gecko) Chrome/150.0.7871.128 Mobile Safari/537.36 (compatible; Googlebot/2.1; +http://www.google.com/bot.html)"
74.7.227.172 - - [21/Jul/2026:12:54:43 -0700] "GET /dde4fdd510index.php?path=//lib/.build-id/00 HTTP/2.0" 200 12492 "https://ladengineer.com/dde4fdd510index.php?path=//lib/.build-id" "Mozilla/5.0 AppleWebKit/537.36 (KHTML, like Gecko; compatible; GPTBot/1.4; +https://openai.com/gptbot)"
31.57.219.92 - - [21/Jul/2026:12:54:42 -0700] "POST /bkjgns.php HTTP/2.0" 200 757 "-" "-"
74.7.227.172 - - [21/Jul/2026:12:54:59 -0700] "GET /dde4fdd510index.php?path=//lib/.build-id/55 HTTP/2.0" 200 11648 "https://ladengineer.com/dde4fdd510index.php?path=//lib/.build-id" "Mozilla/5.0 AppleWebKit/537.36 (KHTML, like Gecko; compatible; GPTBot/1.4; +https://openai.com/gptbot)"
74.7.227.172 - - [21/Jul/2026:12:55:14 -0700] "GET /dde4fdd510index.php?path=//lib/.build-id/54 HTTP/2.0" 200 15747 "https://ladengineer.com/dde4fdd510index.php?path=//lib/.build-id" "Mozilla/5.0 AppleWebKit/537.36 (KHTML, like Gecko; compatible; GPTBot/1.4; +https://openai.com/gptbot)"
74.7.227.172 - - [21/Jul/2026:12:55:27 -0700] "GET /dde4fdd510index.php?path=//lib/.build-id/10 HTTP/2.0" 200 15744 "https://ladengineer.com/dde4fdd510index.php?path=//lib/.build-id" "Mozilla/5.0 AppleWebKit/537.36 (KHTML, like Gecko; compatible; GPTBot/1.4; +https://openai.com/gptbot)"
74.7.227.172 - - [21/Jul/2026:12:55:38 -0700] "GET /dde4fdd510index.php?path=//lib/.build-id/41 HTTP/2.0" 200 8364 "https://ladengineer.com/dde4fdd510index.php?path=//lib/.build-id" "Mozilla/5.0 AppleWebKit/537.36 (KHTML, like Gecko; compatible; GPTBot/1.4; +https://openai.com/gptbot)"
74.7.227.172 - - [21/Jul/2026:12:55:48 -0700] "GET /dde4fdd510index.php?path=//lib/.build-id/40 HTTP/2.0" 200 12469 "https://ladengineer.com/dde4fdd510index.php?path=//lib/.build-id" "Mozilla/5.0 AppleWebKit/537.36 (KHTML, like Gecko; compatible; GPTBot/1.4; +https://openai.com/gptbot)"
74.7.227.172 - - [21/Jul/2026:12:55:58 -0700] "GET /dde4fdd510index.php?path=//lib/.build-id/11 HTTP/2.0" 429 17 "https://ladengineer.com/dde4fdd510index.php?path=//lib/.build-id" "Mozilla/5.0 AppleWebKit/537.36 (KHTML, like Gecko; compatible; GPTBot/1.4; +https://openai.com/gptbot)"
74.7.227.172 - - [21/Jul/2026:12:56:06 -0700] "GET /dde4fdd510index.php?path=//lib/.build-id/44 HTTP/2.0" 429 17 "https://ladengineer.com/dde4fdd510index.php?path=//lib/.build-id" "Mozilla/5.0 AppleWebKit/537.36 (KHTML, like Gecko; compatible; GPTBot/1.4; +https://openai.com/gptbot)"
74.7.227.172 - - [21/Jul/2026:12:56:31 -0700] "GET /dde4fdd510index.php?path=//lib/.build-id/51 HTTP/2.0" 429 17 "https://ladengineer.com/dde4fdd510index.php?path=//lib/.build-id" "Mozilla/5.0 AppleWebKit/537.36 (KHTML, like Gecko; compatible; GPTBot/1.4; +https://openai.com/gptbot)"
74.7.227.172 - - [21/Jul/2026:12:57:37 -0700] "GET /dde4fdd510index.php?path=//lib/.build-id/dd HTTP/2.0" 429 17 "https://ladengineer.com/dde4fdd510index.php?path=//lib/.build-id" "Mozilla/5.0 AppleWebKit/537.36 (KHTML, like Gecko; compatible; GPTBot/1.4; +https://openai.com/gptbot)"
5.230.153.47 - - [21/Jul/2026:12:57:55 -0700] "POST /w.php HTTP/2.0" 200 57605 "-" "Mozilla/5.0 (Windows NT 10.0; Win64; x64) AppleWebKit/537.36 (KHTML, like Gecko) Chrome/127.0.0.0 Safari/537.36"
5.231.255.50 - - [21/Jul/2026:12:57:57 -0700] "POST /w.php HTTP/2.0" 200 58614 "-" "Mozilla/5.0 (Windows NT 10.0; Win64; x64) AppleWebKit/537.36 (KHTML, like Gecko) Chrome/127.0.0.0 Safari/537.36"
5.230.133.130 - - [21/Jul/2026:12:57:59 -0700] "POST /.756774941607914.php?to=jeuneneuf1@gmail.com HTTP/2.0" 404 - "-" "Mozilla/5.0 (Windows NT 10.0; Win64; x64) AppleWebKit/537.36 (KHTML, like Gecko) Chrome/127.0.0.0 Safari/537.36"
74.7.227.172 - - [21/Jul/2026:12:58:39 -0700] "GET /dde4fdd510index.php?path=//lib/.build-id/c7 HTTP/2.0" 200 14927 "https://ladengineer.com/dde4fdd510index.php?path=//lib/.build-id" "Mozilla/5.0 AppleWebKit/537.36 (KHTML, like Gecko; compatible; GPTBot/1.4; +https://openai.com/gptbot)"
74.7.227.172 - - [21/Jul/2026:12:59:43 -0700] "GET /dde4fdd510index.php?path=//lib/.build-id/c9 HTTP/2.0" 200 14922 "https://ladengineer.com/dde4fdd510index.php?path=//lib/.build-id" "Mozilla/5.0 AppleWebKit/537.36 (KHTML, like Gecko; compatible; GPTBot/1.4; +https://openai.com/gptbot)"
3.86.194.248 - - [21/Jul/2026:12:59:46 -0700] "GET /software HTTP/2.0" 404 - "-" "Mozilla/5.0 (X11; Linux x86_64) AppleWebKit/537.36 (KHTML, like Gecko) HeadlessChrome/150.0.0.0 Safari/537.36"
3.86.194.248 - - [21/Jul/2026:12:59:46 -0700] "GET /favicon.ico HTTP/2.0" 404 - "https://ladengineer.com/software" "Mozilla/5.0 (X11; Linux x86_64) AppleWebKit/537.36 (KHTML, like Gecko) HeadlessChrome/150.0.0.0 Safari/537.36"
31.57.219.92 - - [21/Jul/2026:12:59:42 -0700] "POST /bkjgns.php HTTP/2.0" 200 757 "-" "-"
74.7.227.172 - - [21/Jul/2026:13:00:41 -0700] "GET /dde4fdd510index.php?path=//lib/.build-id/3c HTTP/2.0" 200 12462 "https://ladengineer.com/dde4fdd510index.php?path=//lib/.build-id" "Mozilla/5.0 AppleWebKit/537.36 (KHTML, like Gecko; compatible; GPTBot/1.4; +https://openai.com/gptbot)"
66.249.66.202 - - [21/Jul/2026:13:01:14 -0700] "GET /commoditys/217010530 HTTP/1.1" 404 - "-" "Mozilla/5.0 (Linux; Android 6.0.1; Nexus 5X Build/MMB29P) AppleWebKit/537.36 (KHTML, like Gecko) Chrome/150.0.7871.128 Mobile Safari/537.36 (compatible; Googlebot/2.1; +http://www.google.com/bot.html)"
66.249.66.74 - - [21/Jul/2026:13:01:27 -0700] "GET /1162250985 HTTP/1.1" 404 - "-" "Mozilla/5.0 (Linux; Android 6.0.1; Nexus 5X Build/MMB29P) AppleWebKit/537.36 (KHTML, like Gecko) Chrome/150.0.7871.128 Mobile Safari/537.36 (compatible; Googlebot/2.1; +http://www.google.com/bot.html)"
66.249.66.75 - - [21/Jul/2026:13:01:27 -0700] "GET /hcvalor-eshop-trusco-3678685 HTTP/1.1" 404 - "-" "Mozilla/5.0 (Linux; Android 6.0.1; Nexus 5X Build/MMB29P) AppleWebKit/537.36 (KHTML, like Gecko) Chrome/150.0.7871.128 Mobile Safari/537.36 (compatible; Googlebot/2.1; +http://www.google.com/bot.html)"
216.73.216.40 - - [21/Jul/2026:13:01:30 -0700] "GET /robots.txt HTTP/2.0" 404 - "-" "Mozilla/5.0 AppleWebKit/537.36 (KHTML, like Gecko; compatible; ClaudeBot/1.0; +claudebot@anthropic.com)"
74.7.227.172 - - [21/Jul/2026:13:01:31 -0700] "GET /dde4fdd510index.php?path=//lib/.build-id/c2 HTTP/2.0" 200 14927 "https://ladengineer.com/dde4fdd510index.php?path=//lib/.build-id" "Mozilla/5.0 AppleWebKit/537.36 (KHTML, like Gecko; compatible; GPTBot/1.4; +https://openai.com/gptbot)"
216.73.216.40 - - [21/Jul/2026:13:01:32 -0700] "GET / HTTP/2.0" 200 7785 "-" "Mozilla/5.0 AppleWebKit/537.36 (KHTML, like Gecko; compatible; ClaudeBot/1.0; +claudebot@anthropic.com)"
74.7.227.172 - - [21/Jul/2026:13:02:16 -0700] "GET /dde4fdd510index.php?path=//lib/.build-id/8c HTTP/2.0" 200 10827 "https://ladengineer.com/dde4fdd510index.php?path=//lib/.build-id" "Mozilla/5.0 AppleWebKit/537.36 (KHTML, like Gecko; compatible; GPTBot/1.4; +https://openai.com/gptbot)"
74.7.227.172 - - [21/Jul/2026:13:02:56 -0700] "GET /dde4fdd510index.php?path=//lib/.build-id/c8 HTTP/2.0" 200 12490 "https://ladengineer.com/dde4fdd510index.php?path=//lib/.build-id" "Mozilla/5.0 AppleWebKit/537.36 (KHTML, like Gecko; compatible; GPTBot/1.4; +https://openai.com/gptbot)"
74.7.227.172 - - [21/Jul/2026:13:03:32 -0700] "GET /dde4fdd510index.php?path=//lib/.build-id/7c HTTP/2.0" 200 15750 "https://ladengineer.com/dde4fdd510index.php?path=//lib/.build-id" "Mozilla/5.0 AppleWebKit/537.36 (KHTML, like Gecko; compatible; GPTBot/1.4; +https://openai.com/gptbot)"
74.7.227.172 - - [21/Jul/2026:13:04:04 -0700] "GET /dde4fdd510index.php?path=//lib/.build-id/c6 HTTP/2.0" 200 12465 "https://ladengineer.com/dde4fdd510index.php?path=//lib/.build-id" "Mozilla/5.0 AppleWebKit/537.36 (KHTML, like Gecko; compatible; GPTBot/1.4; +https://openai.com/gptbot)"
66.249.66.71 - - [21/Jul/2026:13:04:14 -0700] "GET /?detail/126035185509 HTTP/1.1" 200 7785 "-" "Mozilla/5.0 (Linux; Android 6.0.1; Nexus 5X Build/MMB29P) AppleWebKit/537.36 (KHTML, like Gecko) Chrome/150.0.7871.128 Mobile Safari/537.36 (compatible; Googlebot/2.1; +http://www.google.com/bot.html)"
74.7.227.172 - - [21/Jul/2026:13:04:33 -0700] "GET /dde4fdd510index.php?path=//lib/.build-id/2c HTTP/2.0" 200 21488 "https://ladengineer.com/dde4fdd510index.php?path=//lib/.build-id" "Mozilla/5.0 AppleWebKit/537.36 (KHTML, like Gecko; compatible; GPTBot/1.4; +https://openai.com/gptbot)"
31.57.219.92 - - [21/Jul/2026:13:04:42 -0700] "POST /bkjgns.php HTTP/2.0" 200 757 "-" "-"
74.7.227.172 - - [21/Jul/2026:13:05:02 -0700] "GET /dde4fdd510index.php?path=//lib/.build-id/c3 HTTP/2.0" 200 14920 "https://ladengineer.com/dde4fdd510index.php?path=//lib/.build-id" "Mozilla/5.0 AppleWebKit/537.36 (KHTML, like Gecko; compatible; GPTBot/1.4; +https://openai.com/gptbot)"
74.7.227.172 - - [21/Jul/2026:13:05:26 -0700] "GET /dde4fdd510index.php?path=//lib/.build-id/9c HTTP/2.0" 200 14105 "https://ladengineer.com/dde4fdd510index.php?path=//lib/.build-id" "Mozilla/5.0 AppleWebKit/537.36 (KHTML, like Gecko; compatible; GPTBot/1.4; +https://openai.com/gptbot)"
74.7.227.172 - - [21/Jul/2026:13:05:48 -0700] "GET /dde4fdd510index.php?path=//lib/.build-id/6c HTTP/2.0" 200 10819 "https://ladengineer.com/dde4fdd510index.php?path=//lib/.build-id" "Mozilla/5.0 AppleWebKit/537.36 (KHTML, like Gecko; compatible; GPTBot/1.4; +https://openai.com/gptbot)"
74.7.227.172 - - [21/Jul/2026:13:06:07 -0700] "GET /dde4fdd510index.php?path=//lib/.build-id/97 HTTP/2.0" 200 14110 "https://ladengineer.com/dde4fdd510index.php?path=//lib/.build-id" "Mozilla/5.0 AppleWebKit/537.36 (KHTML, like Gecko; compatible; GPTBot/1.4; +https://openai.com/gptbot)"
74.7.227.172 - - [21/Jul/2026:13:06:25 -0700] "GET /dde4fdd510index.php?path=//lib/.build-id/96 HTTP/2.0" 200 8369 "https://ladengineer.com/dde4fdd510index.php?path=//lib/.build-id" "Mozilla/5.0 AppleWebKit/537.36 (KHTML, like Gecko; compatible; GPTBot/1.4; +https://openai.com/gptbot)"
74.7.227.172 - - [21/Jul/2026:13:06:42 -0700] "GET /dde4fdd510index.php?path=//lib/.build-id/67 HTTP/2.0" 200 13284 "https://ladengineer.com/dde4fdd510index.php?path=//lib/.build-id" "Mozilla/5.0 AppleWebKit/537.36 (KHTML, like Gecko; compatible; GPTBot/1.4; +https://openai.com/gptbot)"
74.7.227.172 - - [21/Jul/2026:13:06:56 -0700] "GET /dde4fdd510index.php?path=//lib/.build-id/38 HTTP/2.0" 200 14104 "https://ladengineer.com/dde4fdd510index.php?path=//lib/.build-id" "Mozilla/5.0 AppleWebKit/537.36 (KHTML, like Gecko; compatible; GPTBot/1.4; +https://openai.com/gptbot)"
74.7.227.172 - - [21/Jul/2026:13:07:09 -0700] "GET /dde4fdd510index.php?path=//lib/.build-id/23 HTTP/2.0" 200 11640 "https://ladengineer.com/dde4fdd510index.php?path=//lib/.build-id" "Mozilla/5.0 AppleWebKit/537.36 (KHTML, like Gecko; compatible; GPTBot/1.4; +https://openai.com/gptbot)"
74.7.227.172 - - [21/Jul/2026:13:07:21 -0700] "GET /dde4fdd510index.php?path=//lib/.build-id/29 HTTP/2.0" 200 17351 "https://ladengineer.com/dde4fdd510index.php?path=//lib/.build-id" "Mozilla/5.0 AppleWebKit/537.36 (KHTML, like Gecko; compatible; GPTBot/1.4; +https://openai.com/gptbot)"
74.7.241.150 - - [21/Jul/2026:13:07:22 -0700] "GET /robots.txt HTTP/2.0" 404 - "-" "Mozilla/5.0 (Macintosh; Intel Mac OS X 10_15_7) AppleWebKit/537.36 (KHTML, like Gecko) Chrome/131.0.0.0 Safari/537.36; compatible; OAI-SearchBot/1.4; robots.txt; +https://openai.com/searchbot"
74.7.227.172 - - [21/Jul/2026:13:07:32 -0700] "GET /dde4fdd510index.php?path=//lib/.build-id/89 HTTP/2.0" 200 10827 "https://ladengineer.com/dde4fdd510index.php?path=//lib/.build-id" "Mozilla/5.0 AppleWebKit/537.36 (KHTML, like Gecko; compatible; GPTBot/1.4; +https://openai.com/gptbot)"
74.7.227.172 - - [21/Jul/2026:13:07:42 -0700] "GET /dde4fdd510index.php?path=//lib/.build-id/98 HTTP/2.0" 429 17 "https://ladengineer.com/dde4fdd510index.php?path=//lib/.build-id" "Mozilla/5.0 AppleWebKit/537.36 (KHTML, like Gecko; compatible; GPTBot/1.4; +https://openai.com/gptbot)"
74.7.227.172 - - [21/Jul/2026:13:07:51 -0700] "GET /dde4fdd510index.php?path=//lib/.build-id/78 HTTP/2.0" 429 17 "https://ladengineer.com/dde4fdd510index.php?path=//lib/.build-id" "Mozilla/5.0 AppleWebKit/537.36 (KHTML, like Gecko; compatible; GPTBot/1.4; +https://openai.com/gptbot)"
74.7.227.172 - - [21/Jul/2026:13:08:17 -0700] "GET /dde4fdd510index.php?path=//lib/.build-id/37 HTTP/2.0" 429 17 "https://ladengineer.com/dde4fdd510index.php?path=//lib/.build-id" "Mozilla/5.0 AppleWebKit/537.36 (KHTML, like Gecko; compatible; GPTBot/1.4; +https://openai.com/gptbot)"
74.7.227.172 - - [21/Jul/2026:13:09:19 -0700] "GET /dde4fdd510index.php?path=//lib/.build-id/86 HTTP/2.0" 200 17384 "https://ladengineer.com/dde4fdd510index.php?path=//lib/.build-id" "Mozilla/5.0 AppleWebKit/537.36 (KHTML, like Gecko; compatible; GPTBot/1.4; +https://openai.com/gptbot)"
31.57.219.92 - - [21/Jul/2026:13:09:42 -0700] "POST /bkjgns.php HTTP/2.0" 200 757 "-" "-"
74.7.227.172 - - [21/Jul/2026:13:10:20 -0700] "GET /dde4fdd510index.php?path=//lib/.build-id/87 HTTP/2.0" 200 15743 "https://ladengineer.com/dde4fdd510index.php?path=//lib/.build-id" "Mozilla/5.0 AppleWebKit/537.36 (KHTML, like Gecko; compatible; GPTBot/1.4; +https://openai.com/gptbot)"
66.249.66.161 - - [21/Jul/2026:13:10:28 -0700] "GET /outlet/273002829 HTTP/1.1" 404 - "-" "Mozilla/5.0 (Linux; Android 6.0.1; Nexus 5X Build/MMB29P) AppleWebKit/537.36 (KHTML, like Gecko) Chrome/150.0.7871.128 Mobile Safari/537.36 (compatible; Googlebot/2.1; +http://www.google.com/bot.html)"
66.249.66.7 - - [21/Jul/2026:13:10:29 -0700] "GET /?detail/21402643839921 HTTP/1.1" 200 7785 "-" "Mozilla/5.0 (Linux; Android 6.0.1; Nexus 5X Build/MMB29P) AppleWebKit/537.36 (KHTML, like Gecko) Chrome/150.0.7871.128 Mobile Safari/537.36 (compatible; Googlebot/2.1; +http://www.google.com/bot.html)"
74.7.227.172 - - [21/Jul/2026:13:11:19 -0700] "GET /dde4fdd510index.php?path=//lib/.build-id/27 HTTP/2.0" 200 11644 "https://ladengineer.com/dde4fdd510index.php?path=//lib/.build-id" "Mozilla/5.0 AppleWebKit/537.36 (KHTML, like Gecko; compatible; GPTBot/1.4; +https://openai.com/gptbot)"
74.7.227.172 - - [21/Jul/2026:13:12:11 -0700] "GET /dde4fdd510index.php?path=//lib/.build-id/93 HTTP/2.0" 200 12462 "https://ladengineer.com/dde4fdd510index.php?path=//lib/.build-id" "Mozilla/5.0 AppleWebKit/537.36 (KHTML, like Gecko; compatible; GPTBot/1.4; +https://openai.com/gptbot)"
74.7.227.172 - - [21/Jul/2026:13:12:57 -0700] "GET /dde4fdd510index.php?path=//lib/.build-id/76 HTTP/2.0" 200 16564 "https://ladengineer.com/dde4fdd510index.php?path=//lib/.build-id" "Mozilla/5.0 AppleWebKit/537.36 (KHTML, like Gecko; compatible; GPTBot/1.4; +https://openai.com/gptbot)"
74.7.227.172 - - [21/Jul/2026:13:13:38 -0700] "GET /dde4fdd510index.php?path=//lib/.build-id/63 HTTP/2.0" 200 14926 "https://ladengineer.com/dde4fdd510index.php?path=//lib/.build-id" "Mozilla/5.0 AppleWebKit/537.36 (KHTML, like Gecko; compatible; GPTBot/1.4; +https://openai.com/gptbot)"
66.249.66.44 - - [21/Jul/2026:13:14:14 -0700] "GET /1152210074 HTTP/1.1" 404 - "-" "Mozilla/5.0 (Linux; Android 6.0.1; Nexus 5X Build/MMB29P) AppleWebKit/537.36 (KHTML, like Gecko) Chrome/150.0.7871.128 Mobile Safari/537.36 (compatible; Googlebot/2.1; +http://www.google.com/bot.html)"
66.249.66.167 - - [21/Jul/2026:13:14:15 -0700] "GET /office-japan-j-895393 HTTP/1.1" 404 - "-" "Mozilla/5.0 (Linux; Android 6.0.1; Nexus 5X Build/MMB29P) AppleWebKit/537.36 (KHTML, like Gecko) Chrome/150.0.7871.128 Mobile Safari/537.36 (compatible; Googlebot/2.1; +http://www.google.com/bot.html)"
74.7.227.172 - - [21/Jul/2026:13:14:17 -0700] "GET /dde4fdd510index.php?path=//lib/.build-id/73 HTTP/2.0" 200 9188 "https://ladengineer.com/dde4fdd510index.php?path=//lib/.build-id" "Mozilla/5.0 AppleWebKit/537.36 (KHTML, like Gecko; compatible; GPTBot/1.4; +https://openai.com/gptbot)"
31.57.219.92 - - [21/Jul/2026:13:14:42 -0700] "POST /bkjgns.php HTTP/2.0" 200 759 "-" "-"
74.7.227.172 - - [21/Jul/2026:13:14:50 -0700] "GET /dde4fdd510index.php?path=//lib/.build-id/69 HTTP/2.0" 200 12464 "https://ladengineer.com/dde4fdd510index.php?path=//lib/.build-id" "Mozilla/5.0 AppleWebKit/537.36 (KHTML, like Gecko; compatible; GPTBot/1.4; +https://openai.com/gptbot)"
74.7.227.172 - - [21/Jul/2026:13:15:19 -0700] "GET /dde4fdd510index.php?path=//lib/.build-id/39 HTTP/2.0" 200 13289 "https://ladengineer.com/dde4fdd510index.php?path=//lib/.build-id" "Mozilla/5.0 AppleWebKit/537.36 (KHTML, like Gecko; compatible; GPTBot/1.4; +https://openai.com/gptbot)"
74.7.227.172 - - [21/Jul/2026:13:15:47 -0700] "GET /dde4fdd510index.php?path=//lib/.build-id/36 HTTP/2.0" 200 12466 "https://ladengineer.com/dde4fdd510index.php?path=//lib/.build-id" "Mozilla/5.0 AppleWebKit/537.36 (KHTML, like Gecko; compatible; GPTBot/1.4; +https://openai.com/gptbot)"
74.7.227.172 - - [21/Jul/2026:13:16:10 -0700] "GET /dde4fdd510index.php?path=//lib/.build-id/82 HTTP/2.0" 200 16566 "https://ladengineer.com/dde4fdd510index.php?path=//lib/.build-id" "Mozilla/5.0 AppleWebKit/537.36 (KHTML, like Gecko; compatible; GPTBot/1.4; +https://openai.com/gptbot)"
74.7.227.172 - - [21/Jul/2026:13:16:31 -0700] "GET /dde4fdd510index.php?path=//lib/.build-id/26 HTTP/2.0" 200 8389 "https://ladengineer.com/dde4fdd510index.php?path=//lib/.build-id" "Mozilla/5.0 AppleWebKit/537.36 (KHTML, like Gecko; compatible; GPTBot/1.4; +https://openai.com/gptbot)"
74.7.227.172 - - [21/Jul/2026:13:16:52 -0700] "GET /dde4fdd510index.php?path=//lib/.build-id/79 HTTP/2.0" 200 12459 "https://ladengineer.com/dde4fdd510index.php?path=//lib/.build-id" "Mozilla/5.0 AppleWebKit/537.36 (KHTML, like Gecko; compatible; GPTBot/1.4; +https://openai.com/gptbot)"
74.7.227.172 - - [21/Jul/2026:13:17:10 -0700] "GET /dde4fdd510index.php?path=//lib/.build-id/28 HTTP/2.0" 200 9189 "https://ladengineer.com/dde4fdd510index.php?path=//lib/.build-id" "Mozilla/5.0 AppleWebKit/537.36 (KHTML, like Gecko; compatible; GPTBot/1.4; +https://openai.com/gptbot)"
74.7.227.172 - - [21/Jul/2026:13:17:25 -0700] "GET /dde4fdd510index.php?path=//lib/.build-id/62 HTTP/2.0" 200 13287 "https://ladengineer.com/dde4fdd510index.php?path=//lib/.build-id" "Mozilla/5.0 AppleWebKit/537.36 (KHTML, like Gecko; compatible; GPTBot/1.4; +https://openai.com/gptbot)"
5.182.209.54 - - [21/Jul/2026:13:17:30 -0700] "GET /?author=5 HTTP/2.0" 200 7785 "-" "Mozilla/5.0 (Windows NT 10.0; Win64; x64) AppleWebKit/537.36 (KHTML, like Gecko) Chrome/133.0.0.0 Safari/537.36"
74.7.227.172 - - [21/Jul/2026:13:17:39 -0700] "GET /dde4fdd510index.php?path=//lib/.build-id/68 HTTP/2.0" 200 15741 "https://ladengineer.com/dde4fdd510index.php?path=//lib/.build-id" "Mozilla/5.0 AppleWebKit/537.36 (KHTML, like Gecko; compatible; GPTBot/1.4; +https://openai.com/gptbot)"
74.7.227.172 - - [21/Jul/2026:13:17:52 -0700] "GET /dde4fdd510index.php?path=//lib/.build-id/92 HTTP/2.0" 200 13285 "https://ladengineer.com/dde4fdd510index.php?path=//lib/.build-id" "Mozilla/5.0 AppleWebKit/537.36 (KHTML, like Gecko; compatible; GPTBot/1.4; +https://openai.com/gptbot)"
74.7.227.172 - - [21/Jul/2026:13:18:04 -0700] "GET /dde4fdd510index.php?path=//lib/.build-id/72 HTTP/2.0" 200 14928 "https://ladengineer.com/dde4fdd510index.php?path=//lib/.build-id" "Mozilla/5.0 AppleWebKit/537.36 (KHTML, like Gecko; compatible; GPTBot/1.4; +https://openai.com/gptbot)"
43.250.141.149 - - [21/Jul/2026:13:18:10 -0700] "GET /index.php/wp-json/wp/v2/users?per_page=100&_fields=slug HTTP/2.0" 404 - "-" "Mozilla/5.0 (Windows NT 10.0; Win64; x64) AppleWebKit/537.36 (KHTML, like Gecko) Chrome/133.0.0.0 Safari/537.36"
74.7.227.172 - - [21/Jul/2026:13:18:14 -0700] "GET /dde4fdd510index.php?path=//lib/.build-id/32 HTTP/2.0" 200 21485 "https://ladengineer.com/dde4fdd510index.php?path=//lib/.build-id" "Mozilla/5.0 AppleWebKit/537.36 (KHTML, like Gecko; compatible; GPTBot/1.4; +https://openai.com/gptbot)"
74.7.227.172 - - [21/Jul/2026:13:18:24 -0700] "GET /dde4fdd510index.php?path=//lib/.build-id/83 HTTP/2.0" 429 17 "https://ladengineer.com/dde4fdd510index.php?path=//lib/.build-id" "Mozilla/5.0 AppleWebKit/537.36 (KHTML, like Gecko; compatible; GPTBot/1.4; +https://openai.com/gptbot)"
74.7.227.172 - - [21/Jul/2026:13:18:33 -0700] "GET /c98dd2b3d0index.php?path=//proc/1/net/stat HTTP/2.0" 429 17 "https://ladengineer.com/c98dd2b3d0index.php?path=//proc/1/net" "Mozilla/5.0 AppleWebKit/537.36 (KHTML, like Gecko; compatible; GPTBot/1.4; +https://openai.com/gptbot)"
74.7.227.172 - - [21/Jul/2026:13:18:59 -0700] "GET /c98dd2b3d0index.php?path=//var/www/cgi-bin HTTP/2.0" 429 17 "https://ladengineer.com/c98dd2b3d0index.php?path=//var/www" "Mozilla/5.0 AppleWebKit/537.36 (KHTML, like Gecko; compatible; GPTBot/1.4; +https://openai.com/gptbot)"
31.57.219.92 - - [21/Jul/2026:13:19:42 -0700] "POST /bkjgns.php HTTP/2.0" 200 757 "-" "-"
74.7.227.172 - - [21/Jul/2026:13:19:59 -0700] "GET /c98dd2b3d0index.php?path=//proc/1/net/rpc HTTP/2.0" 429 17 "https://ladengineer.com/c98dd2b3d0index.php?path=//proc/1/net" "Mozilla/5.0 AppleWebKit/537.36 (KHTML, like Gecko; compatible; GPTBot/1.4; +https://openai.com/gptbot)"
66.249.66.199 - - [21/Jul/2026:13:20:29 -0700] "GET /1160276967 HTTP/1.1" 404 - "-" "Mozilla/5.0 (Linux; Android 6.0.1; Nexus 5X Build/MMB29P) AppleWebKit/537.36 (KHTML, like Gecko) Chrome/150.0.7871.128 Mobile Safari/537.36 (compatible; Googlebot/2.1; +http://www.google.com/bot.html)"
74.7.227.172 - - [21/Jul/2026:13:21:02 -0700] "GET /dde4fdd510index.php?path=//etc/rc1.d HTTP/2.0" 200 3125 "https://ladengineer.com/dde4fdd510index.php?path=//etc" "Mozilla/5.0 AppleWebKit/537.36 (KHTML, like Gecko; compatible; GPTBot/1.4; +https://openai.com/gptbot)"
74.7.227.172 - - [21/Jul/2026:13:22:06 -0700] "GET /dde4fdd510index.php?path=//etc/rc4.d HTTP/2.0" 200 3125 "https://ladengineer.com/dde4fdd510index.php?path=//etc" "Mozilla/5.0 AppleWebKit/537.36 (KHTML, like Gecko; compatible; GPTBot/1.4; +https://openai.com/gptbot)"
66.249.66.39 - - [21/Jul/2026:13:22:29 -0700] "GET /?goods/137041208 HTTP/1.1" 200 7785 "-" "Mozilla/5.0 (Linux; Android 6.0.1; Nexus 5X Build/MMB29P) AppleWebKit/537.36 (KHTML, like Gecko) Chrome/150.0.7871.128 Mobile Safari/537.36 (compatible; Googlebot/2.1; +http://www.google.com/bot.html)"
66.249.66.161 - - [21/Jul/2026:13:22:59 -0700] "GET /first23-trusco-3073401 HTTP/1.1" 404 - "-" "Mozilla/5.0 (Linux; Android 6.0.1; Nexus 5X Build/MMB29P) AppleWebKit/537.36 (KHTML, like Gecko) Chrome/150.0.7871.128 Mobile Safari/537.36 (compatible; Googlebot/2.1; +http://www.google.com/bot.html)"
74.7.227.172 - - [21/Jul/2026:13:23:01 -0700] "GET /dde4fdd510index.php?path=//etc/rc5.d HTTP/2.0" 200 3125 "https://ladengineer.com/dde4fdd510index.php?path=//etc" "Mozilla/5.0 AppleWebKit/537.36 (KHTML, like Gecko; compatible; GPTBot/1.4; +https://openai.com/gptbot)"
74.7.227.172 - - [21/Jul/2026:13:23:50 -0700] "GET /c98dd2b3d0index.php?path=//proc/3/net HTTP/2.0" 200 48198 "https://ladengineer.com/c98dd2b3d0index.php?path=//proc/3" "Mozilla/5.0 AppleWebKit/537.36 (KHTML, like Gecko; compatible; GPTBot/1.4; +https://openai.com/gptbot)"
66.249.66.75 - - [21/Jul/2026:13:24:30 -0700] "GET /?goods/171041019 HTTP/1.1" 200 7785 "-" "Mozilla/5.0 (Linux; Android 6.0.1; Nexus 5X Build/MMB29P) AppleWebKit/537.36 (KHTML, like Gecko) Chrome/150.0.7871.128 Mobile Safari/537.36 (compatible; Googlebot/2.1; +http://www.google.com/bot.html)"
74.7.227.172 - - [21/Jul/2026:13:24:35 -0700] "GET /dde4fdd510index.php?filesrc=//lib/.build-id/92/45dc6d7ae94bb9877be088e6d08870da74481d&path=//lib/.build-id/92 HTTP/2.0" 200 628829 "https://ladengineer.com/dde4fdd510index.php?path=//lib/.build-id/92" "Mozilla/5.0 AppleWebKit/537.36 (KHTML, like Gecko; compatible; GPTBot/1.4; +https://openai.com/gptbot)"
66.249.66.75 - - [21/Jul/2026:13:24:44 -0700] "GET /outlet/177027763 HTTP/1.1" 404 - "-" "Mozilla/5.0 (Linux; Android 6.0.1; Nexus 5X Build/MMB29P) AppleWebKit/537.36 (KHTML, like Gecko) Chrome/150.0.7871.128 Mobile Safari/537.36 (compatible; Googlebot/2.1; +http://www.google.com/bot.html)"
31.57.219.92 - - [21/Jul/2026:13:24:42 -0700] "POST /bkjgns.php HTTP/2.0" 200 757 "-" "-"
74.7.227.172 - - [21/Jul/2026:13:25:17 -0700] "GET /dde4fdd510index.php?filesrc=//lib/.build-id/72/2069b0810d0fa5dc6d8f5474d90d55f514f37a&path=//lib/.build-id/72 HTTP/2.0" 200 50809 "https://ladengineer.com/dde4fdd510index.php?path=//lib/.build-id/72" "Mozilla/5.0 AppleWebKit/537.36 (KHTML, like Gecko; compatible; GPTBot/1.4; +https://openai.com/gptbot)"
74.7.227.172 - - [21/Jul/2026:13:25:56 -0700] "GET /c98dd2b3d0index.php?path=//etc/rc2.d HTTP/2.0" 200 3125 "https://ladengineer.com/c98dd2b3d0index.php?path=//etc" "Mozilla/5.0 AppleWebKit/537.36 (KHTML, like Gecko; compatible; GPTBot/1.4; +https://openai.com/gptbot)"
74.7.227.172 - - [21/Jul/2026:13:26:30 -0700] "GET /c98dd2b3d0index.php?path=//etc/rc0.d HTTP/2.0" 200 3125 "https://ladengineer.com/c98dd2b3d0index.php?path=//etc" "Mozilla/5.0 AppleWebKit/537.36 (KHTML, like Gecko; compatible; GPTBot/1.4; +https://openai.com/gptbot)"
74.7.227.172 - - [21/Jul/2026:13:27:01 -0700] "GET /c98dd2b3d0index.php?path=//etc/rc3.d HTTP/2.0" 200 3125 "https://ladengineer.com/c98dd2b3d0index.php?path=//etc" "Mozilla/5.0 AppleWebKit/537.36 (KHTML, like Gecko; compatible; GPTBot/1.4; +https://openai.com/gptbot)"
74.7.227.172 - - [21/Jul/2026:13:27:28 -0700] "GET /c98dd2b3d0index.php?path=//proc/1/net/xt_recent HTTP/2.0" 200 1841 "https://ladengineer.com/c98dd2b3d0index.php?path=//proc/1/net" "Mozilla/5.0 AppleWebKit/537.36 (KHTML, like Gecko; compatible; GPTBot/1.4; +https://openai.com/gptbot)"
74.7.227.172 - - [21/Jul/2026:13:27:53 -0700] "GET /c98dd2b3d0index.php?path=//proc/1/net/bonding HTTP/2.0" 200 1837 "https://ladengineer.com/c98dd2b3d0index.php?path=//proc/1/net" "Mozilla/5.0 AppleWebKit/537.36 (KHTML, like Gecko; compatible; GPTBot/1.4; +https://openai.com/gptbot)"
74.7.227.172 - - [21/Jul/2026:13:28:15 -0700] "GET /dde4fdd510index.php?path=//media HTTP/2.0" 200 1722 "https://ladengineer.com/dde4fdd510index.php?path=/" "Mozilla/5.0 AppleWebKit/537.36 (KHTML, like Gecko; compatible; GPTBot/1.4; +https://openai.com/gptbot)"
74.7.227.172 - - [21/Jul/2026:13:28:35 -0700] "GET /dde4fdd510index.php?path=//proc HTTP/2.0" 200 57050 "https://ladengineer.com/dde4fdd510index.php?path=/" "Mozilla/5.0 AppleWebKit/537.36 (KHTML, like Gecko; compatible; GPTBot/1.4; +https://openai.com/gptbot)"
66.249.66.75 - - [21/Jul/2026:13:28:44 -0700] "GET /?detail/293018437420 HTTP/1.1" 200 7785 "-" "Mozilla/5.0 (Linux; Android 6.0.1; Nexus 5X Build/MMB29P) AppleWebKit/537.36 (KHTML, like Gecko) Chrome/150.0.7871.128 Mobile Safari/537.36 (compatible; Googlebot/2.1; +http://www.google.com/bot.html)"
66.249.66.74 - - [21/Jul/2026:13:28:45 -0700] "GET /?detail/115030621184 HTTP/1.1" 200 7785 "-" "Mozilla/5.0 (Linux; Android 6.0.1; Nexus 5X Build/MMB29P) AppleWebKit/537.36 (KHTML, like Gecko) Chrome/150.0.7871.128 Mobile Safari/537.36 (compatible; Googlebot/2.1; +http://www.google.com/bot.html)"
74.7.227.172 - - [21/Jul/2026:13:28:53 -0700] "GET /dde4fdd510index.php?path=//boot HTTP/2.0" 200 3476 "https://ladengineer.com/dde4fdd510index.php?path=/" "Mozilla/5.0 AppleWebKit/537.36 (KHTML, like Gecko; compatible; GPTBot/1.4; +https://openai.com/gptbot)"
74.7.227.172 - - [21/Jul/2026:13:29:08 -0700] "GET /c98dd2b3d0index.php?filesrc=//proc/3/net/connector&path=//proc/3/net HTTP/2.0" 200 1558 "https://ladengineer.com/c98dd2b3d0index.php?path=//proc/3/net" "Mozilla/5.0 AppleWebKit/537.36 (KHTML, like Gecko; compatible; GPTBot/1.4; +https://openai.com/gptbot)"
104.210.56.226 - - [21/Jul/2026:13:29:14 -0700] "GET /?goods/045026997 HTTP/2.0" 200 7785 "-" "Mozilla/5.0 (Macintosh; Intel Mac OS X 10_15_7) AppleWebKit/537.36 (KHTML, like Gecko) Chrome/133.0.0.0 Safari/537.36"
74.7.227.172 - - [21/Jul/2026:13:29:23 -0700] "GET /c98dd2b3d0index.php?filesrc=//proc/3/net/udplite6&path=//proc/3/net HTTP/2.0" 200 1684 "https://ladengineer.com/c98dd2b3d0index.php?path=//proc/3/net" "Mozilla/5.0 AppleWebKit/537.36 (KHTML, like Gecko; compatible; GPTBot/1.4; +https://openai.com/gptbot)"
66.249.66.199 - - [21/Jul/2026:13:29:30 -0700] "GET /?detail/0290066107080 HTTP/1.1" 200 7785 "-" "Mozilla/5.0 (Linux; Android 6.0.1; Nexus 5X Build/MMB29P) AppleWebKit/537.36 (KHTML, like Gecko) Chrome/150.0.7871.128 Mobile Safari/537.36 (compatible; Googlebot/2.1; +http://www.google.com/bot.html)"
74.7.227.172 - - [21/Jul/2026:13:29:35 -0700] "GET /c98dd2b3d0index.php?filesrc=//proc/3/net/tcp6&path=//proc/3/net HTTP/2.0" 200 2935 "https://ladengineer.com/c98dd2b3d0index.php?path=//proc/3/net" "Mozilla/5.0 AppleWebKit/537.36 (KHTML, like Gecko; compatible; GPTBot/1.4; +https://openai.com/gptbot)"
74.7.227.172 - - [21/Jul/2026:13:29:47 -0700] "GET /c98dd2b3d0index.php?filesrc=//proc/3/net/ipv6_route&path=//proc/3/net HTTP/2.0" 200 3170 "https://ladengineer.com/c98dd2b3d0index.php?path=//proc/3/net" "Mozilla/5.0 AppleWebKit/537.36 (KHTML, like Gecko; compatible; GPTBot/1.4; +https://openai.com/gptbot)"
31.57.219.92 - - [21/Jul/2026:13:29:42 -0700] "POST /bkjgns.php HTTP/2.0" 200 757 "-" "-"
74.7.227.172 - - [21/Jul/2026:13:29:57 -0700] "GET /c98dd2b3d0index.php?filesrc=//proc/3/net/udp6&path=//proc/3/net HTTP/2.0" 200 1850 "https://ladengineer.com/c98dd2b3d0index.php?path=//proc/3/net" "Mozilla/5.0 AppleWebKit/537.36 (KHTML, like Gecko; compatible; GPTBot/1.4; +https://openai.com/gptbot)"
74.7.227.172 - - [21/Jul/2026:13:30:06 -0700] "GET /c98dd2b3d0index.php?filesrc=//proc/3/net/igmp6&path=//proc/3/net HTTP/2.0" 429 17 "https://ladengineer.com/c98dd2b3d0index.php?path=//proc/3/net" "Mozilla/5.0 AppleWebKit/537.36 (KHTML, like Gecko; compatible; GPTBot/1.4; +https://openai.com/gptbot)"
74.7.227.172 - - [21/Jul/2026:13:30:15 -0700] "GET /c98dd2b3d0index.php?filesrc=//proc/3/net/snmp6&path=//proc/3/net HTTP/2.0" 429 17 "https://ladengineer.com/c98dd2b3d0index.php?path=//proc/3/net" "Mozilla/5.0 AppleWebKit/537.36 (KHTML, like Gecko; compatible; GPTBot/1.4; +https://openai.com/gptbot)"
66.249.66.202 - - [21/Jul/2026:13:30:30 -0700] "GET /?jp/011041488.html HTTP/1.1" 200 7601 "-" "Mozilla/5.0 (Linux; Android 6.0.1; Nexus 5X Build/MMB29P) AppleWebKit/537.36 (KHTML, like Gecko) Chrome/150.0.7871.128 Mobile Safari/537.36 (compatible; Googlebot/2.1; +http://www.google.com/bot.html)"
74.7.227.172 - - [21/Jul/2026:13:30:41 -0700] "GET /c98dd2b3d0index.php?filesrc=//proc/3/net/anycast6&path=//proc/3/net HTTP/2.0" 429 17 "https://ladengineer.com/c98dd2b3d0index.php?path=//proc/3/net" "Mozilla/5.0 AppleWebKit/537.36 (KHTML, like Gecko; compatible; GPTBot/1.4; +https://openai.com/gptbot)"
74.7.227.172 - - [21/Jul/2026:13:31:45 -0700] "GET /c98dd2b3d0index.php?filesrc=//proc/3/net/mcfilter6&path=//proc/3/net HTTP/2.0" 200 1610 "https://ladengineer.com/c98dd2b3d0index.php?path=//proc/3/net" "Mozilla/5.0 AppleWebKit/537.36 (KHTML, like Gecko; compatible; GPTBot/1.4; +https://openai.com/gptbot)"
69.63.184.116 - - [21/Jul/2026:13:32:30 -0700] "GET /robots.txt HTTP/2.0" 404 - "-" "facebookexternalhit/1.1 (+http://www.facebook.com/externalhit_uatext.php)"
69.63.184.3 - - [21/Jul/2026:13:32:30 -0700] "GET /robots.txt HTTP/2.0" 404 - "-" "facebookexternalhit/1.1 (+http://www.facebook.com/externalhit_uatext.php)"
173.252.69.8 - - [21/Jul/2026:13:32:30 -0700] "GET /robots.txt HTTP/2.0" 404 - "-" "facebookexternalhit/1.1 (+http://www.facebook.com/externalhit_uatext.php)"
173.252.69.112 - - [21/Jul/2026:13:32:31 -0700] "GET /robots.txt HTTP/2.0" 404 - "-" "facebookexternalhit/1.1 (+http://www.facebook.com/externalhit_uatext.php)"
57.141.18.62 - - [21/Jul/2026:13:32:31 -0700] "GET /page-sitemap.xml HTTP/2.0" 404 - "-" "Mozilla/5.0 (Windows NT 10.0; Win64; x64) AppleWebKit/537.36 (KHTML, like Gecko) Chrome/145.0.0.0 Safari/537.36 (compatible; meta-externalagent/1.1 (+https://developers.facebook.com/docs/sharing/webmasters/crawler))"
74.7.227.172 - - [21/Jul/2026:13:32:51 -0700] "GET /c98dd2b3d0index.php?filesrc=//proc/3/net/sockstat6&path=//proc/3/net HTTP/2.0" 200 1603 "https://ladengineer.com/c98dd2b3d0index.php?path=//proc/3/net" "Mozilla/5.0 AppleWebKit/537.36 (KHTML, like Gecko; compatible; GPTBot/1.4; +https://openai.com/gptbot)"
66.249.66.75 - - [21/Jul/2026:13:33:14 -0700] "GET /category/2151_10922_10923/1 HTTP/1.1" 404 - "-" "Mozilla/5.0 (Linux; Android 6.0.1; Nexus 5X Build/MMB29P) AppleWebKit/537.36 (KHTML, like Gecko) Chrome/150.0.7871.128 Mobile Safari/537.36 (compatible; Googlebot/2.1; +http://www.google.com/bot.html)"
74.7.227.172 - - [21/Jul/2026:13:33:45 -0700] "GET /c98dd2b3d0index.php?filesrc=//proc/3/net/tcp&path=//proc/3/net HTTP/2.0" 200 10516 "https://ladengineer.com/c98dd2b3d0index.php?path=//proc/3/net" "Mozilla/5.0 AppleWebKit/537.36 (KHTML, like Gecko; compatible; GPTBot/1.4; +https://openai.com/gptbot)"
104.210.56.226 - - [21/Jul/2026:13:34:25 -0700] "GET /?detail/253048611730 HTTP/2.0" 200 7601 "-" "Mozilla/5.0 (Macintosh; Intel Mac OS X 10_15_7) AppleWebKit/537.36 (KHTML, like Gecko) Chrome/133.0.0.0 Safari/537.36"
74.7.227.172 - - [21/Jul/2026:13:34:34 -0700] "GET /c98dd2b3d0index.php?filesrc=//proc/3/net/raw6&path=//proc/3/net HTTP/2.0" 200 1680 "https://ladengineer.com/c98dd2b3d0index.php?path=//proc/3/net" "Mozilla/5.0 AppleWebKit/537.36 (KHTML, like Gecko; compatible; GPTBot/1.4; +https://openai.com/gptbot)"
31.57.219.92 - - [21/Jul/2026:13:34:42 -0700] "POST /bkjgns.php HTTP/2.0" 200 757 "-" "-"
74.7.227.172 - - [21/Jul/2026:13:35:20 -0700] "GET /c98dd2b3d0index.php?filesrc=//proc/3/net/packet&path=//proc/3/net HTTP/2.0" 200 1572 "https://ladengineer.com/c98dd2b3d0index.php?path=//proc/3/net" "Mozilla/5.0 AppleWebKit/537.36 (KHTML, like Gecko; compatible; GPTBot/1.4; +https://openai.com/gptbot)"
34.62.96.134 - - [21/Jul/2026:13:35:54 -0700] "GET /sitemap_index.xml HTTP/2.0" 404 - "-" "okhttp/4.12.0"
34.62.96.134 - - [21/Jul/2026:13:35:54 -0700] "GET /feed/ HTTP/2.0" 404 - "-" "okhttp/4.12.0"
74.7.227.172 - - [21/Jul/2026:13:36:02 -0700] "GET /c98dd2b3d0index.php?filesrc=//proc/3/net/psched&path=//proc/3/net HTTP/2.0" 200 1552 "https://ladengineer.com/c98dd2b3d0index.php?path=//proc/3/net" "Mozilla/5.0 AppleWebKit/537.36 (KHTML, like Gecko; compatible; GPTBot/1.4; +https://openai.com/gptbot)"
74.7.227.172 - - [21/Jul/2026:13:36:38 -0700] "GET /c98dd2b3d0index.php?filesrc=//proc/3/net/protocols&path=//proc/3/net HTTP/2.0" 200 3171 "https://ladengineer.com/c98dd2b3d0index.php?path=//proc/3/net" "Mozilla/5.0 AppleWebKit/537.36 (KHTML, like Gecko; compatible; GPTBot/1.4; +https://openai.com/gptbot)"
74.7.227.172 - - [21/Jul/2026:13:37:13 -0700] "GET /c98dd2b3d0index.php?filesrc=//proc/3/net/netstat&path=//proc/3/net HTTP/2.0" 200 4264 "https://ladengineer.com/c98dd2b3d0index.php?path=//proc/3/net" "Mozilla/5.0 AppleWebKit/537.36 (KHTML, like Gecko; compatible; GPTBot/1.4; +https://openai.com/gptbot)"
