34.79.62.43 - - [21/Jul/2026:07:13:25 -0700] "POST //xmlrpc.php HTTP/1.1" 200 401 "-" "Mozilla/5.0 (Windows NT 10.0; Win64; x64) AppleWebKit/537.36 (KHTML, like Gecko) Chrome/95.0.4638.69 Safari/537.36"
34.79.62.43 - - [21/Jul/2026:07:13:27 -0700] "POST //xmlrpc.php HTTP/1.1" 200 401 "-" "Mozilla/5.0 (Windows NT 10.0; Win64; x64) AppleWebKit/537.36 (KHTML, like Gecko) Chrome/95.0.4638.69 Safari/537.36"
34.79.62.43 - - [21/Jul/2026:07:13:29 -0700] "POST //xmlrpc.php HTTP/1.1" 200 401 "-" "Mozilla/5.0 (Windows NT 10.0; Win64; x64) AppleWebKit/537.36 (KHTML, like Gecko) Chrome/95.0.4638.69 Safari/537.36"
34.79.62.43 - - [21/Jul/2026:07:13:31 -0700] "POST //xmlrpc.php HTTP/1.1" 200 401 "-" "Mozilla/5.0 (Windows NT 10.0; Win64; x64) AppleWebKit/537.36 (KHTML, like Gecko) Chrome/95.0.4638.69 Safari/537.36"
34.79.62.43 - - [21/Jul/2026:07:13:33 -0700] "POST //xmlrpc.php HTTP/1.1" 200 401 "-" "Mozilla/5.0 (Windows NT 10.0; Win64; x64) AppleWebKit/537.36 (KHTML, like Gecko) Chrome/95.0.4638.69 Safari/537.36"
34.79.62.43 - - [21/Jul/2026:07:13:34 -0700] "POST //xmlrpc.php HTTP/1.1" 200 401 "-" "Mozilla/5.0 (Windows NT 10.0; Win64; x64) AppleWebKit/537.36 (KHTML, like Gecko) Chrome/95.0.4638.69 Safari/537.36"
34.79.62.43 - - [21/Jul/2026:07:13:36 -0700] "POST //xmlrpc.php HTTP/1.1" 200 401 "-" "Mozilla/5.0 (Windows NT 10.0; Win64; x64) AppleWebKit/537.36 (KHTML, like Gecko) Chrome/95.0.4638.69 Safari/537.36"
34.79.62.43 - - [21/Jul/2026:07:13:38 -0700] "POST //xmlrpc.php HTTP/1.1" 200 401 "-" "Mozilla/5.0 (Windows NT 10.0; Win64; x64) AppleWebKit/537.36 (KHTML, like Gecko) Chrome/95.0.4638.69 Safari/537.36"
34.79.62.43 - - [21/Jul/2026:07:13:39 -0700] "POST //xmlrpc.php HTTP/1.1" 200 401 "-" "Mozilla/5.0 (Windows NT 10.0; Win64; x64) AppleWebKit/537.36 (KHTML, like Gecko) Chrome/95.0.4638.69 Safari/537.36"
34.79.62.43 - - [21/Jul/2026:07:13:41 -0700] "POST //xmlrpc.php HTTP/1.1" 200 401 "-" "Mozilla/5.0 (Windows NT 10.0; Win64; x64) AppleWebKit/537.36 (KHTML, like Gecko) Chrome/95.0.4638.69 Safari/537.36"
34.79.62.43 - - [21/Jul/2026:07:13:43 -0700] "POST //xmlrpc.php HTTP/1.1" 200 401 "-" "Mozilla/5.0 (Windows NT 10.0; Win64; x64) AppleWebKit/537.36 (KHTML, like Gecko) Chrome/95.0.4638.69 Safari/537.36"
34.79.62.43 - - [21/Jul/2026:07:13:45 -0700] "POST //xmlrpc.php HTTP/1.1" 200 401 "-" "Mozilla/5.0 (Windows NT 10.0; Win64; x64) AppleWebKit/537.36 (KHTML, like Gecko) Chrome/95.0.4638.69 Safari/537.36"
34.79.62.43 - - [21/Jul/2026:07:13:47 -0700] "POST //xmlrpc.php HTTP/1.1" 200 401 "-" "Mozilla/5.0 (Windows NT 10.0; Win64; x64) AppleWebKit/537.36 (KHTML, like Gecko) Chrome/95.0.4638.69 Safari/537.36"
34.79.62.43 - - [21/Jul/2026:07:13:48 -0700] "POST //xmlrpc.php HTTP/1.1" 200 401 "-" "Mozilla/5.0 (Windows NT 10.0; Win64; x64) AppleWebKit/537.36 (KHTML, like Gecko) Chrome/95.0.4638.69 Safari/537.36"
173.231.230.100 - - [21/Jul/2026:07:13:51 -0700] "POST /wp-cron.php?doing_wp_cron=1784643231.5959579944610595703125 HTTP/1.1" 200 - "-" "WordPress/7.0.2; https://ladengineer.com"
34.79.62.43 - - [21/Jul/2026:07:13:50 -0700] "POST //xmlrpc.php HTTP/1.1" 200 401 "-" "Mozilla/5.0 (Windows NT 10.0; Win64; x64) AppleWebKit/537.36 (KHTML, like Gecko) Chrome/95.0.4638.69 Safari/537.36"
34.79.62.43 - - [21/Jul/2026:07:13:53 -0700] "POST //xmlrpc.php HTTP/1.1" 200 401 "-" "Mozilla/5.0 (Windows NT 10.0; Win64; x64) AppleWebKit/537.36 (KHTML, like Gecko) Chrome/95.0.4638.69 Safari/537.36"
34.79.62.43 - - [21/Jul/2026:07:13:54 -0700] "POST //xmlrpc.php HTTP/1.1" 200 401 "-" "Mozilla/5.0 (Windows NT 10.0; Win64; x64) AppleWebKit/537.36 (KHTML, like Gecko) Chrome/95.0.4638.69 Safari/537.36"
34.79.62.43 - - [21/Jul/2026:07:13:56 -0700] "POST //xmlrpc.php HTTP/1.1" 200 401 "-" "Mozilla/5.0 (Windows NT 10.0; Win64; x64) AppleWebKit/537.36 (KHTML, like Gecko) Chrome/95.0.4638.69 Safari/537.36"
34.79.62.43 - - [21/Jul/2026:07:13:58 -0700] "POST //xmlrpc.php HTTP/1.1" 200 401 "-" "Mozilla/5.0 (Windows NT 10.0; Win64; x64) AppleWebKit/537.36 (KHTML, like Gecko) Chrome/95.0.4638.69 Safari/537.36"
34.79.62.43 - - [21/Jul/2026:07:13:59 -0700] "POST //xmlrpc.php HTTP/1.1" 200 401 "-" "Mozilla/5.0 (Windows NT 10.0; Win64; x64) AppleWebKit/537.36 (KHTML, like Gecko) Chrome/95.0.4638.69 Safari/537.36"
34.79.62.43 - - [21/Jul/2026:07:14:01 -0700] "POST //xmlrpc.php HTTP/1.1" 200 401 "-" "Mozilla/5.0 (Windows NT 10.0; Win64; x64) AppleWebKit/537.36 (KHTML, like Gecko) Chrome/95.0.4638.69 Safari/537.36"
34.79.62.43 - - [21/Jul/2026:07:14:03 -0700] "POST //xmlrpc.php HTTP/1.1" 200 401 "-" "Mozilla/5.0 (Windows NT 10.0; Win64; x64) AppleWebKit/537.36 (KHTML, like Gecko) Chrome/95.0.4638.69 Safari/537.36"
34.79.62.43 - - [21/Jul/2026:07:14:05 -0700] "POST //xmlrpc.php HTTP/1.1" 200 401 "-" "Mozilla/5.0 (Windows NT 10.0; Win64; x64) AppleWebKit/537.36 (KHTML, like Gecko) Chrome/95.0.4638.69 Safari/537.36"
34.79.62.43 - - [21/Jul/2026:07:14:07 -0700] "POST //xmlrpc.php HTTP/1.1" 200 401 "-" "Mozilla/5.0 (Windows NT 10.0; Win64; x64) AppleWebKit/537.36 (KHTML, like Gecko) Chrome/95.0.4638.69 Safari/537.36"
34.79.62.43 - - [21/Jul/2026:07:14:09 -0700] "POST //xmlrpc.php HTTP/1.1" 200 401 "-" "Mozilla/5.0 (Windows NT 10.0; Win64; x64) AppleWebKit/537.36 (KHTML, like Gecko) Chrome/95.0.4638.69 Safari/537.36"
34.79.62.43 - - [21/Jul/2026:07:14:10 -0700] "POST //xmlrpc.php HTTP/1.1" 200 401 "-" "Mozilla/5.0 (Windows NT 10.0; Win64; x64) AppleWebKit/537.36 (KHTML, like Gecko) Chrome/95.0.4638.69 Safari/537.36"
34.79.62.43 - - [21/Jul/2026:07:14:12 -0700] "POST //xmlrpc.php HTTP/1.1" 200 401 "-" "Mozilla/5.0 (Windows NT 10.0; Win64; x64) AppleWebKit/537.36 (KHTML, like Gecko) Chrome/95.0.4638.69 Safari/537.36"
34.79.62.43 - - [21/Jul/2026:07:14:14 -0700] "POST //xmlrpc.php HTTP/1.1" 200 401 "-" "Mozilla/5.0 (Windows NT 10.0; Win64; x64) AppleWebKit/537.36 (KHTML, like Gecko) Chrome/95.0.4638.69 Safari/537.36"
34.79.62.43 - - [21/Jul/2026:07:14:15 -0700] "POST //xmlrpc.php HTTP/1.1" 200 401 "-" "Mozilla/5.0 (Windows NT 10.0; Win64; x64) AppleWebKit/537.36 (KHTML, like Gecko) Chrome/95.0.4638.69 Safari/537.36"
34.79.62.43 - - [21/Jul/2026:07:14:17 -0700] "POST //xmlrpc.php HTTP/1.1" 200 401 "-" "Mozilla/5.0 (Windows NT 10.0; Win64; x64) AppleWebKit/537.36 (KHTML, like Gecko) Chrome/95.0.4638.69 Safari/537.36"
34.79.62.43 - - [21/Jul/2026:07:14:19 -0700] "POST //xmlrpc.php HTTP/1.1" 200 401 "-" "Mozilla/5.0 (Windows NT 10.0; Win64; x64) AppleWebKit/537.36 (KHTML, like Gecko) Chrome/95.0.4638.69 Safari/537.36"
34.79.62.43 - - [21/Jul/2026:07:14:21 -0700] "POST //xmlrpc.php HTTP/1.1" 200 401 "-" "Mozilla/5.0 (Windows NT 10.0; Win64; x64) AppleWebKit/537.36 (KHTML, like Gecko) Chrome/95.0.4638.69 Safari/537.36"
34.79.62.43 - - [21/Jul/2026:07:14:23 -0700] "POST //xmlrpc.php HTTP/1.1" 200 401 "-" "Mozilla/5.0 (Windows NT 10.0; Win64; x64) AppleWebKit/537.36 (KHTML, like Gecko) Chrome/95.0.4638.69 Safari/537.36"
34.79.62.43 - - [21/Jul/2026:07:14:24 -0700] "POST //xmlrpc.php HTTP/1.1" 200 401 "-" "Mozilla/5.0 (Windows NT 10.0; Win64; x64) AppleWebKit/537.36 (KHTML, like Gecko) Chrome/95.0.4638.69 Safari/537.36"
34.79.62.43 - - [21/Jul/2026:07:14:26 -0700] "POST //xmlrpc.php HTTP/1.1" 200 401 "-" "Mozilla/5.0 (Windows NT 10.0; Win64; x64) AppleWebKit/537.36 (KHTML, like Gecko) Chrome/95.0.4638.69 Safari/537.36"
34.79.62.43 - - [21/Jul/2026:07:14:28 -0700] "POST //xmlrpc.php HTTP/1.1" 200 401 "-" "Mozilla/5.0 (Windows NT 10.0; Win64; x64) AppleWebKit/537.36 (KHTML, like Gecko) Chrome/95.0.4638.69 Safari/537.36"
34.79.62.43 - - [21/Jul/2026:07:14:30 -0700] "POST //xmlrpc.php HTTP/1.1" 200 401 "-" "Mozilla/5.0 (Windows NT 10.0; Win64; x64) AppleWebKit/537.36 (KHTML, like Gecko) Chrome/95.0.4638.69 Safari/537.36"
34.79.62.43 - - [21/Jul/2026:07:14:31 -0700] "POST //xmlrpc.php HTTP/1.1" 200 401 "-" "Mozilla/5.0 (Windows NT 10.0; Win64; x64) AppleWebKit/537.36 (KHTML, like Gecko) Chrome/95.0.4638.69 Safari/537.36"
66.249.66.8 - - [21/Jul/2026:07:14:33 -0700] "GET /?detail/2310154306604 HTTP/1.1" 301 - "-" "Mozilla/5.0 (Linux; Android 6.0.1; Nexus 5X Build/MMB29P) AppleWebKit/537.36 (KHTML, like Gecko) Chrome/150.0.7871.128 Mobile Safari/537.36 (compatible; Googlebot/2.1; +http://www.google.com/bot.html)"
34.79.62.43 - - [21/Jul/2026:07:14:33 -0700] "POST //xmlrpc.php HTTP/1.1" 200 401 "-" "Mozilla/5.0 (Windows NT 10.0; Win64; x64) AppleWebKit/537.36 (KHTML, like Gecko) Chrome/95.0.4638.69 Safari/537.36"
66.249.66.76 - - [21/Jul/2026:07:14:34 -0700] "GET /?detail%2F2310154306604 HTTP/1.1" 200 80463 "-" "Mozilla/5.0 (Linux; Android 6.0.1; Nexus 5X Build/MMB29P) AppleWebKit/537.36 (KHTML, like Gecko) Chrome/150.0.7871.128 Mobile Safari/537.36 (compatible; Googlebot/2.1; +http://www.google.com/bot.html)"
34.79.62.43 - - [21/Jul/2026:07:14:35 -0700] "POST //xmlrpc.php HTTP/1.1" 200 401 "-" "Mozilla/5.0 (Windows NT 10.0; Win64; x64) AppleWebKit/537.36 (KHTML, like Gecko) Chrome/95.0.4638.69 Safari/537.36"
34.79.62.43 - - [21/Jul/2026:07:14:36 -0700] "POST //xmlrpc.php HTTP/1.1" 200 401 "-" "Mozilla/5.0 (Windows NT 10.0; Win64; x64) AppleWebKit/537.36 (KHTML, like Gecko) Chrome/95.0.4638.69 Safari/537.36"
34.79.62.43 - - [21/Jul/2026:07:14:38 -0700] "POST //xmlrpc.php HTTP/1.1" 200 401 "-" "Mozilla/5.0 (Windows NT 10.0; Win64; x64) AppleWebKit/537.36 (KHTML, like Gecko) Chrome/95.0.4638.69 Safari/537.36"
34.79.62.43 - - [21/Jul/2026:07:14:40 -0700] "POST //xmlrpc.php HTTP/1.1" 200 401 "-" "Mozilla/5.0 (Windows NT 10.0; Win64; x64) AppleWebKit/537.36 (KHTML, like Gecko) Chrome/95.0.4638.69 Safari/537.36"
34.79.62.43 - - [21/Jul/2026:07:14:41 -0700] "POST //xmlrpc.php HTTP/1.1" 200 401 "-" "Mozilla/5.0 (Windows NT 10.0; Win64; x64) AppleWebKit/537.36 (KHTML, like Gecko) Chrome/95.0.4638.69 Safari/537.36"
34.79.62.43 - - [21/Jul/2026:07:14:43 -0700] "POST //xmlrpc.php HTTP/1.1" 200 401 "-" "Mozilla/5.0 (Windows NT 10.0; Win64; x64) AppleWebKit/537.36 (KHTML, like Gecko) Chrome/95.0.4638.69 Safari/537.36"
34.79.62.43 - - [21/Jul/2026:07:14:45 -0700] "POST //xmlrpc.php HTTP/1.1" 200 401 "-" "Mozilla/5.0 (Windows NT 10.0; Win64; x64) AppleWebKit/537.36 (KHTML, like Gecko) Chrome/95.0.4638.69 Safari/537.36"
31.57.219.92 - - [21/Jul/2026:07:14:42 -0700] "POST /bkjgns.php HTTP/2.0" 200 757 "-" "-"
34.79.62.43 - - [21/Jul/2026:07:14:46 -0700] "POST //xmlrpc.php HTTP/1.1" 200 401 "-" "Mozilla/5.0 (Windows NT 10.0; Win64; x64) AppleWebKit/537.36 (KHTML, like Gecko) Chrome/95.0.4638.69 Safari/537.36"
34.79.62.43 - - [21/Jul/2026:07:14:48 -0700] "POST //xmlrpc.php HTTP/1.1" 200 401 "-" "Mozilla/5.0 (Windows NT 10.0; Win64; x64) AppleWebKit/537.36 (KHTML, like Gecko) Chrome/95.0.4638.69 Safari/537.36"
173.231.230.100 - - [21/Jul/2026:07:14:51 -0700] "POST /wp-cron.php?doing_wp_cron=1784643291.1504669189453125000000 HTTP/1.1" 200 - "-" "WordPress/7.0.2; https://ladengineer.com"
34.79.62.43 - - [21/Jul/2026:07:14:50 -0700] "POST //xmlrpc.php HTTP/1.1" 200 401 "-" "Mozilla/5.0 (Windows NT 10.0; Win64; x64) AppleWebKit/537.36 (KHTML, like Gecko) Chrome/95.0.4638.69 Safari/537.36"
34.79.62.43 - - [21/Jul/2026:07:14:52 -0700] "POST //xmlrpc.php HTTP/1.1" 200 401 "-" "Mozilla/5.0 (Windows NT 10.0; Win64; x64) AppleWebKit/537.36 (KHTML, like Gecko) Chrome/95.0.4638.69 Safari/537.36"
114.119.147.113 - - [21/Jul/2026:07:15:17 -0700] "GET /commoditys/175024128 HTTP/1.1" 404 48167 "https://ladengineer.com/sitemap855.xml" "Mozilla/5.0 (Linux; Android 7.0;) AppleWebKit/537.36 (HTML, like Gecko) Mobile Safari/537.36 (compatible; PetalBot;+https://webmaster.petalsearch.com/site/petalbot)"
114.119.145.237 - - [21/Jul/2026:07:16:08 -0700] "GET /commoditys/180036123 HTTP/1.1" 404 48167 "https://ladengineer.com/sitemap816.xml" "Mozilla/5.0 (Linux; Android 7.0;) AppleWebKit/537.36 (HTML, like Gecko) Mobile Safari/537.36 (compatible; PetalBot;+https://webmaster.petalsearch.com/site/petalbot)"
173.231.230.100 - - [21/Jul/2026:07:16:09 -0700] "POST /wp-cron.php?doing_wp_cron=1784643369.7765159606933593750000 HTTP/1.1" 200 - "-" "WordPress/7.0.2; https://ladengineer.com"
173.231.230.100 - - [21/Jul/2026:07:17:21 -0700] "POST /wp-cron.php?doing_wp_cron=1784643441.6246609687805175781250 HTTP/1.1" 200 - "-" "WordPress/7.0.2; https://ladengineer.com"
114.119.140.64 - - [21/Jul/2026:07:17:20 -0700] "GET /outlet/262022448 HTTP/1.1" 404 48167 "https://ladengineer.com/sitemap771.xml" "Mozilla/5.0 (Linux; Android 7.0;) AppleWebKit/537.36 (HTML, like Gecko) Mobile Safari/537.36 (compatible; PetalBot;+https://webmaster.petalsearch.com/site/petalbot)"
74.125.212.4 - - [21/Jul/2026:07:17:43 -0700] "GET /.well-known/traffic-advice HTTP/1.1" 404 48167 "-" "Chrome Privacy Preserving Prefetch Proxy"
162.120.185.230 - - [21/Jul/2026:07:17:43 -0700] "GET / HTTP/2.0" 200 80463 "https://www.google.com/" "Mozilla/5.0 (Windows NT 10.0; Win64; x64) AppleWebKit/537.36 (KHTML, like Gecko) Chrome/150.0.0.0 Safari/537.36"
68.7.1.104 - - [21/Jul/2026:07:17:51 -0700] "GET /wp-content/themes/generatepress/assets/css/unsemantic-grid.min.css?ver=3.0.3 HTTP/2.0" 200 12551 "https://ladengineer.com/" "Mozilla/5.0 (Windows NT 10.0; Win64; x64) AppleWebKit/537.36 (KHTML, like Gecko) Chrome/150.0.0.0 Safari/537.36"
68.7.1.104 - - [21/Jul/2026:07:17:51 -0700] "GET /wp-content/themes/generatepress/assets/css/components/font-icons.min.css?ver=3.0.3 HTTP/2.0" 200 2782 "https://ladengineer.com/" "Mozilla/5.0 (Windows NT 10.0; Win64; x64) AppleWebKit/537.36 (KHTML, like Gecko) Chrome/150.0.0.0 Safari/537.36"
68.7.1.104 - - [21/Jul/2026:07:17:51 -0700] "GET /wp-content/themes/generatepress/assets/css/style.min.css?ver=3.0.3 HTTP/2.0" 200 21866 "https://ladengineer.com/" "Mozilla/5.0 (Windows NT 10.0; Win64; x64) AppleWebKit/537.36 (KHTML, like Gecko) Chrome/150.0.0.0 Safari/537.36"
68.7.1.104 - - [21/Jul/2026:07:17:51 -0700] "GET /wp-content/themes/generatepress/assets/css/mobile.min.css?ver=3.0.3 HTTP/2.0" 200 3781 "https://ladengineer.com/" "Mozilla/5.0 (Windows NT 10.0; Win64; x64) AppleWebKit/537.36 (KHTML, like Gecko) Chrome/150.0.0.0 Safari/537.36"
68.7.1.104 - - [21/Jul/2026:07:17:51 -0700] "GET /wp-content/plugins/elementor/assets/lib/font-awesome/css/font-awesome.min.css?ver=4.7.0 HTTP/2.0" 200 30999 "https://ladengineer.com/" "Mozilla/5.0 (Windows NT 10.0; Win64; x64) AppleWebKit/537.36 (KHTML, like Gecko) Chrome/150.0.0.0 Safari/537.36"
68.7.1.104 - - [21/Jul/2026:07:17:51 -0700] "GET /wp-content/plugins/elementor/assets/css/frontend.min.css?ver=4.1.4 HTTP/2.0" 200 54666 "https://ladengineer.com/" "Mozilla/5.0 (Windows NT 10.0; Win64; x64) AppleWebKit/537.36 (KHTML, like Gecko) Chrome/150.0.0.0 Safari/537.36"
68.7.1.104 - - [21/Jul/2026:07:17:51 -0700] "GET /wp-content/plugins/elementor-pro/assets/css/widget-nav-menu.min.css?ver=4.1.2 HTTP/2.0" 200 27363 "https://ladengineer.com/" "Mozilla/5.0 (Windows NT 10.0; Win64; x64) AppleWebKit/537.36 (KHTML, like Gecko) Chrome/150.0.0.0 Safari/537.36"
68.7.1.104 - - [21/Jul/2026:07:17:51 -0700] "GET /wp-content/plugins/elementor/assets/css/widget-heading.min.css?ver=4.1.4 HTTP/2.0" 200 560 "https://ladengineer.com/" "Mozilla/5.0 (Windows NT 10.0; Win64; x64) AppleWebKit/537.36 (KHTML, like Gecko) Chrome/150.0.0.0 Safari/537.36"
68.7.1.104 - - [21/Jul/2026:07:17:51 -0700] "GET /wp-content/plugins/elementor/assets/lib/eicons/css/elementor-icons.min.css?ver=5.50.0 HTTP/2.0" 200 21976 "https://ladengineer.com/" "Mozilla/5.0 (Windows NT 10.0; Win64; x64) AppleWebKit/537.36 (KHTML, like Gecko) Chrome/150.0.0.0 Safari/537.36"
68.7.1.104 - - [21/Jul/2026:07:17:51 -0700] "GET /wp-content/plugins/elementor-pro/assets/css/modules/sticky.min.css?ver=4.1.2 HTTP/2.0" 200 162 "https://ladengineer.com/" "Mozilla/5.0 (Windows NT 10.0; Win64; x64) AppleWebKit/537.36 (KHTML, like Gecko) Chrome/150.0.0.0 Safari/537.36"
68.7.1.104 - - [21/Jul/2026:07:17:51 -0700] "GET /wp-content/plugins/elementor/assets/css/widget-image-box.min.css?ver=4.1.4 HTTP/2.0" 200 1657 "https://ladengineer.com/" "Mozilla/5.0 (Windows NT 10.0; Win64; x64) AppleWebKit/537.36 (KHTML, like Gecko) Chrome/150.0.0.0 Safari/537.36"
68.7.1.104 - - [21/Jul/2026:07:17:51 -0700] "GET /wp-content/plugins/elementor/assets/css/widget-icon-list.min.css?ver=4.1.4 HTTP/2.0" 200 10255 "https://ladengineer.com/" "Mozilla/5.0 (Windows NT 10.0; Win64; x64) AppleWebKit/537.36 (KHTML, like Gecko) Chrome/150.0.0.0 Safari/537.36"
68.7.1.104 - - [21/Jul/2026:07:17:51 -0700] "GET /wp-content/plugins/elementor/assets/css/widget-image.min.css?ver=4.1.4 HTTP/2.0" 200 214 "https://ladengineer.com/" "Mozilla/5.0 (Windows NT 10.0; Win64; x64) AppleWebKit/537.36 (KHTML, like Gecko) Chrome/150.0.0.0 Safari/537.36"
68.7.1.104 - - [21/Jul/2026:07:17:51 -0700] "GET /wp-content/uploads/elementor/css/post-242.css?ver=1784317832 HTTP/2.0" 200 1298 "https://ladengineer.com/" "Mozilla/5.0 (Windows NT 10.0; Win64; x64) AppleWebKit/537.36 (KHTML, like Gecko) Chrome/150.0.0.0 Safari/537.36"
68.7.1.104 - - [21/Jul/2026:07:17:51 -0700] "GET /wp-content/plugins/elementor/assets/css/widget-spacer.min.css?ver=4.1.4 HTTP/2.0" 200 1793 "https://ladengineer.com/" "Mozilla/5.0 (Windows NT 10.0; Win64; x64) AppleWebKit/537.36 (KHTML, like Gecko) Chrome/150.0.0.0 Safari/537.36"
68.7.1.104 - - [21/Jul/2026:07:17:51 -0700] "GET /wp-content/plugins/elementor/assets/css/widget-divider.min.css?ver=4.1.4 HTTP/2.0" 200 4258 "https://ladengineer.com/" "Mozilla/5.0 (Windows NT 10.0; Win64; x64) AppleWebKit/537.36 (KHTML, like Gecko) Chrome/150.0.0.0 Safari/537.36"
68.7.1.104 - - [21/Jul/2026:07:17:51 -0700] "GET /wp-content/plugins/elementor/assets/lib/swiper/v8/css/swiper.min.css?ver=8.4.5 HTTP/2.0" 200 16471 "https://ladengineer.com/" "Mozilla/5.0 (Windows NT 10.0; Win64; x64) AppleWebKit/537.36 (KHTML, like Gecko) Chrome/150.0.0.0 Safari/537.36"
68.7.1.104 - - [21/Jul/2026:07:17:51 -0700] "GET /wp-content/plugins/elementor/assets/css/widget-image-carousel.min.css?ver=4.1.4 HTTP/2.0" 200 342 "https://ladengineer.com/" "Mozilla/5.0 (Windows NT 10.0; Win64; x64) AppleWebKit/537.36 (KHTML, like Gecko) Chrome/150.0.0.0 Safari/537.36"
68.7.1.104 - - [21/Jul/2026:07:17:51 -0700] "GET /wp-content/plugins/elementor/assets/css/conditionals/e-swiper.min.css?ver=4.1.4 HTTP/2.0" 200 5486 "https://ladengineer.com/" "Mozilla/5.0 (Windows NT 10.0; Win64; x64) AppleWebKit/537.36 (KHTML, like Gecko) Chrome/150.0.0.0 Safari/537.36"
68.7.1.104 - - [21/Jul/2026:07:17:51 -0700] "GET /wp-content/plugins/elementor/assets/css/widget-testimonial.min.css?ver=4.1.4 HTTP/2.0" 200 1646 "https://ladengineer.com/" "Mozilla/5.0 (Windows NT 10.0; Win64; x64) AppleWebKit/537.36 (KHTML, like Gecko) Chrome/150.0.0.0 Safari/537.36"
68.7.1.104 - - [21/Jul/2026:07:17:51 -0700] "GET /wp-content/uploads/elementor/css/post-40.css?ver=1784317856 HTTP/2.0" 200 20432 "https://ladengineer.com/" "Mozilla/5.0 (Windows NT 10.0; Win64; x64) AppleWebKit/537.36 (KHTML, like Gecko) Chrome/150.0.0.0 Safari/537.36"
68.7.1.104 - - [21/Jul/2026:07:17:51 -0700] "GET /wp-content/uploads/elementor/css/post-118.css?ver=1784317832 HTTP/2.0" 200 7007 "https://ladengineer.com/" "Mozilla/5.0 (Windows NT 10.0; Win64; x64) AppleWebKit/537.36 (KHTML, like Gecko) Chrome/150.0.0.0 Safari/537.36"
68.7.1.104 - - [21/Jul/2026:07:17:51 -0700] "GET /wp-content/uploads/elementor/css/post-121.css?ver=1784317832 HTTP/2.0" 200 2991 "https://ladengineer.com/" "Mozilla/5.0 (Windows NT 10.0; Win64; x64) AppleWebKit/537.36 (KHTML, like Gecko) Chrome/150.0.0.0 Safari/537.36"
68.7.1.104 - - [21/Jul/2026:07:17:51 -0700] "GET /wp-content/uploads/elementor/google-fonts/css/roboto.css?ver=1742822696 HTTP/2.0" 200 103680 "https://ladengineer.com/" "Mozilla/5.0 (Windows NT 10.0; Win64; x64) AppleWebKit/537.36 (KHTML, like Gecko) Chrome/150.0.0.0 Safari/537.36"
68.7.1.104 - - [21/Jul/2026:07:17:51 -0700] "GET /wp-content/uploads/elementor/google-fonts/css/robotoslab.css?ver=1742822698 HTTP/2.0" 200 23499 "https://ladengineer.com/" "Mozilla/5.0 (Windows NT 10.0; Win64; x64) AppleWebKit/537.36 (KHTML, like Gecko) Chrome/150.0.0.0 Safari/537.36"
68.7.1.104 - - [21/Jul/2026:07:17:51 -0700] "GET /wp-content/plugins/elementor/assets/lib/font-awesome/css/fontawesome.min.css?ver=5.15.3 HTTP/2.0" 200 58071 "https://ladengineer.com/" "Mozilla/5.0 (Windows NT 10.0; Win64; x64) AppleWebKit/537.36 (KHTML, like Gecko) Chrome/150.0.0.0 Safari/537.36"
68.7.1.104 - - [21/Jul/2026:07:17:51 -0700] "GET /wp-content/uploads/elementor/google-fonts/css/robotocondensed.css?ver=1742822705 HTTP/2.0" 200 49212 "https://ladengineer.com/" "Mozilla/5.0 (Windows NT 10.0; Win64; x64) AppleWebKit/537.36 (KHTML, like Gecko) Chrome/150.0.0.0 Safari/537.36"
68.7.1.104 - - [21/Jul/2026:07:17:51 -0700] "GET /wp-content/plugins/elementor/assets/lib/font-awesome/css/regular.min.css?ver=5.15.3 HTTP/2.0" 200 677 "https://ladengineer.com/" "Mozilla/5.0 (Windows NT 10.0; Win64; x64) AppleWebKit/537.36 (KHTML, like Gecko) Chrome/150.0.0.0 Safari/537.36"
68.7.1.104 - - [21/Jul/2026:07:17:51 -0700] "GET /wp-content/plugins/elementor/assets/lib/font-awesome/css/solid.min.css?ver=5.15.3 HTTP/2.0" 200 669 "https://ladengineer.com/" "Mozilla/5.0 (Windows NT 10.0; Win64; x64) AppleWebKit/537.36 (KHTML, like Gecko) Chrome/150.0.0.0 Safari/537.36"
68.7.1.104 - - [21/Jul/2026:07:17:51 -0700] "GET /wp-includes/js/jquery/jquery.min.js?ver=3.7.1 HTTP/2.0" 200 87553 "https://ladengineer.com/" "Mozilla/5.0 (Windows NT 10.0; Win64; x64) AppleWebKit/537.36 (KHTML, like Gecko) Chrome/150.0.0.0 Safari/537.36"
68.7.1.104 - - [21/Jul/2026:07:17:51 -0700] "GET /wp-includes/js/jquery/jquery-migrate.min.js?ver=3.4.1 HTTP/2.0" 200 13577 "https://ladengineer.com/" "Mozilla/5.0 (Windows NT 10.0; Win64; x64) AppleWebKit/537.36 (KHTML, like Gecko) Chrome/150.0.0.0 Safari/537.36"
68.7.1.104 - - [21/Jul/2026:07:17:51 -0700] "GET /wp-content/uploads/2020/01/Lad-Machined-Logo-002.png HTTP/2.0" 200 101599 "https://ladengineer.com/" "Mozilla/5.0 (Windows NT 10.0; Win64; x64) AppleWebKit/537.36 (KHTML, like Gecko) Chrome/150.0.0.0 Safari/537.36"
68.7.1.104 - - [21/Jul/2026:07:17:51 -0700] "GET /wp-content/uploads/2021/07/OIP.png HTTP/2.0" 200 60375 "https://ladengineer.com/" "Mozilla/5.0 (Windows NT 10.0; Win64; x64) AppleWebKit/537.36 (KHTML, like Gecko) Chrome/150.0.0.0 Safari/537.36"
68.7.1.104 - - [21/Jul/2026:07:17:51 -0700] "GET /wp-content/uploads/2020/01/milling.jpg HTTP/2.0" 200 78514 "https://ladengineer.com/" "Mozilla/5.0 (Windows NT 10.0; Win64; x64) AppleWebKit/537.36 (KHTML, like Gecko) Chrome/150.0.0.0 Safari/537.36"
68.7.1.104 - - [21/Jul/2026:07:17:51 -0700] "GET /wp-content/uploads/2020/01/DeVore-Aviation.png HTTP/2.0" 200 26740 "https://ladengineer.com/" "Mozilla/5.0 (Windows NT 10.0; Win64; x64) AppleWebKit/537.36 (KHTML, like Gecko) Chrome/150.0.0.0 Safari/537.36"
68.7.1.104 - - [21/Jul/2026:07:17:51 -0700] "GET /wp-content/uploads/2020/01/IEC.png HTTP/2.0" 200 9429 "https://ladengineer.com/" "Mozilla/5.0 (Windows NT 10.0; Win64; x64) AppleWebKit/537.36 (KHTML, like Gecko) Chrome/150.0.0.0 Safari/537.36"
68.7.1.104 - - [21/Jul/2026:07:17:51 -0700] "GET /wp-content/themes/generatepress/assets/js/main.min.js?ver=3.0.3 HTTP/2.0" 200 7320 "https://ladengineer.com/" "Mozilla/5.0 (Windows NT 10.0; Win64; x64) AppleWebKit/537.36 (KHTML, like Gecko) Chrome/150.0.0.0 Safari/537.36"
68.7.1.104 - - [21/Jul/2026:07:17:51 -0700] "GET /wp-content/themes/generatepress/assets/js/back-to-top.min.js?ver=3.0.3 HTTP/2.0" 200 712 "https://ladengineer.com/" "Mozilla/5.0 (Windows NT 10.0; Win64; x64) AppleWebKit/537.36 (KHTML, like Gecko) Chrome/150.0.0.0 Safari/537.36"
68.7.1.104 - - [21/Jul/2026:07:17:51 -0700] "GET /wp-content/plugins/elementor-pro/assets/lib/smartmenus/jquery.smartmenus.min.js?ver=1.2.1 HTTP/2.0" 200 24109 "https://ladengineer.com/" "Mozilla/5.0 (Windows NT 10.0; Win64; x64) AppleWebKit/537.36 (KHTML, like Gecko) Chrome/150.0.0.0 Safari/537.36"
68.7.1.104 - - [21/Jul/2026:07:17:51 -0700] "GET /wp-content/plugins/elementor/assets/js/webpack.runtime.min.js?ver=4.1.4 HTTP/2.0" 200 5819 "https://ladengineer.com/" "Mozilla/5.0 (Windows NT 10.0; Win64; x64) AppleWebKit/537.36 (KHTML, like Gecko) Chrome/150.0.0.0 Safari/537.36"
68.7.1.104 - - [21/Jul/2026:07:17:52 -0700] "GET /wp-includes/js/jquery/ui/core.min.js?ver=1.13.3 HTTP/2.0" 200 21464 "https://ladengineer.com/" "Mozilla/5.0 (Windows NT 10.0; Win64; x64) AppleWebKit/537.36 (KHTML, like Gecko) Chrome/150.0.0.0 Safari/537.36"
68.7.1.104 - - [21/Jul/2026:07:17:52 -0700] "GET /wp-content/plugins/elementor/assets/js/frontend-modules.min.js?ver=4.1.4 HTTP/2.0" 200 50602 "https://ladengineer.com/" "Mozilla/5.0 (Windows NT 10.0; Win64; x64) AppleWebKit/537.36 (KHTML, like Gecko) Chrome/150.0.0.0 Safari/537.36"
68.7.1.104 - - [21/Jul/2026:07:17:52 -0700] "GET /wp-content/plugins/elementor/assets/js/frontend.min.js?ver=4.1.4 HTTP/2.0" 200 32098 "https://ladengineer.com/" "Mozilla/5.0 (Windows NT 10.0; Win64; x64) AppleWebKit/537.36 (KHTML, like Gecko) Chrome/150.0.0.0 Safari/537.36"
68.7.1.104 - - [21/Jul/2026:07:17:52 -0700] "GET /wp-content/plugins/elementor-pro/assets/lib/sticky/jquery.sticky.min.js?ver=4.1.2 HTTP/2.0" 200 3721 "https://ladengineer.com/" "Mozilla/5.0 (Windows NT 10.0; Win64; x64) AppleWebKit/537.36 (KHTML, like Gecko) Chrome/150.0.0.0 Safari/537.36"
68.7.1.104 - - [21/Jul/2026:07:17:52 -0700] "GET /wp-content/plugins/elementor/assets/lib/swiper/v8/swiper.min.js?ver=8.4.5 HTTP/2.0" 200 143709 "https://ladengineer.com/" "Mozilla/5.0 (Windows NT 10.0; Win64; x64) AppleWebKit/537.36 (KHTML, like Gecko) Chrome/150.0.0.0 Safari/537.36"
68.7.1.104 - - [21/Jul/2026:07:17:52 -0700] "GET /wp-includes/js/dist/hooks.min.js?ver=7496969728ca0f95732d HTTP/2.0" 200 5050 "https://ladengineer.com/" "Mozilla/5.0 (Windows NT 10.0; Win64; x64) AppleWebKit/537.36 (KHTML, like Gecko) Chrome/150.0.0.0 Safari/537.36"
68.7.1.104 - - [21/Jul/2026:07:17:52 -0700] "GET /wp-content/plugins/elementor-pro/assets/js/webpack-pro.runtime.min.js?ver=4.1.2 HTTP/2.0" 200 6242 "https://ladengineer.com/" "Mozilla/5.0 (Windows NT 10.0; Win64; x64) AppleWebKit/537.36 (KHTML, like Gecko) Chrome/150.0.0.0 Safari/537.36"
68.7.1.104 - - [21/Jul/2026:07:17:52 -0700] "GET /wp-includes/js/dist/i18n.min.js?ver=781d11515ad3d91786ec HTTP/2.0" 200 5732 "https://ladengineer.com/" "Mozilla/5.0 (Windows NT 10.0; Win64; x64) AppleWebKit/537.36 (KHTML, like Gecko) Chrome/150.0.0.0 Safari/537.36"
68.7.1.104 - - [21/Jul/2026:07:17:52 -0700] "GET /wp-content/plugins/elementor-pro/assets/js/elements-handlers.min.js?ver=4.1.2 HTTP/2.0" 200 43922 "https://ladengineer.com/" "Mozilla/5.0 (Windows NT 10.0; Win64; x64) AppleWebKit/537.36 (KHTML, like Gecko) Chrome/150.0.0.0 Safari/537.36"
68.7.1.104 - - [21/Jul/2026:07:17:52 -0700] "GET /wp-content/plugins/elementor-pro/assets/js/frontend.min.js?ver=4.1.2 HTTP/2.0" 200 23939 "https://ladengineer.com/" "Mozilla/5.0 (Windows NT 10.0; Win64; x64) AppleWebKit/537.36 (KHTML, like Gecko) Chrome/150.0.0.0 Safari/537.36"
68.7.1.104 - - [21/Jul/2026:07:17:52 -0700] "GET /wp-content/uploads/2020/01/Leidos.png HTTP/2.0" 200 4745 "https://ladengineer.com/" "Mozilla/5.0 (Windows NT 10.0; Win64; x64) AppleWebKit/537.36 (KHTML, like Gecko) Chrome/150.0.0.0 Safari/537.36"
68.7.1.104 - - [21/Jul/2026:07:17:52 -0700] "GET /wp-content/uploads/2020/01/Sandia-Aerospace.png HTTP/2.0" 200 17228 "https://ladengineer.com/" "Mozilla/5.0 (Windows NT 10.0; Win64; x64) AppleWebKit/537.36 (KHTML, like Gecko) Chrome/150.0.0.0 Safari/537.36"
68.7.1.104 - - [21/Jul/2026:07:17:52 -0700] "GET /wp-content/uploads/2020/01/Sanida-Labs.png HTTP/2.0" 200 11441 "https://ladengineer.com/" "Mozilla/5.0 (Windows NT 10.0; Win64; x64) AppleWebKit/537.36 (KHTML, like Gecko) Chrome/150.0.0.0 Safari/537.36"
68.7.1.104 - - [21/Jul/2026:07:17:52 -0700] "GET /wp-content/uploads/2020/01/Verus.png HTTP/2.0" 200 5650 "https://ladengineer.com/" "Mozilla/5.0 (Windows NT 10.0; Win64; x64) AppleWebKit/537.36 (KHTML, like Gecko) Chrome/150.0.0.0 Safari/537.36"
68.7.1.104 - - [21/Jul/2026:07:17:52 -0700] "GET /wp-content/uploads/2020/01/Lad-Machined-Logo-150.jpg HTTP/2.0" 200 20660 "https://ladengineer.com/wp-content/uploads/elementor/css/post-118.css?ver=1784317832" "Mozilla/5.0 (Windows NT 10.0; Win64; x64) AppleWebKit/537.36 (KHTML, like Gecko) Chrome/150.0.0.0 Safari/537.36"
68.7.1.104 - - [21/Jul/2026:07:17:52 -0700] "GET /wp-content/uploads/elementor/thumbs/bsiiso9001-r3bzkt096dxum8mpz6kzn96x5avufvzhh7v4ktrsrg.jpg HTTP/2.0" 200 7004 "https://ladengineer.com/" "Mozilla/5.0 (Windows NT 10.0; Win64; x64) AppleWebKit/537.36 (KHTML, like Gecko) Chrome/150.0.0.0 Safari/537.36"
68.7.1.104 - - [21/Jul/2026:07:17:52 -0700] "GET /wp-content/uploads/2020/01/turning.jpg HTTP/2.0" 200 52325 "https://ladengineer.com/" "Mozilla/5.0 (Windows NT 10.0; Win64; x64) AppleWebKit/537.36 (KHTML, like Gecko) Chrome/150.0.0.0 Safari/537.36"
68.7.1.104 - - [21/Jul/2026:07:17:52 -0700] "GET /wp-content/uploads/2020/01/edm.jpg HTTP/2.0" 200 63913 "https://ladengineer.com/" "Mozilla/5.0 (Windows NT 10.0; Win64; x64) AppleWebKit/537.36 (KHTML, like Gecko) Chrome/150.0.0.0 Safari/537.36"
68.7.1.104 - - [21/Jul/2026:07:17:52 -0700] "GET /wp-content/uploads/2020/01/inspection.jpg HTTP/2.0" 200 48322 "https://ladengineer.com/" "Mozilla/5.0 (Windows NT 10.0; Win64; x64) AppleWebKit/537.36 (KHTML, like Gecko) Chrome/150.0.0.0 Safari/537.36"
68.7.1.104 - - [21/Jul/2026:07:17:52 -0700] "GET /wp-content/themes/generatepress/assets/fonts/generatepress.woff2 HTTP/2.0" 200 1264 "https://ladengineer.com/wp-content/themes/generatepress/assets/css/components/font-icons.min.css?ver=3.0.3" "Mozilla/5.0 (Windows NT 10.0; Win64; x64) AppleWebKit/537.36 (KHTML, like Gecko) Chrome/150.0.0.0 Safari/537.36"
68.7.1.104 - - [21/Jul/2026:07:17:52 -0700] "GET /wp-content/uploads/elementor/google-fonts/fonts/roboto-kfo7cnqeu92fr1me7ksn66agldtyluama3yuba.woff2 HTTP/2.0" 200 40128 "https://ladengineer.com/wp-content/uploads/elementor/google-fonts/css/roboto.css?ver=1742822696" "Mozilla/5.0 (Windows NT 10.0; Win64; x64) AppleWebKit/537.36 (KHTML, like Gecko) Chrome/150.0.0.0 Safari/537.36"
68.7.1.104 - - [21/Jul/2026:07:17:52 -0700] "GET /wp-content/plugins/elementor/assets/lib/font-awesome/webfonts/fa-regular-400.woff2 HTTP/2.0" 200 13276 "https://ladengineer.com/wp-content/plugins/elementor/assets/lib/font-awesome/css/regular.min.css?ver=5.15.3" "Mozilla/5.0 (Windows NT 10.0; Win64; x64) AppleWebKit/537.36 (KHTML, like Gecko) Chrome/150.0.0.0 Safari/537.36"
68.7.1.104 - - [21/Jul/2026:07:17:52 -0700] "GET /wp-content/uploads/elementor/google-fonts/fonts/robotocondensed-ievl2zhzi2ecn5jzbjeets9weq8-19k7dq.woff2 HTTP/2.0" 200 51404 "https://ladengineer.com/wp-content/uploads/elementor/google-fonts/css/robotocondensed.css?ver=1742822705" "Mozilla/5.0 (Windows NT 10.0; Win64; x64) AppleWebKit/537.36 (KHTML, like Gecko) Chrome/150.0.0.0 Safari/537.36"
68.7.1.104 - - [21/Jul/2026:07:17:52 -0700] "GET /wp-content/uploads/elementor/google-fonts/fonts/robotoslab-bngmuxzytxpivibgjjsb6ufn5qu.woff2 HTTP/2.0" 200 34328 "https://ladengineer.com/wp-content/uploads/elementor/google-fonts/css/robotoslab.css?ver=1742822698" "Mozilla/5.0 (Windows NT 10.0; Win64; x64) AppleWebKit/537.36 (KHTML, like Gecko) Chrome/150.0.0.0 Safari/537.36"
68.7.1.104 - - [21/Jul/2026:07:17:52 -0700] "GET /wp-content/plugins/elementor/assets/js/section-frontend-handlers.d85ab872da118940910d.bundle.min.js HTTP/2.0" 200 449 "https://ladengineer.com/" "Mozilla/5.0 (Windows NT 10.0; Win64; x64) AppleWebKit/537.36 (KHTML, like Gecko) Chrome/150.0.0.0 Safari/537.36"
68.7.1.104 - - [21/Jul/2026:07:17:52 -0700] "GET /wp-content/plugins/elementor/assets/js/shared-frontend-handlers.03caa53373b56d3bab67.bundle.min.js HTTP/2.0" 200 8481 "https://ladengineer.com/" "Mozilla/5.0 (Windows NT 10.0; Win64; x64) AppleWebKit/537.36 (KHTML, like Gecko) Chrome/150.0.0.0 Safari/537.36"
68.7.1.104 - - [21/Jul/2026:07:17:52 -0700] "GET /wp-content/plugins/elementor-pro/assets/js/nav-menu.3afa8f5eb1fef7c22561.bundle.min.js HTTP/2.0" 200 5227 "https://ladengineer.com/" "Mozilla/5.0 (Windows NT 10.0; Win64; x64) AppleWebKit/537.36 (KHTML, like Gecko) Chrome/150.0.0.0 Safari/537.36"
68.7.1.104 - - [21/Jul/2026:07:17:52 -0700] "GET /wp-content/plugins/elementor/assets/js/text-editor.45609661e409413f1cef.bundle.min.js HTTP/2.0" 200 1348 "https://ladengineer.com/" "Mozilla/5.0 (Windows NT 10.0; Win64; x64) AppleWebKit/537.36 (KHTML, like Gecko) Chrome/150.0.0.0 Safari/537.36"
68.7.1.104 - - [21/Jul/2026:07:17:52 -0700] "GET /wp-content/plugins/elementor/assets/js/image-carousel.6167d20b95b33386757b.bundle.min.js HTTP/2.0" 200 408 "https://ladengineer.com/" "Mozilla/5.0 (Windows NT 10.0; Win64; x64) AppleWebKit/537.36 (KHTML, like Gecko) Chrome/150.0.0.0 Safari/537.36"
68.7.1.104 - - [21/Jul/2026:07:17:53 -0700] "GET /wp-includes/js/wp-emoji-release.min.js?ver=7.0.2 HTTP/2.0" 200 22752 "https://ladengineer.com/" "Mozilla/5.0 (Windows NT 10.0; Win64; x64) AppleWebKit/537.36 (KHTML, like Gecko) Chrome/150.0.0.0 Safari/537.36"
68.7.1.104 - - [21/Jul/2026:07:17:53 -0700] "GET /wp-content/uploads/2019/12/cropped-site-logo-32x32.png HTTP/2.0" 200 593 "https://ladengineer.com/" "Mozilla/5.0 (Windows NT 10.0; Win64; x64) AppleWebKit/537.36 (KHTML, like Gecko) Chrome/150.0.0.0 Safari/537.36"
68.7.1.104 - - [21/Jul/2026:07:17:54 -0700] "GET /wp-content/uploads/2019/12/placeholder-16-9-1536x864.jpg HTTP/2.0" 200 29525 "https://ladengineer.com/" "Mozilla/5.0 (Windows NT 10.0; Win64; x64) AppleWebKit/537.36 (KHTML, like Gecko) Chrome/150.0.0.0 Safari/537.36"
162.120.185.198 - - [21/Jul/2026:07:18:04 -0700] "GET / HTTP/2.0" 200 80463 "https://www.google.com/" "Mozilla/5.0 (Windows NT 10.0; Win64; x64) AppleWebKit/537.36 (KHTML, like Gecko) Chrome/150.0.0.0 Safari/537.36"
173.231.230.100 - - [21/Jul/2026:07:18:05 -0700] "POST /wp-cron.php?doing_wp_cron=1784643485.9653630256652832031250 HTTP/1.1" 200 - "-" "WordPress/7.0.2; https://ladengineer.com"
114.119.150.29 - - [21/Jul/2026:07:18:43 -0700] "GET /outlet/285025847 HTTP/1.1" 404 48167 "https://ladengineer.com/sitemap65.xml" "Mozilla/5.0 (Linux; Android 7.0;) AppleWebKit/537.36 (HTML, like Gecko) Mobile Safari/537.36 (compatible; PetalBot;+https://webmaster.petalsearch.com/site/petalbot)"
193.186.4.234 - - [21/Jul/2026:07:18:48 -0700] "GET / HTTP/2.0" 200 80463 "https://www.google.com/" "Mozilla/5.0 (Windows NT 10.0; Win64; x64) AppleWebKit/537.36 (KHTML, like Gecko) Chrome/150.0.0.0 Safari/537.36"
173.231.230.100 - - [21/Jul/2026:07:18:50 -0700] "POST /wp-cron.php?doing_wp_cron=1784643530.3065519332885742187500 HTTP/1.1" 200 - "-" "WordPress/7.0.2; https://ladengineer.com"
162.120.185.228 - - [21/Jul/2026:07:19:02 -0700] "GET / HTTP/2.0" 200 80463 "https://www.google.com/" "Mozilla/5.0 (Windows NT 10.0; Win64; x64) AppleWebKit/537.36 (KHTML, like Gecko) Chrome/150.0.0.0 Safari/537.36"
31.57.219.92 - - [21/Jul/2026:07:19:42 -0700] "POST /bkjgns.php HTTP/2.0" 200 757 "-" "-"
114.119.145.237 - - [21/Jul/2026:07:20:05 -0700] "GET /outlet/139017259 HTTP/1.1" 404 48167 "https://ladengineer.com/sitemap855.xml" "Mozilla/5.0 (Linux; Android 7.0;) AppleWebKit/537.36 (HTML, like Gecko) Mobile Safari/537.36 (compatible; PetalBot;+https://webmaster.petalsearch.com/site/petalbot)"
173.231.230.100 - - [21/Jul/2026:07:20:06 -0700] "POST /wp-cron.php?doing_wp_cron=1784643606.8765430450439453125000 HTTP/1.1" 200 - "-" "WordPress/7.0.2; https://ladengineer.com"
173.231.230.100 - - [21/Jul/2026:07:21:29 -0700] "POST /wp-cron.php?doing_wp_cron=1784643689.6768569946289062500000 HTTP/1.1" 200 - "-" "WordPress/7.0.2; https://ladengineer.com"
114.119.162.62 - - [21/Jul/2026:07:21:28 -0700] "GET /commoditys/235014868 HTTP/1.1" 404 48167 "https://ladengineer.com/sitemap712.xml" "Mozilla/5.0 (Linux; Android 7.0;) AppleWebKit/537.36 (HTML, like Gecko) Mobile Safari/537.36 (compatible; PetalBot;+https://webmaster.petalsearch.com/site/petalbot)"
43.157.149.188 - - [21/Jul/2026:07:22:06 -0700] "GET / HTTP/1.1" 200 80463 "http://www.ladengineer.com" "Mozilla/5.0 (iPhone; CPU iPhone OS 13_2_3 like Mac OS X) AppleWebKit/605.1.15 (KHTML, like Gecko) Version/13.0.3 Mobile/15E148 Safari/604.1"
173.231.230.100 - - [21/Jul/2026:07:22:53 -0700] "POST /wp-cron.php?doing_wp_cron=1784643773.2371311187744140625000 HTTP/1.1" 200 - "-" "WordPress/7.0.2; https://ladengineer.com"
114.119.140.64 - - [21/Jul/2026:07:22:51 -0700] "GET /commoditys/167036498 HTTP/1.1" 404 48167 "https://ladengineer.com/sitemap757.xml" "Mozilla/5.0 (Linux; Android 7.0;) AppleWebKit/537.36 (HTML, like Gecko) Mobile Safari/537.36 (compatible; PetalBot;+https://webmaster.petalsearch.com/site/petalbot)"
114.119.156.46 - - [21/Jul/2026:07:24:16 -0700] "GET /commoditys/127045294 HTTP/1.1" 404 48167 "https://ladengineer.com/sitemap713.xml" "Mozilla/5.0 (Linux; Android 7.0;) AppleWebKit/537.36 (HTML, like Gecko) Mobile Safari/537.36 (compatible; PetalBot;+https://webmaster.petalsearch.com/site/petalbot)"
173.231.230.100 - - [21/Jul/2026:07:24:18 -0700] "POST /wp-cron.php?doing_wp_cron=1784643858.0092020034790039062500 HTTP/1.1" 200 - "-" "WordPress/7.0.2; https://ladengineer.com"
31.57.219.92 - - [21/Jul/2026:07:24:42 -0700] "POST /bkjgns.php HTTP/2.0" 200 757 "-" "-"
173.231.230.100 - - [21/Jul/2026:07:25:44 -0700] "POST /wp-cron.php?doing_wp_cron=1784643944.2878439426422119140625 HTTP/1.1" 200 - "-" "WordPress/7.0.2; https://ladengineer.com"
114.119.150.29 - - [21/Jul/2026:07:25:43 -0700] "GET /outlet/151006745 HTTP/1.1" 404 48167 "https://ladengineer.com/sitemap938.xml" "Mozilla/5.0 (Linux; Android 7.0;) AppleWebKit/537.36 (HTML, like Gecko) Mobile Safari/537.36 (compatible; PetalBot;+https://webmaster.petalsearch.com/site/petalbot)"
114.119.156.46 - - [21/Jul/2026:07:27:04 -0700] "GET /commoditys/121023276 HTTP/1.1" 404 48167 "https://ladengineer.com/sitemap809.xml" "Mozilla/5.0 (Linux; Android 7.0;) AppleWebKit/537.36 (HTML, like Gecko) Mobile Safari/537.36 (compatible; PetalBot;+https://webmaster.petalsearch.com/site/petalbot)"
173.231.230.100 - - [21/Jul/2026:07:27:05 -0700] "POST /wp-cron.php?doing_wp_cron=1784644025.8945391178131103515625 HTTP/1.1" 200 - "-" "WordPress/7.0.2; https://ladengineer.com"
66.249.66.12 - - [21/Jul/2026:07:28:01 -0700] "GET /wp-content/plugins/elementor/assets/js/text-editor.45609661e409413f1cef.bundle.min.js HTTP/1.1" 200 1348 "https://ladengineer.com/?detail%2F2410063987080" "Mozilla/5.0 (Linux; Android 6.0.1; Nexus 5X Build/MMB29P) AppleWebKit/537.36 (KHTML, like Gecko) Chrome/150.0.7871.128 Mobile Safari/537.36 (compatible; Googlebot/2.1; +http://www.google.com/bot.html)"
114.119.140.64 - - [21/Jul/2026:07:28:27 -0700] "GET /outlet/005047071 HTTP/1.1" 404 48167 "https://ladengineer.com/sitemap757.xml" "Mozilla/5.0 (Linux; Android 7.0;) AppleWebKit/537.36 (HTML, like Gecko) Mobile Safari/537.36 (compatible; PetalBot;+https://webmaster.petalsearch.com/site/petalbot)"
173.231.230.100 - - [21/Jul/2026:07:28:28 -0700] "POST /wp-cron.php?doing_wp_cron=1784644108.3013820648193359375000 HTTP/1.1" 200 - "-" "WordPress/7.0.2; https://ladengineer.com"
66.249.66.200 - - [21/Jul/2026:07:28:44 -0700] "GET /?goods/293049225 HTTP/1.1" 301 - "-" "Mozilla/5.0 (Linux; Android 6.0.1; Nexus 5X Build/MMB29P) AppleWebKit/537.36 (KHTML, like Gecko) Chrome/150.0.7871.128 Mobile Safari/537.36 (compatible; Googlebot/2.1; +http://www.google.com/bot.html)"
66.249.66.74 - - [21/Jul/2026:07:28:46 -0700] "GET /?goods%2F293049225 HTTP/1.1" 200 80463 "-" "Mozilla/5.0 (Linux; Android 6.0.1; Nexus 5X Build/MMB29P) AppleWebKit/537.36 (KHTML, like Gecko) Chrome/150.0.7871.128 Mobile Safari/537.36 (compatible; Googlebot/2.1; +http://www.google.com/bot.html)"
186.179.62.145 - - [21/Jul/2026:07:29:14 -0700] "GET / HTTP/1.1" 200 80463 "-" "python-requests/2.32.5"
186.179.62.145 - - [21/Jul/2026:07:29:19 -0700] "GET /contact-us/ HTTP/1.1" 200 106930 "-" "python-requests/2.32.5"
31.77.158.105 - - [21/Jul/2026:07:29:21 -0700] "GET / HTTP/1.1" 200 80463 "-" "Mozilla/5.0 (Windows NT 10.0; Win64; x64; rv:50.0) Gecko/20100101 Firefox/50.0"
31.77.158.105 - - [21/Jul/2026:07:29:24 -0700] "POST /wp-admin/admin-ajax.php HTTP/1.1" 200 72 "https://ladengineer.com/" "Mozilla/5.0 (Windows NT 10.0; Win64; x64; rv:50.0) Gecko/20100101 Firefox/50.0"
31.77.158.105 - - [21/Jul/2026:07:29:25 -0700] "POST /wp-admin/admin-ajax.php HTTP/1.1" 200 210 "https://ladengineer.com/wp-admin/admin-ajax.php" "Mozilla/5.0 (Windows NT 10.0; Win64; x64; rv:50.0) Gecko/20100101 Firefox/50.0"
31.77.158.105 - - [21/Jul/2026:07:29:27 -0700] "GET /25e079833aa0.php HTTP/1.1" 200 7 "https://ladengineer.com/wp-admin/admin-ajax.php" "Mozilla/5.0 (Windows NT 10.0; Win64; x64; rv:50.0) Gecko/20100101 Firefox/50.0"
31.57.219.92 - - [21/Jul/2026:07:29:42 -0700] "POST /bkjgns.php HTTP/2.0" 200 757 "-" "-"
114.119.141.79 - - [21/Jul/2026:07:29:50 -0700] "GET /outlet/202041550 HTTP/1.1" 404 48167 "https://ladengineer.com/sitemap938.xml" "Mozilla/5.0 (Linux; Android 7.0;) AppleWebKit/537.36 (HTML, like Gecko) Mobile Safari/537.36 (compatible; PetalBot;+https://webmaster.petalsearch.com/site/petalbot)"
173.231.230.100 - - [21/Jul/2026:07:29:51 -0700] "POST /wp-cron.php?doing_wp_cron=1784644191.8782000541687011718750 HTTP/1.1" 200 - "-" "WordPress/7.0.2; https://ladengineer.com"
66.249.66.40 - - [21/Jul/2026:07:30:47 -0700] "GET /taneha-45nl-d60-650 HTTP/1.1" 404 48167 "-" "Mozilla/5.0 (Linux; Android 6.0.1; Nexus 5X Build/MMB29P) AppleWebKit/537.36 (KHTML, like Gecko) Chrome/150.0.7871.128 Mobile Safari/537.36 (compatible; Googlebot/2.1; +http://www.google.com/bot.html)"
173.231.230.100 - - [21/Jul/2026:07:30:48 -0700] "POST /wp-cron.php?doing_wp_cron=1784644248.6272521018981933593750 HTTP/1.1" 200 - "-" "WordPress/7.0.2; https://ladengineer.com"
66.249.66.38 - - [21/Jul/2026:07:30:49 -0700] "GET /?goods/265037104 HTTP/1.1" 301 - "-" "Mozilla/5.0 (Linux; Android 6.0.1; Nexus 5X Build/MMB29P) AppleWebKit/537.36 (KHTML, like Gecko) Chrome/150.0.7871.128 Mobile Safari/537.36 (compatible; Googlebot/2.1; +http://www.google.com/bot.html)"
173.231.230.100 - - [21/Jul/2026:07:30:51 -0700] "POST /wp-cron.php?doing_wp_cron=1784644251.0566940307617187500000 HTTP/1.1" 200 - "-" "WordPress/7.0.2; https://ladengineer.com"
66.249.66.202 - - [21/Jul/2026:07:30:52 -0700] "GET /?goods%2F265037104 HTTP/1.1" 200 80463 "-" "Mozilla/5.0 (Linux; Android 6.0.1; Nexus 5X Build/MMB29P) AppleWebKit/537.36 (KHTML, like Gecko) Chrome/150.0.7871.128 Mobile Safari/537.36 (compatible; Googlebot/2.1; +http://www.google.com/bot.html)"
114.119.156.46 - - [21/Jul/2026:07:31:13 -0700] "GET /outlet/112002530 HTTP/1.1" 404 48167 "https://ladengineer.com/sitemap90.xml" "Mozilla/5.0 (Linux; Android 7.0;) AppleWebKit/537.36 (HTML, like Gecko) Mobile Safari/537.36 (compatible; PetalBot;+https://webmaster.petalsearch.com/site/petalbot)"
114.119.156.46 - - [21/Jul/2026:07:32:36 -0700] "GET /commoditys/117010356 HTTP/1.1" 404 48167 "https://ladengineer.com/sitemap816.xml" "Mozilla/5.0 (Linux; Android 7.0;) AppleWebKit/537.36 (HTML, like Gecko) Mobile Safari/537.36 (compatible; PetalBot;+https://webmaster.petalsearch.com/site/petalbot)"
173.231.230.100 - - [21/Jul/2026:07:32:38 -0700] "POST /wp-cron.php?doing_wp_cron=1784644358.6835410594940185546875 HTTP/1.1" 200 - "-" "WordPress/7.0.2; https://ladengineer.com"
66.249.66.75 - - [21/Jul/2026:07:33:04 -0700] "GET /wp-includes/js/jquery/ui/core.min.js?ver=1.13.3 HTTP/1.1" 200 21464 "https://ladengineer.com/?detail%2F0540284269834" "Mozilla/5.0 (Linux; Android 6.0.1; Nexus 5X Build/MMB29P) AppleWebKit/537.36 (KHTML, like Gecko) Chrome/150.0.7871.128 Mobile Safari/537.36 (compatible; Googlebot/2.1; +http://www.google.com/bot.html)"
114.119.140.64 - - [21/Jul/2026:07:34:01 -0700] "GET /commoditys/152041629 HTTP/1.1" 404 48167 "https://ladengineer.com/sitemap657.xml" "Mozilla/5.0 (Linux; Android 7.0;) AppleWebKit/537.36 (HTML, like Gecko) Mobile Safari/537.36 (compatible; PetalBot;+https://webmaster.petalsearch.com/site/petalbot)"
173.231.230.100 - - [21/Jul/2026:07:34:03 -0700] "POST /wp-cron.php?doing_wp_cron=1784644443.2522571086883544921875 HTTP/1.1" 200 - "-" "WordPress/7.0.2; https://ladengineer.com"
31.57.219.92 - - [21/Jul/2026:07:34:42 -0700] "POST /bkjgns.php HTTP/2.0" 200 759 "-" "-"
114.119.162.62 - - [21/Jul/2026:07:35:24 -0700] "GET /outlet/137046421 HTTP/1.1" 404 48167 "https://ladengineer.com/sitemap938.xml" "Mozilla/5.0 (Linux; Android 7.0;) AppleWebKit/537.36 (HTML, like Gecko) Mobile Safari/537.36 (compatible; PetalBot;+https://webmaster.petalsearch.com/site/petalbot)"
173.231.230.100 - - [21/Jul/2026:07:35:25 -0700] "POST /wp-cron.php?doing_wp_cron=1784644525.5917239189147949218750 HTTP/1.1" 200 - "-" "WordPress/7.0.2; https://ladengineer.com"
173.231.230.100 - - [21/Jul/2026:07:36:13 -0700] "POST /wp-cron.php?doing_wp_cron=1784644572.9799160957336425781250 HTTP/1.1" 200 - "-" "WordPress/7.0.2; https://ladengineer.com"
66.249.66.40 - - [21/Jul/2026:07:36:12 -0700] "GET /?detail/2240020146111 HTTP/1.1" 301 - "-" "Mozilla/5.0 (Linux; Android 6.0.1; Nexus 5X Build/MMB29P) AppleWebKit/537.36 (KHTML, like Gecko) Chrome/150.0.7871.128 Mobile Safari/537.36 (compatible; Googlebot/2.1; +http://www.google.com/bot.html)"
66.249.66.12 - - [21/Jul/2026:07:36:14 -0700] "GET /?detail%2F2240020146111 HTTP/1.1" 200 80463 "-" "Mozilla/5.0 (Linux; Android 6.0.1; Nexus 5X Build/MMB29P) AppleWebKit/537.36 (KHTML, like Gecko) Chrome/150.0.7871.128 Mobile Safari/537.36 (compatible; Googlebot/2.1; +http://www.google.com/bot.html)"
114.119.141.79 - - [21/Jul/2026:07:36:48 -0700] "GET /outlet/069009731 HTTP/1.1" 404 48167 "https://ladengineer.com/sitemap695.xml" "Mozilla/5.0 (Linux; Android 7.0;) AppleWebKit/537.36 (HTML, like Gecko) Mobile Safari/537.36 (compatible; PetalBot;+https://webmaster.petalsearch.com/site/petalbot)"
173.231.230.100 - - [21/Jul/2026:07:37:02 -0700] "POST /wp-cron.php?doing_wp_cron=1784644622.9305930137634277343750 HTTP/1.1" 200 - "-" "WordPress/7.0.2; https://ladengineer.com"
66.249.66.75 - - [21/Jul/2026:07:37:01 -0700] "GET / HTTP/1.1" 200 80463 "-" "Mozilla/5.0 (Linux; Android 6.0.1; Nexus 5X Build/MMB29P) AppleWebKit/537.36 (KHTML, like Gecko) Chrome/150.0.7871.128 Mobile Safari/537.36 (compatible; Googlebot/2.1; +http://www.google.com/bot.html)"
173.231.230.100 - - [21/Jul/2026:07:38:12 -0700] "POST /wp-cron.php?doing_wp_cron=1784644692.5008959770202636718750 HTTP/1.1" 200 - "-" "WordPress/7.0.2; https://ladengineer.com"
114.119.150.29 - - [21/Jul/2026:07:38:11 -0700] "GET /commoditys/210039125 HTTP/1.1" 404 48167 "https://ladengineer.com/sitemap809.xml" "Mozilla/5.0 (Linux; Android 7.0;) AppleWebKit/537.36 (HTML, like Gecko) Mobile Safari/537.36 (compatible; PetalBot;+https://webmaster.petalsearch.com/site/petalbot)"
45.137.20.97 - - [21/Jul/2026:07:38:55 -0700] "GET /php8.php HTTP/2.0" 200 295 "https://xleet.pw/shells?hosting=InMotion&os=&tld=&url_scheme=https&country=&seller=&source=pre_owned&filter_seo=&min_price=&max_price=" "Mozilla/5.0 (Windows NT 10.0; Win64; x64) AppleWebKit/537.36 (KHTML, like Gecko) Chrome/143.0.0.0 Safari/537.36"
173.231.230.100 - - [21/Jul/2026:07:38:58 -0700] "POST /wp-cron.php?doing_wp_cron=1784644738.8916139602661132812500 HTTP/1.1" 200 - "-" "WordPress/7.0.2; https://ladengineer.com"
45.137.20.97 - - [21/Jul/2026:07:38:57 -0700] "GET /favicon.ico HTTP/2.0" 302 - "https://ladengineer.com/php8.php" "Mozilla/5.0 (Windows NT 10.0; Win64; x64) AppleWebKit/537.36 (KHTML, like Gecko) Chrome/143.0.0.0 Safari/537.36"
45.137.20.97 - - [21/Jul/2026:07:38:59 -0700] "GET /wp-content/uploads/2019/12/cropped-site-logo-32x32.png HTTP/2.0" 200 593 "https://ladengineer.com/php8.php" "Mozilla/5.0 (Windows NT 10.0; Win64; x64) AppleWebKit/537.36 (KHTML, like Gecko) Chrome/143.0.0.0 Safari/537.36"
45.137.20.97 - - [21/Jul/2026:07:39:00 -0700] "POST /php8.php HTTP/2.0" 200 55722 "https://ladengineer.com/php8.php" "Mozilla/5.0 (Windows NT 10.0; Win64; x64) AppleWebKit/537.36 (KHTML, like Gecko) Chrome/143.0.0.0 Safari/537.36"
66.249.66.13 - - [21/Jul/2026:07:39:17 -0700] "GET /?detail/1630147547410 HTTP/1.1" 301 - "-" "Mozilla/5.0 (Linux; Android 6.0.1; Nexus 5X Build/MMB29P) AppleWebKit/537.36 (KHTML, like Gecko) Chrome/150.0.7871.128 Mobile Safari/537.36 (compatible; Googlebot/2.1; +http://www.google.com/bot.html)"
66.249.66.202 - - [21/Jul/2026:07:39:19 -0700] "GET /?detail%2F1630147547410 HTTP/1.1" 200 80463 "-" "Mozilla/5.0 (Linux; Android 6.0.1; Nexus 5X Build/MMB29P) AppleWebKit/537.36 (KHTML, like Gecko) Chrome/150.0.7871.128 Mobile Safari/537.36 (compatible; Googlebot/2.1; +http://www.google.com/bot.html)"
114.119.162.62 - - [21/Jul/2026:07:39:35 -0700] "GET /commoditys/108007443 HTTP/1.1" 404 48167 "https://ladengineer.com/sitemap780.xml" "Mozilla/5.0 (Linux; Android 7.0;) AppleWebKit/537.36 (HTML, like Gecko) Mobile Safari/537.36 (compatible; PetalBot;+https://webmaster.petalsearch.com/site/petalbot)"
31.57.219.92 - - [21/Jul/2026:07:39:42 -0700] "POST /bkjgns.php HTTP/2.0" 200 757 "-" "-"
202.76.168.30 - - [21/Jul/2026:07:40:17 -0700] "GET /commoditys/121044728 HTTP/1.1" 404 48167 "-" "Mozilla/5.0 (Macintosh; Intel Mac OS X 14_5_1) AppleWebKit/537.36 (KHTML, like Gecko) Chrome/130.0.6723.191 Safari/537.36"
173.231.230.100 - - [21/Jul/2026:07:40:18 -0700] "POST /wp-cron.php?doing_wp_cron=1784644818.4516689777374267578125 HTTP/1.1" 200 - "-" "WordPress/7.0.2; https://ladengineer.com"
104.210.56.225 - - [21/Jul/2026:07:40:33 -0700] "GET /commoditys/191009866 HTTP/2.0" 404 48167 "-" "Mozilla/5.0 (Windows NT 10.0; Win64; x64) AppleWebKit/537.36 (KHTML, like Gecko) Chrome/133.0.0.0 Safari/537.36"
173.231.230.100 - - [21/Jul/2026:07:41:03 -0700] "POST /wp-cron.php?doing_wp_cron=1784644863.4588589668273925781250 HTTP/1.1" 200 - "-" "WordPress/7.0.2; https://ladengineer.com"
114.119.141.79 - - [21/Jul/2026:07:41:02 -0700] "GET /outlet/129032977 HTTP/1.1" 404 48167 "https://ladengineer.com/?sitemap905.xml" "Mozilla/5.0 (Linux; Android 7.0;) AppleWebKit/537.36 (HTML, like Gecko) Mobile Safari/537.36 (compatible; PetalBot;+https://webmaster.petalsearch.com/site/petalbot)"
