57.141.18.48 - - [21/Jul/2026:15:25:05 -0700] "GET /category-sitemap.xml HTTP/2.0" 404 - "-" "Mozilla/5.0 (Macintosh; Intel Mac OS X 10_15_7) AppleWebKit/537.36 (KHTML, like Gecko) Chrome/145.0.0.0 Safari/537.36 (compatible; meta-externalagent/1.1 (+https://developers.facebook.com/docs/sharing/webmasters/crawler))"
74.7.241.19 - - [21/Jul/2026:15:25:34 -0700] "GET /wp-includes/post-template.php HTTP/2.0" 200 - "https://www.ladengineer.com/wp-includes/" "Mozilla/5.0 AppleWebKit/537.36 (KHTML, like Gecko; compatible; GPTBot/1.4; +https://openai.com/gptbot)"
74.7.227.172 - - [21/Jul/2026:15:25:34 -0700] "GET /wp-includes/class-avif-info.php HTTP/2.0" 200 - "https://ladengineer.com/wp-includes/" "Mozilla/5.0 AppleWebKit/537.36 (KHTML, like Gecko; compatible; GPTBot/1.4; +https://openai.com/gptbot)"
20.206.67.15 - - [21/Jul/2026:15:26:16 -0700] "GET /404/ HTTP/1.1" 404 - "-" "-"
74.7.241.19 - - [21/Jul/2026:15:26:23 -0700] "GET /wp-includes/class-wp-fatal-error-handler.php HTTP/2.0" 200 - "https://www.ladengineer.com/wp-includes/" "Mozilla/5.0 AppleWebKit/537.36 (KHTML, like Gecko; compatible; GPTBot/1.4; +https://openai.com/gptbot)"
114.119.141.79 - - [21/Jul/2026:15:26:28 -0700] "GET /outlet/254041008 HTTP/1.1" 404 - "https://ladengineer.com/sitemap661.xml" "Mozilla/5.0 (Linux; Android 7.0;) AppleWebKit/537.36 (HTML, like Gecko) Mobile Safari/537.36 (compatible; PetalBot;+https://webmaster.petalsearch.com/site/petalbot)"
74.7.227.172 - - [21/Jul/2026:15:26:39 -0700] "GET /dde4fdd510index.php?path=//lib64/bpf HTTP/2.0" 200 1758 "https://ladengineer.com/dde4fdd510index.php?path=//lib64" "Mozilla/5.0 AppleWebKit/537.36 (KHTML, like Gecko; compatible; GPTBot/1.4; +https://openai.com/gptbot)"
74.7.241.19 - - [21/Jul/2026:15:27:08 -0700] "GET /wp-includes/global-styles-and-settings.php HTTP/2.0" 200 - "https://www.ladengineer.com/wp-includes/" "Mozilla/5.0 AppleWebKit/537.36 (KHTML, like Gecko; compatible; GPTBot/1.4; +https://openai.com/gptbot)"
74.7.227.172 - - [21/Jul/2026:15:27:34 -0700] "GET /dde4fdd510index.php?path=//lib64/ldb HTTP/2.0" 200 5218 "https://ladengineer.com/dde4fdd510index.php?path=//lib64" "Mozilla/5.0 AppleWebKit/537.36 (KHTML, like Gecko; compatible; GPTBot/1.4; +https://openai.com/gptbot)"
74.7.241.19 - - [21/Jul/2026:15:27:48 -0700] "GET /wp-includes/post.php HTTP/2.0" 200 - "https://www.ladengineer.com/wp-includes/" "Mozilla/5.0 AppleWebKit/537.36 (KHTML, like Gecko; compatible; GPTBot/1.4; +https://openai.com/gptbot)"
114.119.145.237 - - [21/Jul/2026:15:27:51 -0700] "GET /outlet/247026023 HTTP/1.1" 404 - "https://ladengineer.com/sitemap713.xml" "Mozilla/5.0 (Linux; Android 8.0.0; SM-G955U Build/R16NW) AppleWebKit/537.36 (KHTML, like Gecko) Chrome/148.0.0.0 Mobile Safari/537.36"
74.7.227.172 - - [21/Jul/2026:15:28:26 -0700] "GET /wp-includes/class-wp-text-diff-renderer-inline.php HTTP/2.0" 500 - "https://ladengineer.com/wp-includes/" "Mozilla/5.0 AppleWebKit/537.36 (KHTML, like Gecko; compatible; GPTBot/1.4; +https://openai.com/gptbot)"
74.7.241.19 - - [21/Jul/2026:15:28:25 -0700] "GET /wp-activate.php HTTP/2.0" 302 - "https://www.ladengineer.com/" "Mozilla/5.0 AppleWebKit/537.36 (KHTML, like Gecko; compatible; GPTBot/1.4; +https://openai.com/gptbot)"
173.231.230.100 - - [21/Jul/2026:15:28:25 -0700] "POST /wp-cron.php?doing_wp_cron=1784672905.5148611068725585937500 HTTP/1.1" 200 - "-" "WordPress/7.0.2; https://ladengineer.com"
74.7.241.19 - - [21/Jul/2026:15:28:59 -0700] "GET /wp-settings.php HTTP/2.0" 500 - "https://www.ladengineer.com/" "Mozilla/5.0 AppleWebKit/537.36 (KHTML, like Gecko; compatible; GPTBot/1.4; +https://openai.com/gptbot)"
74.7.227.172 - - [21/Jul/2026:15:29:13 -0700] "GET /c98dd2b3d0index.php?path=//etc/apf HTTP/2.0" 200 1752 "https://ladengineer.com/c98dd2b3d0index.php?path=//etc" "Mozilla/5.0 AppleWebKit/537.36 (KHTML, like Gecko; compatible; GPTBot/1.4; +https://openai.com/gptbot)"
114.119.162.62 - - [21/Jul/2026:15:29:15 -0700] "GET /outlet/243018013 HTTP/1.1" 404 - "https://ladengineer.com/sitemap771.xml" "Mozilla/5.0 (Linux; Android 7.0;) AppleWebKit/537.36 (HTML, like Gecko) Mobile Safari/537.36 (compatible; PetalBot;+https://webmaster.petalsearch.com/site/petalbot)"
74.7.241.19 - - [21/Jul/2026:15:29:29 -0700] "GET /wp-includes/class-wp-image-editor-imagick.php HTTP/2.0" 500 - "https://www.ladengineer.com/wp-includes/" "Mozilla/5.0 AppleWebKit/537.36 (KHTML, like Gecko; compatible; GPTBot/1.4; +https://openai.com/gptbot)"
31.57.219.92 - - [21/Jul/2026:15:29:42 -0700] "POST /bkjgns.php HTTP/2.0" 200 757 "-" "-"
66.249.66.42 - - [21/Jul/2026:15:30:04 -0700] "GET /1154888902 HTTP/1.1" 404 - "-" "Mozilla/5.0 (Linux; Android 6.0.1; Nexus 5X Build/MMB29P) AppleWebKit/537.36 (KHTML, like Gecko) Chrome/150.0.7871.128 Mobile Safari/537.36 (compatible; Googlebot/2.1; +http://www.google.com/bot.html)"
74.7.227.172 - - [21/Jul/2026:15:30:14 -0700] "GET /c98dd2b3d0index.php?path=//etc/pki HTTP/2.0" 200 6615 "https://ladengineer.com/c98dd2b3d0index.php?path=//etc" "Mozilla/5.0 AppleWebKit/537.36 (KHTML, like Gecko; compatible; GPTBot/1.4; +https://openai.com/gptbot)"
74.7.241.19 - - [21/Jul/2026:15:30:30 -0700] "GET /dde4fdd510index.php?path=/ HTTP/2.0" 200 24381 "https://www.ladengineer.com/dde4fdd510index.php" "Mozilla/5.0 AppleWebKit/537.36 (KHTML, like Gecko; compatible; GPTBot/1.4; +https://openai.com/gptbot)"
114.119.149.169 - - [21/Jul/2026:15:30:38 -0700] "GET /outlet/227016529 HTTP/1.1" 404 - "https://ladengineer.com/?sitemap905.xml" "Mozilla/5.0 (Linux; Android 7.0;) AppleWebKit/537.36 (HTML, like Gecko) Mobile Safari/537.36 (compatible; PetalBot;+https://webmaster.petalsearch.com/site/petalbot)"
74.7.227.172 - - [21/Jul/2026:15:31:10 -0700] "GET /c98dd2b3d0index.php?path=//etc/imh HTTP/2.0" 200 1752 "https://ladengineer.com/c98dd2b3d0index.php?path=//etc" "Mozilla/5.0 AppleWebKit/537.36 (KHTML, like Gecko; compatible; GPTBot/1.4; +https://openai.com/gptbot)"
74.7.241.19 - - [21/Jul/2026:15:31:30 -0700] "GET /wp-comments-post.php HTTP/2.0" 405 - "https://www.ladengineer.com/" "Mozilla/5.0 AppleWebKit/537.36 (KHTML, like Gecko; compatible; GPTBot/1.4; +https://openai.com/gptbot)"
74.7.227.172 - - [21/Jul/2026:15:32:01 -0700] "GET /c98dd2b3d0index.php?path=//etc/xdg HTTP/2.0" 200 2956 "https://ladengineer.com/c98dd2b3d0index.php?path=//etc" "Mozilla/5.0 AppleWebKit/537.36 (KHTML, like Gecko; compatible; GPTBot/1.4; +https://openai.com/gptbot)"
114.119.156.46 - - [21/Jul/2026:15:32:02 -0700] "GET /outlet/218000860 HTTP/1.1" 404 - "https://ladengineer.com/sitemap746.xml" "Mozilla/5.0 (Linux; Android 7.0;) AppleWebKit/537.36 (HTML, like Gecko) Mobile Safari/537.36 (compatible; PetalBot;+https://webmaster.petalsearch.com/site/petalbot)"
66.249.66.71 - - [21/Jul/2026:15:32:04 -0700] "GET /category/126_18463/1/listing HTTP/1.1" 404 - "-" "Mozilla/5.0 (Linux; Android 6.0.1; Nexus 5X Build/MMB29P) AppleWebKit/537.36 (KHTML, like Gecko) Chrome/150.0.7871.128 Mobile Safari/537.36 (compatible; Googlebot/2.1; +http://www.google.com/bot.html)"
74.7.241.19 - - [21/Jul/2026:15:32:26 -0700] "GET /c98dd2b3d0index.php?path=/ HTTP/2.0" 200 24381 "https://www.ladengineer.com/c98dd2b3d0index.php" "Mozilla/5.0 AppleWebKit/537.36 (KHTML, like Gecko; compatible; GPTBot/1.4; +https://openai.com/gptbot)"
216.73.216.40 - - [21/Jul/2026:15:32:31 -0700] "GET /796036f059index.php?path=%2Fhome HTTP/2.0" 200 1720 "-" "Mozilla/5.0 AppleWebKit/537.36 (KHTML, like Gecko; compatible; ClaudeBot/1.0; +claudebot@anthropic.com)"
216.73.216.40 - - [21/Jul/2026:15:32:36 -0700] "GET /?C=M&O=D HTTP/2.0" 200 7785 "-" "Mozilla/5.0 AppleWebKit/537.36 (KHTML, like Gecko; compatible; ClaudeBot/1.0; +claudebot@anthropic.com)"
216.73.216.40 - - [21/Jul/2026:15:32:41 -0700] "GET /dde4fdd510index.php?path=%2Fhome HTTP/2.0" 200 1720 "-" "Mozilla/5.0 AppleWebKit/537.36 (KHTML, like Gecko; compatible; ClaudeBot/1.0; +claudebot@anthropic.com)"
216.73.216.40 - - [21/Jul/2026:15:32:46 -0700] "GET /796036f059index.php?path=%2F HTTP/2.0" 200 24383 "-" "Mozilla/5.0 AppleWebKit/537.36 (KHTML, like Gecko; compatible; ClaudeBot/1.0; +claudebot@anthropic.com)"
74.7.227.172 - - [21/Jul/2026:15:32:48 -0700] "GET /c98dd2b3d0index.php?path=//etc/ssh HTTP/2.0" 200 9465 "https://ladengineer.com/c98dd2b3d0index.php?path=//etc" "Mozilla/5.0 AppleWebKit/537.36 (KHTML, like Gecko; compatible; GPTBot/1.4; +https://openai.com/gptbot)"
216.73.216.40 - - [21/Jul/2026:15:32:51 -0700] "GET /dde4fdd510index.php?path=%2F HTTP/2.0" 200 24383 "-" "Mozilla/5.0 AppleWebKit/537.36 (KHTML, like Gecko; compatible; ClaudeBot/1.0; +claudebot@anthropic.com)"
216.73.216.40 - - [21/Jul/2026:15:33:02 -0700] "GET /dde4fdd510index.php?path=%2Fhome%2Fladengineer%2Fpublic_html%2Fwp-admin HTTP/2.0" 200 85900 "-" "Mozilla/5.0 AppleWebKit/537.36 (KHTML, like Gecko; compatible; ClaudeBot/1.0; +claudebot@anthropic.com)"
216.73.216.40 - - [21/Jul/2026:15:33:07 -0700] "GET /dde4fdd510index.php?path=%2Fhome%2Fladengineer%2Fpublic_html HTTP/2.0" 200 39584 "-" "Mozilla/5.0 AppleWebKit/537.36 (KHTML, like Gecko; compatible; ClaudeBot/1.0; +claudebot@anthropic.com)"
216.73.216.40 - - [21/Jul/2026:15:33:12 -0700] "GET /dde4fdd510index.php?path=%2Fhome%2Fladengineer%2Fpublic_html%2Fcgi-bin HTTP/2.0" 200 1898 "-" "Mozilla/5.0 AppleWebKit/537.36 (KHTML, like Gecko; compatible; ClaudeBot/1.0; +claudebot@anthropic.com)"
216.73.216.40 - - [21/Jul/2026:15:33:17 -0700] "GET /796036f059index.php?path=%2Fhome%2Fladengineer HTTP/2.0" 200 23019 "-" "Mozilla/5.0 AppleWebKit/537.36 (KHTML, like Gecko; compatible; ClaudeBot/1.0; +claudebot@anthropic.com)"
74.7.241.19 - - [21/Jul/2026:15:33:20 -0700] "GET /wp-includes/class-wp-error.php HTTP/2.0" 200 - "https://www.ladengineer.com/wp-includes/" "Mozilla/5.0 AppleWebKit/537.36 (KHTML, like Gecko; compatible; GPTBot/1.4; +https://openai.com/gptbot)"
216.73.216.40 - - [21/Jul/2026:15:33:23 -0700] "GET /796036f059index.php?path=%2Fhome%2Fladengineer%2Fpublic_html%2Fwp-includes HTTP/2.0" 200 246499 "-" "Mozilla/5.0 AppleWebKit/537.36 (KHTML, like Gecko; compatible; ClaudeBot/1.0; +claudebot@anthropic.com)"
114.119.150.29 - - [21/Jul/2026:15:33:26 -0700] "GET /outlet/213042597 HTTP/1.1" 404 - "https://ladengineer.com/sitemap828.xml" "Mozilla/5.0 (Linux; Android 7.0;) AppleWebKit/537.36 (HTML, like Gecko) Mobile Safari/537.36 (compatible; PetalBot;+https://webmaster.petalsearch.com/site/petalbot)"
216.73.216.40 - - [21/Jul/2026:15:33:27 -0700] "GET /796036f059index.php?path=%2Fhome%2Fladengineer%2Fpublic_html HTTP/2.0" 200 39584 "-" "Mozilla/5.0 AppleWebKit/537.36 (KHTML, like Gecko; compatible; ClaudeBot/1.0; +claudebot@anthropic.com)"
74.7.227.172 - - [21/Jul/2026:15:33:29 -0700] "GET /c98dd2b3d0index.php?path=//etc/opt HTTP/2.0" 200 1752 "https://ladengineer.com/c98dd2b3d0index.php?path=//etc" "Mozilla/5.0 AppleWebKit/537.36 (KHTML, like Gecko; compatible; GPTBot/1.4; +https://openai.com/gptbot)"
216.73.216.40 - - [21/Jul/2026:15:33:32 -0700] "GET /796036f059index.php?path=%2Fhome%2Fladengineer%2Fpublic_html%2Fwp-admin HTTP/2.0" 200 85900 "-" "Mozilla/5.0 AppleWebKit/537.36 (KHTML, like Gecko; compatible; ClaudeBot/1.0; +claudebot@anthropic.com)"
216.73.216.40 - - [21/Jul/2026:15:33:37 -0700] "GET /796036f059index.php?path=%2Fhome%2Fladengineer%2Fpublic_html%2Fcgi-bin HTTP/2.0" 200 1898 "-" "Mozilla/5.0 AppleWebKit/537.36 (KHTML, like Gecko; compatible; ClaudeBot/1.0; +claudebot@anthropic.com)"
216.73.216.40 - - [21/Jul/2026:15:33:42 -0700] "GET /dde4fdd510index.php?path=%2Fhome%2Fladengineer%2Fpublic_html%2Fwp-includes HTTP/2.0" 200 246499 "-" "Mozilla/5.0 AppleWebKit/537.36 (KHTML, like Gecko; compatible; ClaudeBot/1.0; +claudebot@anthropic.com)"
216.73.216.40 - - [21/Jul/2026:15:33:52 -0700] "GET /796036f059index.php?filesrc=%2Fhome%2Fladengineer%2Fpublic_html%2Funzip.php&path=%2Fhome%2Fladengineer%2Fpublic_html HTTP/2.0" 200 24326 "-" "Mozilla/5.0 AppleWebKit/537.36 (KHTML, like Gecko; compatible; ClaudeBot/1.0; +claudebot@anthropic.com)"
216.73.216.40 - - [21/Jul/2026:15:33:57 -0700] "GET /dde4fdd510index.php?filesrc=%2Fhome%2Fladengineer%2Fpublic_html%2Ftest.php&path=%2Fhome%2Fladengineer%2Fpublic_html HTTP/2.0" 200 2717 "-" "Mozilla/5.0 AppleWebKit/537.36 (KHTML, like Gecko; compatible; ClaudeBot/1.0; +claudebot@anthropic.com)"
216.73.216.40 - - [21/Jul/2026:15:34:02 -0700] "GET /dde4fdd510index.php?filesrc=%2Fhome%2Fladengineer%2Fpublic_html%2Fwp-comments-post.php&path=%2Fhome%2Fladengineer%2Fpublic_html HTTP/2.0" 200 4260 "-" "Mozilla/5.0 AppleWebKit/537.36 (KHTML, like Gecko; compatible; ClaudeBot/1.0; +claudebot@anthropic.com)"
74.7.227.172 - - [21/Jul/2026:15:34:05 -0700] "GET /c98dd2b3d0index.php?path=//etc/dnf HTTP/2.0" 200 6697 "https://ladengineer.com/c98dd2b3d0index.php?path=//etc" "Mozilla/5.0 AppleWebKit/537.36 (KHTML, like Gecko; compatible; GPTBot/1.4; +https://openai.com/gptbot)"
216.73.216.40 - - [21/Jul/2026:15:34:07 -0700] "GET /dde4fdd510index.php?filesrc=%2Fhome%2Fladengineer%2Fpublic_html%2Fxmlrpc.php&path=%2Fhome%2Fladengineer%2Fpublic_html HTTP/2.0" 200 5454 "-" "Mozilla/5.0 AppleWebKit/537.36 (KHTML, like Gecko; compatible; ClaudeBot/1.0; +claudebot@anthropic.com)"
74.7.241.19 - - [21/Jul/2026:15:34:10 -0700] "GET /wp-includes/class-wp-http-ixr-client.php HTTP/2.0" 500 - "https://www.ladengineer.com/wp-includes/" "Mozilla/5.0 AppleWebKit/537.36 (KHTML, like Gecko; compatible; GPTBot/1.4; +https://openai.com/gptbot)"
216.73.216.40 - - [21/Jul/2026:15:34:12 -0700] "GET /796036f059index.php?filesrc=%2Fhome%2Fladengineer%2Fpublic_html%2Fphp8.php&path=%2Fhome%2Fladengineer%2Fpublic_html HTTP/2.0" 200 74139 "-" "Mozilla/5.0 AppleWebKit/537.36 (KHTML, like Gecko; compatible; ClaudeBot/1.0; +claudebot@anthropic.com)"
216.73.216.40 - - [21/Jul/2026:15:34:20 -0700] "GET /dde4fdd510index.php?filesrc=%2Fhome%2Fladengineer%2Fpublic_html%2Fwp-activate.php&path=%2Fhome%2Fladengineer%2Fpublic_html HTTP/2.0" 200 10581 "-" "Mozilla/5.0 AppleWebKit/537.36 (KHTML, like Gecko; compatible; ClaudeBot/1.0; +claudebot@anthropic.com)"
216.73.216.40 - - [21/Jul/2026:15:34:25 -0700] "GET /796036f059index.php?filesrc=%2Fhome%2Fladengineer%2Fpublic_html%2Fwp-comments-post.php&path=%2Fhome%2Fladengineer%2Fpublic_html HTTP/2.0" 200 4260 "-" "Mozilla/5.0 AppleWebKit/537.36 (KHTML, like Gecko; compatible; ClaudeBot/1.0; +claudebot@anthropic.com)"
216.73.216.40 - - [21/Jul/2026:15:34:30 -0700] "GET /796036f059index.php?filesrc=%2Fhome%2Fladengineer%2Fpublic_html%2Fxmlrpc.php&path=%2Fhome%2Fladengineer%2Fpublic_html HTTP/2.0" 200 5454 "-" "Mozilla/5.0 AppleWebKit/537.36 (KHTML, like Gecko; compatible; ClaudeBot/1.0; +claudebot@anthropic.com)"
216.73.216.40 - - [21/Jul/2026:15:34:35 -0700] "GET /dde4fdd510index.php?filesrc=%2Fhome%2Fladengineer%2Fpublic_html%2Fwp-load.php&path=%2Fhome%2Fladengineer%2Fpublic_html HTTP/2.0" 200 6097 "-" "Mozilla/5.0 AppleWebKit/537.36 (KHTML, like Gecko; compatible; ClaudeBot/1.0; +claudebot@anthropic.com)"
74.7.227.172 - - [21/Jul/2026:15:34:40 -0700] "GET /wp-includes/class-phpass.php HTTP/2.0" 200 - "https://ladengineer.com/wp-includes/" "Mozilla/5.0 AppleWebKit/537.36 (KHTML, like Gecko; compatible; GPTBot/1.4; +https://openai.com/gptbot)"
216.73.216.40 - - [21/Jul/2026:15:34:40 -0700] "GET /dde4fdd510index.php?filesrc=%2Fhome%2Fladengineer%2Fpublic_html%2Fwp-config-sample.php&path=%2Fhome%2Fladengineer%2Fpublic_html HTTP/2.0" 200 5308 "-" "Mozilla/5.0 AppleWebKit/537.36 (KHTML, like Gecko; compatible; ClaudeBot/1.0; +claudebot@anthropic.com)"
31.57.219.92 - - [21/Jul/2026:15:34:42 -0700] "POST /bkjgns.php HTTP/2.0" 200 757 "-" "-"
216.73.216.40 - - [21/Jul/2026:15:34:53 -0700] "GET /dde4fdd510index.php?filesrc=%2Fhome%2Fladengineer%2Fpublic_html%2Fwp-trackback.php&path=%2Fhome%2Fladengineer%2Fpublic_html HTTP/2.0" 200 7697 "-" "Mozilla/5.0 AppleWebKit/537.36 (KHTML, like Gecko; compatible; ClaudeBot/1.0; +claudebot@anthropic.com)"
74.7.241.19 - - [21/Jul/2026:15:34:55 -0700] "GET /wp-includes/?C=D;O=A HTTP/2.0" 200 54507 "https://www.ladengineer.com/wp-includes/" "Mozilla/5.0 AppleWebKit/537.36 (KHTML, like Gecko; compatible; GPTBot/1.4; +https://openai.com/gptbot)"
216.73.216.40 - - [21/Jul/2026:15:35:03 -0700] "GET /dde4fdd510index.php?filesrc=%2Fhome%2Fladengineer%2Fpublic_html%2Fwp-settings.php&path=%2Fhome%2Fladengineer%2Fpublic_html HTTP/2.0" 200 37990 "-" "Mozilla/5.0 AppleWebKit/537.36 (KHTML, like Gecko; compatible; ClaudeBot/1.0; +claudebot@anthropic.com)"
216.73.216.40 - - [21/Jul/2026:15:35:08 -0700] "GET /dde4fdd510index.php?filesrc=%2Fhome%2Fladengineer%2Fpublic_html%2FN1.php&path=%2Fhome%2Fladengineer%2Fpublic_html HTTP/2.0" 200 39313 "-" "Mozilla/5.0 AppleWebKit/537.36 (KHTML, like Gecko; compatible; ClaudeBot/1.0; +claudebot@anthropic.com)"
74.7.227.172 - - [21/Jul/2026:15:35:10 -0700] "GET /wp-includes/class-wp-speculation-rules.php HTTP/2.0" 200 - "https://ladengineer.com/wp-includes/" "Mozilla/5.0 AppleWebKit/537.36 (KHTML, like Gecko; compatible; GPTBot/1.4; +https://openai.com/gptbot)"
216.73.216.40 - - [21/Jul/2026:15:35:18 -0700] "GET /dde4fdd510index.php?filesrc=%2Fhome%2Fladengineer%2Fpublic_html%2Fw.php&path=%2Fhome%2Fladengineer%2Fpublic_html HTTP/2.0" 200 117774 "-" "Mozilla/5.0 AppleWebKit/537.36 (KHTML, like Gecko; compatible; ClaudeBot/1.0; +claudebot@anthropic.com)"
216.73.216.40 - - [21/Jul/2026:15:35:22 -0700] "GET /dde4fdd510index.php?filesrc=%2Fhome%2Fladengineer%2Fpublic_html%2Fwp-cron.php&path=%2Fhome%2Fladengineer%2Fpublic_html HTTP/2.0" 200 7544 "-" "Mozilla/5.0 AppleWebKit/537.36 (KHTML, like Gecko; compatible; ClaudeBot/1.0; +claudebot@anthropic.com)"
216.73.216.40 - - [21/Jul/2026:15:35:27 -0700] "GET /796036f059index.php?filesrc=%2Fhome%2Fladengineer%2Fpublic_html%2Fwp-config-sample.php&path=%2Fhome%2Fladengineer%2Fpublic_html HTTP/2.0" 200 5308 "-" "Mozilla/5.0 AppleWebKit/537.36 (KHTML, like Gecko; compatible; ClaudeBot/1.0; +claudebot@anthropic.com)"
216.73.216.40 - - [21/Jul/2026:15:35:32 -0700] "GET /dde4fdd510index.php?filesrc=%2Fhome%2Fladengineer%2Fpublic_html%2Fphp.ini&path=%2Fhome%2Fladengineer%2Fpublic_html HTTP/2.0" 200 1656 "-" "Mozilla/5.0 AppleWebKit/537.36 (KHTML, like Gecko; compatible; ClaudeBot/1.0; +claudebot@anthropic.com)"
216.73.216.40 - - [21/Jul/2026:15:35:38 -0700] "GET /dde4fdd510index.php?filesrc=%2Fhome%2Fladengineer%2Fpublic_html%2Ferror_log&path=%2Fhome%2Fladengineer%2Fpublic_html HTTP/2.0" 200 54823 "-" "Mozilla/5.0 AppleWebKit/537.36 (KHTML, like Gecko; compatible; ClaudeBot/1.0; +claudebot@anthropic.com)"
74.7.227.172 - - [21/Jul/2026:15:35:38 -0700] "GET /wp-includes/class-wp-recovery-mode-cookie-service.php HTTP/2.0" 200 - "https://ladengineer.com/wp-includes/" "Mozilla/5.0 AppleWebKit/537.36 (KHTML, like Gecko; compatible; GPTBot/1.4; +https://openai.com/gptbot)"
216.73.216.40 - - [21/Jul/2026:15:35:43 -0700] "GET /dde4fdd510index.php?filesrc=%2Fhome%2Fladengineer%2Fpublic_html%2Fwp-mail.php&path=%2Fhome%2Fladengineer%2Fpublic_html HTTP/2.0" 200 11479 "-" "Mozilla/5.0 AppleWebKit/537.36 (KHTML, like Gecko; compatible; ClaudeBot/1.0; +claudebot@anthropic.com)"
216.73.216.40 - - [21/Jul/2026:15:35:48 -0700] "GET /796036f059index.php?filesrc=%2Fhome%2Fladengineer%2Fpublic_html%2Fwp-activate.php&path=%2Fhome%2Fladengineer%2Fpublic_html HTTP/2.0" 200 10581 "-" "Mozilla/5.0 AppleWebKit/537.36 (KHTML, like Gecko; compatible; ClaudeBot/1.0; +claudebot@anthropic.com)"
216.73.216.40 - - [21/Jul/2026:15:35:54 -0700] "GET /796036f059index.php?filesrc=%2Fhome%2Fladengineer%2Fpublic_html%2Fwp-settings.php&path=%2Fhome%2Fladengineer%2Fpublic_html HTTP/2.0" 200 37990 "-" "Mozilla/5.0 AppleWebKit/537.36 (KHTML, like Gecko; compatible; ClaudeBot/1.0; +claudebot@anthropic.com)"
74.7.241.19 - - [21/Jul/2026:15:35:57 -0700] "GET /wp-includes/?C=S;O=A HTTP/2.0" 200 54507 "https://www.ladengineer.com/wp-includes/" "Mozilla/5.0 AppleWebKit/537.36 (KHTML, like Gecko; compatible; GPTBot/1.4; +https://openai.com/gptbot)"
216.73.216.40 - - [21/Jul/2026:15:36:02 -0700] "GET /796036f059index.php?filesrc=%2Fhome%2Fladengineer%2Fpublic_html%2Fwp-cron.php&path=%2Fhome%2Fladengineer%2Fpublic_html HTTP/2.0" 200 7544 "-" "Mozilla/5.0 AppleWebKit/537.36 (KHTML, like Gecko; compatible; ClaudeBot/1.0; +claudebot@anthropic.com)"
74.7.227.172 - - [21/Jul/2026:15:36:03 -0700] "GET /wp-includes/class-wp-recovery-mode-email-service.php HTTP/2.0" 200 - "https://ladengineer.com/wp-includes/" "Mozilla/5.0 AppleWebKit/537.36 (KHTML, like Gecko; compatible; GPTBot/1.4; +https://openai.com/gptbot)"
66.249.66.39 - - [21/Jul/2026:15:36:05 -0700] "GET /?detail/0630446498806 HTTP/1.1" 200 7785 "-" "Mozilla/5.0 (Linux; Android 6.0.1; Nexus 5X Build/MMB29P) AppleWebKit/537.36 (KHTML, like Gecko) Chrome/150.0.7871.128 Mobile Safari/537.36 (compatible; Googlebot/2.1; +http://www.google.com/bot.html)"
216.73.216.40 - - [21/Jul/2026:15:36:05 -0700] "GET /dde4fdd510index.php?filesrc=%2Fhome%2Fladengineer%2Fpublic_html%2Famw.php&path=%2Fhome%2Fladengineer%2Fpublic_html HTTP/2.0" 200 2381 "-" "Mozilla/5.0 AppleWebKit/537.36 (KHTML, like Gecko; compatible; ClaudeBot/1.0; +claudebot@anthropic.com)"
216.73.216.40 - - [21/Jul/2026:15:36:10 -0700] "GET /796036f059index.php?filesrc=%2Fhome%2Fladengineer%2Fpublic_html%2FN1.php&path=%2Fhome%2Fladengineer%2Fpublic_html HTTP/2.0" 200 39313 "-" "Mozilla/5.0 AppleWebKit/537.36 (KHTML, like Gecko; compatible; ClaudeBot/1.0; +claudebot@anthropic.com)"
216.73.216.40 - - [21/Jul/2026:15:36:15 -0700] "GET /dde4fdd510index.php?filesrc=%2Fhome%2Fladengineer%2Fpublic_html%2Fwp-config.php&path=%2Fhome%2Fladengineer%2Fpublic_html HTTP/2.0" 200 5579 "-" "Mozilla/5.0 AppleWebKit/537.36 (KHTML, like Gecko; compatible; ClaudeBot/1.0; +claudebot@anthropic.com)"
216.73.216.40 - - [21/Jul/2026:15:36:25 -0700] "GET /796036f059index.php?filesrc=%2Fhome%2Fladengineer%2Fpublic_html%2Fphp.ini&path=%2Fhome%2Fladengineer%2Fpublic_html HTTP/2.0" 200 1656 "-" "Mozilla/5.0 AppleWebKit/537.36 (KHTML, like Gecko; compatible; ClaudeBot/1.0; +claudebot@anthropic.com)"
74.7.227.172 - - [21/Jul/2026:15:36:25 -0700] "GET /wp-includes/error-protection.php HTTP/2.0" 200 - "https://ladengineer.com/wp-includes/" "Mozilla/5.0 AppleWebKit/537.36 (KHTML, like Gecko; compatible; GPTBot/1.4; +https://openai.com/gptbot)"
216.73.216.40 - - [21/Jul/2026:15:36:30 -0700] "GET /dde4fdd510index.php?filesrc=%2Fhome%2Fladengineer%2Fpublic_html%2Fwp-login.php&path=%2Fhome%2Fladengineer%2Fpublic_html HTTP/2.0" 200 64598 "-" "Mozilla/5.0 AppleWebKit/537.36 (KHTML, like Gecko; compatible; ClaudeBot/1.0; +claudebot@anthropic.com)"
216.73.216.40 - - [21/Jul/2026:15:36:35 -0700] "GET /796036f059index.php?filesrc=%2Fhome%2Fladengineer%2Fpublic_html%2Fwp-trackback.php&path=%2Fhome%2Fladengineer%2Fpublic_html HTTP/2.0" 200 7697 "-" "Mozilla/5.0 AppleWebKit/537.36 (KHTML, like Gecko; compatible; ClaudeBot/1.0; +claudebot@anthropic.com)"
216.73.216.40 - - [21/Jul/2026:15:36:44 -0700] "GET /796036f059index.php?filesrc=%2Fhome%2Fladengineer%2Fpublic_html%2Ferror_log&path=%2Fhome%2Fladengineer%2Fpublic_html HTTP/2.0" 200 54823 "-" "Mozilla/5.0 AppleWebKit/537.36 (KHTML, like Gecko; compatible; ClaudeBot/1.0; +claudebot@anthropic.com)"
74.7.227.172 - - [21/Jul/2026:15:36:44 -0700] "GET /c98dd2b3d0index.php?path=//etc/dhcp HTTP/2.0" 200 1754 "https://ladengineer.com/c98dd2b3d0index.php?path=//etc" "Mozilla/5.0 AppleWebKit/537.36 (KHTML, like Gecko; compatible; GPTBot/1.4; +https://openai.com/gptbot)"
216.73.216.40 - - [21/Jul/2026:15:36:48 -0700] "GET /796036f059index.php?filesrc=%2Fhome%2Fladengineer%2Fpublic_html%2Fwp-mail.php&path=%2Fhome%2Fladengineer%2Fpublic_html HTTP/2.0" 200 11479 "-" "Mozilla/5.0 AppleWebKit/537.36 (KHTML, like Gecko; compatible; ClaudeBot/1.0; +claudebot@anthropic.com)"
216.73.216.40 - - [21/Jul/2026:15:36:53 -0700] "GET /796036f059index.php?filesrc=%2Fhome%2Fladengineer%2Fpublic_html%2Fw.php&path=%2Fhome%2Fladengineer%2Fpublic_html HTTP/2.0" 200 117774 "-" "Mozilla/5.0 AppleWebKit/537.36 (KHTML, like Gecko; compatible; ClaudeBot/1.0; +claudebot@anthropic.com)"
74.7.241.19 - - [21/Jul/2026:15:36:55 -0700] "GET /wp-includes/?C=M;O=A HTTP/2.0" 200 54507 "https://www.ladengineer.com/wp-includes/" "Mozilla/5.0 AppleWebKit/537.36 (KHTML, like Gecko; compatible; GPTBot/1.4; +https://openai.com/gptbot)"
216.73.216.40 - - [21/Jul/2026:15:36:58 -0700] "GET /dde4fdd510index.php?filesrc=%2Fhome%2Fladengineer%2Fpublic_html%2Fb8072f9f4c.php&path=%2Fhome%2Fladengineer%2Fpublic_html HTTP/2.0" 200 27079 "-" "Mozilla/5.0 AppleWebKit/537.36 (KHTML, like Gecko; compatible; ClaudeBot/1.0; +claudebot@anthropic.com)"
74.7.227.172 - - [21/Jul/2026:15:37:03 -0700] "GET /dde4fdd510index.php?path=//.local HTTP/2.0" 200 2311 "https://ladengineer.com/dde4fdd510index.php?path=/" "Mozilla/5.0 AppleWebKit/537.36 (KHTML, like Gecko; compatible; GPTBot/1.4; +https://openai.com/gptbot)"
216.73.216.40 - - [21/Jul/2026:15:37:11 -0700] "GET /dde4fdd510index.php?filesrc=%2Fhome%2Fladengineer%2Fpublic_html%2Fc98dd2b3d0index.php&path=%2Fhome%2Fladengineer%2Fpublic_html HTTP/2.0" 200 14214 "-" "Mozilla/5.0 AppleWebKit/537.36 (KHTML, like Gecko; compatible; ClaudeBot/1.0; +claudebot@anthropic.com)"
216.73.216.40 - - [21/Jul/2026:15:37:17 -0700] "GET /796036f059index.php?filesrc=%2Fhome%2Fladengineer%2Fpublic_html%2Fwp-config.php&path=%2Fhome%2Fladengineer%2Fpublic_html HTTP/2.0" 200 5579 "-" "Mozilla/5.0 AppleWebKit/537.36 (KHTML, like Gecko; compatible; ClaudeBot/1.0; +claudebot@anthropic.com)"
74.7.227.172 - - [21/Jul/2026:15:37:18 -0700] "GET /dde4fdd510index.php?path=//etc/pm HTTP/2.0" 200 3539 "https://ladengineer.com/dde4fdd510index.php?path=//etc" "Mozilla/5.0 AppleWebKit/537.36 (KHTML, like Gecko; compatible; GPTBot/1.4; +https://openai.com/gptbot)"
216.73.216.40 - - [21/Jul/2026:15:37:22 -0700] "GET /dde4fdd510index.php?filesrc=%2Fhome%2Fladengineer%2Fpublic_html%2Fbkjgns.php&path=%2Fhome%2Fladengineer%2Fpublic_html HTTP/2.0" 200 37884 "-" "Mozilla/5.0 AppleWebKit/537.36 (KHTML, like Gecko; compatible; ClaudeBot/1.0; +claudebot@anthropic.com)"
216.73.216.40 - - [21/Jul/2026:15:37:27 -0700] "GET /dde4fdd510index.php?filesrc=%2Fhome%2Fladengineer%2Fpublic_html%2Fwp-blog-header.php&path=%2Fhome%2Fladengineer%2Fpublic_html HTTP/2.0" 200 1963 "-" "Mozilla/5.0 AppleWebKit/537.36 (KHTML, like Gecko; compatible; ClaudeBot/1.0; +claudebot@anthropic.com)"
74.7.227.172 - - [21/Jul/2026:15:37:32 -0700] "GET /dde4fdd510index.php?path=//.cache HTTP/2.0" 200 2323 "https://ladengineer.com/dde4fdd510index.php?path=/" "Mozilla/5.0 AppleWebKit/537.36 (KHTML, like Gecko; compatible; GPTBot/1.4; +https://openai.com/gptbot)"
216.73.216.40 - - [21/Jul/2026:15:37:32 -0700] "GET /dde4fdd510index.php?filesrc=%2Fhome%2Fladengineer%2Fpublic_html%2Fdde4fdd510index.php&path=%2Fhome%2Fladengineer%2Fpublic_html HTTP/2.0" 200 14214 "-" "Mozilla/5.0 AppleWebKit/537.36 (KHTML, like Gecko; compatible; ClaudeBot/1.0; +claudebot@anthropic.com)"
216.73.216.40 - - [21/Jul/2026:15:37:37 -0700] "GET /796036f059index.php?filesrc=%2Fhome%2Fladengineer%2Fpublic_html%2Famw.php&path=%2Fhome%2Fladengineer%2Fpublic_html HTTP/2.0" 200 2381 "-" "Mozilla/5.0 AppleWebKit/537.36 (KHTML, like Gecko; compatible; ClaudeBot/1.0; +claudebot@anthropic.com)"
216.73.216.40 - - [21/Jul/2026:15:37:42 -0700] "GET /dde4fdd510index.php?filesrc=%2Fhome%2Fladengineer%2Fpublic_html%2Freadme.html&path=%2Fhome%2Fladengineer%2Fpublic_html HTTP/2.0" 200 10888 "-" "Mozilla/5.0 AppleWebKit/537.36 (KHTML, like Gecko; compatible; ClaudeBot/1.0; +claudebot@anthropic.com)"
74.7.227.172 - - [21/Jul/2026:15:37:45 -0700] "GET /dde4fdd510index.php?path=//etc/vz HTTP/2.0" 200 2329 "https://ladengineer.com/dde4fdd510index.php?path=//etc" "Mozilla/5.0 AppleWebKit/537.36 (KHTML, like Gecko; compatible; GPTBot/1.4; +https://openai.com/gptbot)"
74.7.241.19 - - [21/Jul/2026:15:37:47 -0700] "GET /wp-includes/?C=N;O=D HTTP/2.0" 200 54507 "https://www.ladengineer.com/wp-includes/" "Mozilla/5.0 AppleWebKit/537.36 (KHTML, like Gecko; compatible; GPTBot/1.4; +https://openai.com/gptbot)"
216.73.216.40 - - [21/Jul/2026:15:37:47 -0700] "GET /dde4fdd510index.php?filesrc=%2Fhome%2Fladengineer%2Fpublic_html%2F87e723dd2cindex.php&path=%2Fhome%2Fladengineer%2Fpublic_html HTTP/2.0" 200 27084 "-" "Mozilla/5.0 AppleWebKit/537.36 (KHTML, like Gecko; compatible; ClaudeBot/1.0; +claudebot@anthropic.com)"
216.73.216.40 - - [21/Jul/2026:15:37:55 -0700] "GET /dde4fdd510index.php?filesrc=%2Fhome%2Fladengineer%2Fpublic_html%2Fwp-signup.php&path=%2Fhome%2Fladengineer%2Fpublic_html HTTP/2.0" 200 43197 "-" "Mozilla/5.0 AppleWebKit/537.36 (KHTML, like Gecko; compatible; ClaudeBot/1.0; +claudebot@anthropic.com)"
74.7.227.172 - - [21/Jul/2026:15:37:56 -0700] "GET /dde4fdd510index.php?path=//var/db HTTP/2.0" 200 2941 "https://ladengineer.com/dde4fdd510index.php?path=//var" "Mozilla/5.0 AppleWebKit/537.36 (KHTML, like Gecko; compatible; GPTBot/1.4; +https://openai.com/gptbot)"
216.73.216.40 - - [21/Jul/2026:15:38:00 -0700] "GET /dde4fdd510index.php?filesrc=%2Fhome%2Fladengineer%2Fpublic_html%2Fb8072f9f4cindex.php&path=%2Fhome%2Fladengineer%2Fpublic_html HTTP/2.0" 200 27084 "-" "Mozilla/5.0 AppleWebKit/537.36 (KHTML, like Gecko; compatible; ClaudeBot/1.0; +claudebot@anthropic.com)"
216.73.216.40 - - [21/Jul/2026:15:38:05 -0700] "GET /796036f059index.php?filesrc=%2Fhome%2Fladengineer%2Fpublic_html%2Fwp-login.php&path=%2Fhome%2Fladengineer%2Fpublic_html HTTP/2.0" 200 64598 "-" "Mozilla/5.0 AppleWebKit/537.36 (KHTML, like Gecko; compatible; ClaudeBot/1.0; +claudebot@anthropic.com)"
74.7.227.172 - - [21/Jul/2026:15:38:07 -0700] "GET /dde4fdd510index.php?path=//sys/fs HTTP/2.0" 200 2341 "https://ladengineer.com/dde4fdd510index.php?path=//sys" "Mozilla/5.0 AppleWebKit/537.36 (KHTML, like Gecko; compatible; GPTBot/1.4; +https://openai.com/gptbot)"
216.73.216.40 - - [21/Jul/2026:15:38:10 -0700] "GET /dde4fdd510index.php?filesrc=%2Fhome%2Fladengineer%2Fpublic_html%2Fwp-links-opml.php&path=%2Fhome%2Fladengineer%2Fpublic_html HTTP/2.0" 200 4637 "-" "Mozilla/5.0 AppleWebKit/537.36 (KHTML, like Gecko; compatible; ClaudeBot/1.0; +claudebot@anthropic.com)"
74.7.227.172 - - [21/Jul/2026:15:38:16 -0700] "GET /dde4fdd510index.php?path=//var/yp HTTP/2.0" 200 1750 "https://ladengineer.com/dde4fdd510index.php?path=//var" "Mozilla/5.0 AppleWebKit/537.36 (KHTML, like Gecko; compatible; GPTBot/1.4; +https://openai.com/gptbot)"
216.73.216.40 - - [21/Jul/2026:15:38:19 -0700] "GET /796036f059index.php?filesrc=%2Fhome%2Fladengineer%2Fpublic_html%2Freadme.html&path=%2Fhome%2Fladengineer%2Fpublic_html HTTP/2.0" 200 10888 "-" "Mozilla/5.0 AppleWebKit/537.36 (KHTML, like Gecko; compatible; ClaudeBot/1.0; +claudebot@anthropic.com)"
216.73.216.40 - - [21/Jul/2026:15:38:24 -0700] "GET /796036f059index.php?filesrc=%2Fhome%2Fladengineer%2Fpublic_html%2Fdde4fdd510index.php&path=%2Fhome%2Fladengineer%2Fpublic_html HTTP/2.0" 200 14214 "-" "Mozilla/5.0 AppleWebKit/537.36 (KHTML, like Gecko; compatible; ClaudeBot/1.0; +claudebot@anthropic.com)"
74.7.227.172 - - [21/Jul/2026:15:38:24 -0700] "GET /c98dd2b3d0index.php?path=//etc/httpd HTTP/2.0" 200 5414 "https://ladengineer.com/c98dd2b3d0index.php?path=//etc" "Mozilla/5.0 AppleWebKit/537.36 (KHTML, like Gecko; compatible; GPTBot/1.4; +https://openai.com/gptbot)"
74.7.227.172 - - [21/Jul/2026:15:38:33 -0700] "GET /c98dd2b3d0index.php?path=//etc/named HTTP/2.0" 200 1756 "https://ladengineer.com/c98dd2b3d0index.php?path=//etc" "Mozilla/5.0 AppleWebKit/537.36 (KHTML, like Gecko; compatible; GPTBot/1.4; +https://openai.com/gptbot)"
74.7.241.19 - - [21/Jul/2026:15:38:33 -0700] "GET /nocont7.zip HTTP/2.0" 200 18287526 "https://www.ladengineer.com/" "Mozilla/5.0 AppleWebKit/537.36 (KHTML, like Gecko; compatible; GPTBot/1.4; +https://openai.com/gptbot)"
216.73.216.40 - - [21/Jul/2026:15:38:34 -0700] "GET /796036f059index.php?filesrc=%2Fhome%2Fladengineer%2Fpublic_html%2Fbkjgns.php&path=%2Fhome%2Fladengineer%2Fpublic_html HTTP/2.0" 200 37884 "-" "Mozilla/5.0 AppleWebKit/537.36 (KHTML, like Gecko; compatible; ClaudeBot/1.0; +claudebot@anthropic.com)"
74.7.227.172 - - [21/Jul/2026:15:38:39 -0700] "GET /c98dd2b3d0index.php?path=//run/httpd HTTP/2.0" 200 1756 "https://ladengineer.com/c98dd2b3d0index.php?path=//run" "Mozilla/5.0 AppleWebKit/537.36 (KHTML, like Gecko; compatible; GPTBot/1.4; +https://openai.com/gptbot)"
216.73.216.40 - - [21/Jul/2026:15:38:45 -0700] "GET /796036f059index.php?filesrc=%2Fhome%2Fladengineer%2Fpublic_html%2F87e723dd2cindex.php&path=%2Fhome%2Fladengineer%2Fpublic_html HTTP/2.0" 200 27084 "-" "Mozilla/5.0 AppleWebKit/537.36 (KHTML, like Gecko; compatible; ClaudeBot/1.0; +claudebot@anthropic.com)"
74.7.227.172 - - [21/Jul/2026:15:38:45 -0700] "GET /wp-includes/ms-default-constants.php HTTP/2.0" 200 - "https://ladengineer.com/wp-includes/" "Mozilla/5.0 AppleWebKit/537.36 (KHTML, like Gecko; compatible; GPTBot/1.4; +https://openai.com/gptbot)"
216.73.216.40 - - [21/Jul/2026:15:38:50 -0700] "GET /796036f059index.php?filesrc=%2Fhome%2Fladengineer%2Fpublic_html%2Fwp-blog-header.php&path=%2Fhome%2Fladengineer%2Fpublic_html HTTP/2.0" 200 1963 "-" "Mozilla/5.0 AppleWebKit/537.36 (KHTML, like Gecko; compatible; ClaudeBot/1.0; +claudebot@anthropic.com)"
74.7.227.172 - - [21/Jul/2026:15:38:51 -0700] "GET /wp-includes/class-wp-customize-panel.php HTTP/2.0" 200 2 "https://ladengineer.com/wp-includes/" "Mozilla/5.0 AppleWebKit/537.36 (KHTML, like Gecko; compatible; GPTBot/1.4; +https://openai.com/gptbot)"
216.73.216.40 - - [21/Jul/2026:15:38:55 -0700] "GET /796036f059index.php?filesrc=%2Fhome%2Fladengineer%2Fpublic_html%2Fc98dd2b3d0index.php&path=%2Fhome%2Fladengineer%2Fpublic_html HTTP/2.0" 200 14214 "-" "Mozilla/5.0 AppleWebKit/537.36 (KHTML, like Gecko; compatible; ClaudeBot/1.0; +claudebot@anthropic.com)"
216.73.216.40 - - [21/Jul/2026:15:39:00 -0700] "GET /796036f059index.php?filesrc=%2Fhome%2Fladengineer%2Fpublic_html%2Fb8072f9f4c.php&path=%2Fhome%2Fladengineer%2Fpublic_html HTTP/2.0" 200 27079 "-" "Mozilla/5.0 AppleWebKit/537.36 (KHTML, like Gecko; compatible; ClaudeBot/1.0; +claudebot@anthropic.com)"
74.7.227.172 - - [21/Jul/2026:15:39:00 -0700] "GET /dde4fdd510index.php?path=//backup HTTP/2.0" 200 1724 "https://ladengineer.com/dde4fdd510index.php?path=/" "Mozilla/5.0 AppleWebKit/537.36 (KHTML, like Gecko; compatible; GPTBot/1.4; +https://openai.com/gptbot)"
74.7.227.172 - - [21/Jul/2026:15:39:05 -0700] "GET /dde4fdd510index.php?path=//etc/pam.d HTTP/2.0" 429 17 "https://ladengineer.com/dde4fdd510index.php?path=//etc" "Mozilla/5.0 AppleWebKit/537.36 (KHTML, like Gecko; compatible; GPTBot/1.4; +https://openai.com/gptbot)"
216.73.216.40 - - [21/Jul/2026:15:39:08 -0700] "GET /796036f059index.php?filesrc=%2Fhome%2Fladengineer%2Fpublic_html%2Fwp-signup.php&path=%2Fhome%2Fladengineer%2Fpublic_html HTTP/2.0" 200 43197 "-" "Mozilla/5.0 AppleWebKit/537.36 (KHTML, like Gecko; compatible; ClaudeBot/1.0; +claudebot@anthropic.com)"
216.73.216.40 - - [21/Jul/2026:15:39:08 -0700] "GET /796036f059index.php?filesrc=%2Fhome%2Fladengineer%2Fpublic_html%2Fb8072f9f4cindex.php&path=%2Fhome%2Fladengineer%2Fpublic_html HTTP/2.0" 200 27084 "-" "Mozilla/5.0 AppleWebKit/537.36 (KHTML, like Gecko; compatible; ClaudeBot/1.0; +claudebot@anthropic.com)"
74.7.227.172 - - [21/Jul/2026:15:39:09 -0700] "GET /c98dd2b3d0index.php?path=//lib/.build-id HTTP/2.0" 429 17 "https://ladengineer.com/c98dd2b3d0index.php?path=//lib" "Mozilla/5.0 AppleWebKit/537.36 (KHTML, like Gecko; compatible; GPTBot/1.4; +https://openai.com/gptbot)"
216.73.216.40 - - [21/Jul/2026:15:39:09 -0700] "GET /796036f059index.php?filesrc=%2Fhome%2Fladengineer%2Fpublic_html%2Fwp-links-opml.php&path=%2Fhome%2Fladengineer%2Fpublic_html HTTP/2.0" 200 4637 "-" "Mozilla/5.0 AppleWebKit/537.36 (KHTML, like Gecko; compatible; ClaudeBot/1.0; +claudebot@anthropic.com)"
216.73.216.40 - - [21/Jul/2026:15:39:08 -0700] "GET /dde4fdd510index.php?filesrc=%2Fhome%2Fladengineer%2Fpublic_html%2Fnocontent.zip&path=%2Fhome%2Fladengineer%2Fpublic_html HTTP/2.0" 200 28251087 "-" "Mozilla/5.0 AppleWebKit/537.36 (KHTML, like Gecko; compatible; ClaudeBot/1.0; +claudebot@anthropic.com)"
74.7.241.19 - - [21/Jul/2026:15:39:13 -0700] "GET /wp-includes/class-wp-block-parser-block.php HTTP/2.0" 200 - "https://www.ladengineer.com/wp-includes/" "Mozilla/5.0 AppleWebKit/537.36 (KHTML, like Gecko; compatible; GPTBot/1.4; +https://openai.com/gptbot)"
216.73.216.40 - - [21/Jul/2026:15:39:17 -0700] "GET /796036f059index.php?filesrc=%2Fhome%2Fladengineer%2Fpublic_html%2F796036f059index.php&path=%2Fhome%2Fladengineer%2Fpublic_html HTTP/2.0" 200 14214 "-" "Mozilla/5.0 AppleWebKit/537.36 (KHTML, like Gecko; compatible; ClaudeBot/1.0; +claudebot@anthropic.com)"
216.73.216.40 - - [21/Jul/2026:15:39:17 -0700] "GET /dde4fdd510index.php?filesrc=%2Fhome%2Fladengineer%2Fpublic_html%2F.485965501718920.php&path=%2Fhome%2Fladengineer%2Fpublic_html HTTP/2.0" 200 2478 "-" "Mozilla/5.0 AppleWebKit/537.36 (KHTML, like Gecko; compatible; ClaudeBot/1.0; +claudebot@anthropic.com)"
216.73.216.40 - - [21/Jul/2026:15:39:18 -0700] "GET /dde4fdd510index.php?filesrc=%2Fhome%2Fladengineer%2Fpublic_html%2F.199721079641496.php&path=%2Fhome%2Fladengineer%2Fpublic_html HTTP/2.0" 200 2489 "-" "Mozilla/5.0 AppleWebKit/537.36 (KHTML, like Gecko; compatible; ClaudeBot/1.0; +claudebot@anthropic.com)"
216.73.216.40 - - [21/Jul/2026:15:39:19 -0700] "GET /dde4fdd510index.php?filesrc=%2Fhome%2Fladengineer%2Fpublic_html%2F.756774941607914.php&path=%2Fhome%2Fladengineer%2Fpublic_html HTTP/2.0" 200 2476 "-" "Mozilla/5.0 AppleWebKit/537.36 (KHTML, like Gecko; compatible; ClaudeBot/1.0; +claudebot@anthropic.com)"
74.7.227.172 - - [21/Jul/2026:15:39:21 -0700] "GET /wp-includes/class-wp-simplepie-sanitize-kses.php HTTP/2.0" 429 17 "https://ladengineer.com/wp-includes/" "Mozilla/5.0 AppleWebKit/537.36 (KHTML, like Gecko; compatible; GPTBot/1.4; +https://openai.com/gptbot)"
216.73.216.40 - - [21/Jul/2026:15:39:23 -0700] "GET /dde4fdd510index.php?filesrc=%2Fhome%2Fladengineer%2Fpublic_html%2F.692023324542426.php&path=%2Fhome%2Fladengineer%2Fpublic_html HTTP/2.0" 200 2498 "-" "Mozilla/5.0 AppleWebKit/537.36 (KHTML, like Gecko; compatible; ClaudeBot/1.0; +claudebot@anthropic.com)"
216.73.216.40 - - [21/Jul/2026:15:39:24 -0700] "GET /dde4fdd510index.php?filesrc=%2Fhome%2Fladengineer%2Fpublic_html%2F.694545061710618.php&path=%2Fhome%2Fladengineer%2Fpublic_html HTTP/2.0" 200 2470 "-" "Mozilla/5.0 AppleWebKit/537.36 (KHTML, like Gecko; compatible; ClaudeBot/1.0; +claudebot@anthropic.com)"
216.73.216.40 - - [21/Jul/2026:15:39:23 -0700] "GET /796036f059index.php?filesrc=%2Fhome%2Fladengineer%2Fpublic_html%2Fnocontent.zip&path=%2Fhome%2Fladengineer%2Fpublic_html HTTP/2.0" 200 28251087 "-" "Mozilla/5.0 AppleWebKit/537.36 (KHTML, like Gecko; compatible; ClaudeBot/1.0; +claudebot@anthropic.com)"
216.73.216.40 - - [21/Jul/2026:15:39:24 -0700] "GET /dde4fdd510index.php?filesrc=%2Fhome%2Fladengineer%2Fpublic_html%2Fnocont7.zip&path=%2Fhome%2Fladengineer%2Fpublic_html HTTP/2.0" 200 33150339 "-" "Mozilla/5.0 AppleWebKit/537.36 (KHTML, like Gecko; compatible; ClaudeBot/1.0; +claudebot@anthropic.com)"
31.57.219.92 - - [21/Jul/2026:15:39:42 -0700] "POST /bkjgns.php HTTP/2.0" 200 757 "-" "-"
114.119.162.62 - - [21/Jul/2026:15:39:51 -0700] "GET /outlet/190005998 HTTP/1.1" 404 - "https://ladengineer.com/sitemap90.xml" "Mozilla/5.0 (Linux; Android 7.0;) AppleWebKit/537.36 (HTML, like Gecko) Mobile Safari/537.36 (compatible; PetalBot;+https://webmaster.petalsearch.com/site/petalbot)"
74.7.241.19 - - [21/Jul/2026:15:39:52 -0700] "GET /dde4fdd510index.php?path=//lib64 HTTP/2.0" 200 877539 "https://www.ladengineer.com/dde4fdd510index.php?path=/" "Mozilla/5.0 AppleWebKit/537.36 (KHTML, like Gecko; compatible; GPTBot/1.4; +https://openai.com/gptbot)"
74.7.227.172 - - [21/Jul/2026:15:39:59 -0700] "GET /wp-includes/class-wp-recovery-mode-link-service.php HTTP/2.0" 429 17 "https://ladengineer.com/wp-includes/" "Mozilla/5.0 AppleWebKit/537.36 (KHTML, like Gecko; compatible; GPTBot/1.4; +https://openai.com/gptbot)"
216.73.216.40 - - [21/Jul/2026:15:40:13 -0700] "GET /796036f059index.php?filesrc=%2Fhome%2Fladengineer%2Fpublic_html%2F.485965501718920.php&path=%2Fhome%2Fladengineer%2Fpublic_html HTTP/2.0" 200 2478 "-" "Mozilla/5.0 AppleWebKit/537.36 (KHTML, like Gecko; compatible; ClaudeBot/1.0; +claudebot@anthropic.com)"
216.73.216.40 - - [21/Jul/2026:15:40:14 -0700] "GET /796036f059index.php?filesrc=%2Fhome%2Fladengineer%2Fpublic_html%2F.199721079641496.php&path=%2Fhome%2Fladengineer%2Fpublic_html HTTP/2.0" 200 2489 "-" "Mozilla/5.0 AppleWebKit/537.36 (KHTML, like Gecko; compatible; ClaudeBot/1.0; +claudebot@anthropic.com)"
216.73.216.40 - - [21/Jul/2026:15:40:14 -0700] "GET /dde4fdd510index.php?filesrc=%2Fhome%2Fladengineer%2Fpublic_html%2Fbkuoldnocont.zip&path=%2Fhome%2Fladengineer%2Fpublic_html HTTP/2.0" 200 1490 "-" "Mozilla/5.0 AppleWebKit/537.36 (KHTML, like Gecko; compatible; ClaudeBot/1.0; +claudebot@anthropic.com)"
216.73.216.40 - - [21/Jul/2026:15:40:15 -0700] "GET /796036f059index.php?filesrc=%2Fhome%2Fladengineer%2Fpublic_html%2F.756774941607914.php&path=%2Fhome%2Fladengineer%2Fpublic_html HTTP/2.0" 200 2476 "-" "Mozilla/5.0 AppleWebKit/537.36 (KHTML, like Gecko; compatible; ClaudeBot/1.0; +claudebot@anthropic.com)"
74.7.241.19 - - [21/Jul/2026:15:40:25 -0700] "GET /wp-includes/class-wp-locale-switcher.php HTTP/2.0" 200 - "https://www.ladengineer.com/wp-includes/" "Mozilla/5.0 AppleWebKit/537.36 (KHTML, like Gecko; compatible; GPTBot/1.4; +https://openai.com/gptbot)"
114.119.156.46 - - [21/Jul/2026:15:40:38 -0700] "GET /outlet/188024970 HTTP/1.1" 404 - "https://ladengineer.com/?sitemap738.xml" "Mozilla/5.0 (Linux; Android 7.0;) AppleWebKit/537.36 (HTML, like Gecko) Mobile Safari/537.36 (compatible; PetalBot;+https://webmaster.petalsearch.com/site/petalbot)"
216.73.216.40 - - [21/Jul/2026:15:40:46 -0700] "GET /dde4fdd510index.php?filesrc=%2Fhome%2Fladengineer%2Fpublic_html%2Fb8072f9f4c.txt&path=%2Fhome%2Fladengineer%2Fpublic_html HTTP/2.0" 200 27079 "-" "Mozilla/5.0 AppleWebKit/537.36 (KHTML, like Gecko; compatible; ClaudeBot/1.0; +claudebot@anthropic.com)"
216.73.216.40 - - [21/Jul/2026:15:40:46 -0700] "GET /dde4fdd510index.php?filesrc=%2Fhome%2Fladengineer%2Fpublic_html%2Freadme.7255194d40f42e127d9f9983147a3f52.html&path=%2Fhome%2Fladengineer%2Fpublic_html HTTP/2.0" 200 10921 "-" "Mozilla/5.0 AppleWebKit/537.36 (KHTML, like Gecko; compatible; ClaudeBot/1.0; +claudebot@anthropic.com)"
216.73.216.40 - - [21/Jul/2026:15:40:47 -0700] "GET /796036f059index.php?filesrc=%2Fhome%2Fladengineer%2Fpublic_html%2Fbkuoldnocont.zip&path=%2Fhome%2Fladengineer%2Fpublic_html HTTP/2.0" 200 1490 "-" "Mozilla/5.0 AppleWebKit/537.36 (KHTML, like Gecko; compatible; ClaudeBot/1.0; +claudebot@anthropic.com)"
216.73.216.40 - - [21/Jul/2026:15:40:47 -0700] "GET /796036f059index.php?filesrc=%2Fhome%2Fladengineer%2Fpublic_html%2Fbkjgns.php%286%29+%3A+eval%28%29%27d+code&path=%2Fhome%2Fladengineer%2Fpublic_html HTTP/2.0" 200 38874 "-" "Mozilla/5.0 AppleWebKit/537.36 (KHTML, like Gecko; compatible; ClaudeBot/1.0; +claudebot@anthropic.com)"
74.7.241.19 - - [21/Jul/2026:15:40:55 -0700] "GET /c98dd2b3d0index.php?path=//media HTTP/2.0" 200 1721 "https://www.ladengineer.com/c98dd2b3d0index.php?path=/" "Mozilla/5.0 AppleWebKit/537.36 (KHTML, like Gecko; compatible; GPTBot/1.4; +https://openai.com/gptbot)"
74.7.227.172 - - [21/Jul/2026:15:41:01 -0700] "GET /wp-includes/class-phpmailer.php HTTP/2.0" 429 17 "https://ladengineer.com/wp-includes/" "Mozilla/5.0 AppleWebKit/537.36 (KHTML, like Gecko; compatible; GPTBot/1.4; +https://openai.com/gptbot)"
66.249.66.161 - - [21/Jul/2026:15:41:05 -0700] "GET /readme.html HTTP/1.1" 200 7406 "-" "Mozilla/5.0 (Linux; Android 6.0.1; Nexus 5X Build/MMB29P) AppleWebKit/537.36 (KHTML, like Gecko) Chrome/150.0.7871.128 Mobile Safari/537.36 (compatible; Googlebot/2.1; +http://www.google.com/bot.html)"
216.73.216.40 - - [21/Jul/2026:15:41:13 -0700] "GET /796036f059index.php?filesrc=%2Fhome%2Fladengineer%2Fpublic_html%2F.694545061710618.php&path=%2Fhome%2Fladengineer%2Fpublic_html HTTP/2.0" 200 2470 "-" "Mozilla/5.0 AppleWebKit/537.36 (KHTML, like Gecko; compatible; ClaudeBot/1.0; +claudebot@anthropic.com)"
216.73.216.40 - - [21/Jul/2026:15:41:13 -0700] "GET /796036f059index.php?filesrc=%2Fhome%2Fladengineer%2Fpublic_html%2F.692023324542426.php&path=%2Fhome%2Fladengineer%2Fpublic_html HTTP/2.0" 200 2498 "-" "Mozilla/5.0 AppleWebKit/537.36 (KHTML, like Gecko; compatible; ClaudeBot/1.0; +claudebot@anthropic.com)"
216.73.216.40 - - [21/Jul/2026:15:41:15 -0700] "GET /dde4fdd510index.php?filesrc=%2Fhome%2Fladengineer%2Fpublic_html%2Fbkjgns.php%286%29+%3A+eval%28%29%27d+code&path=%2Fhome%2Fladengineer%2Fpublic_html HTTP/2.0" 200 38874 "-" "Mozilla/5.0 AppleWebKit/537.36 (KHTML, like Gecko; compatible; ClaudeBot/1.0; +claudebot@anthropic.com)"
216.73.216.40 - - [21/Jul/2026:15:41:14 -0700] "GET /796036f059index.php?filesrc=%2Fhome%2Fladengineer%2Fpublic_html%2Fnocont7.zip&path=%2Fhome%2Fladengineer%2Fpublic_html HTTP/2.0" 200 33150339 "-" "Mozilla/5.0 AppleWebKit/537.36 (KHTML, like Gecko; compatible; ClaudeBot/1.0; +claudebot@anthropic.com)"
74.7.241.19 - - [21/Jul/2026:15:41:22 -0700] "GET /c98dd2b3d0index.php?path=//.cache HTTP/2.0" 200 2322 "https://www.ladengineer.com/c98dd2b3d0index.php?path=/" "Mozilla/5.0 AppleWebKit/537.36 (KHTML, like Gecko; compatible; GPTBot/1.4; +https://openai.com/gptbot)"
216.73.216.40 - - [21/Jul/2026:15:41:26 -0700] "GET /796036f059index.php?filesrc=%2Fhome%2Fladengineer%2Fpublic_html%2Flicense.txt&path=%2Fhome%2Fladengineer%2Fpublic_html HTTP/2.0" 200 21664 "-" "Mozilla/5.0 AppleWebKit/537.36 (KHTML, like Gecko; compatible; ClaudeBot/1.0; +claudebot@anthropic.com)"
216.73.216.40 - - [21/Jul/2026:15:41:26 -0700] "GET /796036f059index.php?filesrc=%2Fhome%2Fladengineer%2Fpublic_html%2Fb8072f9f4c.txt&path=%2Fhome%2Fladengineer%2Fpublic_html HTTP/2.0" 200 27079 "-" "Mozilla/5.0 AppleWebKit/537.36 (KHTML, like Gecko; compatible; ClaudeBot/1.0; +claudebot@anthropic.com)"
216.73.216.40 - - [21/Jul/2026:15:41:27 -0700] "GET /dde4fdd510index.php?filesrc=%2Fhome%2Fladengineer%2Fpublic_html%2Flicense.txt&path=%2Fhome%2Fladengineer%2Fpublic_html HTTP/2.0" 200 21664 "-" "Mozilla/5.0 AppleWebKit/537.36 (KHTML, like Gecko; compatible; ClaudeBot/1.0; +claudebot@anthropic.com)"
216.73.216.40 - - [21/Jul/2026:15:41:27 -0700] "GET /796036f059index.php?filesrc=%2Fhome%2Fladengineer%2Fpublic_html%2Freadme.7255194d40f42e127d9f9983147a3f52.html&path=%2Fhome%2Fladengineer%2Fpublic_html HTTP/2.0" 200 10921 "-" "Mozilla/5.0 AppleWebKit/537.36 (KHTML, like Gecko; compatible; ClaudeBot/1.0; +claudebot@anthropic.com)"
74.7.241.19 - - [21/Jul/2026:15:41:46 -0700] "GET /c98dd2b3d0index.php?path=//root HTTP/2.0" 200 1719 "https://www.ladengineer.com/c98dd2b3d0index.php?path=/" "Mozilla/5.0 AppleWebKit/537.36 (KHTML, like Gecko; compatible; GPTBot/1.4; +https://openai.com/gptbot)"
114.119.140.64 - - [21/Jul/2026:15:41:47 -0700] "GET /outlet/186043902 HTTP/1.1" 404 - "https://ladengineer.com/sitemap65.xml" "Mozilla/5.0 (Linux; Android 7.0;) AppleWebKit/537.36 (HTML, like Gecko) Mobile Safari/537.36 (compatible; PetalBot;+https://webmaster.petalsearch.com/site/petalbot)"
74.7.227.172 - - [21/Jul/2026:15:42:03 -0700] "GET /c98dd2b3d0index.php?path=//lib/rpm HTTP/2.0" 200 19725 "https://ladengineer.com/c98dd2b3d0index.php?path=//lib" "Mozilla/5.0 AppleWebKit/537.36 (KHTML, like Gecko; compatible; GPTBot/1.4; +https://openai.com/gptbot)"
74.7.241.19 - - [21/Jul/2026:15:42:08 -0700] "GET /wp-includes/class-wp-theme-json-resolver.php HTTP/2.0" 200 - "https://www.ladengineer.com/wp-includes/?C=D;O=A" "Mozilla/5.0 AppleWebKit/537.36 (KHTML, like Gecko; compatible; GPTBot/1.4; +https://openai.com/gptbot)"
74.7.241.19 - - [21/Jul/2026:15:42:28 -0700] "GET /wp-includes/class-wp-image-editor-gd.php HTTP/2.0" 500 - "https://www.ladengineer.com/wp-includes/?C=D;O=A" "Mozilla/5.0 AppleWebKit/537.36 (KHTML, like Gecko; compatible; GPTBot/1.4; +https://openai.com/gptbot)"
74.7.241.19 - - [21/Jul/2026:15:42:46 -0700] "GET /wp-includes/class-wp-image-editor-imagick.php HTTP/2.0" 500 - "https://www.ladengineer.com/wp-includes/?C=D;O=A" "Mozilla/5.0 AppleWebKit/537.36 (KHTML, like Gecko; compatible; GPTBot/1.4; +https://openai.com/gptbot)"
66.249.66.39 - - [21/Jul/2026:15:43:04 -0700] "GET / HTTP/1.1" 200 7785 "-" "Mozilla/5.0 (Linux; Android 6.0.1; Nexus 5X Build/MMB29P) AppleWebKit/537.36 (KHTML, like Gecko) Chrome/150.0.7871.128 Mobile Safari/537.36 (compatible; Googlebot/2.1; +http://www.google.com/bot.html)"
74.7.227.172 - - [21/Jul/2026:15:43:08 -0700] "GET /c98dd2b3d0index.php?path=//var/tmp HTTP/2.0" 200 3582 "https://ladengineer.com/c98dd2b3d0index.php?path=//var" "Mozilla/5.0 AppleWebKit/537.36 (KHTML, like Gecko; compatible; GPTBot/1.4; +https://openai.com/gptbot)"
114.119.145.237 - - [21/Jul/2026:15:43:10 -0700] "GET /outlet/185014039 HTTP/1.1" 404 - "https://ladengineer.com/sitemap663.xml" "Mozilla/5.0 (Linux; Android 7.0;) AppleWebKit/537.36 (HTML, like Gecko) Mobile Safari/537.36 (compatible; PetalBot;+https://webmaster.petalsearch.com/site/petalbot)"
74.7.241.19 - - [21/Jul/2026:15:43:38 -0700] "GET /wp-includes/?C=D;O=D HTTP/2.0" 200 54507 "https://www.ladengineer.com/wp-includes/?C=D;O=A" "Mozilla/5.0 AppleWebKit/537.36 (KHTML, like Gecko; compatible; GPTBot/1.4; +https://openai.com/gptbot)"
74.7.227.172 - - [21/Jul/2026:15:44:04 -0700] "GET /c98dd2b3d0index.php?path=//var/ftp HTTP/2.0" 200 1752 "https://ladengineer.com/c98dd2b3d0index.php?path=//var" "Mozilla/5.0 AppleWebKit/537.36 (KHTML, like Gecko; compatible; GPTBot/1.4; +https://openai.com/gptbot)"
114.119.162.62 - - [21/Jul/2026:15:44:34 -0700] "GET /outlet/184009414 HTTP/1.1" 404 - "https://ladengineer.com/sitemap925.xml" "Mozilla/5.0 (Linux; Android 7.0;) AppleWebKit/537.36 (HTML, like Gecko) Mobile Safari/537.36 (compatible; PetalBot;+https://webmaster.petalsearch.com/site/petalbot)"
