| Current Path : /home/ladengineer/access-logs/ |
| Current File : /home/ladengineer/access-logs/ladengineer.com-ssl_log |
41.184.242.237 - - [21/Jul/2026:05:15:24 -0700] "POST /xmlrpc.php HTTP/1.1" 200 403 "-" "Mozilla/5.0 (X11; Ubuntu; Linux x86_64; arm64) AppleWebKit/537.36 (KHTML, like Gecko) Opera/65.0.0.0 Safari/537.36"
41.184.242.237 - - [21/Jul/2026:05:15:53 -0700] "POST /xmlrpc.php HTTP/1.1" 404 48167 "-" "Mozilla/5.0 (Linux; Android 10; arm64) AppleWebKit/537.36 (KHTML, like Gecko) Opera/68.0.0.0 Safari/537.36"
173.231.230.100 - - [21/Jul/2026:05:15:55 -0700] "POST /wp-cron.php?doing_wp_cron=1784636155.0762970447540283203125 HTTP/1.1" 200 - "-" "WordPress/7.0.2; https://ladengineer.com"
217.181.88.215 - - [21/Jul/2026:05:16:07 -0700] "POST /php8.php HTTP/2.0" 200 113 "https://ladengineer.com/php8.php" "Mozilla/5.0 (Android 13; Mobile; rv:114.0) Gecko/114.0 Firefox/114.0"
217.181.88.174 - - [21/Jul/2026:05:16:25 -0700] "GET /php8.php?watchx=true HTTP/2.0" 200 194 "https://ladengineer.com/php8.php?watchx=true" "Mozilla/5.0 (Windows NT 10.0; Win64; x64) AppleWebKit/537.36 (KHTML, like Gecko) Chrome/119.0.0.0 Safari/537.36"
41.184.242.237 - - [21/Jul/2026:05:16:26 -0700] "POST /xmlrpc.php HTTP/1.1" 200 403 "-" "Mozilla/5.0 (Windows NT 10.0; x86) AppleWebKit/537.36 (KHTML, like Gecko) Edge/95.0.0.0 Safari/537.36"
41.184.242.237 - - [21/Jul/2026:05:16:54 -0700] "POST /xmlrpc.php HTTP/1.1" 200 403 "-" "Mozilla/5.0 (Windows NT 6.3; x64) AppleWebKit/537.36 (KHTML, like Gecko) Safari/12.0.0.0 Safari/537.36"
173.231.230.100 - - [21/Jul/2026:05:16:55 -0700] "POST /wp-cron.php?doing_wp_cron=1784636215.7244079113006591796875 HTTP/1.1" 200 - "-" "WordPress/7.0.2; https://ladengineer.com"
41.184.242.237 - - [21/Jul/2026:05:17:19 -0700] "POST /xmlrpc.php HTTP/1.1" 404 48167 "-" "Mozilla/5.0 (Linux; Android 10; x86) AppleWebKit/537.36 (KHTML, like Gecko) Chrome/102.0.0.0 Safari/537.36"
41.184.242.237 - - [21/Jul/2026:05:17:40 -0700] "POST /xmlrpc.php HTTP/1.1" 200 403 "-" "Mozilla/5.0 (X11; Ubuntu; Linux x86_64; x86) AppleWebKit/537.36 (KHTML, like Gecko) Safari/11.0.0.0 Safari/537.36"
173.231.230.100 - - [21/Jul/2026:05:18:04 -0700] "POST /wp-cron.php?doing_wp_cron=1784636284.9418969154357910156250 HTTP/1.1" 200 - "-" "WordPress/7.0.2; https://ladengineer.com"
41.184.242.237 - - [21/Jul/2026:05:18:03 -0700] "POST /xmlrpc.php HTTP/1.1" 404 48167 "-" "Mozilla/5.0 (Linux; Android 10; x86) AppleWebKit/537.36 (KHTML, like Gecko) Edge/94.0.0.0 Safari/537.36"
41.184.242.237 - - [21/Jul/2026:05:18:27 -0700] "POST /xmlrpc.php HTTP/1.1" 200 403 "-" "Mozilla/5.0 (Windows NT 6.3; x64) AppleWebKit/537.36 (KHTML, like Gecko) Safari/13.0.0.0 Safari/537.36"
41.184.242.237 - - [21/Jul/2026:05:18:46 -0700] "POST /xmlrpc.php HTTP/1.1" 404 48167 "-" "Mozilla/5.0 (Linux; Android 10; arm64) AppleWebKit/537.36 (KHTML, like Gecko) Opera/71.0.0.0 Safari/537.36"
41.184.242.237 - - [21/Jul/2026:05:19:07 -0700] "POST /xmlrpc.php HTTP/1.1" 200 403 "-" "Mozilla/5.0 (Windows NT 6.2; x86) AppleWebKit/537.36 (KHTML, like Gecko) Chrome/95.0.0.0 Safari/537.36"
173.231.230.100 - - [21/Jul/2026:05:19:08 -0700] "POST /wp-cron.php?doing_wp_cron=1784636348.2224938869476318359375 HTTP/1.1" 200 - "-" "WordPress/7.0.2; https://ladengineer.com"
66.249.66.198 - - [21/Jul/2026:05:19:33 -0700] "GET /cometostore-b000f48deg HTTP/1.1" 301 - "-" "Mozilla/5.0 (Linux; Android 6.0.1; Nexus 5X Build/MMB29P) AppleWebKit/537.36 (KHTML, like Gecko) Chrome/150.0.7871.128 Mobile Safari/537.36 (compatible; Googlebot/2.1; +http://www.google.com/bot.html)"
41.184.242.237 - - [21/Jul/2026:05:19:33 -0700] "POST /xmlrpc.php HTTP/1.1" 404 48167 "-" "Mozilla/5.0 (Windows NT 6.2; arm64) AppleWebKit/537.36 (KHTML, like Gecko) Chrome/101.0.0.0 Safari/537.36"
66.249.66.76 - - [21/Jul/2026:05:19:34 -0700] "GET /cometostore-b000f48deg HTTP/1.1" 404 48167 "-" "Mozilla/5.0 (Linux; Android 6.0.1; Nexus 5X Build/MMB29P) AppleWebKit/537.36 (KHTML, like Gecko) Chrome/150.0.7871.128 Mobile Safari/537.36 (compatible; Googlebot/2.1; +http://www.google.com/bot.html)"
31.57.219.92 - - [21/Jul/2026:05:19:41 -0700] "POST /bkjgns.php HTTP/2.0" 200 757 "-" "-"
41.184.242.237 - - [21/Jul/2026:05:19:55 -0700] "POST /xmlrpc.php HTTP/1.1" 200 403 "-" "Mozilla/5.0 (Windows NT 6.3; x64) AppleWebKit/537.36 (KHTML, like Gecko) Safari/11.0.0.0 Safari/537.36"
173.231.230.100 - - [21/Jul/2026:05:19:56 -0700] "POST /wp-cron.php?doing_wp_cron=1784636396.2484490871429443359375 HTTP/1.1" 200 - "-" "WordPress/7.0.2; https://ladengineer.com"
41.184.242.237 - - [21/Jul/2026:05:20:18 -0700] "POST /xmlrpc.php HTTP/1.1" 404 48167 "-" "Mozilla/5.0 (Linux; Android 10; x86) AppleWebKit/537.36 (KHTML, like Gecko) Firefox/95.0.0.0 Safari/537.36"
66.249.66.7 - - [21/Jul/2026:05:20:36 -0700] "GET /?detail/16902298103038 HTTP/1.1" 301 - "-" "Mozilla/5.0 (Linux; Android 6.0.1; Nexus 5X Build/MMB29P) AppleWebKit/537.36 (KHTML, like Gecko) Chrome/150.0.7871.128 Mobile Safari/537.36 (compatible; Googlebot/2.1; +http://www.google.com/bot.html)"
66.249.66.74 - - [21/Jul/2026:05:20:37 -0700] "GET /?detail%2F16902298103038 HTTP/1.1" 200 80463 "-" "Mozilla/5.0 (Linux; Android 6.0.1; Nexus 5X Build/MMB29P) AppleWebKit/537.36 (KHTML, like Gecko) Chrome/150.0.7871.128 Mobile Safari/537.36 (compatible; Googlebot/2.1; +http://www.google.com/bot.html)"
41.184.242.237 - - [21/Jul/2026:05:20:45 -0700] "POST /xmlrpc.php HTTP/1.1" 200 403 "-" "Mozilla/5.0 (X11; Ubuntu; Linux x86_64; x64) AppleWebKit/537.36 (KHTML, like Gecko) Chrome/113.0.0.0 Safari/537.36"
41.184.242.237 - - [21/Jul/2026:05:21:11 -0700] "POST /xmlrpc.php HTTP/1.1" 404 48167 "-" "Mozilla/5.0 (Windows NT 6.3; arm64) AppleWebKit/537.36 (KHTML, like Gecko) Safari/12.0.0.0 Safari/537.36"
173.231.230.100 - - [21/Jul/2026:05:21:13 -0700] "POST /wp-cron.php?doing_wp_cron=1784636473.0095849037170410156250 HTTP/1.1" 200 - "-" "WordPress/7.0.2; https://ladengineer.com"
40.77.167.57 - - [21/Jul/2026:05:21:35 -0700] "GET /outlet/ HTTP/2.0" 404 48167 "-" "Mozilla/5.0 AppleWebKit/537.36 (KHTML, like Gecko; compatible; bingbot/2.0; +http://www.bing.com/bingbot.htm) Chrome/116.0.1938.76 Safari/537.36"
41.184.242.237 - - [21/Jul/2026:05:21:40 -0700] "POST /xmlrpc.php HTTP/1.1" 404 48167 "-" "Mozilla/5.0 (Linux; Android 10; x64) AppleWebKit/537.36 (KHTML, like Gecko) Edge/85.0.0.0 Safari/537.36"
66.249.66.38 - - [21/Jul/2026:05:21:42 -0700] "GET /?goods/168026581 HTTP/1.1" 301 - "-" "Mozilla/5.0 (Linux; Android 6.0.1; Nexus 5X Build/MMB29P) AppleWebKit/537.36 (KHTML, like Gecko) Chrome/150.0.7871.128 Mobile Safari/537.36 (compatible; Googlebot/2.1; +http://www.google.com/bot.html)"
66.249.66.38 - - [21/Jul/2026:05:21:43 -0700] "GET /?goods%2F168026581 HTTP/1.1" 200 80463 "-" "Mozilla/5.0 (Linux; Android 6.0.1; Nexus 5X Build/MMB29P) AppleWebKit/537.36 (KHTML, like Gecko) Chrome/150.0.7871.128 Mobile Safari/537.36 (compatible; Googlebot/2.1; +http://www.google.com/bot.html)"
66.249.66.7 - - [21/Jul/2026:05:21:46 -0700] "GET /874725881 HTTP/1.1" 301 - "-" "Mozilla/5.0 (Linux; Android 6.0.1; Nexus 5X Build/MMB29P) AppleWebKit/537.36 (KHTML, like Gecko) Chrome/150.0.7871.128 Mobile Safari/537.36 (compatible; Googlebot/2.1; +http://www.google.com/bot.html)"
66.249.66.12 - - [21/Jul/2026:05:21:47 -0700] "GET /874725881 HTTP/1.1" 404 48167 "-" "Mozilla/5.0 (Linux; Android 6.0.1; Nexus 5X Build/MMB29P) AppleWebKit/537.36 (KHTML, like Gecko) Chrome/150.0.7871.128 Mobile Safari/537.36 (compatible; Googlebot/2.1; +http://www.google.com/bot.html)"
173.231.230.100 - - [21/Jul/2026:05:22:10 -0700] "POST /wp-cron.php?doing_wp_cron=1784636530.9476490020751953125000 HTTP/1.1" 200 - "-" "WordPress/7.0.2; https://ladengineer.com"
41.184.242.237 - - [21/Jul/2026:05:22:10 -0700] "POST /xmlrpc.php HTTP/1.1" 200 403 "-" "Mozilla/5.0 (Windows NT 10.0; x86) AppleWebKit/537.36 (KHTML, like Gecko) Safari/12.0.0.0 Safari/537.36"
41.184.242.237 - - [21/Jul/2026:05:22:41 -0700] "POST /xmlrpc.php HTTP/1.1" 200 403 "-" "Mozilla/5.0 (Windows NT 6.3; x64) AppleWebKit/537.36 (KHTML, like Gecko) Firefox/96.0.0.0 Safari/537.36"
41.184.242.237 - - [21/Jul/2026:05:23:12 -0700] "POST /xmlrpc.php HTTP/1.1" 404 48167 "-" "Mozilla/5.0 (Linux; Android 10; x64) AppleWebKit/537.36 (KHTML, like Gecko) Opera/77.0.0.0 Safari/537.36"
41.184.242.237 - - [21/Jul/2026:05:23:46 -0700] "POST /xmlrpc.php HTTP/1.1" 200 403 "-" "Mozilla/5.0 (Macintosh; Intel Mac OS X 10_15_7; x64) AppleWebKit/537.36 (KHTML, like Gecko) Edge/100.0.0.0 Safari/537.36"
104.210.56.224 - - [21/Jul/2026:05:23:52 -0700] "GET /commoditys/067017298 HTTP/2.0" 404 48167 "-" "Mozilla/5.0 (Macintosh; Intel Mac OS X 10_15_7) AppleWebKit/537.36 (KHTML, like Gecko) Chrome/133.0.0.0 Safari/537.36"
41.184.242.237 - - [21/Jul/2026:05:24:15 -0700] "POST /xmlrpc.php HTTP/1.1" 200 403 "-" "Mozilla/5.0 (Windows NT 10.0; x64) AppleWebKit/537.36 (KHTML, like Gecko) Edge/98.0.0.0 Safari/537.36"
31.57.219.92 - - [21/Jul/2026:05:24:41 -0700] "POST /bkjgns.php HTTP/2.0" 200 757 "-" "-"
41.184.242.237 - - [21/Jul/2026:05:24:45 -0700] "POST /xmlrpc.php HTTP/1.1" 404 48167 "-" "Mozilla/5.0 (X11; Ubuntu; Linux x86_64; arm64) AppleWebKit/537.36 (KHTML, like Gecko) Opera/77.0.0.0 Safari/537.36"
62.201.241.234 - - [21/Jul/2026:05:24:56 -0700] "GET /php8.php HTTP/2.0" 200 295 "-" "Mozilla/5.0 (Windows NT 10.0; Win64; x64) AppleWebKit/537.36 (KHTML, like Gecko) Chrome/150.0.0.0 Safari/537.36"
62.201.241.234 - - [21/Jul/2026:05:24:56 -0700] "GET /favicon.ico HTTP/2.0" 302 - "https://ladengineer.com/php8.php" "Mozilla/5.0 (Windows NT 10.0; Win64; x64) AppleWebKit/537.36 (KHTML, like Gecko) Chrome/150.0.0.0 Safari/537.36"
62.201.241.234 - - [21/Jul/2026:05:24:57 -0700] "GET /wp-content/uploads/2019/12/cropped-site-logo-32x32.png HTTP/2.0" 200 593 "https://ladengineer.com/php8.php" "Mozilla/5.0 (Windows NT 10.0; Win64; x64) AppleWebKit/537.36 (KHTML, like Gecko) Chrome/150.0.0.0 Safari/537.36"
62.201.241.234 - - [21/Jul/2026:05:24:58 -0700] "GET /w.php HTTP/2.0" 200 56437 "-" "Mozilla/5.0 (Windows NT 10.0; Win64; x64) AppleWebKit/537.36 (KHTML, like Gecko) Chrome/150.0.0.0 Safari/537.36"
114.119.162.62 - - [21/Jul/2026:05:25:03 -0700] "GET /outlet/273006751 HTTP/1.1" 404 48167 "https://ladengineer.com/sitemap757.xml" "Mozilla/5.0 (Linux; Android 7.0;) AppleWebKit/537.36 (HTML, like Gecko) Mobile Safari/537.36 (compatible; PetalBot;+https://webmaster.petalsearch.com/site/petalbot)"
41.184.242.237 - - [21/Jul/2026:05:25:17 -0700] "POST /xmlrpc.php HTTP/1.1" 404 48167 "-" "Mozilla/5.0 (X11; Ubuntu; Linux x86_64; arm64) AppleWebKit/537.36 (KHTML, like Gecko) Chrome/86.0.0.0 Safari/537.36"
41.184.242.237 - - [21/Jul/2026:05:25:46 -0700] "POST /xmlrpc.php HTTP/1.1" 200 403 "-" "Mozilla/5.0 (Windows NT 6.3; x64) AppleWebKit/537.36 (KHTML, like Gecko) Firefox/97.0.0.0 Safari/537.36"
173.231.230.100 - - [21/Jul/2026:05:26:12 -0700] "POST /wp-cron.php?doing_wp_cron=1784636772.7803699970245361328125 HTTP/1.1" 200 - "-" "WordPress/7.0.2; https://ladengineer.com"
41.184.242.237 - - [21/Jul/2026:05:26:11 -0700] "POST /xmlrpc.php HTTP/1.1" 200 403 "-" "Mozilla/5.0 (Windows NT 10.0; x64) AppleWebKit/537.36 (KHTML, like Gecko) Firefox/84.0.0.0 Safari/537.36"
114.119.140.64 - - [21/Jul/2026:05:26:26 -0700] "GET /outlet/257021139 HTTP/1.1" 404 48167 "https://ladengineer.com/sitemap780.xml" "Mozilla/5.0 (Linux; Android 7.0;) AppleWebKit/537.36 (HTML, like Gecko) Mobile Safari/537.36 (compatible; PetalBot;+https://webmaster.petalsearch.com/site/petalbot)"
41.184.242.237 - - [21/Jul/2026:05:26:41 -0700] "POST /xmlrpc.php HTTP/1.1" 200 403 "-" "Mozilla/5.0 (Windows NT 6.3; x86) AppleWebKit/537.36 (KHTML, like Gecko) Opera/68.0.0.0 Safari/537.36"
173.231.230.100 - - [21/Jul/2026:05:27:06 -0700] "POST /wp-cron.php?doing_wp_cron=1784636826.7293570041656494140625 HTTP/1.1" 200 - "-" "WordPress/7.0.2; https://ladengineer.com"
41.184.242.237 - - [21/Jul/2026:05:27:05 -0700] "POST /xmlrpc.php HTTP/1.1" 404 48167 "-" "Mozilla/5.0 (Linux; Android 10; x86) AppleWebKit/537.36 (KHTML, like Gecko) Chrome/86.0.0.0 Safari/537.36"
201.81.235.184 - - [21/Jul/2026:05:27:17 -0700] "GET /outlet/278029936 HTTP/1.1" 404 48167 "-" "Mozilla/5.0 (Windows NT 10.0; Win64; x64) AppleWebKit/537.36 (KHTML, like Gecko) Chrome/128.0.6613.36 Safari/537.36"
119.45.7.86 - - [21/Jul/2026:05:27:16 -0700] "GET / HTTP/1.1" 200 80463 "http://ladengineer.com" "Mozilla/5.0 (iPhone; CPU iPhone OS 13_2_3 like Mac OS X) AppleWebKit/605.1.15 (KHTML, like Gecko) Version/13.0.3 Mobile/15E148 Safari/604.1"
41.184.242.237 - - [21/Jul/2026:05:27:31 -0700] "POST /xmlrpc.php HTTP/1.1" 200 403 "-" "Mozilla/5.0 (Windows NT 6.2; x64) AppleWebKit/537.36 (KHTML, like Gecko) Opera/66.0.0.0 Safari/537.36"
173.231.230.100 - - [21/Jul/2026:05:27:51 -0700] "POST /wp-cron.php?doing_wp_cron=1784636871.0611100196838378906250 HTTP/1.1" 200 - "-" "WordPress/7.0.2; https://ladengineer.com"
114.119.141.79 - - [21/Jul/2026:05:27:49 -0700] "GET /outlet/009023403 HTTP/1.1" 404 48167 "https://ladengineer.com/sitemap816.xml" "Mozilla/5.0 (Linux; Android 7.0;) AppleWebKit/537.36 (HTML, like Gecko) Mobile Safari/537.36 (compatible; PetalBot;+https://webmaster.petalsearch.com/site/petalbot)"
41.184.242.237 - - [21/Jul/2026:05:27:57 -0700] "POST /xmlrpc.php HTTP/1.1" 404 48167 "-" "Mozilla/5.0 (Linux; Android 10; x64) AppleWebKit/537.36 (KHTML, like Gecko) Chrome/92.0.0.0 Safari/537.36"
173.231.230.100 - - [21/Jul/2026:05:27:58 -0700] "POST /wp-cron.php?doing_wp_cron=1784636878.5722599029541015625000 HTTP/1.1" 200 - "-" "WordPress/7.0.2; https://ladengineer.com"
41.184.242.237 - - [21/Jul/2026:05:28:22 -0700] "POST /xmlrpc.php HTTP/1.1" 200 403 "-" "Mozilla/5.0 (Windows NT 6.3; x86) AppleWebKit/537.36 (KHTML, like Gecko) Chrome/99.0.0.0 Safari/537.36"
41.184.242.237 - - [21/Jul/2026:05:28:43 -0700] "POST /xmlrpc.php HTTP/1.1" 404 48167 "-" "Mozilla/5.0 (Linux; Android 10; x64) AppleWebKit/537.36 (KHTML, like Gecko) Safari/15.0.0.0 Safari/537.36"
41.184.242.237 - - [21/Jul/2026:05:29:09 -0700] "POST /xmlrpc.php HTTP/1.1" 200 403 "-" "Mozilla/5.0 (Windows NT 6.3; x86) AppleWebKit/537.36 (KHTML, like Gecko) Edge/99.0.0.0 Safari/537.36"
173.231.230.100 - - [21/Jul/2026:05:29:10 -0700] "POST /wp-cron.php?doing_wp_cron=1784636950.5837678909301757812500 HTTP/1.1" 200 - "-" "WordPress/7.0.2; https://ladengineer.com"
114.119.141.79 - - [21/Jul/2026:05:29:13 -0700] "GET /outlet/028011778 HTTP/1.1" 404 48167 "https://ladengineer.com/sitemap890.xml" "Mozilla/5.0 (Linux; Android 7.0;) AppleWebKit/537.36 (HTML, like Gecko) Mobile Safari/537.36 (compatible; PetalBot;+https://webmaster.petalsearch.com/site/petalbot)"
104.210.56.225 - - [21/Jul/2026:05:29:17 -0700] "GET /commoditys/169026184 HTTP/2.0" 404 48167 "-" "Mozilla/5.0 (Macintosh; Intel Mac OS X 10_15_7) AppleWebKit/537.36 (KHTML, like Gecko) Chrome/133.0.0.0 Safari/537.36"
41.184.242.237 - - [21/Jul/2026:05:29:35 -0700] "POST /xmlrpc.php HTTP/1.1" 200 403 "-" "Mozilla/5.0 (Macintosh; Intel Mac OS X 10_15_7; x64) AppleWebKit/537.36 (KHTML, like Gecko) Opera/75.0.0.0 Safari/537.36"
31.57.219.92 - - [21/Jul/2026:05:29:41 -0700] "POST /bkjgns.php HTTP/2.0" 200 757 "-" "-"
173.231.230.100 - - [21/Jul/2026:05:29:58 -0700] "POST /wp-cron.php?doing_wp_cron=1784636998.6797869205474853515625 HTTP/1.1" 200 - "-" "WordPress/7.0.2; https://ladengineer.com"
41.184.242.237 - - [21/Jul/2026:05:29:57 -0700] "POST /xmlrpc.php HTTP/1.1" 200 403 "-" "Mozilla/5.0 (Windows NT 10.0; x64) AppleWebKit/537.36 (KHTML, like Gecko) Firefox/71.0.0.0 Safari/537.36"
41.184.242.237 - - [21/Jul/2026:05:30:23 -0700] "POST /xmlrpc.php HTTP/1.1" 404 48167 "-" "Mozilla/5.0 (Windows NT 10.0; arm64) AppleWebKit/537.36 (KHTML, like Gecko) Opera/66.0.0.0 Safari/537.36"
114.119.147.113 - - [21/Jul/2026:05:30:36 -0700] "GET /outlet/007029881 HTTP/1.1" 404 48167 "https://ladengineer.com/sitemap65.xml" "Mozilla/5.0 (Linux; Android 8.0.0; SM-G955U Build/R16NW) AppleWebKit/537.36 (KHTML, like Gecko) Chrome/148.0.0.0 Mobile Safari/537.36"
173.231.230.100 - - [21/Jul/2026:05:31:01 -0700] "POST /wp-cron.php?doing_wp_cron=1784637061.3596611022949218750000 HTTP/1.1" 200 - "-" "WordPress/7.0.2; https://ladengineer.com"
41.184.242.237 - - [21/Jul/2026:05:31:00 -0700] "POST /xmlrpc.php HTTP/1.1" 200 403 "-" "Mozilla/5.0 (Windows NT 6.2; x64) AppleWebKit/537.36 (KHTML, like Gecko) Safari/13.0.0.0 Safari/537.36"
66.249.66.7 - - [21/Jul/2026:05:31:21 -0700] "GET /first34-trusco-2427748 HTTP/1.1" 301 - "-" "Mozilla/5.0 (Linux; Android 6.0.1; Nexus 5X Build/MMB29P) AppleWebKit/537.36 (KHTML, like Gecko) Chrome/150.0.7871.128 Mobile Safari/537.36 (compatible; Googlebot/2.1; +http://www.google.com/bot.html)"
66.249.66.74 - - [21/Jul/2026:05:31:23 -0700] "GET /first34-trusco-2427748 HTTP/1.1" 404 48167 "-" "Mozilla/5.0 (Linux; Android 6.0.1; Nexus 5X Build/MMB29P) AppleWebKit/537.36 (KHTML, like Gecko) Chrome/150.0.7871.128 Mobile Safari/537.36 (compatible; Googlebot/2.1; +http://www.google.com/bot.html)"
66.249.66.76 - - [21/Jul/2026:05:31:24 -0700] "GET /aline-ds-2096703 HTTP/1.1" 404 48167 "-" "Mozilla/5.0 (Linux; Android 6.0.1; Nexus 5X Build/MMB29P) AppleWebKit/537.36 (KHTML, like Gecko) Chrome/150.0.7871.128 Mobile Safari/537.36 (compatible; Googlebot/2.1; +http://www.google.com/bot.html)"
66.249.66.74 - - [21/Jul/2026:05:31:26 -0700] "GET /f304042-kamitonda-aw017-r HTTP/1.1" 404 48167 "-" "Mozilla/5.0 (Linux; Android 6.0.1; Nexus 5X Build/MMB29P) AppleWebKit/537.36 (KHTML, like Gecko) Chrome/150.0.7871.128 Mobile Safari/537.36 (compatible; Googlebot/2.1; +http://www.google.com/bot.html)"
41.184.242.237 - - [21/Jul/2026:05:31:36 -0700] "POST /xmlrpc.php HTTP/1.1" 404 48167 "-" "Mozilla/5.0 (Linux; Android 10; x86) AppleWebKit/537.36 (KHTML, like Gecko) Opera/75.0.0.0 Safari/537.36"
114.119.140.64 - - [21/Jul/2026:05:32:01 -0700] "GET /commoditys/246036619 HTTP/1.1" 404 48167 "https://ladengineer.com/sitemap828.xml" "Mozilla/5.0 (Linux; Android 7.0;) AppleWebKit/537.36 (HTML, like Gecko) Mobile Safari/537.36 (compatible; PetalBot;+https://webmaster.petalsearch.com/site/petalbot)"
173.231.230.100 - - [21/Jul/2026:05:32:03 -0700] "POST /wp-cron.php?doing_wp_cron=1784637122.9764249324798583984375 HTTP/1.1" 200 - "-" "WordPress/7.0.2; https://ladengineer.com"
41.184.242.237 - - [21/Jul/2026:05:32:08 -0700] "POST /xmlrpc.php HTTP/1.1" 200 403 "-" "Mozilla/5.0 (X11; Ubuntu; Linux x86_64; x86) AppleWebKit/537.36 (KHTML, like Gecko) Opera/73.0.0.0 Safari/537.36"
41.184.242.237 - - [21/Jul/2026:05:32:37 -0700] "POST /xmlrpc.php HTTP/1.1" 404 48167 "-" "Mozilla/5.0 (Linux; Android 10; x64) AppleWebKit/537.36 (KHTML, like Gecko) Edge/93.0.0.0 Safari/537.36"
41.184.242.237 - - [21/Jul/2026:05:33:03 -0700] "POST /xmlrpc.php HTTP/1.1" 404 48167 "-" "Mozilla/5.0 (Linux; Android 10; x64) AppleWebKit/537.36 (KHTML, like Gecko) Firefox/73.0.0.0 Safari/537.36"
173.231.230.100 - - [21/Jul/2026:05:33:05 -0700] "POST /wp-cron.php?doing_wp_cron=1784637185.0346388816833496093750 HTTP/1.1" 200 - "-" "WordPress/7.0.2; https://ladengineer.com"
35.233.21.78 - - [21/Jul/2026:05:33:15 -0700] "GET /feed/ HTTP/2.0" 200 13537 "-" "okhttp/4.12.0"
35.233.21.78 - - [21/Jul/2026:05:33:16 -0700] "GET /sitemap_index.xml HTTP/2.0" 200 654 "-" "okhttp/4.12.0"
114.119.162.62 - - [21/Jul/2026:05:33:24 -0700] "GET /commoditys/230048867 HTTP/1.1" 404 48167 "https://ladengineer.com/sitemap713.xml" "Mozilla/5.0 (Linux; Android 7.0;) AppleWebKit/537.36 (HTML, like Gecko) Mobile Safari/537.36 (compatible; PetalBot;+https://webmaster.petalsearch.com/site/petalbot)"
41.184.242.237 - - [21/Jul/2026:05:33:29 -0700] "POST /xmlrpc.php HTTP/1.1" 404 48167 "-" "Mozilla/5.0 (Linux; Android 10; x64) AppleWebKit/537.36 (KHTML, like Gecko) Safari/10.0.0.0 Safari/537.36"
173.231.230.100 - - [21/Jul/2026:05:33:59 -0700] "POST /wp-cron.php?doing_wp_cron=1784637239.0906169414520263671875 HTTP/1.1" 200 - "-" "WordPress/7.0.2; https://ladengineer.com"
41.184.242.237 - - [21/Jul/2026:05:33:58 -0700] "POST /xmlrpc.php HTTP/1.1" 200 403 "-" "Mozilla/5.0 (X11; Ubuntu; Linux x86_64; x64) AppleWebKit/537.36 (KHTML, like Gecko) Opera/78.0.0.0 Safari/537.36"
41.184.242.237 - - [21/Jul/2026:05:34:29 -0700] "POST /xmlrpc.php HTTP/1.1" 200 403 "-" "Mozilla/5.0 (Macintosh; Intel Mac OS X 10_15_7; x86) AppleWebKit/537.36 (KHTML, like Gecko) Firefox/95.0.0.0 Safari/537.36"
31.57.219.92 - - [21/Jul/2026:05:34:41 -0700] "POST /bkjgns.php HTTP/2.0" 200 759 "-" "-"
41.184.242.237 - - [21/Jul/2026:05:35:01 -0700] "POST /xmlrpc.php HTTP/1.1" 200 403 "-" "Mozilla/5.0 (Windows NT 10.0; x64) AppleWebKit/537.36 (KHTML, like Gecko) Safari/14.0.0.0 Safari/537.36"
114.119.145.237 - - [21/Jul/2026:05:35:03 -0700] "GET /commoditys/155017642 HTTP/1.1" 404 48167 "https://ladengineer.com/sitemap713.xml" "Mozilla/5.0 (Linux; Android 7.0;) AppleWebKit/537.36 (HTML, like Gecko) Mobile Safari/537.36 (compatible; PetalBot;+https://webmaster.petalsearch.com/site/petalbot)"
173.231.230.100 - - [21/Jul/2026:05:35:03 -0700] "POST /wp-cron.php?doing_wp_cron=1784637303.6434888839721679687500 HTTP/1.1" 200 - "-" "WordPress/7.0.2; https://ladengineer.com"
41.184.242.237 - - [21/Jul/2026:05:35:33 -0700] "POST /xmlrpc.php HTTP/1.1" 200 403 "-" "Mozilla/5.0 (Macintosh; Intel Mac OS X 10_15_7; x86) AppleWebKit/537.36 (KHTML, like Gecko) Opera/63.0.0.0 Safari/537.36"
173.231.230.100 - - [21/Jul/2026:05:35:58 -0700] "POST /wp-cron.php?doing_wp_cron=1784637358.3640489578247070312500 HTTP/1.1" 200 - "-" "WordPress/7.0.2; https://ladengineer.com"
41.184.242.237 - - [21/Jul/2026:05:35:57 -0700] "POST /xmlrpc.php HTTP/1.1" 200 403 "-" "Mozilla/5.0 (Windows NT 10.0; x86) AppleWebKit/537.36 (KHTML, like Gecko) Opera/78.0.0.0 Safari/537.36"
114.119.149.169 - - [21/Jul/2026:05:36:13 -0700] "GET /commoditys/112038607 HTTP/1.1" 404 48167 "https://ladengineer.com/sitemap753.xml" "Mozilla/5.0 (Linux; Android 7.0;) AppleWebKit/537.36 (HTML, like Gecko) Mobile Safari/537.36 (compatible; PetalBot;+https://webmaster.petalsearch.com/site/petalbot)"
41.184.242.237 - - [21/Jul/2026:05:36:28 -0700] "POST /xmlrpc.php HTTP/1.1" 200 403 "-" "Mozilla/5.0 (Windows NT 6.3; x86) AppleWebKit/537.36 (KHTML, like Gecko) Edge/94.0.0.0 Safari/537.36"
66.249.66.42 - - [21/Jul/2026:05:36:43 -0700] "GET /hcvalor-eshop-trusco-6681308 HTTP/1.1" 301 - "-" "Mozilla/5.0 (Linux; Android 6.0.1; Nexus 5X Build/MMB29P) AppleWebKit/537.36 (KHTML, like Gecko) Chrome/150.0.7871.128 Mobile Safari/537.36 (compatible; Googlebot/2.1; +http://www.google.com/bot.html)"
66.249.66.203 - - [21/Jul/2026:05:36:44 -0700] "GET /hcvalor-eshop-trusco-6681308 HTTP/1.1" 404 48167 "-" "Mozilla/5.0 (Linux; Android 6.0.1; Nexus 5X Build/MMB29P) AppleWebKit/537.36 (KHTML, like Gecko) Chrome/150.0.7871.128 Mobile Safari/537.36 (compatible; Googlebot/2.1; +http://www.google.com/bot.html)"
173.231.230.100 - - [21/Jul/2026:05:36:53 -0700] "POST /wp-cron.php?doing_wp_cron=1784637413.2141809463500976562500 HTTP/1.1" 200 - "-" "WordPress/7.0.2; https://ladengineer.com"
41.184.242.237 - - [21/Jul/2026:05:36:51 -0700] "POST /xmlrpc.php HTTP/1.1" 404 48167 "-" "Mozilla/5.0 (Macintosh; Intel Mac OS X 10_15_7; arm64) AppleWebKit/537.36 (KHTML, like Gecko) Chrome/105.0.0.0 Safari/537.36"
41.184.242.237 - - [21/Jul/2026:05:37:23 -0700] "POST /xmlrpc.php HTTP/1.1" 404 48167 "-" "Mozilla/5.0 (Windows NT 6.3; arm64) AppleWebKit/537.36 (KHTML, like Gecko) Edge/93.0.0.0 Safari/537.36"
114.119.150.29 - - [21/Jul/2026:05:37:37 -0700] "GET /commoditys/219031514 HTTP/1.1" 404 48167 "https://ladengineer.com/sitemap90.xml" "Mozilla/5.0 (Linux; Android 7.0;) AppleWebKit/537.36 (HTML, like Gecko) Mobile Safari/537.36 (compatible; PetalBot;+https://webmaster.petalsearch.com/site/petalbot)"
173.231.230.100 - - [21/Jul/2026:05:37:39 -0700] "POST /wp-cron.php?doing_wp_cron=1784637459.1620519161224365234375 HTTP/1.1" 200 - "-" "WordPress/7.0.2; https://ladengineer.com"
173.231.230.100 - - [21/Jul/2026:05:37:54 -0700] "POST /wp-cron.php?doing_wp_cron=1784637474.9004409313201904296875 HTTP/1.1" 200 - "-" "WordPress/7.0.2; https://ladengineer.com"
41.184.242.237 - - [21/Jul/2026:05:37:53 -0700] "POST /xmlrpc.php HTTP/1.1" 200 403 "-" "Mozilla/5.0 (Windows NT 6.2; x64) AppleWebKit/537.36 (KHTML, like Gecko) Firefox/77.0.0.0 Safari/537.36"
41.184.242.237 - - [21/Jul/2026:05:38:18 -0700] "POST /xmlrpc.php HTTP/1.1" 200 403 "-" "Mozilla/5.0 (Macintosh; Intel Mac OS X 10_15_7; x86) AppleWebKit/537.36 (KHTML, like Gecko) Opera/60.0.0.0 Safari/537.36"
41.184.242.237 - - [21/Jul/2026:05:38:42 -0700] "POST /xmlrpc.php HTTP/1.1" 404 48167 "-" "Mozilla/5.0 (Windows NT 6.3; arm64) AppleWebKit/537.36 (KHTML, like Gecko) Chrome/101.0.0.0 Safari/537.36"
114.119.149.169 - - [21/Jul/2026:05:39:01 -0700] "GET /outlet/062009542 HTTP/1.1" 404 48167 "https://ladengineer.com/sitemap87.xml" "Mozilla/5.0 (Linux; Android 7.0;) AppleWebKit/537.36 (HTML, like Gecko) Mobile Safari/537.36 (compatible; PetalBot;+https://webmaster.petalsearch.com/site/petalbot)"
173.231.230.100 - - [21/Jul/2026:05:39:04 -0700] "POST /wp-cron.php?doing_wp_cron=1784637544.8035368919372558593750 HTTP/1.1" 200 - "-" "WordPress/7.0.2; https://ladengineer.com"
41.184.242.237 - - [21/Jul/2026:05:39:09 -0700] "POST /xmlrpc.php HTTP/1.1" 404 48167 "-" "Mozilla/5.0 (Windows NT 10.0; arm64) AppleWebKit/537.36 (KHTML, like Gecko) Firefox/98.0.0.0 Safari/537.36"
41.184.242.237 - - [21/Jul/2026:05:39:34 -0700] "POST /xmlrpc.php HTTP/1.1" 200 403 "-" "Mozilla/5.0 (Windows NT 6.3; x64) AppleWebKit/537.36 (KHTML, like Gecko) Safari/12.0.0.0 Safari/537.36"
31.57.219.92 - - [21/Jul/2026:05:39:41 -0700] "POST /bkjgns.php HTTP/2.0" 200 757 "-" "-"
66.249.66.70 - - [21/Jul/2026:05:39:45 -0700] "GET /zennittsu-qt1122407258-1 HTTP/1.1" 301 - "-" "Mozilla/5.0 (Linux; Android 6.0.1; Nexus 5X Build/MMB29P) AppleWebKit/537.36 (KHTML, like Gecko) Chrome/150.0.7871.128 Mobile Safari/537.36 (compatible; Googlebot/2.1; +http://www.google.com/bot.html)"
66.249.66.76 - - [21/Jul/2026:05:39:47 -0700] "GET /zennittsu-qt1122407258-1 HTTP/1.1" 404 48167 "-" "Mozilla/5.0 (Linux; Android 6.0.1; Nexus 5X Build/MMB29P) AppleWebKit/537.36 (KHTML, like Gecko) Chrome/150.0.7871.128 Mobile Safari/537.36 (compatible; Googlebot/2.1; +http://www.google.com/bot.html)"
41.184.242.237 - - [21/Jul/2026:05:40:00 -0700] "POST /xmlrpc.php HTTP/1.1" 200 403 "-" "Mozilla/5.0 (X11; Ubuntu; Linux x86_64; x64) AppleWebKit/537.36 (KHTML, like Gecko) Firefox/100.0.0.0 Safari/537.36"
173.231.230.100 - - [21/Jul/2026:05:40:01 -0700] "POST /wp-cron.php?doing_wp_cron=1784637601.2785758972167968750000 HTTP/1.1" 200 - "-" "WordPress/7.0.2; https://ladengineer.com"
41.184.242.237 - - [21/Jul/2026:05:40:22 -0700] "POST /xmlrpc.php HTTP/1.1" 200 403 "-" "Mozilla/5.0 (Windows NT 6.2; x86) AppleWebKit/537.36 (KHTML, like Gecko) Safari/11.0.0.0 Safari/537.36"
114.119.145.237 - - [21/Jul/2026:05:40:24 -0700] "GET /outlet/231026653 HTTP/1.1" 404 48167 "https://ladengineer.com/sitemap90.xml" "Mozilla/5.0 (Linux; Android 7.0;) AppleWebKit/537.36 (HTML, like Gecko) Mobile Safari/537.36 (compatible; PetalBot;+https://webmaster.petalsearch.com/site/petalbot)"
41.184.242.237 - - [21/Jul/2026:05:40:42 -0700] "POST /xmlrpc.php HTTP/1.1" 200 403 "-" "Mozilla/5.0 (Macintosh; Intel Mac OS X 10_15_7; x64) AppleWebKit/537.36 (KHTML, like Gecko) Safari/14.0.0.0 Safari/537.36"
173.231.230.100 - - [21/Jul/2026:05:41:05 -0700] "POST /wp-cron.php?doing_wp_cron=1784637665.0323669910430908203125 HTTP/1.1" 200 - "-" "WordPress/7.0.2; https://ladengineer.com"
41.184.242.237 - - [21/Jul/2026:05:41:03 -0700] "POST /xmlrpc.php HTTP/1.1" 200 403 "-" "Mozilla/5.0 (Windows NT 10.0; x86) AppleWebKit/537.36 (KHTML, like Gecko) Edge/92.0.0.0 Safari/537.36"
41.184.242.237 - - [21/Jul/2026:05:41:23 -0700] "POST /xmlrpc.php HTTP/1.1" 200 403 "-" "Mozilla/5.0 (Windows NT 10.0; x64) AppleWebKit/537.36 (KHTML, like Gecko) Chrome/109.0.0.0 Safari/537.36"
66.249.66.7 - - [21/Jul/2026:05:41:29 -0700] "GET /category/89_601/1/listing HTTP/1.1" 301 - "-" "Mozilla/5.0 (Linux; Android 6.0.1; Nexus 5X Build/MMB29P) AppleWebKit/537.36 (KHTML, like Gecko) Chrome/150.0.7871.128 Mobile Safari/537.36 (compatible; Googlebot/2.1; +http://www.google.com/bot.html)"
66.249.66.76 - - [21/Jul/2026:05:41:30 -0700] "GET /89_601/1/listing/ HTTP/1.1" 404 48167 "-" "Mozilla/5.0 (Linux; Android 6.0.1; Nexus 5X Build/MMB29P) AppleWebKit/537.36 (KHTML, like Gecko) Chrome/150.0.7871.128 Mobile Safari/537.36 (compatible; Googlebot/2.1; +http://www.google.com/bot.html)"
41.184.242.237 - - [21/Jul/2026:05:41:45 -0700] "POST /xmlrpc.php HTTP/1.1" 404 48167 "-" "Mozilla/5.0 (Windows NT 10.0; arm64) AppleWebKit/537.36 (KHTML, like Gecko) Chrome/84.0.0.0 Safari/537.36"
114.119.141.79 - - [21/Jul/2026:05:41:48 -0700] "GET /commoditys/283006340 HTTP/1.1" 404 48167 "https://ladengineer.com/sitemap84.xml" "Mozilla/5.0 (Linux; Android 7.0;) AppleWebKit/537.36 (HTML, like Gecko) Mobile Safari/537.36 (compatible; PetalBot;+https://webmaster.petalsearch.com/site/petalbot)"
41.184.242.237 - - [21/Jul/2026:05:42:09 -0700] "POST /xmlrpc.php HTTP/1.1" 200 403 "-" "Mozilla/5.0 (X11; Ubuntu; Linux x86_64; x86) AppleWebKit/537.36 (KHTML, like Gecko) Safari/14.0.0.0 Safari/537.36"
173.231.230.100 - - [21/Jul/2026:05:42:11 -0700] "POST /wp-cron.php?doing_wp_cron=1784637731.1345229148864746093750 HTTP/1.1" 200 - "-" "WordPress/7.0.2; https://ladengineer.com"
89.58.218.186 - - [21/Jul/2026:05:42:18 -0700] "GET /outlet/107039361 HTTP/1.1" 404 48167 "-" "Mozilla/5.0 (Macintosh; Intel Mac OS X 11.4; rv:129.0) Gecko/20100101 Firefox/129.0"
41.184.242.237 - - [21/Jul/2026:05:42:30 -0700] "POST /xmlrpc.php HTTP/1.1" 200 403 "-" "Mozilla/5.0 (Windows NT 6.2; x64) AppleWebKit/537.36 (KHTML, like Gecko) Edge/99.0.0.0 Safari/537.36"
173.231.230.100 - - [21/Jul/2026:05:42:52 -0700] "POST /wp-cron.php?doing_wp_cron=1784637772.6705129146575927734375 HTTP/1.1" 200 - "-" "WordPress/7.0.2; https://ladengineer.com"
41.184.242.237 - - [21/Jul/2026:05:42:51 -0700] "POST /xmlrpc.php HTTP/1.1" 200 403 "-" "Mozilla/5.0 (Windows NT 6.2; x86) AppleWebKit/537.36 (KHTML, like Gecko) Edge/96.0.0.0 Safari/537.36"
41.184.242.237 - - [21/Jul/2026:05:43:11 -0700] "POST /xmlrpc.php HTTP/1.1" 404 48167 "-" "Mozilla/5.0 (Linux; Android 10; x64) AppleWebKit/537.36 (KHTML, like Gecko) Chrome/82.0.0.0 Safari/537.36"
114.119.150.29 - - [21/Jul/2026:05:43:11 -0700] "GET /commoditys/206033021 HTTP/1.1" 404 48167 "https://ladengineer.com/sitemap722.xml" "Mozilla/5.0 (Linux; Android 7.0;) AppleWebKit/537.36 (HTML, like Gecko) Mobile Safari/537.36 (compatible; PetalBot;+https://webmaster.petalsearch.com/site/petalbot)"
41.184.242.237 - - [21/Jul/2026:05:43:33 -0700] "POST /xmlrpc.php HTTP/1.1" 404 48167 "-" "Mozilla/5.0 (Linux; Android 10; arm64) AppleWebKit/537.36 (KHTML, like Gecko) Opera/77.0.0.0 Safari/537.36"
66.249.66.75 - - [21/Jul/2026:05:43:48 -0700] "GET /?detail/12602997855136 HTTP/1.1" 301 - "-" "Mozilla/5.0 (Linux; Android 6.0.1; Nexus 5X Build/MMB29P) AppleWebKit/537.36 (KHTML, like Gecko) Chrome/150.0.7871.128 Mobile Safari/537.36 (compatible; Googlebot/2.1; +http://www.google.com/bot.html)"
173.231.230.100 - - [21/Jul/2026:05:43:50 -0700] "POST /wp-cron.php?doing_wp_cron=1784637830.1381509304046630859375 HTTP/1.1" 200 - "-" "WordPress/7.0.2; https://ladengineer.com"
66.249.66.74 - - [21/Jul/2026:05:43:51 -0700] "GET /?detail%2F12602997855136 HTTP/1.1" 200 80463 "-" "Mozilla/5.0 (Linux; Android 6.0.1; Nexus 5X Build/MMB29P) AppleWebKit/537.36 (KHTML, like Gecko) Chrome/150.0.7871.128 Mobile Safari/537.36 (compatible; Googlebot/2.1; +http://www.google.com/bot.html)"
41.184.242.237 - - [21/Jul/2026:05:43:54 -0700] "POST /xmlrpc.php HTTP/1.1" 404 48167 "-" "Mozilla/5.0 (Macintosh; Intel Mac OS X 10_15_7; arm64) AppleWebKit/537.36 (KHTML, like Gecko) Firefox/100.0.0.0 Safari/537.36"
41.184.242.237 - - [21/Jul/2026:05:44:15 -0700] "POST /xmlrpc.php HTTP/1.1" 200 403 "-" "Mozilla/5.0 (Windows NT 10.0; x86) AppleWebKit/537.36 (KHTML, like Gecko) Chrome/97.0.0.0 Safari/537.36"
114.119.145.237 - - [21/Jul/2026:05:44:35 -0700] "GET /outlet/026034400 HTTP/1.1" 404 48167 "https://ladengineer.com/sitemap695.xml" "Mozilla/5.0 (Linux; Android 7.0;) AppleWebKit/537.36 (HTML, like Gecko) Mobile Safari/537.36 (compatible; PetalBot;+https://webmaster.petalsearch.com/site/petalbot)"
41.184.242.237 - - [21/Jul/2026:05:44:38 -0700] "POST /xmlrpc.php HTTP/1.1" 404 48167 "-" "Mozilla/5.0 (Linux; Android 10; x64) AppleWebKit/537.36 (KHTML, like Gecko) Edge/92.0.0.0 Safari/537.36"
31.57.219.92 - - [21/Jul/2026:05:44:41 -0700] "POST /bkjgns.php HTTP/2.0" 200 757 "-" "-"
66.249.66.200 - - [21/Jul/2026:05:44:53 -0700] "GET /?jp/176023351.html HTTP/1.1" 301 - "-" "Mozilla/5.0 (Linux; Android 6.0.1; Nexus 5X Build/MMB29P) AppleWebKit/537.36 (KHTML, like Gecko) Chrome/150.0.7871.128 Mobile Safari/537.36 (compatible; Googlebot/2.1; +http://www.google.com/bot.html)"
173.231.230.100 - - [21/Jul/2026:05:44:54 -0700] "POST /wp-cron.php?doing_wp_cron=1784637894.3605530261993408203125 HTTP/1.1" 200 - "-" "WordPress/7.0.2; https://ladengineer.com"
66.249.66.38 - - [21/Jul/2026:05:44:55 -0700] "GET /1107855880 HTTP/1.1" 404 48167 "-" "Mozilla/5.0 (Linux; Android 6.0.1; Nexus 5X Build/MMB29P) AppleWebKit/537.36 (KHTML, like Gecko) Chrome/150.0.7871.128 Mobile Safari/537.36 (compatible; Googlebot/2.1; +http://www.google.com/bot.html)"
66.249.66.40 - - [21/Jul/2026:05:44:57 -0700] "GET /?jp%2F176023351_html HTTP/1.1" 200 80463 "-" "Mozilla/5.0 (Linux; Android 6.0.1; Nexus 5X Build/MMB29P) AppleWebKit/537.36 (KHTML, like Gecko) Chrome/150.0.7871.128 Mobile Safari/537.36 (compatible; Googlebot/2.1; +http://www.google.com/bot.html)"
41.184.242.237 - - [21/Jul/2026:05:45:04 -0700] "POST /xmlrpc.php HTTP/1.1" 200 403 "-" "Mozilla/5.0 (Macintosh; Intel Mac OS X 10_15_7; x86) AppleWebKit/537.36 (KHTML, like Gecko) Opera/77.0.0.0 Safari/537.36"
41.184.242.237 - - [21/Jul/2026:05:45:29 -0700] "POST /xmlrpc.php HTTP/1.1" 200 403 "-" "Mozilla/5.0 (Windows NT 6.2; x64) AppleWebKit/537.36 (KHTML, like Gecko) Edge/94.0.0.0 Safari/537.36"
41.184.242.237 - - [21/Jul/2026:05:45:49 -0700] "POST /xmlrpc.php HTTP/1.1" 200 403 "-" "Mozilla/5.0 (Windows NT 10.0; x86) AppleWebKit/537.36 (KHTML, like Gecko) Edge/100.0.0.0 Safari/537.36"
114.119.141.79 - - [21/Jul/2026:05:45:58 -0700] "GET /commoditys/156028541 HTTP/1.1" 404 48167 "https://ladengineer.com/sitemap753.xml" "Mozilla/5.0 (Linux; Android 7.0;) AppleWebKit/537.36 (HTML, like Gecko) Mobile Safari/537.36 (compatible; PetalBot;+https://webmaster.petalsearch.com/site/petalbot)"
41.184.242.237 - - [21/Jul/2026:05:46:19 -0700] "POST /xmlrpc.php HTTP/1.1" 404 48167 "-" "Mozilla/5.0 (Linux; Android 10; x64) AppleWebKit/537.36 (KHTML, like Gecko) Edge/87.0.0.0 Safari/537.36"
41.184.242.237 - - [21/Jul/2026:05:46:41 -0700] "POST /xmlrpc.php HTTP/1.1" 404 48167 "-" "Mozilla/5.0 (Macintosh; Intel Mac OS X 10_15_7; arm64) AppleWebKit/537.36 (KHTML, like Gecko) Safari/15.0.0.0 Safari/537.36"
41.184.242.237 - - [21/Jul/2026:05:47:04 -0700] "POST /xmlrpc.php HTTP/1.1" 404 48167 "-" "Mozilla/5.0 (X11; Ubuntu; Linux x86_64; arm64) AppleWebKit/537.36 (KHTML, like Gecko) Opera/74.0.0.0 Safari/537.36"
114.119.150.29 - - [21/Jul/2026:05:47:22 -0700] "GET /outlet/234004924 HTTP/1.1" 404 48167 "https://ladengineer.com/sitemap657.xml" "Mozilla/5.0 (Linux; Android 8.0.0; SM-G955U Build/R16NW) AppleWebKit/537.36 (KHTML, like Gecko) Chrome/148.0.0.0 Mobile Safari/537.36"
41.184.242.237 - - [21/Jul/2026:05:47:23 -0700] "POST /xmlrpc.php HTTP/1.1" 200 403 "-" "Mozilla/5.0 (Windows NT 6.2; x86) AppleWebKit/537.36 (KHTML, like Gecko) Chrome/85.0.0.0 Safari/537.36"
66.249.66.75 - - [21/Jul/2026:05:47:32 -0700] "GET /?detail/2420374666940 HTTP/1.1" 301 - "-" "Mozilla/5.0 (Linux; Android 6.0.1; Nexus 5X Build/MMB29P) AppleWebKit/537.36 (KHTML, like Gecko) Chrome/150.0.7871.128 Mobile Safari/537.36 (compatible; Googlebot/2.1; +http://www.google.com/bot.html)"
66.249.66.40 - - [21/Jul/2026:05:47:33 -0700] "GET /?detail%2F2420374666940 HTTP/1.1" 200 80463 "-" "Mozilla/5.0 (Linux; Android 6.0.1; Nexus 5X Build/MMB29P) AppleWebKit/537.36 (KHTML, like Gecko) Chrome/150.0.7871.128 Mobile Safari/537.36 (compatible; Googlebot/2.1; +http://www.google.com/bot.html)"
41.184.242.237 - - [21/Jul/2026:05:47:43 -0700] "POST /xmlrpc.php HTTP/1.1" 200 403 "-" "Mozilla/5.0 (Macintosh; Intel Mac OS X 10_15_7; x64) AppleWebKit/537.36 (KHTML, like Gecko) Firefox/95.0.0.0 Safari/537.36"
41.184.242.237 - - [21/Jul/2026:05:48:07 -0700] "POST /xmlrpc.php HTTP/1.1" 200 403 "-" "Mozilla/5.0 (X11; Ubuntu; Linux x86_64; x86) AppleWebKit/537.36 (KHTML, like Gecko) Firefox/93.0.0.0 Safari/537.36"
41.184.242.237 - - [21/Jul/2026:05:48:29 -0700] "POST /xmlrpc.php HTTP/1.1" 200 403 "-" "Mozilla/5.0 (Windows NT 10.0; x86) AppleWebKit/537.36 (KHTML, like Gecko) Chrome/85.0.0.0 Safari/537.36"
114.119.147.113 - - [21/Jul/2026:05:48:46 -0700] "GET /commoditys/029008716 HTTP/1.1" 404 48167 "https://ladengineer.com/sitemap809.xml" "Mozilla/5.0 (Linux; Android 7.0;) AppleWebKit/537.36 (HTML, like Gecko) Mobile Safari/537.36 (compatible; PetalBot;+https://webmaster.petalsearch.com/site/petalbot)"
66.249.66.38 - - [21/Jul/2026:05:48:48 -0700] "GET /commoditys/162023825 HTTP/1.1" 404 48167 "-" "Mozilla/5.0 (Linux; Android 6.0.1; Nexus 5X Build/MMB29P) AppleWebKit/537.36 (KHTML, like Gecko) Chrome/150.0.7871.128 Mobile Safari/537.36 (compatible; Googlebot/2.1; +http://www.google.com/bot.html)"
173.231.230.100 - - [21/Jul/2026:05:48:50 -0700] "POST /wp-cron.php?doing_wp_cron=1784638130.1042780876159667968750 HTTP/1.1" 200 - "-" "WordPress/7.0.2; https://ladengineer.com"
41.184.242.237 - - [21/Jul/2026:05:48:51 -0700] "POST /xmlrpc.php HTTP/1.1" 200 403 "-" "Mozilla/5.0 (Windows NT 6.3; x86) AppleWebKit/537.36 (KHTML, like Gecko) Edge/91.0.0.0 Safari/537.36"
41.184.242.237 - - [21/Jul/2026:05:49:13 -0700] "POST /xmlrpc.php HTTP/1.1" 404 48167 "-" "Mozilla/5.0 (Linux; Android 10; x64) AppleWebKit/537.36 (KHTML, like Gecko) Firefox/95.0.0.0 Safari/537.36"
41.184.242.237 - - [21/Jul/2026:05:49:36 -0700] "POST /xmlrpc.php HTTP/1.1" 200 403 "-" "Mozilla/5.0 (Windows NT 6.3; x86) AppleWebKit/537.36 (KHTML, like Gecko) Opera/79.0.0.0 Safari/537.36"
31.57.219.92 - - [21/Jul/2026:05:49:41 -0700] "POST /bkjgns.php HTTP/2.0" 200 757 "-" "-"
66.249.66.42 - - [21/Jul/2026:05:49:53 -0700] "GET /?detail/2410063987080 HTTP/1.1" 301 - "-" "Mozilla/5.0 (Linux; Android 6.0.1; Nexus 5X Build/MMB29P) AppleWebKit/537.36 (KHTML, like Gecko) Chrome/150.0.7871.128 Mobile Safari/537.36 (compatible; Googlebot/2.1; +http://www.google.com/bot.html)"
173.231.230.100 - - [21/Jul/2026:05:49:54 -0700] "POST /wp-cron.php?doing_wp_cron=1784638194.3076510429382324218750 HTTP/1.1" 200 - "-" "WordPress/7.0.2; https://ladengineer.com"
66.249.66.75 - - [21/Jul/2026:05:49:55 -0700] "GET /?detail%2F2410063987080 HTTP/1.1" 200 80463 "-" "Mozilla/5.0 (Linux; Android 6.0.1; Nexus 5X Build/MMB29P) AppleWebKit/537.36 (KHTML, like Gecko) Chrome/150.0.7871.128 Mobile Safari/537.36 (compatible; Googlebot/2.1; +http://www.google.com/bot.html)"
41.184.242.237 - - [21/Jul/2026:05:49:58 -0700] "POST /xmlrpc.php HTTP/1.1" 200 403 "-" "Mozilla/5.0 (Windows NT 6.3; x86) AppleWebKit/537.36 (KHTML, like Gecko) Edge/85.0.0.0 Safari/537.36"
114.119.140.64 - - [21/Jul/2026:05:50:09 -0700] "GET /outlet/194046822 HTTP/1.1" 404 48167 "https://ladengineer.com/sitemap890.xml" "Mozilla/5.0 (Linux; Android 7.0;) AppleWebKit/537.36 (HTML, like Gecko) Mobile Safari/537.36 (compatible; PetalBot;+https://webmaster.petalsearch.com/site/petalbot)"
41.184.242.237 - - [21/Jul/2026:05:50:20 -0700] "POST /xmlrpc.php HTTP/1.1" 200 403 "-" "Mozilla/5.0 (X11; Ubuntu; Linux x86_64; x86) AppleWebKit/537.36 (KHTML, like Gecko) Chrome/104.0.0.0 Safari/537.36"
41.184.242.237 - - [21/Jul/2026:05:50:42 -0700] "POST /xmlrpc.php HTTP/1.1" 200 403 "-" "Mozilla/5.0 (Windows NT 6.3; x86) AppleWebKit/537.36 (KHTML, like Gecko) Edge/93.0.0.0 Safari/537.36"
66.249.66.9 - - [21/Jul/2026:05:50:57 -0700] "GET /?jp/180043879.html HTTP/1.1" 301 - "-" "Mozilla/5.0 (Linux; Android 6.0.1; Nexus 5X Build/MMB29P) AppleWebKit/537.36 (KHTML, like Gecko) Chrome/150.0.7871.128 Mobile Safari/537.36 (compatible; Googlebot/2.1; +http://www.google.com/bot.html)"
173.231.230.100 - - [21/Jul/2026:05:50:58 -0700] "POST /wp-cron.php?doing_wp_cron=1784638258.5408089160919189453125 HTTP/1.1" 200 - "-" "WordPress/7.0.2; https://ladengineer.com"
66.249.66.74 - - [21/Jul/2026:05:50:59 -0700] "GET /?jp%2F180043879_html HTTP/1.1" 200 80463 "-" "Mozilla/5.0 (Linux; Android 6.0.1; Nexus 5X Build/MMB29P) AppleWebKit/537.36 (KHTML, like Gecko) Chrome/150.0.7871.128 Mobile Safari/537.36 (compatible; Googlebot/2.1; +http://www.google.com/bot.html)"
41.184.242.237 - - [21/Jul/2026:05:51:06 -0700] "POST /xmlrpc.php HTTP/1.1" 404 48167 "-" "Mozilla/5.0 (Linux; Android 10; x86) AppleWebKit/537.36 (KHTML, like Gecko) Firefox/98.0.0.0 Safari/537.36"
114.119.140.64 - - [21/Jul/2026:05:51:33 -0700] "GET /commoditys/241048994 HTTP/1.1" 404 48167 "https://ladengineer.com/sitemap919.xml" "Mozilla/5.0 (Linux; Android 7.0;) AppleWebKit/537.36 (HTML, like Gecko) Mobile Safari/537.36 (compatible; PetalBot;+https://webmaster.petalsearch.com/site/petalbot)"
41.184.242.237 - - [21/Jul/2026:05:51:36 -0700] "POST /xmlrpc.php HTTP/1.1" 200 403 "-" "Mozilla/5.0 (Windows NT 10.0; x86) AppleWebKit/537.36 (KHTML, like Gecko) Firefox/71.0.0.0 Safari/537.36"
41.184.242.237 - - [21/Jul/2026:05:52:04 -0700] "POST /xmlrpc.php HTTP/1.1" 200 403 "-" "Mozilla/5.0 (Windows NT 6.3; x86) AppleWebKit/537.36 (KHTML, like Gecko) Firefox/85.0.0.0 Safari/537.36"
173.231.230.100 - - [21/Jul/2026:05:52:05 -0700] "POST /wp-cron.php?doing_wp_cron=1784638325.8502829074859619140625 HTTP/1.1" 200 - "-" "WordPress/7.0.2; https://ladengineer.com"
41.184.242.237 - - [21/Jul/2026:05:52:40 -0700] "POST /xmlrpc.php HTTP/1.1" 200 403 "-" "Mozilla/5.0 (Windows NT 10.0; x86) AppleWebKit/537.36 (KHTML, like Gecko) Opera/69.0.0.0 Safari/537.36"
114.119.162.62 - - [21/Jul/2026:05:52:56 -0700] "GET /commoditys/277010924 HTTP/1.1" 404 48167 "https://ladengineer.com/sitemap771.xml" "Mozilla/5.0 (Linux; Android 7.0;) AppleWebKit/537.36 (HTML, like Gecko) Mobile Safari/537.36 (compatible; PetalBot;+https://webmaster.petalsearch.com/site/petalbot)"
173.231.230.100 - - [21/Jul/2026:05:52:58 -0700] "POST /wp-cron.php?doing_wp_cron=1784638378.2637569904327392578125 HTTP/1.1" 200 - "-" "WordPress/7.0.2; https://ladengineer.com"
41.184.242.237 - - [21/Jul/2026:05:53:06 -0700] "POST /xmlrpc.php HTTP/1.1" 404 48167 "-" "Mozilla/5.0 (Windows NT 6.3; arm64) AppleWebKit/537.36 (KHTML, like Gecko) Firefox/90.0.0.0 Safari/537.36"
145.133.0.179 - - [21/Jul/2026:05:53:37 -0700] "GET / HTTP/2.0" 301 - "-" "Mozilla/5.0 AppleWebKit/537.36 (KHTML, like Gecko); compatible; ChatGPT-User/1.0; +https://openai.com/bot"
41.184.242.237 - - [21/Jul/2026:05:53:38 -0700] "POST /xmlrpc.php HTTP/1.1" 404 48167 "-" "Mozilla/5.0 (Windows NT 6.3; arm64) AppleWebKit/537.36 (KHTML, like Gecko) Opera/63.0.0.0 Safari/537.36"
145.133.0.181 - - [21/Jul/2026:05:53:39 -0700] "GET / HTTP/2.0" 200 80463 "-" "Mozilla/5.0 AppleWebKit/537.36 (KHTML, like Gecko); compatible; ChatGPT-User/1.0; +https://openai.com/bot"
41.184.242.237 - - [21/Jul/2026:05:54:12 -0700] "POST /xmlrpc.php HTTP/1.1" 404 48167 "-" "Mozilla/5.0 (Windows NT 6.3; arm64) AppleWebKit/537.36 (KHTML, like Gecko) Chrome/90.0.0.0 Safari/537.36"
114.119.156.46 - - [21/Jul/2026:05:54:20 -0700] "GET /commoditys/232037531 HTTP/1.1" 404 48167 "https://ladengineer.com/sitemap715.xml" "Mozilla/5.0 (Linux; Android 7.0;) AppleWebKit/537.36 (HTML, like Gecko) Mobile Safari/537.36 (compatible; PetalBot;+https://webmaster.petalsearch.com/site/petalbot)"
31.57.219.92 - - [21/Jul/2026:05:54:41 -0700] "POST /bkjgns.php HTTP/2.0" 200 759 "-" "-"
41.184.242.237 - - [21/Jul/2026:05:54:48 -0700] "POST /xmlrpc.php HTTP/1.1" 200 403 "-" "Mozilla/5.0 (Windows NT 6.3; x86) AppleWebKit/537.36 (KHTML, like Gecko) Safari/15.0.0.0 Safari/537.36"
66.249.66.9 - - [21/Jul/2026:05:55:01 -0700] "GET /?goods/144013047 HTTP/1.1" 301 - "-" "Mozilla/5.0 (Linux; Android 6.0.1; Nexus 5X Build/MMB29P) AppleWebKit/537.36 (KHTML, like Gecko) Chrome/150.0.7871.128 Mobile Safari/537.36 (compatible; Googlebot/2.1; +http://www.google.com/bot.html)"
173.231.230.100 - - [21/Jul/2026:05:55:03 -0700] "POST /wp-cron.php?doing_wp_cron=1784638503.2316169738769531250000 HTTP/1.1" 200 - "-" "WordPress/7.0.2; https://ladengineer.com"
66.249.66.75 - - [21/Jul/2026:05:55:04 -0700] "GET /?goods%2F144013047 HTTP/1.1" 200 80463 "-" "Mozilla/5.0 (Linux; Android 6.0.1; Nexus 5X Build/MMB29P) AppleWebKit/537.36 (KHTML, like Gecko) Chrome/150.0.7871.128 Mobile Safari/537.36 (compatible; Googlebot/2.1; +http://www.google.com/bot.html)"
66.249.66.75 - - [21/Jul/2026:05:55:09 -0700] "GET /outlet/117042497 HTTP/1.1" 404 48167 "-" "Mozilla/5.0 (Linux; Android 6.0.1; Nexus 5X Build/MMB29P) AppleWebKit/537.36 (KHTML, like Gecko) Chrome/150.0.7871.128 Mobile Safari/537.36 (compatible; Googlebot/2.1; +http://www.google.com/bot.html)"
41.184.242.237 - - [21/Jul/2026:05:55:10 -0700] "POST /xmlrpc.php HTTP/1.1" 404 48167 "-" "Mozilla/5.0 (Linux; Android 10; arm64) AppleWebKit/537.36 (KHTML, like Gecko) Safari/12.0.0.0 Safari/537.36"
41.184.242.237 - - [21/Jul/2026:05:55:34 -0700] "POST /xmlrpc.php HTTP/1.1" 200 403 "-" "Mozilla/5.0 (Macintosh; Intel Mac OS X 10_15_7; x86) AppleWebKit/537.36 (KHTML, like Gecko) Edge/98.0.0.0 Safari/537.36"
114.119.156.46 - - [21/Jul/2026:05:55:43 -0700] "GET /commoditys/184022635 HTTP/1.1" 404 48167 "https://ladengineer.com/sitemap809.xml" "Mozilla/5.0 (Linux; Android 7.0;) AppleWebKit/537.36 (HTML, like Gecko) Mobile Safari/537.36 (compatible; PetalBot;+https://webmaster.petalsearch.com/site/petalbot)"
41.184.242.237 - - [21/Jul/2026:05:56:06 -0700] "POST /xmlrpc.php HTTP/1.1" 200 403 "-" "Mozilla/5.0 (Windows NT 6.2; x86) AppleWebKit/537.36 (KHTML, like Gecko) Firefox/84.0.0.0 Safari/537.36"
173.231.230.100 - - [21/Jul/2026:05:56:07 -0700] "POST /wp-cron.php?doing_wp_cron=1784638567.2250618934631347656250 HTTP/1.1" 200 - "-" "WordPress/7.0.2; https://ladengineer.com"
204.44.109.20 - - [21/Jul/2026:05:56:33 -0700] "GET / HTTP/1.1" 200 80463 "-" "Mozilla/5.0 (Windows NT 10.0; Win64; x64) AppleWebKit/537.36 (KHTML, like Gecko) Chrome/142.0.0.0 Safari/537.36"
41.184.242.237 - - [21/Jul/2026:05:56:36 -0700] "POST /xmlrpc.php HTTP/1.1" 404 48167 "-" "Mozilla/5.0 (Windows NT 10.0; arm64) AppleWebKit/537.36 (KHTML, like Gecko) Safari/13.0.0.0 Safari/537.36"
41.184.242.237 - - [21/Jul/2026:05:57:03 -0700] "POST /xmlrpc.php HTTP/1.1" 200 403 "-" "Mozilla/5.0 (Macintosh; Intel Mac OS X 10_15_7; x86) AppleWebKit/537.36 (KHTML, like Gecko) Firefox/95.0.0.0 Safari/537.36"
173.231.230.100 - - [21/Jul/2026:05:57:05 -0700] "POST /wp-cron.php?doing_wp_cron=1784638625.1916489601135253906250 HTTP/1.1" 200 - "-" "WordPress/7.0.2; https://ladengineer.com"
114.119.141.79 - - [21/Jul/2026:05:57:08 -0700] "GET /outlet/147009771 HTTP/1.1" 404 48167 "https://ladengineer.com/sitemap661.xml" "Mozilla/5.0 (Linux; Android 7.0;) AppleWebKit/537.36 (HTML, like Gecko) Mobile Safari/537.36 (compatible; PetalBot;+https://webmaster.petalsearch.com/site/petalbot)"
46.218.87.17 - - [21/Jul/2026:05:57:17 -0700] "GET /outlet/226030824 HTTP/1.1" 404 48167 "-" "Mozilla/5.0 (Macintosh; Intel Mac OS X 15.1; rv:128.0) Gecko/20100101 Firefox/128.0"
41.184.242.237 - - [21/Jul/2026:05:57:31 -0700] "POST /xmlrpc.php HTTP/1.1" 404 48167 "-" "Mozilla/5.0 (X11; Ubuntu; Linux x86_64; arm64) AppleWebKit/537.36 (KHTML, like Gecko) Firefox/91.0.0.0 Safari/537.36"
147.185.132.19 - - [21/Jul/2026:05:57:32 -0700] "GET / HTTP/1.1" 200 80463 "-" "Hello from Palo Alto Networks, find out more about our scans in https://docs-cortex.paloaltonetworks.com/r/1/Cortex-Xpanse/Scanning-activity"
41.184.242.237 - - [21/Jul/2026:05:58:02 -0700] "POST /xmlrpc.php HTTP/1.1" 404 48167 "-" "Mozilla/5.0 (Linux; Android 10; x86) AppleWebKit/537.36 (KHTML, like Gecko) Chrome/113.0.0.0 Safari/537.36"
173.231.230.100 - - [21/Jul/2026:05:58:03 -0700] "POST /wp-cron.php?doing_wp_cron=1784638683.7023999691009521484375 HTTP/1.1" 200 - "-" "WordPress/7.0.2; https://ladengineer.com"
185.8.106.219 - - [21/Jul/2026:05:58:06 -0700] "GET /wp-json/gravitysmtp/v1/tests/mock-data?page=gravitysmtp-settings HTTP/1.1" 404 114 "-" "Go-http-client/1.1"
185.8.106.219 - - [21/Jul/2026:05:58:10 -0700] "GET /wp-json/gravitysmtp/v1/tests/mock-data?page=gravitysmtp-settings HTTP/1.1" 404 114 "-" "Go-http-client/1.1"
185.8.106.219 - - [21/Jul/2026:05:58:12 -0700] "GET /?rest_route=/gravitysmtp/v1/tests/mock-data&page=gravitysmtp-settings HTTP/1.1" 404 114 "-" "Go-http-client/1.1"
114.119.149.169 - - [21/Jul/2026:05:58:31 -0700] "GET /outlet/190016336 HTTP/1.1" 404 48167 "https://ladengineer.com/sitemap984.xml" "Mozilla/5.0 (Linux; Android 7.0;) AppleWebKit/537.36 (HTML, like Gecko) Mobile Safari/537.36 (compatible; PetalBot;+https://webmaster.petalsearch.com/site/petalbot)"
41.184.242.237 - - [21/Jul/2026:05:58:32 -0700] "POST /xmlrpc.php HTTP/1.1" 200 403 "-" "Mozilla/5.0 (Macintosh; Intel Mac OS X 10_15_7; x64) AppleWebKit/537.36 (KHTML, like Gecko) Edge/89.0.0.0 Safari/537.36"
41.184.242.237 - - [21/Jul/2026:05:58:59 -0700] "POST /xmlrpc.php HTTP/1.1" 404 48167 "-" "Mozilla/5.0 (Windows NT 10.0; arm64) AppleWebKit/537.36 (KHTML, like Gecko) Edge/80.0.0.0 Safari/537.36"
173.231.230.100 - - [21/Jul/2026:05:59:00 -0700] "POST /wp-cron.php?doing_wp_cron=1784638740.8788170814514160156250 HTTP/1.1" 200 - "-" "WordPress/7.0.2; https://ladengineer.com"
41.184.242.237 - - [21/Jul/2026:05:59:26 -0700] "POST /xmlrpc.php HTTP/1.1" 404 48167 "-" "Mozilla/5.0 (Windows NT 6.2; arm64) AppleWebKit/537.36 (KHTML, like Gecko) Edge/91.0.0.0 Safari/537.36"
31.57.219.92 - - [21/Jul/2026:05:59:41 -0700] "POST /bkjgns.php HTTP/2.0" 200 757 "-" "-"
