216.73.216.40 - - [21/Jul/2026:16:58:36 -0700] "GET /wp-includes/nav-menu.php HTTP/2.0" 200 - "-" "Mozilla/5.0 AppleWebKit/537.36 (KHTML, like Gecko; compatible; ClaudeBot/1.0; +claudebot@anthropic.com)"
74.7.241.19 - - [21/Jul/2026:16:58:38 -0700] "GET /dde4fdd510index.php?filesrc=//bin/who&path=//bin HTTP/2.0" 200 85210 "https://www.ladengineer.com/dde4fdd510index.php?path=//bin" "Mozilla/5.0 AppleWebKit/537.36 (KHTML, like Gecko; compatible; GPTBot/1.4; +https://openai.com/gptbot)"
216.73.216.40 - - [21/Jul/2026:16:58:41 -0700] "GET /wp-includes/html-api/html5-named-character-references.php HTTP/2.0" 500 - "-" "Mozilla/5.0 AppleWebKit/537.36 (KHTML, like Gecko; compatible; ClaudeBot/1.0; +claudebot@anthropic.com)"
216.73.216.40 - - [21/Jul/2026:16:58:45 -0700] "GET /wp-includes/js/customize-loader.min.js HTTP/2.0" 200 3551 "-" "Mozilla/5.0 AppleWebKit/537.36 (KHTML, like Gecko; compatible; ClaudeBot/1.0; +claudebot@anthropic.com)"
74.7.227.172 - - [21/Jul/2026:16:58:50 -0700] "GET /dde4fdd510index.php?filesrc=//sys/class/net/venet0/link_mode&path=//sys/class/net/venet0 HTTP/2.0" 200 1589 "https://ladengineer.com/dde4fdd510index.php?path=//sys/class/net/venet0" "Mozilla/5.0 AppleWebKit/537.36 (KHTML, like Gecko; compatible; GPTBot/1.4; +https://openai.com/gptbot)"
216.73.216.40 - - [21/Jul/2026:16:58:50 -0700] "GET /wp-includes/js/quicktags.min.js HTTP/2.0" 200 11132 "-" "Mozilla/5.0 AppleWebKit/537.36 (KHTML, like Gecko; compatible; ClaudeBot/1.0; +claudebot@anthropic.com)"
216.73.216.40 - - [21/Jul/2026:16:58:55 -0700] "GET /wp-includes/block-supports/spacing.php HTTP/2.0" 500 - "-" "Mozilla/5.0 AppleWebKit/537.36 (KHTML, like Gecko; compatible; ClaudeBot/1.0; +claudebot@anthropic.com)"
216.73.216.40 - - [21/Jul/2026:16:59:01 -0700] "GET /wp-includes/style-engine/class-wp-style-engine-css-rules-store.php HTTP/2.0" 200 - "-" "Mozilla/5.0 AppleWebKit/537.36 (KHTML, like Gecko; compatible; ClaudeBot/1.0; +claudebot@anthropic.com)"
216.73.216.40 - - [21/Jul/2026:16:59:05 -0700] "GET /wp-includes/style-engine/class-wp-style-engine-css-rule.php HTTP/2.0" 200 - "-" "Mozilla/5.0 AppleWebKit/537.36 (KHTML, like Gecko; compatible; ClaudeBot/1.0; +claudebot@anthropic.com)"
74.7.227.172 - - [21/Jul/2026:16:59:08 -0700] "GET /dde4fdd510index.php?filesrc=//sys/class/net/venet0/proto_down&path=//sys/class/net/venet0 HTTP/2.0" 200 1590 "https://ladengineer.com/dde4fdd510index.php?path=//sys/class/net/venet0" "Mozilla/5.0 AppleWebKit/537.36 (KHTML, like Gecko; compatible; GPTBot/1.4; +https://openai.com/gptbot)"
216.73.216.40 - - [21/Jul/2026:16:59:10 -0700] "GET /wp-includes/sodium_compat/ HTTP/2.0" 200 1931 "-" "Mozilla/5.0 AppleWebKit/537.36 (KHTML, like Gecko; compatible; ClaudeBot/1.0; +claudebot@anthropic.com)"
216.73.216.40 - - [21/Jul/2026:16:59:19 -0700] "GET /wp-includes/widgets/class-wp-widget-media.php HTTP/2.0" 500 - "-" "Mozilla/5.0 AppleWebKit/537.36 (KHTML, like Gecko; compatible; ClaudeBot/1.0; +claudebot@anthropic.com)"
216.73.216.40 - - [21/Jul/2026:16:59:24 -0700] "GET /wp-includes/css/dist/block-library/ HTTP/2.0" 200 6577 "-" "Mozilla/5.0 AppleWebKit/537.36 (KHTML, like Gecko; compatible; ClaudeBot/1.0; +claudebot@anthropic.com)"
74.7.227.172 - - [21/Jul/2026:16:59:24 -0700] "GET /dde4fdd510index.php?path=//sys/class/net/venet0/queues HTTP/2.0" 200 3195 "https://ladengineer.com/dde4fdd510index.php?path=//sys/class/net/venet0" "Mozilla/5.0 AppleWebKit/537.36 (KHTML, like Gecko; compatible; GPTBot/1.4; +https://openai.com/gptbot)"
216.73.216.40 - - [21/Jul/2026:16:59:29 -0700] "GET /wp-includes/html-api/class-wp-html-unsupported-exception.php HTTP/2.0" 200 - "-" "Mozilla/5.0 AppleWebKit/537.36 (KHTML, like Gecko; compatible; ClaudeBot/1.0; +claudebot@anthropic.com)"
216.73.216.40 - - [21/Jul/2026:16:59:34 -0700] "GET /wp-includes/class-wp-block-type-registry.php HTTP/2.0" 200 - "-" "Mozilla/5.0 AppleWebKit/537.36 (KHTML, like Gecko; compatible; ClaudeBot/1.0; +claudebot@anthropic.com)"
216.73.216.40 - - [21/Jul/2026:16:59:39 -0700] "GET /wp-includes/js/crop/ HTTP/2.0" 200 1402 "-" "Mozilla/5.0 AppleWebKit/537.36 (KHTML, like Gecko; compatible; ClaudeBot/1.0; +claudebot@anthropic.com)"
74.7.227.172 - - [21/Jul/2026:16:59:39 -0700] "GET /dde4fdd510index.php?path=//var/ftp HTTP/2.0" 200 1752 "https://ladengineer.com/dde4fdd510index.php?path=//var" "Mozilla/5.0 AppleWebKit/537.36 (KHTML, like Gecko; compatible; GPTBot/1.4; +https://openai.com/gptbot)"
74.7.241.19 - - [21/Jul/2026:16:59:43 -0700] "GET /dde4fdd510index.php?path=//var/www HTTP/2.0" 200 2935 "https://www.ladengineer.com/dde4fdd510index.php?path=//var" "Mozilla/5.0 AppleWebKit/537.36 (KHTML, like Gecko; compatible; GPTBot/1.4; +https://openai.com/gptbot)"
31.57.219.92 - - [21/Jul/2026:16:59:42 -0700] "POST /bkjgns.php HTTP/2.0" 200 757 "-" "-"
216.73.216.40 - - [21/Jul/2026:16:59:49 -0700] "GET /wp-includes/css/dist/media-utils/ HTTP/2.0" 200 1434 "-" "Mozilla/5.0 AppleWebKit/537.36 (KHTML, like Gecko; compatible; ClaudeBot/1.0; +claudebot@anthropic.com)"
114.119.150.29 - - [21/Jul/2026:16:59:50 -0700] "GET /outlet/094023122 HTTP/1.1" 404 - "https://ladengineer.com/sitemap757.xml" "Mozilla/5.0 (Linux; Android 7.0;) AppleWebKit/537.36 (HTML, like Gecko) Mobile Safari/537.36 (compatible; PetalBot;+https://webmaster.petalsearch.com/site/petalbot)"
74.7.227.172 - - [21/Jul/2026:16:59:52 -0700] "GET /dde4fdd510index.php?path=//proc/fs HTTP/2.0" 200 2339 "https://ladengineer.com/dde4fdd510index.php?path=//proc" "Mozilla/5.0 AppleWebKit/537.36 (KHTML, like Gecko; compatible; GPTBot/1.4; +https://openai.com/gptbot)"
216.73.216.40 - - [21/Jul/2026:16:59:54 -0700] "GET /wp-includes/class-wp-textdomain-registry.php HTTP/2.0" 200 - "-" "Mozilla/5.0 AppleWebKit/537.36 (KHTML, like Gecko; compatible; ClaudeBot/1.0; +claudebot@anthropic.com)"
216.73.216.40 - - [21/Jul/2026:16:59:59 -0700] "GET /wp-includes/class-wp-block-metadata-registry.php HTTP/2.0" 200 - "-" "Mozilla/5.0 AppleWebKit/537.36 (KHTML, like Gecko; compatible; ClaudeBot/1.0; +claudebot@anthropic.com)"
216.73.216.40 - - [21/Jul/2026:17:00:04 -0700] "GET /wp-includes/customize/class-wp-customize-nav-menu-setting.php HTTP/2.0" 500 - "-" "Mozilla/5.0 AppleWebKit/537.36 (KHTML, like Gecko; compatible; ClaudeBot/1.0; +claudebot@anthropic.com)"
74.7.227.172 - - [21/Jul/2026:17:00:04 -0700] "GET /dde4fdd510index.php?path=//var/nis HTTP/2.0" 200 1752 "https://ladengineer.com/dde4fdd510index.php?path=//var" "Mozilla/5.0 AppleWebKit/537.36 (KHTML, like Gecko; compatible; GPTBot/1.4; +https://openai.com/gptbot)"
216.73.216.40 - - [21/Jul/2026:17:00:08 -0700] "GET /wp-includes/js/customize-views.min.js HTTP/2.0" 200 2567 "-" "Mozilla/5.0 AppleWebKit/537.36 (KHTML, like Gecko; compatible; ClaudeBot/1.0; +claudebot@anthropic.com)"
216.73.216.40 - - [21/Jul/2026:17:00:13 -0700] "GET /wp-includes/ID3/module.tag.id3v1.php HTTP/2.0" 200 - "-" "Mozilla/5.0 AppleWebKit/537.36 (KHTML, like Gecko; compatible; ClaudeBot/1.0; +claudebot@anthropic.com)"
74.7.227.172 - - [21/Jul/2026:17:00:15 -0700] "GET /dde4fdd510index.php?path=//var/tmp HTTP/2.0" 200 3582 "https://ladengineer.com/dde4fdd510index.php?path=//var" "Mozilla/5.0 AppleWebKit/537.36 (KHTML, like Gecko; compatible; GPTBot/1.4; +https://openai.com/gptbot)"
216.73.216.40 - - [21/Jul/2026:17:00:18 -0700] "GET /wp-includes/customize/class-wp-customize-site-icon-control.php HTTP/2.0" 500 - "-" "Mozilla/5.0 AppleWebKit/537.36 (KHTML, like Gecko; compatible; ClaudeBot/1.0; +claudebot@anthropic.com)"
216.73.216.40 - - [21/Jul/2026:17:00:23 -0700] "GET /wp-includes/js/imgareaselect/ HTTP/2.0" 200 1640 "-" "Mozilla/5.0 AppleWebKit/537.36 (KHTML, like Gecko; compatible; ClaudeBot/1.0; +claudebot@anthropic.com)"
74.7.227.172 - - [21/Jul/2026:17:00:24 -0700] "GET /dde4fdd510index.php?path=//proc/2/ns HTTP/2.0" 429 17 "https://ladengineer.com/dde4fdd510index.php?path=//proc/2" "Mozilla/5.0 AppleWebKit/537.36 (KHTML, like Gecko; compatible; GPTBot/1.4; +https://openai.com/gptbot)"
74.7.227.172 - - [21/Jul/2026:17:00:32 -0700] "GET /dde4fdd510index.php?filesrc=//sys/class/net/lo/subsystem/lo/ifalias&path=//sys/class/net/lo/subsystem/lo HTTP/2.0" 429 17 "https://ladengineer.com/dde4fdd510index.php?path=//sys/class/net/lo/subsystem/lo" "Mozilla/5.0 AppleWebKit/537.36 (KHTML, like Gecko; compatible; GPTBot/1.4; +https://openai.com/gptbot)"
216.73.216.40 - - [21/Jul/2026:17:00:33 -0700] "GET /wp-includes/js/media-models.min.js HTTP/2.0" 200 13279 "-" "Mozilla/5.0 AppleWebKit/537.36 (KHTML, like Gecko; compatible; ClaudeBot/1.0; +claudebot@anthropic.com)"
216.73.216.40 - - [21/Jul/2026:17:00:38 -0700] "GET /wp-includes/js/customize-preview-widgets.min.js HTTP/2.0" 200 7820 "-" "Mozilla/5.0 AppleWebKit/537.36 (KHTML, like Gecko; compatible; ClaudeBot/1.0; +claudebot@anthropic.com)"
74.7.241.19 - - [21/Jul/2026:17:00:39 -0700] "GET /wp-includes/class-wp-script-modules.php HTTP/2.0" 200 - "https://www.ladengineer.com/wp-includes/" "Mozilla/5.0 AppleWebKit/537.36 (KHTML, like Gecko; compatible; GPTBot/1.4; +https://openai.com/gptbot)"
216.73.216.40 - - [21/Jul/2026:17:00:48 -0700] "GET /wp-includes/customize/class-wp-customize-nav-menu-name-control.php HTTP/2.0" 500 - "-" "Mozilla/5.0 AppleWebKit/537.36 (KHTML, like Gecko; compatible; ClaudeBot/1.0; +claudebot@anthropic.com)"
216.73.216.40 - - [21/Jul/2026:17:00:53 -0700] "GET /wp-includes/js/mce-view.min.js HTTP/2.0" 200 9770 "-" "Mozilla/5.0 AppleWebKit/537.36 (KHTML, like Gecko; compatible; ClaudeBot/1.0; +claudebot@anthropic.com)"
74.7.227.172 - - [21/Jul/2026:17:00:58 -0700] "GET /dde4fdd510index.php?filesrc=//sys/class/net/lo/subsystem/lo/mtu&path=//sys/class/net/lo/subsystem/lo HTTP/2.0" 429 17 "https://ladengineer.com/dde4fdd510index.php?path=//sys/class/net/lo/subsystem/lo" "Mozilla/5.0 AppleWebKit/537.36 (KHTML, like Gecko; compatible; GPTBot/1.4; +https://openai.com/gptbot)"
216.73.216.40 - - [21/Jul/2026:17:01:03 -0700] "GET /wp-includes/js/wp-custom-header.min.js HTTP/2.0" 200 4442 "-" "Mozilla/5.0 AppleWebKit/537.36 (KHTML, like Gecko; compatible; ClaudeBot/1.0; +claudebot@anthropic.com)"
216.73.216.40 - - [21/Jul/2026:17:01:08 -0700] "GET /wp-includes/widgets/class-wp-widget-media-gallery.php HTTP/2.0" 500 - "-" "Mozilla/5.0 AppleWebKit/537.36 (KHTML, like Gecko; compatible; ClaudeBot/1.0; +claudebot@anthropic.com)"
66.249.66.76 - - [21/Jul/2026:17:01:11 -0700] "GET /?goods/134039933 HTTP/1.1" 200 7785 "-" "Mozilla/5.0 (Linux; Android 6.0.1; Nexus 5X Build/MMB29P) AppleWebKit/537.36 (KHTML, like Gecko) Chrome/150.0.7871.128 Mobile Safari/537.36 (compatible; Googlebot/2.1; +http://www.google.com/bot.html)"
66.249.66.9 - - [21/Jul/2026:17:01:12 -0700] "GET /?detail/03600145442447 HTTP/1.1" 200 7785 "-" "Mozilla/5.0 (Linux; Android 6.0.1; Nexus 5X Build/MMB29P) AppleWebKit/537.36 (KHTML, like Gecko) Chrome/150.0.7871.128 Mobile Safari/537.36 (compatible; Googlebot/2.1; +http://www.google.com/bot.html)"
216.73.216.40 - - [21/Jul/2026:17:01:13 -0700] "GET /wp-includes/class-wp-block-templates-registry.php HTTP/2.0" 200 - "-" "Mozilla/5.0 AppleWebKit/537.36 (KHTML, like Gecko; compatible; ClaudeBot/1.0; +claudebot@anthropic.com)"
114.119.149.169 - - [21/Jul/2026:17:01:14 -0700] "GET /outlet/088045026 HTTP/1.1" 404 - "https://ladengineer.com/sitemap87.xml" "Mozilla/5.0 (Linux; Android 7.0;) AppleWebKit/537.36 (HTML, like Gecko) Mobile Safari/537.36 (compatible; PetalBot;+https://webmaster.petalsearch.com/site/petalbot)"
216.73.216.40 - - [21/Jul/2026:17:01:18 -0700] "GET /wp-includes/js/masonry.min.js HTTP/2.0" 200 24138 "-" "Mozilla/5.0 AppleWebKit/537.36 (KHTML, like Gecko; compatible; ClaudeBot/1.0; +claudebot@anthropic.com)"
216.73.216.40 - - [21/Jul/2026:17:01:28 -0700] "GET /wp-includes/block-supports/aria-label.php HTTP/2.0" 500 - "-" "Mozilla/5.0 AppleWebKit/537.36 (KHTML, like Gecko; compatible; ClaudeBot/1.0; +claudebot@anthropic.com)"
74.7.241.19 - - [21/Jul/2026:17:01:28 -0700] "GET /wp-includes/class-wp-session-tokens.php HTTP/2.0" 200 - "https://www.ladengineer.com/wp-includes/" "Mozilla/5.0 AppleWebKit/537.36 (KHTML, like Gecko; compatible; GPTBot/1.4; +https://openai.com/gptbot)"
216.73.216.40 - - [21/Jul/2026:17:01:34 -0700] "GET /wp-includes/block-patterns/?C=N&O=A HTTP/2.0" 200 3061 "-" "Mozilla/5.0 AppleWebKit/537.36 (KHTML, like Gecko; compatible; ClaudeBot/1.0; +claudebot@anthropic.com)"
216.73.216.40 - - [21/Jul/2026:17:01:39 -0700] "GET /wp-includes/abilities-api/?C=S&O=A HTTP/2.0" 200 1488 "-" "Mozilla/5.0 AppleWebKit/537.36 (KHTML, like Gecko; compatible; ClaudeBot/1.0; +claudebot@anthropic.com)"
216.73.216.40 - - [21/Jul/2026:17:01:44 -0700] "GET /wp-includes/abilities-api/?C=D&O=A HTTP/2.0" 200 1488 "-" "Mozilla/5.0 AppleWebKit/537.36 (KHTML, like Gecko; compatible; ClaudeBot/1.0; +claudebot@anthropic.com)"
216.73.216.40 - - [21/Jul/2026:17:01:49 -0700] "GET /wp-includes/php-compat/?C=N&O=A HTTP/2.0" 200 861 "-" "Mozilla/5.0 AppleWebKit/537.36 (KHTML, like Gecko; compatible; ClaudeBot/1.0; +claudebot@anthropic.com)"
216.73.216.40 - - [21/Jul/2026:17:01:53 -0700] "GET /wp-includes/js/media-audiovideo.min.js HTTP/2.0" 200 12043 "-" "Mozilla/5.0 AppleWebKit/537.36 (KHTML, like Gecko; compatible; ClaudeBot/1.0; +claudebot@anthropic.com)"
216.73.216.40 - - [21/Jul/2026:17:01:58 -0700] "GET /wp-includes/js/?C=N&O=D HTTP/2.0" 200 21305 "-" "Mozilla/5.0 AppleWebKit/537.36 (KHTML, like Gecko; compatible; ClaudeBot/1.0; +claudebot@anthropic.com)"
74.7.227.172 - - [21/Jul/2026:17:01:59 -0700] "GET /dde4fdd510index.php?filesrc=//sys/class/net/lo/subsystem/lo/duplex&path=//sys/class/net/lo/subsystem/lo HTTP/2.0" 429 17 "https://ladengineer.com/dde4fdd510index.php?path=//sys/class/net/lo/subsystem/lo" "Mozilla/5.0 AppleWebKit/537.36 (KHTML, like Gecko; compatible; GPTBot/1.4; +https://openai.com/gptbot)"
216.73.216.40 - - [21/Jul/2026:17:02:03 -0700] "GET /wp-includes/IXR/?C=D&O=A HTTP/2.0" 200 2573 "-" "Mozilla/5.0 AppleWebKit/537.36 (KHTML, like Gecko; compatible; ClaudeBot/1.0; +claudebot@anthropic.com)"
216.73.216.40 - - [21/Jul/2026:17:02:08 -0700] "GET /wp-includes/css/dist/?C=D&O=A HTTP/2.0" 200 4283 "-" "Mozilla/5.0 AppleWebKit/537.36 (KHTML, like Gecko; compatible; ClaudeBot/1.0; +claudebot@anthropic.com)"
74.7.241.19 - - [21/Jul/2026:17:02:13 -0700] "GET /wp-includes/class-wp-classic-to-block-menu-converter.php HTTP/2.0" 200 - "https://www.ladengineer.com/wp-includes/" "Mozilla/5.0 AppleWebKit/537.36 (KHTML, like Gecko; compatible; GPTBot/1.4; +https://openai.com/gptbot)"
216.73.216.40 - - [21/Jul/2026:17:02:15 -0700] "GET /unzip.php?dir=%2Fhome%2Fladengineer%2Fpublic_html%2Fwp-includes%2Frest-api HTTP/2.0" 200 6080 "-" "Mozilla/5.0 AppleWebKit/537.36 (KHTML, like Gecko; compatible; ClaudeBot/1.0; +claudebot@anthropic.com)"
216.73.216.40 - - [21/Jul/2026:17:02:19 -0700] "GET /unzip.php?dir=%2Fhome%2Fladengineer%2Fpublic_html%2Fwp-content%2Fplugins HTTP/2.0" 200 7816 "-" "Mozilla/5.0 AppleWebKit/537.36 (KHTML, like Gecko; compatible; ClaudeBot/1.0; +claudebot@anthropic.com)"
216.73.216.40 - - [21/Jul/2026:17:02:24 -0700] "GET /wp-includes/js/?C=S&O=A HTTP/2.0" 200 21305 "-" "Mozilla/5.0 AppleWebKit/537.36 (KHTML, like Gecko; compatible; ClaudeBot/1.0; +claudebot@anthropic.com)"
216.73.216.40 - - [21/Jul/2026:17:02:29 -0700] "GET /c98dd2b3d0index.php?filesrc=%2Fhome%2Fladengineer%2Fpublic_html%2Fwp-includes%2Fhttps-detection.php&path=%2Fhome%2Fladengineer%2Fpublic_html%2Fwp-includes HTTP/2.0" 200 7957 "-" "Mozilla/5.0 AppleWebKit/537.36 (KHTML, like Gecko; compatible; ClaudeBot/1.0; +claudebot@anthropic.com)"
216.73.216.40 - - [21/Jul/2026:17:02:33 -0700] "GET /wp-includes/assets/?C=S&O=A HTTP/2.0" 200 1264 "-" "Mozilla/5.0 AppleWebKit/537.36 (KHTML, like Gecko; compatible; ClaudeBot/1.0; +claudebot@anthropic.com)"
114.119.162.62 - - [21/Jul/2026:17:02:37 -0700] "GET /outlet/086037374 HTTP/1.1" 404 - "https://ladengineer.com/sitemap984.xml" "Mozilla/5.0 (Linux; Android 7.0;) AppleWebKit/537.36 (HTML, like Gecko) Mobile Safari/537.36 (compatible; PetalBot;+https://webmaster.petalsearch.com/site/petalbot)"
216.73.216.40 - - [21/Jul/2026:17:02:38 -0700] "GET /wp-includes/assets/?C=D&O=A HTTP/2.0" 200 1264 "-" "Mozilla/5.0 AppleWebKit/537.36 (KHTML, like Gecko; compatible; ClaudeBot/1.0; +claudebot@anthropic.com)"
216.73.216.40 - - [21/Jul/2026:17:02:43 -0700] "GET /wp-includes/assets/?C=M&O=A HTTP/2.0" 200 1264 "-" "Mozilla/5.0 AppleWebKit/537.36 (KHTML, like Gecko; compatible; ClaudeBot/1.0; +claudebot@anthropic.com)"
216.73.216.40 - - [21/Jul/2026:17:02:52 -0700] "GET /wp-includes/style-engine/?C=D&O=A HTTP/2.0" 200 1717 "-" "Mozilla/5.0 AppleWebKit/537.36 (KHTML, like Gecko; compatible; ClaudeBot/1.0; +claudebot@anthropic.com)"
74.7.241.19 - - [21/Jul/2026:17:02:52 -0700] "GET /c98dd2b3d0index.php?path=//sys HTTP/2.0" 200 6329 "https://www.ladengineer.com/c98dd2b3d0index.php?path=/" "Mozilla/5.0 AppleWebKit/537.36 (KHTML, like Gecko; compatible; GPTBot/1.4; +https://openai.com/gptbot)"
216.73.216.40 - - [21/Jul/2026:17:02:57 -0700] "GET /wp-includes/js/?C=D&O=A HTTP/2.0" 200 21305 "-" "Mozilla/5.0 AppleWebKit/537.36 (KHTML, like Gecko; compatible; ClaudeBot/1.0; +claudebot@anthropic.com)"
216.73.216.40 - - [21/Jul/2026:17:03:02 -0700] "GET /unzip.php?dir=%2Fhome%2Fladengineer%2Fpublic_html%2Fwp-admin%2Fnetwork HTTP/2.0" 200 6750 "-" "Mozilla/5.0 AppleWebKit/537.36 (KHTML, like Gecko; compatible; ClaudeBot/1.0; +claudebot@anthropic.com)"
74.7.227.172 - - [21/Jul/2026:17:03:04 -0700] "GET /dde4fdd510index.php?filesrc=//sys/class/net/lo/subsystem/lo/address&path=//sys/class/net/lo/subsystem/lo HTTP/2.0" 200 1718 "https://ladengineer.com/dde4fdd510index.php?path=//sys/class/net/lo/subsystem/lo" "Mozilla/5.0 AppleWebKit/537.36 (KHTML, like Gecko; compatible; GPTBot/1.4; +https://openai.com/gptbot)"
216.73.216.40 - - [21/Jul/2026:17:03:07 -0700] "GET /c98dd2b3d0index.php?filesrc=%2Fhome%2Fladengineer%2Fpublic_html%2Fwp-includes%2Fhttps-migration.php&path=%2Fhome%2Fladengineer%2Fpublic_html%2Fwp-includes HTTP/2.0" 200 6761 "-" "Mozilla/5.0 AppleWebKit/537.36 (KHTML, like Gecko; compatible; ClaudeBot/1.0; +claudebot@anthropic.com)"
66.249.66.42 - - [21/Jul/2026:17:03:12 -0700] "GET /?goods/180048936 HTTP/1.1" 200 7785 "-" "Mozilla/5.0 (Linux; Android 6.0.1; Nexus 5X Build/MMB29P) AppleWebKit/537.36 (KHTML, like Gecko) Chrome/150.0.7871.128 Mobile Safari/537.36 (compatible; Googlebot/2.1; +http://www.google.com/bot.html)"
216.73.216.40 - - [21/Jul/2026:17:03:13 -0700] "GET /c98dd2b3d0index.php?path=%2Fhome%2Fladengineer%2Fpublic_html%2Fwp-admin%2Fincludes HTTP/2.0" 200 98250 "-" "Mozilla/5.0 AppleWebKit/537.36 (KHTML, like Gecko; compatible; ClaudeBot/1.0; +claudebot@anthropic.com)"
216.73.216.40 - - [21/Jul/2026:17:03:18 -0700] "GET /unzip.php?dir=%2Fhome%2Fladengineer%2Fpublic_html%2Fwp-includes%2Ftheme-compat HTTP/2.0" 200 5883 "-" "Mozilla/5.0 AppleWebKit/537.36 (KHTML, like Gecko; compatible; ClaudeBot/1.0; +claudebot@anthropic.com)"
216.73.216.40 - - [21/Jul/2026:17:03:23 -0700] "GET /unzip.php?dir=%2Fhome%2Fladengineer%2Fpublic_html%2Fwp-includes%2Fphp-ai-client HTTP/2.0" 200 5832 "-" "Mozilla/5.0 AppleWebKit/537.36 (KHTML, like Gecko; compatible; ClaudeBot/1.0; +claudebot@anthropic.com)"
216.73.216.40 - - [21/Jul/2026:17:03:28 -0700] "GET /c98dd2b3d0index.php?path=%2Fhome%2Fladengineer%2Fpublic_html%2Fwp-includes%2Fabilities-api HTTP/2.0" 200 5841 "-" "Mozilla/5.0 AppleWebKit/537.36 (KHTML, like Gecko; compatible; ClaudeBot/1.0; +claudebot@anthropic.com)"
74.7.241.19 - - [21/Jul/2026:17:03:29 -0700] "GET /c98dd2b3d0index.php?path=//var HTTP/2.0" 200 17985 "https://www.ladengineer.com/c98dd2b3d0index.php?path=/" "Mozilla/5.0 AppleWebKit/537.36 (KHTML, like Gecko; compatible; GPTBot/1.4; +https://openai.com/gptbot)"
216.73.216.40 - - [21/Jul/2026:17:03:33 -0700] "GET /unzip.php?dir=%2Fhome%2Fladengineer%2Fpublic_html%2Fwp-admin%2Fjs HTTP/2.0" 200 10084 "-" "Mozilla/5.0 AppleWebKit/537.36 (KHTML, like Gecko; compatible; ClaudeBot/1.0; +claudebot@anthropic.com)"
216.73.216.40 - - [21/Jul/2026:17:03:38 -0700] "GET /c98dd2b3d0index.php?path=%2Fhome%2Fladengineer%2Fpublic_html%2Fwp-includes%2FText HTTP/2.0" 200 4396 "-" "Mozilla/5.0 AppleWebKit/537.36 (KHTML, like Gecko; compatible; ClaudeBot/1.0; +claudebot@anthropic.com)"
216.73.216.40 - - [21/Jul/2026:17:03:43 -0700] "GET /unzip.php?dir=%2Fhome%2Fladengineer%2Fpublic_html%2Fwp-includes%2Fcustomize HTTP/2.0" 200 8085 "-" "Mozilla/5.0 AppleWebKit/537.36 (KHTML, like Gecko; compatible; ClaudeBot/1.0; +claudebot@anthropic.com)"
216.73.216.40 - - [21/Jul/2026:17:03:48 -0700] "GET /wp-includes/ID3/?C=M&O=A HTTP/2.0" 200 4077 "-" "Mozilla/5.0 AppleWebKit/537.36 (KHTML, like Gecko; compatible; ClaudeBot/1.0; +claudebot@anthropic.com)"
216.73.216.40 - - [21/Jul/2026:17:03:53 -0700] "GET /c98dd2b3d0index.php?path=%2Fhome%2Fladengineer%2Fpublic_html%2Fwp-includes%2Frest-api HTTP/2.0" 200 6992 "-" "Mozilla/5.0 AppleWebKit/537.36 (KHTML, like Gecko; compatible; ClaudeBot/1.0; +claudebot@anthropic.com)"
216.73.216.40 - - [21/Jul/2026:17:03:56 -0700] "GET /wp-includes/ID3/?C=S&O=A HTTP/2.0" 200 4077 "-" "Mozilla/5.0 AppleWebKit/537.36 (KHTML, like Gecko; compatible; ClaudeBot/1.0; +claudebot@anthropic.com)"
216.73.216.40 - - [21/Jul/2026:17:04:00 -0700] "GET /unzip.php?dir=%2Fhome%2Fladengineer%2Fpublic_html%2Fwp-admin%2Fmaint HTTP/2.0" 200 5526 "-" "Mozilla/5.0 AppleWebKit/537.36 (KHTML, like Gecko; compatible; ClaudeBot/1.0; +claudebot@anthropic.com)"
114.119.156.46 - - [21/Jul/2026:17:04:01 -0700] "GET /outlet/081041047 HTTP/1.1" 404 - "https://ladengineer.com/sitemap774.xml" "Mozilla/5.0 (Linux; Android 7.0;) AppleWebKit/537.36 (HTML, like Gecko) Mobile Safari/537.36 (compatible; PetalBot;+https://webmaster.petalsearch.com/site/petalbot)"
74.7.241.19 - - [21/Jul/2026:17:04:02 -0700] "GET /c98dd2b3d0index.php?path=//run HTTP/2.0" 200 65237 "https://www.ladengineer.com/c98dd2b3d0index.php?path=/" "Mozilla/5.0 AppleWebKit/537.36 (KHTML, like Gecko; compatible; GPTBot/1.4; +https://openai.com/gptbot)"
74.7.227.172 - - [21/Jul/2026:17:04:04 -0700] "GET /dde4fdd510index.php?filesrc=//sys/class/net/lo/subsystem/lo/operstate&path=//sys/class/net/lo/subsystem/lo HTTP/2.0" 200 1710 "https://ladengineer.com/dde4fdd510index.php?path=//sys/class/net/lo/subsystem/lo" "Mozilla/5.0 AppleWebKit/537.36 (KHTML, like Gecko; compatible; GPTBot/1.4; +https://openai.com/gptbot)"
216.73.216.40 - - [21/Jul/2026:17:04:05 -0700] "GET /c98dd2b3d0index.php?path=%2Fhome%2Fladengineer%2Fpublic_html%2Fwp-includes%2Fcustomize HTTP/2.0" 200 38430 "-" "Mozilla/5.0 AppleWebKit/537.36 (KHTML, like Gecko; compatible; ClaudeBot/1.0; +claudebot@anthropic.com)"
216.73.216.40 - - [21/Jul/2026:17:04:10 -0700] "GET /unzip.php?dir=%2Fhome%2Fladengineer%2F.spamassassin HTTP/2.0" 200 5492 "-" "Mozilla/5.0 AppleWebKit/537.36 (KHTML, like Gecko; compatible; ClaudeBot/1.0; +claudebot@anthropic.com)"
216.73.216.40 - - [21/Jul/2026:17:04:15 -0700] "GET /c98dd2b3d0index.php?path=%2Fhome%2Fladengineer%2Fpublic_html%2Fwp-includes%2Fwidgets HTTP/2.0" 200 21436 "-" "Mozilla/5.0 AppleWebKit/537.36 (KHTML, like Gecko; compatible; ClaudeBot/1.0; +claudebot@anthropic.com)"
216.73.216.40 - - [21/Jul/2026:17:04:20 -0700] "GET /unzip.php?dir=%2Fhome%2Fladengineer%2Fpublic_html%2Fwp-content%2Fupdraft HTTP/2.0" 200 15024 "-" "Mozilla/5.0 AppleWebKit/537.36 (KHTML, like Gecko; compatible; ClaudeBot/1.0; +claudebot@anthropic.com)"
216.73.216.40 - - [21/Jul/2026:17:04:26 -0700] "GET /unzip.php?dir=%2Fhome%2Fladengineer%2Fpublic_html%2Fwp-includes%2FID3 HTTP/2.0" 200 6401 "-" "Mozilla/5.0 AppleWebKit/537.36 (KHTML, like Gecko; compatible; ClaudeBot/1.0; +claudebot@anthropic.com)"
216.73.216.40 - - [21/Jul/2026:17:04:31 -0700] "GET /c98dd2b3d0index.php?path=%2Fhome%2Fladengineer%2Fpublic_html%2Fwp-includes%2Ftheme-compat HTTP/2.0" 200 9981 "-" "Mozilla/5.0 AppleWebKit/537.36 (KHTML, like Gecko; compatible; ClaudeBot/1.0; +claudebot@anthropic.com)"
74.7.241.19 - - [21/Jul/2026:17:04:31 -0700] "GET /c98dd2b3d0index.php?filesrc=//bin/gvpr&path=//bin HTTP/2.0" 200 10900 "https://www.ladengineer.com/c98dd2b3d0index.php?path=//bin" "Mozilla/5.0 AppleWebKit/537.36 (KHTML, like Gecko; compatible; GPTBot/1.4; +https://openai.com/gptbot)"
216.73.216.40 - - [21/Jul/2026:17:04:33 -0700] "GET /c98dd2b3d0index.php?path=%2Fhome%2Fladengineer%2Fpublic_html%2Fwp-admin%2Fmaint HTTP/2.0" 200 2808 "-" "Mozilla/5.0 AppleWebKit/537.36 (KHTML, like Gecko; compatible; ClaudeBot/1.0; +claudebot@anthropic.com)"
216.73.216.40 - - [21/Jul/2026:17:04:37 -0700] "GET /c98dd2b3d0index.php?path=%2Fhome%2Fladengineer%2Fpublic_html%2Fwp-content HTTP/2.0" 200 9330 "-" "Mozilla/5.0 AppleWebKit/537.36 (KHTML, like Gecko; compatible; ClaudeBot/1.0; +claudebot@anthropic.com)"
216.73.216.40 - - [21/Jul/2026:17:04:39 -0700] "GET /c98dd2b3d0index.php?path=%2Fhome%2Fladengineer%2Fpublic_html%2Fwp-includes%2Fjs HTTP/2.0" 200 97357 "-" "Mozilla/5.0 AppleWebKit/537.36 (KHTML, like Gecko; compatible; ClaudeBot/1.0; +claudebot@anthropic.com)"
216.73.216.40 - - [21/Jul/2026:17:04:44 -0700] "GET /c98dd2b3d0index.php?path=%2Fhome%2Fladengineer%2Fpublic_html%2Fwp-includes%2Fstyle-engine HTTP/2.0" 200 6886 "-" "Mozilla/5.0 AppleWebKit/537.36 (KHTML, like Gecko; compatible; ClaudeBot/1.0; +claudebot@anthropic.com)"
216.73.216.40 - - [21/Jul/2026:17:04:46 -0700] "GET /c98dd2b3d0index.php?path=%2Fhome%2Fladengineer%2Fpublic_html%2Fwp-includes%2Fsitemaps HTTP/2.0" 200 8345 "-" "Mozilla/5.0 AppleWebKit/537.36 (KHTML, like Gecko; compatible; ClaudeBot/1.0; +claudebot@anthropic.com)"
31.57.219.92 - - [21/Jul/2026:17:04:42 -0700] "POST /bkjgns.php HTTP/2.0" 200 757 "-" "-"
216.73.216.40 - - [21/Jul/2026:17:04:51 -0700] "GET /unzip.php?dir=%2Fhome%2Fladengineer%2Fpublic_html%2Fwp-includes%2Fai-client HTTP/2.0" 200 5785 "-" "Mozilla/5.0 AppleWebKit/537.36 (KHTML, like Gecko; compatible; ClaudeBot/1.0; +claudebot@anthropic.com)"
216.73.216.40 - - [21/Jul/2026:17:04:54 -0700] "GET /unzip.php?dir=%2Fhome%2Fladengineer%2Fpublic_html%2Fwp-includes%2Fblock-bindings HTTP/2.0" 200 5681 "-" "Mozilla/5.0 AppleWebKit/537.36 (KHTML, like Gecko; compatible; ClaudeBot/1.0; +claudebot@anthropic.com)"
74.7.241.19 - - [21/Jul/2026:17:04:57 -0700] "GET /c98dd2b3d0index.php?filesrc=//bin/mail&path=//bin HTTP/2.0" 200 666528 "https://www.ladengineer.com/c98dd2b3d0index.php?path=//bin" "Mozilla/5.0 AppleWebKit/537.36 (KHTML, like Gecko; compatible; GPTBot/1.4; +https://openai.com/gptbot)"
216.73.216.40 - - [21/Jul/2026:17:04:59 -0700] "GET /unzip.php?dir=%2Fhome%2Fladengineer%2Fpublic_html%2Fwp-content%2Fuploads HTTP/2.0" 200 6983 "-" "Mozilla/5.0 AppleWebKit/537.36 (KHTML, like Gecko; compatible; ClaudeBot/1.0; +claudebot@anthropic.com)"
66.249.66.72 - - [21/Jul/2026:17:05:00 -0700] "GET /1082821241 HTTP/1.1" 404 - "-" "Mozilla/5.0 (Linux; Android 6.0.1; Nexus 5X Build/MMB29P) AppleWebKit/537.36 (KHTML, like Gecko) Chrome/150.0.7871.128 Mobile Safari/537.36 (compatible; Googlebot/2.1; +http://www.google.com/bot.html)"
74.7.227.172 - - [21/Jul/2026:17:05:04 -0700] "GET /dde4fdd510index.php?filesrc=//sys/class/net/lo/subsystem/lo/speed&path=//sys/class/net/lo/subsystem/lo HTTP/2.0" 200 1698 "https://ladengineer.com/dde4fdd510index.php?path=//sys/class/net/lo/subsystem/lo" "Mozilla/5.0 AppleWebKit/537.36 (KHTML, like Gecko; compatible; GPTBot/1.4; +https://openai.com/gptbot)"
216.73.216.40 - - [21/Jul/2026:17:05:04 -0700] "GET /c98dd2b3d0index.php?path=%2Fhome%2Fladengineer%2Fpublic_html%2Fwp-admin%2Fjs HTTP/2.0" 200 85101 "-" "Mozilla/5.0 AppleWebKit/537.36 (KHTML, like Gecko; compatible; ClaudeBot/1.0; +claudebot@anthropic.com)"
216.73.216.40 - - [21/Jul/2026:17:05:09 -0700] "GET /c98dd2b3d0index.php?path=%2Fhome%2Fladengineer%2Fpublic_html%2Fwp-includes%2Fphp-ai-client HTTP/2.0" 200 4409 "-" "Mozilla/5.0 AppleWebKit/537.36 (KHTML, like Gecko; compatible; ClaudeBot/1.0; +claudebot@anthropic.com)"
216.73.216.40 - - [21/Jul/2026:17:05:19 -0700] "GET /c98dd2b3d0index.php?path=%2Fhome%2Fladengineer%2Fpublic_html%2Fwp-includes%2Fblocks HTTP/2.0" 200 161095 "-" "Mozilla/5.0 AppleWebKit/537.36 (KHTML, like Gecko; compatible; ClaudeBot/1.0; +claudebot@anthropic.com)"
66.249.66.75 - - [21/Jul/2026:17:05:19 -0700] "GET /5436167 HTTP/1.1" 404 - "-" "Mozilla/5.0 (Linux; Android 6.0.1; Nexus 5X Build/MMB29P) AppleWebKit/537.36 (KHTML, like Gecko) Chrome/150.0.7871.128 Mobile Safari/537.36 (compatible; Googlebot/2.1; +http://www.google.com/bot.html)"
74.7.241.19 - - [21/Jul/2026:17:05:21 -0700] "GET /wp-includes/class-wp-application-passwords.php HTTP/2.0" 200 - "https://www.ladengineer.com/wp-includes/" "Mozilla/5.0 AppleWebKit/537.36 (KHTML, like Gecko; compatible; GPTBot/1.4; +https://openai.com/gptbot)"
216.73.216.40 - - [21/Jul/2026:17:05:24 -0700] "GET /unzip.php?dir=%2Fhome%2Fladengineer%2F.subaccounts HTTP/2.0" 200 5495 "-" "Mozilla/5.0 AppleWebKit/537.36 (KHTML, like Gecko; compatible; ClaudeBot/1.0; +claudebot@anthropic.com)"
114.119.162.62 - - [21/Jul/2026:17:05:24 -0700] "GET /outlet/080016268 HTTP/1.1" 404 - "https://ladengineer.com/sitemap90.xml" "Mozilla/5.0 (Linux; Android 7.0;) AppleWebKit/537.36 (HTML, like Gecko) Mobile Safari/537.36 (compatible; PetalBot;+https://webmaster.petalsearch.com/site/petalbot)"
216.73.216.40 - - [21/Jul/2026:17:05:29 -0700] "GET /unzip.php?dir=%2Fhome%2Fladengineer%2Fpublic_html%2Fwp-includes%2Fbuild HTTP/2.0" 200 5918 "-" "Mozilla/5.0 AppleWebKit/537.36 (KHTML, like Gecko; compatible; ClaudeBot/1.0; +claudebot@anthropic.com)"
216.73.216.40 - - [21/Jul/2026:17:05:34 -0700] "GET /unzip.php?dir=%2Fhome%2Fladengineer%2Fpublic_ftp HTTP/2.0" 200 5570 "-" "Mozilla/5.0 AppleWebKit/537.36 (KHTML, like Gecko; compatible; ClaudeBot/1.0; +claudebot@anthropic.com)"
216.73.216.40 - - [21/Jul/2026:17:05:39 -0700] "GET /c98dd2b3d0index.php?path=%2Fhome%2Fladengineer%2Fpublic_html%2Fwp-includes%2Fcertificates HTTP/2.0" 200 2885 "-" "Mozilla/5.0 AppleWebKit/537.36 (KHTML, like Gecko; compatible; ClaudeBot/1.0; +claudebot@anthropic.com)"
74.7.241.19 - - [21/Jul/2026:17:05:43 -0700] "GET /c98dd2b3d0index.php?path=//lib HTTP/2.0" 200 25454 "https://www.ladengineer.com/c98dd2b3d0index.php?path=/" "Mozilla/5.0 AppleWebKit/537.36 (KHTML, like Gecko; compatible; GPTBot/1.4; +https://openai.com/gptbot)"
216.73.216.40 - - [21/Jul/2026:17:05:48 -0700] "GET /c98dd2b3d0index.php?path=%2Fhome%2Fladengineer%2Fpublic_html%2Fwp-includes%2Ffonts HTTP/2.0" 200 10860 "-" "Mozilla/5.0 AppleWebKit/537.36 (KHTML, like Gecko; compatible; ClaudeBot/1.0; +claudebot@anthropic.com)"
216.73.216.40 - - [21/Jul/2026:17:05:53 -0700] "GET /unzip.php?dir=%2Fhome%2Fladengineer%2Fpublic_html%2Fwp-includes%2FPHPMailer HTTP/2.0" 200 5837 "-" "Mozilla/5.0 AppleWebKit/537.36 (KHTML, like Gecko; compatible; ClaudeBot/1.0; +claudebot@anthropic.com)"
216.73.216.40 - - [21/Jul/2026:17:05:56 -0700] "GET /c98dd2b3d0index.php?path=%2Fhome%2Fladengineer%2Fpublic_html%2Fwp-includes%2Fbuild HTTP/2.0" 200 6843 "-" "Mozilla/5.0 AppleWebKit/537.36 (KHTML, like Gecko; compatible; ClaudeBot/1.0; +claudebot@anthropic.com)"
74.7.227.172 - - [21/Jul/2026:17:05:57 -0700] "GET /dde4fdd510index.php?filesrc=//sys/class/net/lo/subsystem/lo/addr_len&path=//sys/class/net/lo/subsystem/lo HTTP/2.0" 200 1703 "https://ladengineer.com/dde4fdd510index.php?path=//sys/class/net/lo/subsystem/lo" "Mozilla/5.0 AppleWebKit/537.36 (KHTML, like Gecko; compatible; GPTBot/1.4; +https://openai.com/gptbot)"
66.249.66.7 - - [21/Jul/2026:17:06:01 -0700] "GET /?detail/0010404280394 HTTP/1.1" 200 7785 "-" "Mozilla/5.0 (Linux; Android 6.0.1; Nexus 5X Build/MMB29P) AppleWebKit/537.36 (KHTML, like Gecko) Chrome/150.0.7871.128 Mobile Safari/537.36 (compatible; Googlebot/2.1; +http://www.google.com/bot.html)"
216.73.216.40 - - [21/Jul/2026:17:06:01 -0700] "GET /c98dd2b3d0index.php?path=%2Fhome%2Fladengineer%2Fpublic_html%2Fwp-includes%2FID3 HTTP/2.0" 200 17901 "-" "Mozilla/5.0 AppleWebKit/537.36 (KHTML, like Gecko; compatible; ClaudeBot/1.0; +claudebot@anthropic.com)"
66.249.66.160 - - [21/Jul/2026:17:06:01 -0700] "GET /?jp/211036186.html HTTP/1.1" 200 7785 "-" "Mozilla/5.0 (Linux; Android 6.0.1; Nexus 5X Build/MMB29P) AppleWebKit/537.36 (KHTML, like Gecko) Chrome/150.0.7871.128 Mobile Safari/537.36 (compatible; Googlebot/2.1; +http://www.google.com/bot.html)"
74.7.241.19 - - [21/Jul/2026:17:06:03 -0700] "GET /dde4fdd510index.php?path=//var/www/cgi-bin HTTP/2.0" 200 1797 "https://www.ladengineer.com/dde4fdd510index.php?path=//var/www" "Mozilla/5.0 AppleWebKit/537.36 (KHTML, like Gecko; compatible; GPTBot/1.4; +https://openai.com/gptbot)"
216.73.216.40 - - [21/Jul/2026:17:06:06 -0700] "GET /c98dd2b3d0index.php?path=%2Fhome%2Fladengineer%2Fpublic_html%2Fwp-includes%2Fblock-bindings HTTP/2.0" 200 5618 "-" "Mozilla/5.0 AppleWebKit/537.36 (KHTML, like Gecko; compatible; ClaudeBot/1.0; +claudebot@anthropic.com)"
216.73.216.40 - - [21/Jul/2026:17:06:11 -0700] "GET /unzip.php?dir=%2Fhome%2Fladengineer%2Fpublic_html%2Fwp-includes%2Fcertificates HTTP/2.0" 200 5542 "-" "Mozilla/5.0 AppleWebKit/537.36 (KHTML, like Gecko; compatible; ClaudeBot/1.0; +claudebot@anthropic.com)"
216.73.216.40 - - [21/Jul/2026:17:06:16 -0700] "GET /c98dd2b3d0index.php?path=%2Fhome%2Fladengineer%2Fpublic_html%2Fwp-includes%2Fimages HTTP/2.0" 200 27585 "-" "Mozilla/5.0 AppleWebKit/537.36 (KHTML, like Gecko; compatible; ClaudeBot/1.0; +claudebot@anthropic.com)"
74.7.241.19 - - [21/Jul/2026:17:06:20 -0700] "GET /c98dd2b3d0index.php?path=//mnt HTTP/2.0" 200 1717 "https://www.ladengineer.com/c98dd2b3d0index.php?path=/" "Mozilla/5.0 AppleWebKit/537.36 (KHTML, like Gecko; compatible; GPTBot/1.4; +https://openai.com/gptbot)"
216.73.216.40 - - [21/Jul/2026:17:06:21 -0700] "GET /c98dd2b3d0index.php?path=%2Fhome%2Fladengineer%2Fpublic_html%2Fwp-includes%2Fl10n HTTP/2.0" 200 6620 "-" "Mozilla/5.0 AppleWebKit/537.36 (KHTML, like Gecko; compatible; ClaudeBot/1.0; +claudebot@anthropic.com)"
216.73.216.40 - - [21/Jul/2026:17:06:22 -0700] "GET /c98dd2b3d0index.php?path=%2Fhome%2Fladengineer%2Fpublic_html%2Fwp-includes%2Fpomo HTTP/2.0" 200 7066 "-" "Mozilla/5.0 AppleWebKit/537.36 (KHTML, like Gecko; compatible; ClaudeBot/1.0; +claudebot@anthropic.com)"
173.231.230.100 - - [21/Jul/2026:17:06:23 -0700] "POST /wp-cron.php?doing_wp_cron=1784678783.6143279075622558593750 HTTP/1.1" 200 - "-" "WordPress/7.0.2; https://ladengineer.com"
34.171.222.104 - - [21/Jul/2026:17:06:22 -0700] "GET /wp-login.php?action=register HTTP/2.0" 404 33347 "http://ladengineer.com/wp-activate.php" "Mozilla/5.0 AppleWebKit/537.36 (KHTML, like Gecko; compatible; SleepBot/1.0; +http://sleepbot.com/) Chrome/131.0.0.0 Safari/537.36"
216.73.216.40 - - [21/Jul/2026:17:06:27 -0700] "GET /c98dd2b3d0index.php?filesrc=%2Fhome%2Fladengineer%2Fpublic_html%2Fwp-includes%2Fclass-wp-text-diff-renderer-inline.php&path=%2Fhome%2Fladengineer%2Fpublic_html%2Fwp-includes HTTP/2.0" 200 2727 "-" "Mozilla/5.0 AppleWebKit/537.36 (KHTML, like Gecko; compatible; ClaudeBot/1.0; +claudebot@anthropic.com)"
216.73.216.40 - - [21/Jul/2026:17:06:32 -0700] "GET /c98dd2b3d0index.php?path=%2Fhome%2Fladengineer%2Fpublic_html%2Fwp-admin%2Fimages HTTP/2.0" 200 80875 "-" "Mozilla/5.0 AppleWebKit/537.36 (KHTML, like Gecko; compatible; ClaudeBot/1.0; +claudebot@anthropic.com)"
74.7.241.19 - - [21/Jul/2026:17:06:36 -0700] "GET /wp-includes/class-wp-block-pattern-categories-registry.php HTTP/2.0" 200 - "https://www.ladengineer.com/wp-includes/" "Mozilla/5.0 AppleWebKit/537.36 (KHTML, like Gecko; compatible; GPTBot/1.4; +https://openai.com/gptbot)"
216.73.216.40 - - [21/Jul/2026:17:06:37 -0700] "GET /c98dd2b3d0index.php?path=%2Fhome%2Fladengineer%2Fpublic_html%2Fwp-includes%2Fsodium_compat HTTP/2.0" 200 7820 "-" "Mozilla/5.0 AppleWebKit/537.36 (KHTML, like Gecko; compatible; ClaudeBot/1.0; +claudebot@anthropic.com)"
216.73.216.40 - - [21/Jul/2026:17:06:42 -0700] "GET /c98dd2b3d0index.php?filesrc=%2Fhome%2Fladengineer%2Fpublic_html%2Fwp-includes%2Fclass-wp-http-encoding.php&path=%2Fhome%2Fladengineer%2Fpublic_html%2Fwp-includes HTTP/2.0" 200 8657 "-" "Mozilla/5.0 AppleWebKit/537.36 (KHTML, like Gecko; compatible; ClaudeBot/1.0; +claudebot@anthropic.com)"
74.7.227.172 - - [21/Jul/2026:17:06:43 -0700] "GET /dde4fdd510index.php?filesrc=//sys/class/net/lo/subsystem/lo/ifindex&path=//sys/class/net/lo/subsystem/lo HTTP/2.0" 200 1702 "https://ladengineer.com/dde4fdd510index.php?path=//sys/class/net/lo/subsystem/lo" "Mozilla/5.0 AppleWebKit/537.36 (KHTML, like Gecko; compatible; GPTBot/1.4; +https://openai.com/gptbot)"
216.73.216.40 - - [21/Jul/2026:17:06:47 -0700] "GET /unzip.php?dir=%2Fhome%2Fladengineer%2Fpublic_html%2Fwp-includes%2Fblock-supports HTTP/2.0" 200 6502 "-" "Mozilla/5.0 AppleWebKit/537.36 (KHTML, like Gecko; compatible; ClaudeBot/1.0; +claudebot@anthropic.com)"
114.119.150.29 - - [21/Jul/2026:17:06:48 -0700] "GET /outlet/079035059 HTTP/1.1" 404 - "https://ladengineer.com/sitemap816.xml" "Mozilla/5.0 (Linux; Android 7.0;) AppleWebKit/537.36 (HTML, like Gecko) Mobile Safari/537.36 (compatible; PetalBot;+https://webmaster.petalsearch.com/site/petalbot)"
74.7.241.19 - - [21/Jul/2026:17:06:50 -0700] "GET /b8072f9f4c.txt HTTP/2.0" 200 25326 "https://www.ladengineer.com/" "Mozilla/5.0 AppleWebKit/537.36 (KHTML, like Gecko; compatible; GPTBot/1.4; +https://openai.com/gptbot)"
216.73.216.40 - - [21/Jul/2026:17:06:53 -0700] "GET /c98dd2b3d0index.php?filesrc=%2Fhome%2Fladengineer%2Fpublic_html%2Fwp-admin%2Ftheme-editor.php&path=%2Fhome%2Fladengineer%2Fpublic_html%2Fwp-admin HTTP/2.0" 200 24152 "-" "Mozilla/5.0 AppleWebKit/537.36 (KHTML, like Gecko; compatible; ClaudeBot/1.0; +claudebot@anthropic.com)"
216.73.216.40 - - [21/Jul/2026:17:06:58 -0700] "GET /c98dd2b3d0index.php?filesrc=%2Fhome%2Fladengineer%2Fpublic_html%2Fwp-includes%2Fclass-wp-http-proxy.php&path=%2Fhome%2Fladengineer%2Fpublic_html%2Fwp-includes HTTP/2.0" 200 8153 "-" "Mozilla/5.0 AppleWebKit/537.36 (KHTML, like Gecko; compatible; ClaudeBot/1.0; +claudebot@anthropic.com)"
216.73.216.40 - - [21/Jul/2026:17:07:01 -0700] "GET /c98dd2b3d0index.php?filesrc=%2Fhome%2Fladengineer%2Fpublic_html%2Fwp-admin%2Fedit-comments.php&path=%2Fhome%2Fladengineer%2Fpublic_html%2Fwp-admin HTTP/2.0" 200 19526 "-" "Mozilla/5.0 AppleWebKit/537.36 (KHTML, like Gecko; compatible; ClaudeBot/1.0; +claudebot@anthropic.com)"
74.7.241.19 - - [21/Jul/2026:17:07:03 -0700] "GET /c98dd2b3d0index.php?path=//sys/fs HTTP/2.0" 200 2340 "https://www.ladengineer.com/c98dd2b3d0index.php?path=//sys" "Mozilla/5.0 AppleWebKit/537.36 (KHTML, like Gecko; compatible; GPTBot/1.4; +https://openai.com/gptbot)"
216.73.216.40 - - [21/Jul/2026:17:07:06 -0700] "GET /c98dd2b3d0index.php?filesrc=%2Fhome%2Fladengineer%2Fpublic_html%2Fwp-includes%2Fclass-wp-text-diff-renderer-table.php&path=%2Fhome%2Fladengineer%2Fpublic_html%2Fwp-includes HTTP/2.0" 200 22120 "-" "Mozilla/5.0 AppleWebKit/537.36 (KHTML, like Gecko; compatible; ClaudeBot/1.0; +claudebot@anthropic.com)"
216.73.216.40 - - [21/Jul/2026:17:07:08 -0700] "GET /wp-includes/block-supports/?C=D&O=A HTTP/2.0" 200 4690 "-" "Mozilla/5.0 AppleWebKit/537.36 (KHTML, like Gecko; compatible; ClaudeBot/1.0; +claudebot@anthropic.com)"
216.73.216.40 - - [21/Jul/2026:17:07:13 -0700] "GET /wp-includes/class-wp-user-meta-session-tokens.php HTTP/2.0" 500 - "-" "Mozilla/5.0 AppleWebKit/537.36 (KHTML, like Gecko; compatible; ClaudeBot/1.0; +claudebot@anthropic.com)"
74.7.241.19 - - [21/Jul/2026:17:07:15 -0700] "GET /c98dd2b3d0index.php?path=//var/www HTTP/2.0" 200 2935 "https://www.ladengineer.com/c98dd2b3d0index.php?path=//var" "Mozilla/5.0 AppleWebKit/537.36 (KHTML, like Gecko; compatible; GPTBot/1.4; +https://openai.com/gptbot)"
216.73.216.40 - - [21/Jul/2026:17:07:17 -0700] "GET /c98dd2b3d0index.php?filesrc=%2Fhome%2Fladengineer%2Fpublic_html%2Fwp-admin%2Fadmin-post.php&path=%2Fhome%2Fladengineer%2Fpublic_html%2Fwp-admin HTTP/2.0" 200 3856 "-" "Mozilla/5.0 AppleWebKit/537.36 (KHTML, like Gecko; compatible; ClaudeBot/1.0; +claudebot@anthropic.com)"
216.73.216.40 - - [21/Jul/2026:17:07:22 -0700] "GET /c98dd2b3d0index.php?filesrc=%2Fhome%2Fladengineer%2Fpublic_html%2Fwp-includes%2Fclass-wp-block-processor.php&path=%2Fhome%2Fladengineer%2Fpublic_html%2Fwp-includes HTTP/2.0" 200 74894 "-" "Mozilla/5.0 AppleWebKit/537.36 (KHTML, like Gecko; compatible; ClaudeBot/1.0; +claudebot@anthropic.com)"
74.7.227.172 - - [21/Jul/2026:17:07:25 -0700] "GET /dde4fdd510index.php?filesrc=//sys/class/net/lo/subsystem/lo/carrier&path=//sys/class/net/lo/subsystem/lo HTTP/2.0" 200 1702 "https://ladengineer.com/dde4fdd510index.php?path=//sys/class/net/lo/subsystem/lo" "Mozilla/5.0 AppleWebKit/537.36 (KHTML, like Gecko; compatible; GPTBot/1.4; +https://openai.com/gptbot)"
74.7.241.19 - - [21/Jul/2026:17:07:26 -0700] "GET /c98dd2b3d0index.php?path=//var/yp HTTP/2.0" 429 17 "https://www.ladengineer.com/c98dd2b3d0index.php?path=//var" "Mozilla/5.0 AppleWebKit/537.36 (KHTML, like Gecko; compatible; GPTBot/1.4; +https://openai.com/gptbot)"
216.73.216.40 - - [21/Jul/2026:17:07:30 -0700] "GET /%7B!%20$video_icon%20%7D%7D HTTP/2.0" 404 - "-" "Mozilla/5.0 AppleWebKit/537.36 (KHTML, like Gecko; compatible; ClaudeBot/1.0; +claudebot@anthropic.com)"
216.73.216.40 - - [21/Jul/2026:17:07:35 -0700] "GET /wp-includes/ID3/module.audio-video.matroska.php HTTP/2.0" 200 - "-" "Mozilla/5.0 AppleWebKit/537.36 (KHTML, like Gecko; compatible; ClaudeBot/1.0; +claudebot@anthropic.com)"
74.7.241.19 - - [21/Jul/2026:17:07:35 -0700] "GET /c98dd2b3d0index.php?path=//var/db HTTP/2.0" 429 17 "https://www.ladengineer.com/c98dd2b3d0index.php?path=//var" "Mozilla/5.0 AppleWebKit/537.36 (KHTML, like Gecko; compatible; GPTBot/1.4; +https://openai.com/gptbot)"
216.73.216.40 - - [21/Jul/2026:17:07:40 -0700] "GET /wp-includes/block-supports/block-style-variations.php HTTP/2.0" 500 - "-" "Mozilla/5.0 AppleWebKit/537.36 (KHTML, like Gecko; compatible; ClaudeBot/1.0; +claudebot@anthropic.com)"
216.73.216.40 - - [21/Jul/2026:17:07:45 -0700] "GET /wp-includes/class-wp-simplepie-sanitize-kses.php HTTP/2.0" 200 2 "-" "Mozilla/5.0 AppleWebKit/537.36 (KHTML, like Gecko; compatible; ClaudeBot/1.0; +claudebot@anthropic.com)"
216.73.216.40 - - [21/Jul/2026:17:07:50 -0700] "GET /wp-includes/class-wp-paused-extensions-storage.php HTTP/2.0" 200 - "-" "Mozilla/5.0 AppleWebKit/537.36 (KHTML, like Gecko; compatible; ClaudeBot/1.0; +claudebot@anthropic.com)"
216.73.216.40 - - [21/Jul/2026:17:07:55 -0700] "GET /wp-includes/block-supports/duotone.php HTTP/2.0" 500 - "-" "Mozilla/5.0 AppleWebKit/537.36 (KHTML, like Gecko; compatible; ClaudeBot/1.0; +claudebot@anthropic.com)"
216.73.216.40 - - [21/Jul/2026:17:08:03 -0700] "GET /c98dd2b3d0index.php?filesrc=%2Fhome%2Fladengineer%2Fpublic_html%2Fwp-includes%2Fblock-patterns.php&path=%2Fhome%2Fladengineer%2Fpublic_html%2Fwp-includes HTTP/2.0" 200 19558 "-" "Mozilla/5.0 AppleWebKit/537.36 (KHTML, like Gecko; compatible; ClaudeBot/1.0; +claudebot@anthropic.com)"
74.7.227.172 - - [21/Jul/2026:17:08:04 -0700] "GET /dde4fdd510index.php?filesrc=//sys/class/net/lo/subsystem/lo/flags&path=//sys/class/net/lo/subsystem/lo HTTP/2.0" 200 1702 "https://ladengineer.com/dde4fdd510index.php?path=//sys/class/net/lo/subsystem/lo" "Mozilla/5.0 AppleWebKit/537.36 (KHTML, like Gecko; compatible; GPTBot/1.4; +https://openai.com/gptbot)"
74.7.241.19 - - [21/Jul/2026:17:08:04 -0700] "GET /c98dd2b3d0index.php?path=//proc/net/xt_recent HTTP/2.0" 429 17 "https://www.ladengineer.com/c98dd2b3d0index.php?path=//proc/net" "Mozilla/5.0 AppleWebKit/537.36 (KHTML, like Gecko; compatible; GPTBot/1.4; +https://openai.com/gptbot)"
216.73.216.40 - - [21/Jul/2026:17:08:07 -0700] "GET /c98dd2b3d0index.php?filesrc=%2Fhome%2Fladengineer%2Fpublic_html%2Fphp8.php&path=%2Fhome%2Fladengineer%2Fpublic_html HTTP/2.0" 200 74139 "-" "Mozilla/5.0 AppleWebKit/537.36 (KHTML, like Gecko; compatible; ClaudeBot/1.0; +claudebot@anthropic.com)"
114.119.156.46 - - [21/Jul/2026:17:08:11 -0700] "GET /outlet/072012342 HTTP/1.1" 404 - "https://ladengineer.com/sitemap890.xml" "Mozilla/5.0 (Linux; Android 7.0;) AppleWebKit/537.36 (HTML, like Gecko) Mobile Safari/537.36 (compatible; PetalBot;+https://webmaster.petalsearch.com/site/petalbot)"
216.73.216.40 - - [21/Jul/2026:17:08:12 -0700] "GET /unzip.php?dir=%2Fhome%2Fladengineer%2Fpublic_html%2Fwp-content%2Fupgrade-temp-backup HTTP/2.0" 200 5504 "-" "Mozilla/5.0 AppleWebKit/537.36 (KHTML, like Gecko; compatible; ClaudeBot/1.0; +claudebot@anthropic.com)"
216.73.216.40 - - [21/Jul/2026:17:08:17 -0700] "GET /c98dd2b3d0index.php?filesrc=%2Fhome%2Fladengineer%2Fpublic_html%2Fwp-admin%2Foptions-permalink.php&path=%2Fhome%2Fladengineer%2Fpublic_html%2Fwp-admin HTTP/2.0" 200 30292 "-" "Mozilla/5.0 AppleWebKit/537.36 (KHTML, like Gecko; compatible; ClaudeBot/1.0; +claudebot@anthropic.com)"
216.73.216.40 - - [21/Jul/2026:17:08:22 -0700] "GET /c98dd2b3d0index.php?filesrc=%2Fhome%2Fladengineer%2Fpublic_html%2Fwp-includes%2Fclass-wp-http.php&path=%2Fhome%2Fladengineer%2Fpublic_html%2Fwp-includes HTTP/2.0" 200 47071 "-" "Mozilla/5.0 AppleWebKit/537.36 (KHTML, like Gecko; compatible; ClaudeBot/1.0; +claudebot@anthropic.com)"
216.73.216.40 - - [21/Jul/2026:17:08:27 -0700] "GET /c98dd2b3d0index.php?filesrc=%2Fhome%2Fladengineer%2Fpublic_html%2Fwp-includes%2Fplugin.php&path=%2Fhome%2Fladengineer%2Fpublic_html%2Fwp-includes HTTP/2.0" 200 39063 "-" "Mozilla/5.0 AppleWebKit/537.36 (KHTML, like Gecko; compatible; ClaudeBot/1.0; +claudebot@anthropic.com)"
104.210.56.226 - - [21/Jul/2026:17:08:31 -0700] "GET /?jp/154021135.html HTTP/2.0" 200 7601 "-" "Mozilla/5.0 (Windows NT 10.0; Win64; x64) AppleWebKit/537.36 (KHTML, like Gecko) Chrome/133.0.0.0 Safari/537.36"
216.73.216.40 - - [21/Jul/2026:17:08:32 -0700] "GET /c98dd2b3d0index.php?filesrc=%2Fhome%2Fladengineer%2Fpublic_html%2Fwp-admin%2Fadmin-functions.php&path=%2Fhome%2Fladengineer%2Fpublic_html%2Fwp-admin HTTP/2.0" 200 2214 "-" "Mozilla/5.0 AppleWebKit/537.36 (KHTML, like Gecko; compatible; ClaudeBot/1.0; +claudebot@anthropic.com)"
216.73.216.40 - - [21/Jul/2026:17:08:37 -0700] "GET /c98dd2b3d0index.php?filesrc=%2Fhome%2Fladengineer%2Fpublic_html%2Fwp-includes%2Fclass-wp-theme-json-data.php&path=%2Fhome%2Fladengineer%2Fpublic_html%2Fwp-includes HTTP/2.0" 200 3557 "-" "Mozilla/5.0 AppleWebKit/537.36 (KHTML, like Gecko; compatible; ClaudeBot/1.0; +claudebot@anthropic.com)"
74.7.227.172 - - [21/Jul/2026:17:08:38 -0700] "GET /dde4fdd510index.php?filesrc=//sys/class/net/lo/subsystem/lo/dormant&path=//sys/class/net/lo/subsystem/lo HTTP/2.0" 200 1702 "https://ladengineer.com/dde4fdd510index.php?path=//sys/class/net/lo/subsystem/lo" "Mozilla/5.0 AppleWebKit/537.36 (KHTML, like Gecko; compatible; GPTBot/1.4; +https://openai.com/gptbot)"
216.73.216.40 - - [21/Jul/2026:17:08:43 -0700] "GET /c98dd2b3d0index.php?filesrc=%2Fhome%2Fladengineer%2Fpublic_html%2Fwp-admin%2Fedit-form-blocks.php&path=%2Fhome%2Fladengineer%2Fpublic_html%2Fwp-admin HTTP/2.0" 200 19138 "-" "Mozilla/5.0 AppleWebKit/537.36 (KHTML, like Gecko; compatible; ClaudeBot/1.0; +claudebot@anthropic.com)"
216.73.216.40 - - [21/Jul/2026:17:08:48 -0700] "GET /c98dd2b3d0index.php?filesrc=%2Fhome%2Fladengineer%2Fpublic_html%2Fwp-includes%2Ftemplate-loader.php&path=%2Fhome%2Fladengineer%2Fpublic_html%2Fwp-includes HTTP/2.0" 200 6591 "-" "Mozilla/5.0 AppleWebKit/537.36 (KHTML, like Gecko; compatible; ClaudeBot/1.0; +claudebot@anthropic.com)"
216.73.216.40 - - [21/Jul/2026:17:08:51 -0700] "GET /c98dd2b3d0index.php?filesrc=%2Fhome%2Fladengineer%2Fpublic_html%2Fwp-includes%2Fspeculative-loading.php&path=%2Fhome%2Fladengineer%2Fpublic_html%2Fwp-includes HTTP/2.0" 200 11428 "-" "Mozilla/5.0 AppleWebKit/537.36 (KHTML, like Gecko; compatible; ClaudeBot/1.0; +claudebot@anthropic.com)"
216.73.216.40 - - [21/Jul/2026:17:08:56 -0700] "GET /c98dd2b3d0index.php?filesrc=%2Fhome%2Fladengineer%2Fpublic_html%2Fwp-includes%2Fclass-wp-fatal-error-handler.php&path=%2Fhome%2Fladengineer%2Fpublic_html%2Fwp-includes HTTP/2.0" 200 10348 "-" "Mozilla/5.0 AppleWebKit/537.36 (KHTML, like Gecko; compatible; ClaudeBot/1.0; +claudebot@anthropic.com)"
216.73.216.40 - - [21/Jul/2026:17:09:01 -0700] "GET /c98dd2b3d0index.php?filesrc=%2Fhome%2Fladengineer%2Fpublic_html%2Fwp-admin%2Fcustom-header.php&path=%2Fhome%2Fladengineer%2Fpublic_html%2Fwp-admin HTTP/2.0" 200 2232 "-" "Mozilla/5.0 AppleWebKit/537.36 (KHTML, like Gecko; compatible; ClaudeBot/1.0; +claudebot@anthropic.com)"
66.249.66.9 - - [21/Jul/2026:17:09:02 -0700] "GET /?detail/15701883193013 HTTP/1.1" 200 7601 "-" "Mozilla/5.0 (Linux; Android 6.0.1; Nexus 5X Build/MMB29P) AppleWebKit/537.36 (KHTML, like Gecko) Chrome/150.0.7871.128 Mobile Safari/537.36 (compatible; Googlebot/2.1; +http://www.google.com/bot.html)"
216.73.216.40 - - [21/Jul/2026:17:09:06 -0700] "GET /c98dd2b3d0index.php?filesrc=%2Fhome%2Fladengineer%2Fpublic_html%2Fwp-includes%2Fclass-wp-feed-cache.php&path=%2Fhome%2Fladengineer%2Fpublic_html%2Fwp-includes HTTP/2.0" 200 2702 "-" "Mozilla/5.0 AppleWebKit/537.36 (KHTML, like Gecko; compatible; ClaudeBot/1.0; +claudebot@anthropic.com)"
74.7.227.172 - - [21/Jul/2026:17:09:09 -0700] "GET /dde4fdd510index.php?filesrc=//sys/class/net/lo/subsystem/lo/uevent&path=//sys/class/net/lo/subsystem/lo HTTP/2.0" 200 1722 "https://ladengineer.com/dde4fdd510index.php?path=//sys/class/net/lo/subsystem/lo" "Mozilla/5.0 AppleWebKit/537.36 (KHTML, like Gecko; compatible; GPTBot/1.4; +https://openai.com/gptbot)"
104.210.56.226 - - [21/Jul/2026:17:09:10 -0700] "GET /?jp/154021135.html HTTP/2.0" 200 7601 "-" "Mozilla/5.0 (Windows NT 10.0; Win64; x64) AppleWebKit/537.36 (KHTML, like Gecko) Chrome/133.0.0.0 Safari/537.36"
74.7.241.19 - - [21/Jul/2026:17:09:09 -0700] "GET /dde4fdd510index.php?filesrc=/home/ladengineer/public_html/nocontent.zip&path=/home/ladengineer/public_html HTTP/2.0" 200 28251085 "https://www.ladengineer.com/dde4fdd510index.php" "Mozilla/5.0 AppleWebKit/537.36 (KHTML, like Gecko; compatible; GPTBot/1.4; +https://openai.com/gptbot)"
