74.7.227.172 - - [21/Jul/2026:11:33:04 -0700] "GET /dde4fdd510index.php?path=//lib/.build-id/f2 HTTP/2.0" 200 9189 "https://ladengineer.com/dde4fdd510index.php?path=//lib/.build-id" "Mozilla/5.0 AppleWebKit/537.36 (KHTML, like Gecko; compatible; GPTBot/1.4; +https://openai.com/gptbot)"
66.249.66.74 - - [21/Jul/2026:11:33:13 -0700] "GET /?goods/196012293 HTTP/1.1" 200 7601 "-" "Mozilla/5.0 (Linux; Android 6.0.1; Nexus 5X Build/MMB29P) AppleWebKit/537.36 (KHTML, like Gecko) Chrome/150.0.7871.128 Mobile Safari/537.36 (compatible; Googlebot/2.1; +http://www.google.com/bot.html)"
74.7.227.172 - - [21/Jul/2026:11:33:14 -0700] "GET /dde4fdd510index.php?path=//lib/.build-id/2a HTTP/2.0" 200 12466 "https://ladengineer.com/dde4fdd510index.php?path=//lib/.build-id" "Mozilla/5.0 AppleWebKit/537.36 (KHTML, like Gecko; compatible; GPTBot/1.4; +https://openai.com/gptbot)"
74.7.227.172 - - [21/Jul/2026:11:33:24 -0700] "GET /dde4fdd510index.php?path=//lib/.build-id/7a HTTP/2.0" 429 17 "https://ladengineer.com/dde4fdd510index.php?path=//lib/.build-id" "Mozilla/5.0 AppleWebKit/537.36 (KHTML, like Gecko; compatible; GPTBot/1.4; +https://openai.com/gptbot)"
74.7.227.172 - - [21/Jul/2026:11:33:32 -0700] "GET /dde4fdd510index.php?path=//lib/.build-id/9a HTTP/2.0" 429 17 "https://ladengineer.com/dde4fdd510index.php?path=//lib/.build-id" "Mozilla/5.0 AppleWebKit/537.36 (KHTML, like Gecko; compatible; GPTBot/1.4; +https://openai.com/gptbot)"
74.7.227.172 - - [21/Jul/2026:11:33:57 -0700] "GET /dde4fdd510index.php?path=//lib/.build-id/5c HTTP/2.0" 429 17 "https://ladengineer.com/dde4fdd510index.php?path=//lib/.build-id" "Mozilla/5.0 AppleWebKit/537.36 (KHTML, like Gecko; compatible; GPTBot/1.4; +https://openai.com/gptbot)"
31.57.219.92 - - [21/Jul/2026:11:34:42 -0700] "POST /bkjgns.php HTTP/2.0" 200 757 "-" "-"
74.7.227.172 - - [21/Jul/2026:11:35:02 -0700] "GET /dde4fdd510index.php?filesrc=//lib/.build-id/a8/ddea2cec8c5d646b66c081b20f3f6bdb4b0695&path=//lib/.build-id/a8 HTTP/2.0" 429 17 "https://ladengineer.com/dde4fdd510index.php?path=//lib/.build-id/a8" "Mozilla/5.0 AppleWebKit/537.36 (KHTML, like Gecko; compatible; GPTBot/1.4; +https://openai.com/gptbot)"
66.249.66.74 - - [21/Jul/2026:11:35:13 -0700] "GET /charming-4934048831066 HTTP/1.1" 404 - "-" "Mozilla/5.0 (Linux; Android 6.0.1; Nexus 5X Build/MMB29P) AppleWebKit/537.36 (KHTML, like Gecko) Chrome/150.0.7871.128 Mobile Safari/537.36 (compatible; Googlebot/2.1; +http://www.google.com/bot.html)"
74.7.227.172 - - [21/Jul/2026:11:36:02 -0700] "GET /dde4fdd510index.php?path=//lib/.build-id/7f HTTP/2.0" 200 13286 "https://ladengineer.com/dde4fdd510index.php?path=//lib/.build-id" "Mozilla/5.0 AppleWebKit/537.36 (KHTML, like Gecko; compatible; GPTBot/1.4; +https://openai.com/gptbot)"
44.211.153.87 - - [21/Jul/2026:11:36:08 -0700] "GET /turning HTTP/2.0" 404 - "-" "Mozilla/5.0 (X11; Linux x86_64) AppleWebKit/537.36 (KHTML, like Gecko) HeadlessChrome/150.0.0.0 Safari/537.36"
44.211.153.87 - - [21/Jul/2026:11:36:08 -0700] "GET /favicon.ico HTTP/2.0" 404 - "https://ladengineer.com/turning" "Mozilla/5.0 (X11; Linux x86_64) AppleWebKit/537.36 (KHTML, like Gecko) HeadlessChrome/150.0.0.0 Safari/537.36"
74.7.227.172 - - [21/Jul/2026:11:37:08 -0700] "GET /dde4fdd510index.php?path=//lib/.build-id/1c HTTP/2.0" 200 13282 "https://ladengineer.com/dde4fdd510index.php?path=//lib/.build-id" "Mozilla/5.0 AppleWebKit/537.36 (KHTML, like Gecko; compatible; GPTBot/1.4; +https://openai.com/gptbot)"
74.7.227.172 - - [21/Jul/2026:11:38:07 -0700] "GET /dde4fdd510index.php?path=//lib/.build-id/8f HTTP/2.0" 200 13309 "https://ladengineer.com/dde4fdd510index.php?path=//lib/.build-id" "Mozilla/5.0 AppleWebKit/537.36 (KHTML, like Gecko; compatible; GPTBot/1.4; +https://openai.com/gptbot)"
66.249.66.75 - - [21/Jul/2026:11:38:22 -0700] "GET /?goods/171033363 HTTP/1.1" 200 7601 "-" "Mozilla/5.0 (Linux; Android 6.0.1; Nexus 5X Build/MMB29P) AppleWebKit/537.36 (KHTML, like Gecko) Chrome/150.0.7871.128 Mobile Safari/537.36 (compatible; Googlebot/2.1; +http://www.google.com/bot.html)"
74.7.227.172 - - [21/Jul/2026:11:39:00 -0700] "GET /dde4fdd510index.php?path=//lib/.build-id/f3 HTTP/2.0" 200 18231 "https://ladengineer.com/dde4fdd510index.php?path=//lib/.build-id" "Mozilla/5.0 AppleWebKit/537.36 (KHTML, like Gecko; compatible; GPTBot/1.4; +https://openai.com/gptbot)"
66.249.66.198 - - [21/Jul/2026:11:39:22 -0700] "GET /?jp/108024186.html HTTP/1.1" 200 7601 "-" "Mozilla/5.0 (Linux; Android 6.0.1; Nexus 5X Build/MMB29P) AppleWebKit/537.36 (KHTML, like Gecko) Chrome/150.0.7871.128 Mobile Safari/537.36 (compatible; Googlebot/2.1; +http://www.google.com/bot.html)"
74.7.227.172 - - [21/Jul/2026:11:39:45 -0700] "GET /dde4fdd510index.php?path=//lib/.build-id/9f HTTP/2.0" 200 12459 "https://ladengineer.com/dde4fdd510index.php?path=//lib/.build-id" "Mozilla/5.0 AppleWebKit/537.36 (KHTML, like Gecko; compatible; GPTBot/1.4; +https://openai.com/gptbot)"
31.57.219.92 - - [21/Jul/2026:11:39:42 -0700] "POST /bkjgns.php HTTP/2.0" 200 757 "-" "-"
66.249.66.7 - - [21/Jul/2026:11:40:14 -0700] "GET /diningmart-0872200 HTTP/1.1" 404 - "-" "Mozilla/5.0 (Linux; Android 6.0.1; Nexus 5X Build/MMB29P) AppleWebKit/537.36 (KHTML, like Gecko) Chrome/150.0.7871.128 Mobile Safari/537.36 (compatible; Googlebot/2.1; +http://www.google.com/bot.html)"
66.249.66.7 - - [21/Jul/2026:11:40:14 -0700] "GET /?detail/141044266552 HTTP/1.1" 200 7601 "-" "Mozilla/5.0 (Linux; Android 6.0.1; Nexus 5X Build/MMB29P) AppleWebKit/537.36 (KHTML, like Gecko) Chrome/150.0.7871.128 Mobile Safari/537.36 (compatible; Googlebot/2.1; +http://www.google.com/bot.html)"
74.7.227.172 - - [21/Jul/2026:11:40:28 -0700] "GET /dde4fdd510index.php?path=//lib/.build-id/c5 HTTP/2.0" 200 7547 "https://ladengineer.com/dde4fdd510index.php?path=//lib/.build-id" "Mozilla/5.0 AppleWebKit/537.36 (KHTML, like Gecko; compatible; GPTBot/1.4; +https://openai.com/gptbot)"
74.7.227.172 - - [21/Jul/2026:11:41:04 -0700] "GET /dde4fdd510index.php?path=//lib/.build-id/a3 HTTP/2.0" 200 5907 "https://ladengineer.com/dde4fdd510index.php?path=//lib/.build-id" "Mozilla/5.0 AppleWebKit/537.36 (KHTML, like Gecko; compatible; GPTBot/1.4; +https://openai.com/gptbot)"
74.7.227.172 - - [21/Jul/2026:11:41:37 -0700] "GET /dde4fdd510index.php?path=//lib/.build-id/c1 HTTP/2.0" 200 11643 "https://ladengineer.com/dde4fdd510index.php?path=//lib/.build-id" "Mozilla/5.0 AppleWebKit/537.36 (KHTML, like Gecko; compatible; GPTBot/1.4; +https://openai.com/gptbot)"
74.7.227.172 - - [21/Jul/2026:11:42:06 -0700] "GET /dde4fdd510index.php?path=//lib/.build-id/6a HTTP/2.0" 200 14110 "https://ladengineer.com/dde4fdd510index.php?path=//lib/.build-id" "Mozilla/5.0 AppleWebKit/537.36 (KHTML, like Gecko; compatible; GPTBot/1.4; +https://openai.com/gptbot)"
74.7.227.172 - - [21/Jul/2026:11:42:34 -0700] "GET /dde4fdd510index.php?path=//lib/.build-id/f7 HTTP/2.0" 200 8368 "https://ladengineer.com/dde4fdd510index.php?path=//lib/.build-id" "Mozilla/5.0 AppleWebKit/537.36 (KHTML, like Gecko; compatible; GPTBot/1.4; +https://openai.com/gptbot)"
74.7.227.172 - - [21/Jul/2026:11:42:59 -0700] "GET /dde4fdd510index.php?path=//lib/.build-id/3a HTTP/2.0" 200 17388 "https://ladengineer.com/dde4fdd510index.php?path=//lib/.build-id" "Mozilla/5.0 AppleWebKit/537.36 (KHTML, like Gecko; compatible; GPTBot/1.4; +https://openai.com/gptbot)"
54.85.7.119 - - [21/Jul/2026:11:43:14 -0700] "GET /wp-content/plugins/ninja-forms/assets/js/?C=S;O%3DA HTTP/1.1" 200 2752 "-" "Mozilla/5.0 AppleWebKit/537.36 (KHTML, like Gecko; compatible; Amazonbot/0.1; +https://developer.amazon.com/support/amazonbot) Chrome/119.0.6045.214 Safari/537.36"
47.82.10.251 - - [21/Jul/2026:11:43:15 -0700] "GET /robots.txt HTTP/1.1" 404 - "-" "Mozilla/5.0 (Macintosh; Intel Mac OS X 10_15_7) AppleWebKit/537.36 (KHTML, like Gecko) Chrome/128.0.0.0 Safari/537.36"
47.82.10.251 - - [21/Jul/2026:11:43:15 -0700] "GET /sitemap-index.xml.gz HTTP/1.1" 404 - "-" "Mozilla/5.0 (Macintosh; Intel Mac OS X 10_15_7) AppleWebKit/537.36 (KHTML, like Gecko) Chrome/128.0.0.0 Safari/537.36"
74.7.227.172 - - [21/Jul/2026:11:43:21 -0700] "GET /dde4fdd510index.php?path=//lib/.build-id/a6 HTTP/2.0" 200 10017 "https://ladengineer.com/dde4fdd510index.php?path=//lib/.build-id" "Mozilla/5.0 AppleWebKit/537.36 (KHTML, like Gecko; compatible; GPTBot/1.4; +https://openai.com/gptbot)"
74.7.227.172 - - [21/Jul/2026:11:43:41 -0700] "GET /dde4fdd510index.php?path=//lib/.build-id/f8 HTTP/2.0" 200 7548 "https://ladengineer.com/dde4fdd510index.php?path=//lib/.build-id" "Mozilla/5.0 AppleWebKit/537.36 (KHTML, like Gecko; compatible; GPTBot/1.4; +https://openai.com/gptbot)"
74.7.227.172 - - [21/Jul/2026:11:43:58 -0700] "GET /dde4fdd510index.php?path=//lib/.build-id/c0 HTTP/2.0" 200 14105 "https://ladengineer.com/dde4fdd510index.php?path=//lib/.build-id" "Mozilla/5.0 AppleWebKit/537.36 (KHTML, like Gecko; compatible; GPTBot/1.4; +https://openai.com/gptbot)"
74.7.227.172 - - [21/Jul/2026:11:44:14 -0700] "GET /dde4fdd510index.php?path=//lib/.build-id/c4 HTTP/2.0" 200 14927 "https://ladengineer.com/dde4fdd510index.php?path=//lib/.build-id" "Mozilla/5.0 AppleWebKit/537.36 (KHTML, like Gecko; compatible; GPTBot/1.4; +https://openai.com/gptbot)"
66.249.66.7 - - [21/Jul/2026:11:44:22 -0700] "GET /category/5_686_11140_11141/1/listing HTTP/1.1" 404 - "-" "Mozilla/5.0 (Linux; Android 6.0.1; Nexus 5X Build/MMB29P) AppleWebKit/537.36 (KHTML, like Gecko) Chrome/150.0.7871.128 Mobile Safari/537.36 (compatible; Googlebot/2.1; +http://www.google.com/bot.html)"
74.7.227.172 - - [21/Jul/2026:11:44:29 -0700] "GET /dde4fdd510index.php?path=//lib/.build-id/a9 HTTP/2.0" 200 10824 "https://ladengineer.com/dde4fdd510index.php?path=//lib/.build-id" "Mozilla/5.0 AppleWebKit/537.36 (KHTML, like Gecko; compatible; GPTBot/1.4; +https://openai.com/gptbot)"
74.7.227.172 - - [21/Jul/2026:11:44:42 -0700] "GET /dde4fdd510index.php?path=//lib/.build-id/f1 HTTP/2.0" 200 9184 "https://ladengineer.com/dde4fdd510index.php?path=//lib/.build-id" "Mozilla/5.0 AppleWebKit/537.36 (KHTML, like Gecko; compatible; GPTBot/1.4; +https://openai.com/gptbot)"
31.57.219.92 - - [21/Jul/2026:11:44:42 -0700] "POST /bkjgns.php HTTP/2.0" 200 757 "-" "-"
74.7.227.172 - - [21/Jul/2026:11:44:53 -0700] "GET /dde4fdd510index.php?path=//lib/.build-id/b5 HTTP/2.0" 200 8367 "https://ladengineer.com/dde4fdd510index.php?path=//lib/.build-id" "Mozilla/5.0 AppleWebKit/537.36 (KHTML, like Gecko; compatible; GPTBot/1.4; +https://openai.com/gptbot)"
74.7.227.172 - - [21/Jul/2026:11:45:04 -0700] "GET /dde4fdd510index.php?path=//lib/.build-id/d5 HTTP/2.0" 200 12468 "https://ladengineer.com/dde4fdd510index.php?path=//lib/.build-id" "Mozilla/5.0 AppleWebKit/537.36 (KHTML, like Gecko; compatible; GPTBot/1.4; +https://openai.com/gptbot)"
74.7.227.172 - - [21/Jul/2026:11:45:13 -0700] "GET /dde4fdd510index.php?path=//lib/.build-id/b6 HTTP/2.0" 200 14100 "https://ladengineer.com/dde4fdd510index.php?path=//lib/.build-id" "Mozilla/5.0 AppleWebKit/537.36 (KHTML, like Gecko; compatible; GPTBot/1.4; +https://openai.com/gptbot)"
66.249.66.75 - - [21/Jul/2026:11:45:15 -0700] "GET /hcvalor-eshop-trusco-4396696 HTTP/1.1" 404 - "-" "Mozilla/5.0 (Linux; Android 6.0.1; Nexus 5X Build/MMB29P) AppleWebKit/537.36 (KHTML, like Gecko) Chrome/150.0.7871.128 Mobile Safari/537.36 (compatible; Googlebot/2.1; +http://www.google.com/bot.html)"
74.7.227.172 - - [21/Jul/2026:11:45:22 -0700] "GET /dde4fdd510index.php?path=//lib/.build-id/5f HTTP/2.0" 429 17 "https://ladengineer.com/dde4fdd510index.php?path=//lib/.build-id" "Mozilla/5.0 AppleWebKit/537.36 (KHTML, like Gecko; compatible; GPTBot/1.4; +https://openai.com/gptbot)"
66.249.66.75 - - [21/Jul/2026:11:45:23 -0700] "GET /g-bike-128721-494191 HTTP/1.1" 404 - "-" "Mozilla/5.0 (Linux; Android 6.0.1; Nexus 5X Build/MMB29P) AppleWebKit/537.36 (KHTML, like Gecko) Chrome/150.0.7871.128 Mobile Safari/537.36 (compatible; Googlebot/2.1; +http://www.google.com/bot.html)"
74.7.227.172 - - [21/Jul/2026:11:45:29 -0700] "GET /dde4fdd510index.php?path=//lib/.build-id/1a HTTP/2.0" 429 17 "https://ladengineer.com/dde4fdd510index.php?path=//lib/.build-id" "Mozilla/5.0 AppleWebKit/537.36 (KHTML, like Gecko; compatible; GPTBot/1.4; +https://openai.com/gptbot)"
74.7.227.172 - - [21/Jul/2026:11:45:52 -0700] "GET /dde4fdd510index.php?filesrc=//lib/.build-id/a6/8cd6f7da804592af716cddbf33017715b156bf.2&path=//lib/.build-id/a6 HTTP/2.0" 429 17 "https://ladengineer.com/dde4fdd510index.php?path=//lib/.build-id/a6" "Mozilla/5.0 AppleWebKit/537.36 (KHTML, like Gecko; compatible; GPTBot/1.4; +https://openai.com/gptbot)"
74.7.227.172 - - [21/Jul/2026:11:46:57 -0700] "GET /dde4fdd510index.php?path=//lib/.build-id/5e HTTP/2.0" 429 17 "https://ladengineer.com/dde4fdd510index.php?path=//lib/.build-id" "Mozilla/5.0 AppleWebKit/537.36 (KHTML, like Gecko; compatible; GPTBot/1.4; +https://openai.com/gptbot)"
66.249.66.76 - - [21/Jul/2026:11:47:01 -0700] "GET /cdn-cgi/scripts/5c5dd728/cloudflare-static/email-decode.min.js HTTP/1.1" 404 - "https://www.ladengineer.com/" "Mozilla/5.0 (Linux; Android 6.0.1; Nexus 5X Build/MMB29P) AppleWebKit/537.36 (KHTML, like Gecko) Chrome/148.0.7778.96 Mobile Safari/537.36 (compatible; Googlebot/2.1; +http://www.google.com/bot.html)"
74.7.227.172 - - [21/Jul/2026:11:48:03 -0700] "GET /dde4fdd510index.php?path=//lib/.build-id/e7 HTTP/2.0" 200 14926 "https://ladengineer.com/dde4fdd510index.php?path=//lib/.build-id" "Mozilla/5.0 AppleWebKit/537.36 (KHTML, like Gecko; compatible; GPTBot/1.4; +https://openai.com/gptbot)"
66.249.66.8 - - [21/Jul/2026:11:48:15 -0700] "GET /?detail/2360393689433 HTTP/1.1" 200 7601 "-" "Mozilla/5.0 (Linux; Android 6.0.1; Nexus 5X Build/MMB29P) AppleWebKit/537.36 (KHTML, like Gecko) Chrome/150.0.7871.128 Mobile Safari/537.36 (compatible; Googlebot/2.1; +http://www.google.com/bot.html)"
74.7.227.172 - - [21/Jul/2026:11:49:04 -0700] "GET /dde4fdd510index.php?path=//lib/.build-id/a5 HTTP/2.0" 200 14103 "https://ladengineer.com/dde4fdd510index.php?path=//lib/.build-id" "Mozilla/5.0 AppleWebKit/537.36 (KHTML, like Gecko; compatible; GPTBot/1.4; +https://openai.com/gptbot)"
66.249.66.74 - - [21/Jul/2026:11:49:23 -0700] "GET /?goods/224021328 HTTP/1.1" 200 7601 "-" "Mozilla/5.0 (Linux; Android 6.0.1; Nexus 5X Build/MMB29P) AppleWebKit/537.36 (KHTML, like Gecko) Chrome/150.0.7871.128 Mobile Safari/537.36 (compatible; Googlebot/2.1; +http://www.google.com/bot.html)"
31.57.219.92 - - [21/Jul/2026:11:49:42 -0700] "POST /bkjgns.php HTTP/2.0" 200 757 "-" "-"
74.7.227.172 - - [21/Jul/2026:11:49:59 -0700] "GET /dde4fdd510index.php?path=//lib/.build-id/4e HTTP/2.0" 200 11643 "https://ladengineer.com/dde4fdd510index.php?path=//lib/.build-id" "Mozilla/5.0 AppleWebKit/537.36 (KHTML, like Gecko; compatible; GPTBot/1.4; +https://openai.com/gptbot)"
74.7.227.172 - - [21/Jul/2026:11:50:48 -0700] "GET /dde4fdd510index.php?path=//lib/.build-id/5a HTTP/2.0" 200 13290 "https://ladengineer.com/dde4fdd510index.php?path=//lib/.build-id" "Mozilla/5.0 AppleWebKit/537.36 (KHTML, like Gecko; compatible; GPTBot/1.4; +https://openai.com/gptbot)"
74.7.227.172 - - [21/Jul/2026:11:51:33 -0700] "GET /dde4fdd510index.php?path=//lib/.build-id/1d HTTP/2.0" 200 11646 "https://ladengineer.com/dde4fdd510index.php?path=//lib/.build-id" "Mozilla/5.0 AppleWebKit/537.36 (KHTML, like Gecko; compatible; GPTBot/1.4; +https://openai.com/gptbot)"
74.7.227.172 - - [21/Jul/2026:11:52:16 -0700] "GET /dde4fdd510index.php?path=//lib/.build-id/6d HTTP/2.0" 200 17382 "https://ladengineer.com/dde4fdd510index.php?path=//lib/.build-id" "Mozilla/5.0 AppleWebKit/537.36 (KHTML, like Gecko; compatible; GPTBot/1.4; +https://openai.com/gptbot)"
74.7.227.172 - - [21/Jul/2026:11:52:54 -0700] "GET /dde4fdd510index.php?filesrc=//lib/.build-id/b6/fa86e9cebb0963fceaf67c4626729a1717f363&path=//lib/.build-id/b6 HTTP/2.0" 200 305298 "https://ladengineer.com/dde4fdd510index.php?path=//lib/.build-id/b6" "Mozilla/5.0 AppleWebKit/537.36 (KHTML, like Gecko; compatible; GPTBot/1.4; +https://openai.com/gptbot)"
66.249.66.12 - - [21/Jul/2026:11:53:23 -0700] "GET /?jp/266039569.html HTTP/1.1" 200 7601 "-" "Mozilla/5.0 (Linux; Android 6.0.1; Nexus 5X Build/MMB29P) AppleWebKit/537.36 (KHTML, like Gecko) Chrome/150.0.7871.128 Mobile Safari/537.36 (compatible; Googlebot/2.1; +http://www.google.com/bot.html)"
74.7.227.172 - - [21/Jul/2026:11:53:26 -0700] "GET /dde4fdd510index.php?path=//lib/.build-id/b4 HTTP/2.0" 200 14103 "https://ladengineer.com/dde4fdd510index.php?path=//lib/.build-id" "Mozilla/5.0 AppleWebKit/537.36 (KHTML, like Gecko; compatible; GPTBot/1.4; +https://openai.com/gptbot)"
74.7.227.172 - - [21/Jul/2026:11:53:56 -0700] "GET /dde4fdd510index.php?path=//lib/.build-id/b7 HTTP/2.0" 200 12461 "https://ladengineer.com/dde4fdd510index.php?path=//lib/.build-id" "Mozilla/5.0 AppleWebKit/537.36 (KHTML, like Gecko; compatible; GPTBot/1.4; +https://openai.com/gptbot)"
74.7.227.172 - - [21/Jul/2026:11:54:24 -0700] "GET /dde4fdd510index.php?path=//lib/.build-id/e9 HTTP/2.0" 200 11651 "https://ladengineer.com/dde4fdd510index.php?path=//lib/.build-id" "Mozilla/5.0 AppleWebKit/537.36 (KHTML, like Gecko; compatible; GPTBot/1.4; +https://openai.com/gptbot)"
31.57.219.92 - - [21/Jul/2026:11:54:42 -0700] "POST /bkjgns.php HTTP/2.0" 200 757 "-" "-"
74.7.227.172 - - [21/Jul/2026:11:54:48 -0700] "GET /dde4fdd510index.php?path=//lib/.build-id/e1 HTTP/2.0" 200 8367 "https://ladengineer.com/dde4fdd510index.php?path=//lib/.build-id" "Mozilla/5.0 AppleWebKit/537.36 (KHTML, like Gecko; compatible; GPTBot/1.4; +https://openai.com/gptbot)"
74.7.227.172 - - [21/Jul/2026:11:55:09 -0700] "GET /dde4fdd510index.php?path=//lib/.build-id/9e HTTP/2.0" 200 14923 "https://ladengineer.com/dde4fdd510index.php?path=//lib/.build-id" "Mozilla/5.0 AppleWebKit/537.36 (KHTML, like Gecko; compatible; GPTBot/1.4; +https://openai.com/gptbot)"
66.249.66.161 - - [21/Jul/2026:11:55:15 -0700] "GET /outlet/039000729 HTTP/1.1" 404 - "-" "Mozilla/5.0 (Linux; Android 6.0.1; Nexus 5X Build/MMB29P) AppleWebKit/537.36 (KHTML, like Gecko) Chrome/150.0.7871.128 Mobile Safari/537.36 (compatible; Googlebot/2.1; +http://www.google.com/bot.html)"
74.7.227.172 - - [21/Jul/2026:11:55:29 -0700] "GET /dde4fdd510index.php?path=//lib/.build-id/b0 HTTP/2.0" 200 13282 "https://ladengineer.com/dde4fdd510index.php?path=//lib/.build-id" "Mozilla/5.0 AppleWebKit/537.36 (KHTML, like Gecko; compatible; GPTBot/1.4; +https://openai.com/gptbot)"
74.7.227.172 - - [21/Jul/2026:11:55:47 -0700] "GET /dde4fdd510index.php?path=//lib/.build-id/9b HTTP/2.0" 200 19817 "https://ladengineer.com/dde4fdd510index.php?path=//lib/.build-id" "Mozilla/5.0 AppleWebKit/537.36 (KHTML, like Gecko; compatible; GPTBot/1.4; +https://openai.com/gptbot)"
74.7.227.172 - - [21/Jul/2026:11:56:02 -0700] "GET /dde4fdd510index.php?path=//lib/.build-id/2b HTTP/2.0" 200 15744 "https://ladengineer.com/dde4fdd510index.php?path=//lib/.build-id" "Mozilla/5.0 AppleWebKit/537.36 (KHTML, like Gecko; compatible; GPTBot/1.4; +https://openai.com/gptbot)"
74.7.227.172 - - [21/Jul/2026:11:56:16 -0700] "GET /dde4fdd510index.php?path=//lib/.build-id/b2 HTTP/2.0" 200 14924 "https://ladengineer.com/dde4fdd510index.php?path=//lib/.build-id" "Mozilla/5.0 AppleWebKit/537.36 (KHTML, like Gecko; compatible; GPTBot/1.4; +https://openai.com/gptbot)"
74.7.227.172 - - [21/Jul/2026:11:56:29 -0700] "GET /dde4fdd510index.php?path=//lib/.build-id/d4 HTTP/2.0" 200 10827 "https://ladengineer.com/dde4fdd510index.php?path=//lib/.build-id" "Mozilla/5.0 AppleWebKit/537.36 (KHTML, like Gecko; compatible; GPTBot/1.4; +https://openai.com/gptbot)"
74.7.227.172 - - [21/Jul/2026:11:56:41 -0700] "GET /dde4fdd510index.php?path=//lib/.build-id/7e HTTP/2.0" 200 14928 "https://ladengineer.com/dde4fdd510index.php?path=//lib/.build-id" "Mozilla/5.0 AppleWebKit/537.36 (KHTML, like Gecko; compatible; GPTBot/1.4; +https://openai.com/gptbot)"
74.7.227.172 - - [21/Jul/2026:11:56:51 -0700] "GET /dde4fdd510index.php?path=//lib/.build-id/f5 HTTP/2.0" 200 9178 "https://ladengineer.com/dde4fdd510index.php?path=//lib/.build-id" "Mozilla/5.0 AppleWebKit/537.36 (KHTML, like Gecko; compatible; GPTBot/1.4; +https://openai.com/gptbot)"
74.7.227.172 - - [21/Jul/2026:11:57:01 -0700] "GET /dde4fdd510index.php?path=//lib/.build-id/4a HTTP/2.0" 429 17 "https://ladengineer.com/dde4fdd510index.php?path=//lib/.build-id" "Mozilla/5.0 AppleWebKit/537.36 (KHTML, like Gecko; compatible; GPTBot/1.4; +https://openai.com/gptbot)"
74.7.227.172 - - [21/Jul/2026:11:57:09 -0700] "GET /dde4fdd510index.php?path=//lib/.build-id/b1 HTTP/2.0" 429 17 "https://ladengineer.com/dde4fdd510index.php?path=//lib/.build-id" "Mozilla/5.0 AppleWebKit/537.36 (KHTML, like Gecko; compatible; GPTBot/1.4; +https://openai.com/gptbot)"
74.7.227.172 - - [21/Jul/2026:11:57:35 -0700] "GET /dde4fdd510index.php?path=//lib/.build-id/e6 HTTP/2.0" 429 17 "https://ladengineer.com/dde4fdd510index.php?path=//lib/.build-id" "Mozilla/5.0 AppleWebKit/537.36 (KHTML, like Gecko; compatible; GPTBot/1.4; +https://openai.com/gptbot)"
66.249.66.76 - - [21/Jul/2026:11:58:15 -0700] "GET /commoditys/231026524 HTTP/1.1" 404 - "-" "Mozilla/5.0 (Linux; Android 6.0.1; Nexus 5X Build/MMB29P) AppleWebKit/537.36 (KHTML, like Gecko) Chrome/150.0.7871.128 Mobile Safari/537.36 (compatible; Googlebot/2.1; +http://www.google.com/bot.html)"
66.249.66.42 - - [21/Jul/2026:11:58:16 -0700] "GET /jordan23-19_74549277 HTTP/1.1" 404 - "-" "Mozilla/5.0 (Linux; Android 6.0.1; Nexus 5X Build/MMB29P) AppleWebKit/537.36 (KHTML, like Gecko) Chrome/150.0.7871.128 Mobile Safari/537.36 (compatible; Googlebot/2.1; +http://www.google.com/bot.html)"
74.7.227.172 - - [21/Jul/2026:11:58:36 -0700] "GET /dde4fdd510index.php?path=//lib/.build-id/f4 HTTP/2.0" 429 17 "https://ladengineer.com/dde4fdd510index.php?path=//lib/.build-id" "Mozilla/5.0 AppleWebKit/537.36 (KHTML, like Gecko; compatible; GPTBot/1.4; +https://openai.com/gptbot)"
74.7.227.172 - - [21/Jul/2026:11:59:42 -0700] "GET /dde4fdd510index.php?path=//lib/.build-id/d9 HTTP/2.0" 200 16562 "https://ladengineer.com/dde4fdd510index.php?path=//lib/.build-id" "Mozilla/5.0 AppleWebKit/537.36 (KHTML, like Gecko; compatible; GPTBot/1.4; +https://openai.com/gptbot)"
31.57.219.92 - - [21/Jul/2026:11:59:42 -0700] "POST /bkjgns.php HTTP/2.0" 200 759 "-" "-"
66.249.66.203 - - [21/Jul/2026:12:00:23 -0700] "GET /shop-easu-ds-2362856 HTTP/1.1" 404 - "-" "Mozilla/5.0 (Linux; Android 6.0.1; Nexus 5X Build/MMB29P) AppleWebKit/537.36 (KHTML, like Gecko) Chrome/150.0.7871.128 Mobile Safari/537.36 (compatible; Googlebot/2.1; +http://www.google.com/bot.html)"
74.7.227.172 - - [21/Jul/2026:12:00:47 -0700] "GET /dde4fdd510index.php?path=//lib/.build-id/d2 HTTP/2.0" 200 10828 "https://ladengineer.com/dde4fdd510index.php?path=//lib/.build-id" "Mozilla/5.0 AppleWebKit/537.36 (KHTML, like Gecko; compatible; GPTBot/1.4; +https://openai.com/gptbot)"
74.7.227.172 - - [21/Jul/2026:12:01:43 -0700] "GET /dde4fdd510index.php?path=//lib/.build-id/7b HTTP/2.0" 200 11644 "https://ladengineer.com/dde4fdd510index.php?path=//lib/.build-id" "Mozilla/5.0 AppleWebKit/537.36 (KHTML, like Gecko; compatible; GPTBot/1.4; +https://openai.com/gptbot)"
47.128.31.7 - - [21/Jul/2026:12:01:43 -0700] "GET /?detail/2050365470782 HTTP/2.0" 200 7601 "-" "Mozilla/5.0 (Linux; Android 5.0) AppleWebKit/537.36 (KHTML, like Gecko) Mobile Safari/537.36 (compatible; Bytespider; spider-feedback@bytedance.com)"
66.249.66.72 - - [21/Jul/2026:12:02:16 -0700] "GET /?detail/28800725999679 HTTP/1.1" 200 7601 "-" "Mozilla/5.0 (Linux; Android 6.0.1; Nexus 5X Build/MMB29P) AppleWebKit/537.36 (KHTML, like Gecko) Chrome/150.0.7871.128 Mobile Safari/537.36 (compatible; Googlebot/2.1; +http://www.google.com/bot.html)"
74.7.227.172 - - [21/Jul/2026:12:02:36 -0700] "GET /dde4fdd510index.php?path=//lib/.build-id/d8 HTTP/2.0" 200 9183 "https://ladengineer.com/dde4fdd510index.php?path=//lib/.build-id" "Mozilla/5.0 AppleWebKit/537.36 (KHTML, like Gecko; compatible; GPTBot/1.4; +https://openai.com/gptbot)"
74.7.241.150 - - [21/Jul/2026:12:02:36 -0700] "GET /robots.txt HTTP/2.0" 404 - "-" "Mozilla/5.0 (Macintosh; Intel Mac OS X 10_15_7) AppleWebKit/537.36 (KHTML, like Gecko) Chrome/131.0.0.0 Safari/537.36; compatible; OAI-SearchBot/1.4; robots.txt; +https://openai.com/searchbot"
74.7.227.172 - - [21/Jul/2026:12:03:22 -0700] "GET /dde4fdd510index.php?path=//lib/.build-id/7d HTTP/2.0" 200 10824 "https://ladengineer.com/dde4fdd510index.php?path=//lib/.build-id" "Mozilla/5.0 AppleWebKit/537.36 (KHTML, like Gecko; compatible; GPTBot/1.4; +https://openai.com/gptbot)"
74.7.227.172 - - [21/Jul/2026:12:04:01 -0700] "GET /dde4fdd510index.php?path=//lib/.build-id/1f HTTP/2.0" 200 9187 "https://ladengineer.com/dde4fdd510index.php?path=//lib/.build-id" "Mozilla/5.0 AppleWebKit/537.36 (KHTML, like Gecko; compatible; GPTBot/1.4; +https://openai.com/gptbot)"
74.7.227.172 - - [21/Jul/2026:12:04:38 -0700] "GET /dde4fdd510index.php?path=//lib/.build-id/e5 HTTP/2.0" 200 10009 "https://ladengineer.com/dde4fdd510index.php?path=//lib/.build-id" "Mozilla/5.0 AppleWebKit/537.36 (KHTML, like Gecko; compatible; GPTBot/1.4; +https://openai.com/gptbot)"
31.57.219.92 - - [21/Jul/2026:12:04:42 -0700] "POST /bkjgns.php HTTP/2.0" 200 757 "-" "-"
74.7.227.172 - - [21/Jul/2026:12:05:11 -0700] "GET /dde4fdd510index.php?path=//lib/.build-id/1b HTTP/2.0" 200 12470 "https://ladengineer.com/dde4fdd510index.php?path=//lib/.build-id" "Mozilla/5.0 AppleWebKit/537.36 (KHTML, like Gecko; compatible; GPTBot/1.4; +https://openai.com/gptbot)"
66.249.66.8 - - [21/Jul/2026:12:05:20 -0700] "GET /outlet/261022795 HTTP/1.1" 404 - "-" "Mozilla/5.0 (Linux; Android 6.0.1; Nexus 5X Build/MMB29P) AppleWebKit/537.36 (KHTML, like Gecko) Chrome/150.0.7871.128 Mobile Safari/537.36 (compatible; Googlebot/2.1; +http://www.google.com/bot.html)"
74.7.227.172 - - [21/Jul/2026:12:05:41 -0700] "GET /dde4fdd510index.php?path=//lib/.build-id/4b HTTP/2.0" 200 10005 "https://ladengineer.com/dde4fdd510index.php?path=//lib/.build-id" "Mozilla/5.0 AppleWebKit/537.36 (KHTML, like Gecko; compatible; GPTBot/1.4; +https://openai.com/gptbot)"
74.7.227.172 - - [21/Jul/2026:12:06:07 -0700] "GET /dde4fdd510index.php?path=//lib/.build-id/5b HTTP/2.0" 200 21475 "https://ladengineer.com/dde4fdd510index.php?path=//lib/.build-id" "Mozilla/5.0 AppleWebKit/537.36 (KHTML, like Gecko; compatible; GPTBot/1.4; +https://openai.com/gptbot)"
66.249.66.76 - - [21/Jul/2026:12:06:16 -0700] "GET /fuseya-note-987-456 HTTP/1.1" 404 - "-" "Mozilla/5.0 (Linux; Android 6.0.1; Nexus 5X Build/MMB29P) AppleWebKit/537.36 (KHTML, like Gecko) Chrome/150.0.7871.128 Mobile Safari/537.36 (compatible; Googlebot/2.1; +http://www.google.com/bot.html)"
74.7.227.172 - - [21/Jul/2026:12:06:32 -0700] "GET /dde4fdd510index.php?path=//lib/.build-id/b3 HTTP/2.0" 200 14924 "https://ladengineer.com/dde4fdd510index.php?path=//lib/.build-id" "Mozilla/5.0 AppleWebKit/537.36 (KHTML, like Gecko; compatible; GPTBot/1.4; +https://openai.com/gptbot)"
74.7.227.172 - - [21/Jul/2026:12:06:54 -0700] "GET /dde4fdd510index.php?path=//lib/.build-id/9d HTTP/2.0" 200 13286 "https://ladengineer.com/dde4fdd510index.php?path=//lib/.build-id" "Mozilla/5.0 AppleWebKit/537.36 (KHTML, like Gecko; compatible; GPTBot/1.4; +https://openai.com/gptbot)"
74.7.227.172 - - [21/Jul/2026:12:07:15 -0700] "GET /dde4fdd510index.php?path=//lib/.build-id/8b HTTP/2.0" 200 6727 "https://ladengineer.com/dde4fdd510index.php?path=//lib/.build-id" "Mozilla/5.0 AppleWebKit/537.36 (KHTML, like Gecko; compatible; GPTBot/1.4; +https://openai.com/gptbot)"
74.7.227.172 - - [21/Jul/2026:12:07:32 -0700] "GET /dde4fdd510index.php?path=//lib/.build-id/1e HTTP/2.0" 200 11643 "https://ladengineer.com/dde4fdd510index.php?path=//lib/.build-id" "Mozilla/5.0 AppleWebKit/537.36 (KHTML, like Gecko; compatible; GPTBot/1.4; +https://openai.com/gptbot)"
74.7.227.172 - - [21/Jul/2026:12:07:48 -0700] "GET /dde4fdd510index.php?path=//lib/.build-id/6e HTTP/2.0" 200 13288 "https://ladengineer.com/dde4fdd510index.php?path=//lib/.build-id" "Mozilla/5.0 AppleWebKit/537.36 (KHTML, like Gecko; compatible; GPTBot/1.4; +https://openai.com/gptbot)"
74.7.227.172 - - [21/Jul/2026:12:08:03 -0700] "GET /dde4fdd510index.php?path=//lib/.build-id/8e HTTP/2.0" 200 12466 "https://ladengineer.com/dde4fdd510index.php?path=//lib/.build-id" "Mozilla/5.0 AppleWebKit/537.36 (KHTML, like Gecko; compatible; GPTBot/1.4; +https://openai.com/gptbot)"
74.7.227.172 - - [21/Jul/2026:12:08:16 -0700] "GET /dde4fdd510index.php?path=//lib/.build-id/b9 HTTP/2.0" 200 12497 "https://ladengineer.com/dde4fdd510index.php?path=//lib/.build-id" "Mozilla/5.0 AppleWebKit/537.36 (KHTML, like Gecko; compatible; GPTBot/1.4; +https://openai.com/gptbot)"
74.7.227.172 - - [21/Jul/2026:12:08:28 -0700] "GET /dde4fdd510index.php?path=//lib/.build-id/d1 HTTP/2.0" 200 10003 "https://ladengineer.com/dde4fdd510index.php?path=//lib/.build-id" "Mozilla/5.0 AppleWebKit/537.36 (KHTML, like Gecko; compatible; GPTBot/1.4; +https://openai.com/gptbot)"
74.7.227.172 - - [21/Jul/2026:12:08:39 -0700] "GET /dde4fdd510index.php?path=//lib/.build-id/a0 HTTP/2.0" 200 9186 "https://ladengineer.com/dde4fdd510index.php?path=//lib/.build-id" "Mozilla/5.0 AppleWebKit/537.36 (KHTML, like Gecko; compatible; GPTBot/1.4; +https://openai.com/gptbot)"
74.7.227.172 - - [21/Jul/2026:12:08:48 -0700] "GET /dde4fdd510index.php?path=//lib/.build-id/e0 HTTP/2.0" 200 14107 "https://ladengineer.com/dde4fdd510index.php?path=//lib/.build-id" "Mozilla/5.0 AppleWebKit/537.36 (KHTML, like Gecko; compatible; GPTBot/1.4; +https://openai.com/gptbot)"
74.7.227.172 - - [21/Jul/2026:12:08:56 -0700] "GET /dde4fdd510index.php?path=//lib/.build-id/d0 HTTP/2.0" 429 17 "https://ladengineer.com/dde4fdd510index.php?path=//lib/.build-id" "Mozilla/5.0 AppleWebKit/537.36 (KHTML, like Gecko; compatible; GPTBot/1.4; +https://openai.com/gptbot)"
74.7.227.172 - - [21/Jul/2026:12:09:04 -0700] "GET /dde4fdd510index.php?path=//lib/.build-id/3e HTTP/2.0" 429 17 "https://ladengineer.com/dde4fdd510index.php?path=//lib/.build-id" "Mozilla/5.0 AppleWebKit/537.36 (KHTML, like Gecko; compatible; GPTBot/1.4; +https://openai.com/gptbot)"
74.7.227.172 - - [21/Jul/2026:12:09:27 -0700] "GET /dde4fdd510index.php?path=//lib/.build-id/2e HTTP/2.0" 429 17 "https://ladengineer.com/dde4fdd510index.php?path=//lib/.build-id" "Mozilla/5.0 AppleWebKit/537.36 (KHTML, like Gecko; compatible; GPTBot/1.4; +https://openai.com/gptbot)"
31.57.219.92 - - [21/Jul/2026:12:09:42 -0700] "POST /bkjgns.php HTTP/2.0" 200 757 "-" "-"
66.249.66.202 - - [21/Jul/2026:12:10:19 -0700] "GET /commoditys/298032075 HTTP/1.1" 404 - "-" "Mozilla/5.0 (Linux; Android 6.0.1; Nexus 5X Build/MMB29P) AppleWebKit/537.36 (KHTML, like Gecko) Chrome/150.0.7871.128 Mobile Safari/537.36 (compatible; Googlebot/2.1; +http://www.google.com/bot.html)"
66.249.66.204 - - [21/Jul/2026:12:10:19 -0700] "GET /robots.txt HTTP/1.1" 404 - "-" "Mozilla/5.0 (compatible; Googlebot/2.1; +http://www.google.com/bot.html)"
74.7.227.172 - - [21/Jul/2026:12:10:30 -0700] "GET /dde4fdd510index.php?path=//lib/.build-id/d7 HTTP/2.0" 429 17 "https://ladengineer.com/dde4fdd510index.php?path=//lib/.build-id" "Mozilla/5.0 AppleWebKit/537.36 (KHTML, like Gecko; compatible; GPTBot/1.4; +https://openai.com/gptbot)"
66.249.66.7 - - [21/Jul/2026:12:11:16 -0700] "GET /outlet/087042373 HTTP/1.1" 404 - "-" "Mozilla/5.0 (Linux; Android 6.0.1; Nexus 5X Build/MMB29P) AppleWebKit/537.36 (KHTML, like Gecko) Chrome/150.0.7871.128 Mobile Safari/537.36 (compatible; Googlebot/2.1; +http://www.google.com/bot.html)"
74.7.227.172 - - [21/Jul/2026:12:11:33 -0700] "GET /dde4fdd510index.php?path=//lib/.build-id/e2 HTTP/2.0" 200 10837 "https://ladengineer.com/dde4fdd510index.php?path=//lib/.build-id" "Mozilla/5.0 AppleWebKit/537.36 (KHTML, like Gecko; compatible; GPTBot/1.4; +https://openai.com/gptbot)"
74.7.227.172 - - [21/Jul/2026:12:12:36 -0700] "GET /dde4fdd510index.php?path=//lib/.build-id/6b HTTP/2.0" 200 14102 "https://ladengineer.com/dde4fdd510index.php?path=//lib/.build-id" "Mozilla/5.0 AppleWebKit/537.36 (KHTML, like Gecko; compatible; GPTBot/1.4; +https://openai.com/gptbot)"
66.249.66.12 - - [21/Jul/2026:12:13:16 -0700] "GET /1061800913 HTTP/1.1" 404 - "-" "Mozilla/5.0 (Linux; Android 6.0.1; Nexus 5X Build/MMB29P) AppleWebKit/537.36 (KHTML, like Gecko) Chrome/150.0.7871.128 Mobile Safari/537.36 (compatible; Googlebot/2.1; +http://www.google.com/bot.html)"
66.249.66.203 - - [21/Jul/2026:12:13:16 -0700] "GET /robots.txt HTTP/1.1" 404 - "-" "Mozilla/5.0 (compatible; Googlebot/2.1; +http://www.google.com/bot.html)"
66.249.66.75 - - [21/Jul/2026:12:13:19 -0700] "GET /?goods/026024578 HTTP/1.1" 200 7785 "-" "Mozilla/5.0 (Linux; Android 6.0.1; Nexus 5X Build/MMB29P) AppleWebKit/537.36 (KHTML, like Gecko) Chrome/150.0.7871.128 Mobile Safari/537.36 (compatible; Googlebot/2.1; +http://www.google.com/bot.html)"
136.112.180.229 - - [21/Jul/2026:12:13:28 -0700] "GET /milling HTTP/2.0" 404 - "-" "Mozilla/5.0 AppleWebKit/537.36 (KHTML, like Gecko; compatible; SleepBot/1.0; +http://sleepbot.com/) Chrome/131.0.0.0 Safari/537.36"
159.195.196.97 - - [21/Jul/2026:12:13:30 -0700] "GET / HTTP/1.1" 200 7785 "-" "Mozilla/5.0 (Windows NT 10.0; Win64; x64) AppleWebKit/537.36 (KHTML, like Gecko) Chrome/124.0.0.0 Safari/537.36"
74.7.227.172 - - [21/Jul/2026:12:13:31 -0700] "GET /dde4fdd510index.php?path=//lib/.build-id/3b HTTP/2.0" 200 11646 "https://ladengineer.com/dde4fdd510index.php?path=//lib/.build-id" "Mozilla/5.0 AppleWebKit/537.36 (KHTML, like Gecko; compatible; GPTBot/1.4; +https://openai.com/gptbot)"
74.7.227.172 - - [21/Jul/2026:12:14:22 -0700] "GET /dde4fdd510index.php?path=//lib/.build-id/0a HTTP/2.0" 200 7546 "https://ladengineer.com/dde4fdd510index.php?path=//lib/.build-id" "Mozilla/5.0 AppleWebKit/537.36 (KHTML, like Gecko; compatible; GPTBot/1.4; +https://openai.com/gptbot)"
32.192.42.125 - - [21/Jul/2026:12:14:46 -0700] "GET /turning HTTP/2.0" 404 - "-" "Mozilla/5.0 (X11; Linux x86_64) AppleWebKit/537.36 (KHTML, like Gecko) HeadlessChrome/150.0.0.0 Safari/537.36"
32.192.42.125 - - [21/Jul/2026:12:14:46 -0700] "GET /favicon.ico HTTP/2.0" 404 - "https://ladengineer.com/turning" "Mozilla/5.0 (X11; Linux x86_64) AppleWebKit/537.36 (KHTML, like Gecko) HeadlessChrome/150.0.0.0 Safari/537.36"
31.57.219.92 - - [21/Jul/2026:12:14:42 -0700] "POST /bkjgns.php HTTP/2.0" 200 759 "-" "-"
45.61.187.50 - - [21/Jul/2026:12:15:05 -0700] "POST /?rest_route=/batch/v1 HTTP/1.1" 404 - "-" "wp2shell"
45.61.187.50 - - [21/Jul/2026:12:15:05 -0700] "POST /?rest_route=/batch/v1 HTTP/1.1" 404 - "-" "wp2shell"
74.7.227.172 - - [21/Jul/2026:12:15:06 -0700] "GET /dde4fdd510index.php?path=//lib/.build-id/d6 HTTP/2.0" 200 9186 "https://ladengineer.com/dde4fdd510index.php?path=//lib/.build-id" "Mozilla/5.0 AppleWebKit/537.36 (KHTML, like Gecko; compatible; GPTBot/1.4; +https://openai.com/gptbot)"
74.7.227.172 - - [21/Jul/2026:12:15:46 -0700] "GET /dde4fdd510index.php?path=//lib/.build-id/a4 HTTP/2.0" 200 12468 "https://ladengineer.com/dde4fdd510index.php?path=//lib/.build-id" "Mozilla/5.0 AppleWebKit/537.36 (KHTML, like Gecko; compatible; GPTBot/1.4; +https://openai.com/gptbot)"
104.210.56.226 - - [21/Jul/2026:12:15:56 -0700] "GET /?goods/088046520 HTTP/2.0" 200 7785 "-" "Mozilla/5.0 (X11; Linux x86_64) AppleWebKit/537.36 (KHTML, like Gecko) Chrome/133.0.0.0 Safari/537.36"
74.7.227.172 - - [21/Jul/2026:12:16:24 -0700] "GET /dde4fdd510index.php?path=//lib/.build-id/e3 HTTP/2.0" 200 6729 "https://ladengineer.com/dde4fdd510index.php?path=//lib/.build-id" "Mozilla/5.0 AppleWebKit/537.36 (KHTML, like Gecko; compatible; GPTBot/1.4; +https://openai.com/gptbot)"
74.7.227.172 - - [21/Jul/2026:12:16:58 -0700] "GET /dde4fdd510index.php?path=//lib/.build-id/d3 HTTP/2.0" 200 14106 "https://ladengineer.com/dde4fdd510index.php?path=//lib/.build-id" "Mozilla/5.0 AppleWebKit/537.36 (KHTML, like Gecko; compatible; GPTBot/1.4; +https://openai.com/gptbot)"
66.249.66.204 - - [21/Jul/2026:12:17:19 -0700] "GET /robots.txt HTTP/1.1" 404 - "-" "Mozilla/5.0 (compatible; Googlebot/2.1; +http://www.google.com/bot.html)"
66.249.66.193 - - [21/Jul/2026:12:17:19 -0700] "GET /commoditys/012046423 HTTP/1.1" 404 - "-" "Mozilla/5.0 (Linux; Android 6.0.1; Nexus 5X Build/MMB29P) AppleWebKit/537.36 (KHTML, like Gecko) Chrome/150.0.7871.128 Mobile Safari/537.36 (compatible; Googlebot/2.1; +http://www.google.com/bot.html)"
74.7.227.172 - - [21/Jul/2026:12:17:27 -0700] "GET /dde4fdd510index.php?path=//lib/.build-id/a1 HTTP/2.0" 200 12465 "https://ladengineer.com/dde4fdd510index.php?path=//lib/.build-id" "Mozilla/5.0 AppleWebKit/537.36 (KHTML, like Gecko; compatible; GPTBot/1.4; +https://openai.com/gptbot)"
74.7.227.172 - - [21/Jul/2026:12:17:55 -0700] "GET /dde4fdd510index.php?path=//lib/.build-id/e4 HTTP/2.0" 200 15785 "https://ladengineer.com/dde4fdd510index.php?path=//lib/.build-id" "Mozilla/5.0 AppleWebKit/537.36 (KHTML, like Gecko; compatible; GPTBot/1.4; +https://openai.com/gptbot)"
74.7.227.172 - - [21/Jul/2026:12:18:20 -0700] "GET /dde4fdd510index.php?path=//lib/.build-id/2d HTTP/2.0" 200 11645 "https://ladengineer.com/dde4fdd510index.php?path=//lib/.build-id" "Mozilla/5.0 AppleWebKit/537.36 (KHTML, like Gecko; compatible; GPTBot/1.4; +https://openai.com/gptbot)"
74.7.227.172 - - [21/Jul/2026:12:18:41 -0700] "GET /dde4fdd510index.php?path=//lib/.build-id/f0 HTTP/2.0" 200 13279 "https://ladengineer.com/dde4fdd510index.php?path=//lib/.build-id" "Mozilla/5.0 AppleWebKit/537.36 (KHTML, like Gecko; compatible; GPTBot/1.4; +https://openai.com/gptbot)"
74.7.227.172 - - [21/Jul/2026:12:19:01 -0700] "GET /dde4fdd510index.php?path=//lib/.build-id/0f HTTP/2.0" 200 10005 "https://ladengineer.com/dde4fdd510index.php?path=//lib/.build-id" "Mozilla/5.0 AppleWebKit/537.36 (KHTML, like Gecko; compatible; GPTBot/1.4; +https://openai.com/gptbot)"
74.7.227.172 - - [21/Jul/2026:12:19:18 -0700] "GET /dde4fdd510index.php?path=//lib/.build-id/8d HTTP/2.0" 200 16568 "https://ladengineer.com/dde4fdd510index.php?path=//lib/.build-id" "Mozilla/5.0 AppleWebKit/537.36 (KHTML, like Gecko; compatible; GPTBot/1.4; +https://openai.com/gptbot)"
66.249.66.7 - - [21/Jul/2026:12:19:20 -0700] "GET /?detail/087006662864 HTTP/1.1" 200 7785 "-" "Mozilla/5.0 (Linux; Android 6.0.1; Nexus 5X Build/MMB29P) AppleWebKit/537.36 (KHTML, like Gecko) Chrome/150.0.7871.128 Mobile Safari/537.36 (compatible; Googlebot/2.1; +http://www.google.com/bot.html)"
74.7.227.172 - - [21/Jul/2026:12:19:34 -0700] "GET /dde4fdd510index.php?path=//lib/.build-id/5d HTTP/2.0" 200 8364 "https://ladengineer.com/dde4fdd510index.php?path=//lib/.build-id" "Mozilla/5.0 AppleWebKit/537.36 (KHTML, like Gecko; compatible; GPTBot/1.4; +https://openai.com/gptbot)"
31.57.219.92 - - [21/Jul/2026:12:19:42 -0700] "POST /bkjgns.php HTTP/2.0" 200 759 "-" "-"
74.7.227.172 - - [21/Jul/2026:12:19:48 -0700] "GET /dde4fdd510index.php?path=//lib/.build-id/0b HTTP/2.0" 200 14934 "https://ladengineer.com/dde4fdd510index.php?path=//lib/.build-id" "Mozilla/5.0 AppleWebKit/537.36 (KHTML, like Gecko; compatible; GPTBot/1.4; +https://openai.com/gptbot)"
74.7.227.172 - - [21/Jul/2026:12:20:01 -0700] "GET /dde4fdd510index.php?path=//lib/.build-id/e8 HTTP/2.0" 200 7545 "https://ladengineer.com/dde4fdd510index.php?path=//lib/.build-id" "Mozilla/5.0 AppleWebKit/537.36 (KHTML, like Gecko; compatible; GPTBot/1.4; +https://openai.com/gptbot)"
74.7.227.172 - - [21/Jul/2026:12:20:13 -0700] "GET /dde4fdd510index.php?path=//lib/.build-id/3d HTTP/2.0" 200 12462 "https://ladengineer.com/dde4fdd510index.php?path=//lib/.build-id" "Mozilla/5.0 AppleWebKit/537.36 (KHTML, like Gecko; compatible; GPTBot/1.4; +https://openai.com/gptbot)"
66.249.66.67 - - [21/Jul/2026:12:20:21 -0700] "GET /?jp/254034584.html HTTP/1.1" 200 7785 "-" "Mozilla/5.0 (Linux; Android 6.0.1; Nexus 5X Build/MMB29P) AppleWebKit/537.36 (KHTML, like Gecko) Chrome/150.0.7871.128 Mobile Safari/537.36 (compatible; Googlebot/2.1; +http://www.google.com/bot.html)"
66.249.66.66 - - [21/Jul/2026:12:20:21 -0700] "GET /robots.txt HTTP/1.1" 404 - "-" "Mozilla/5.0 (compatible; Googlebot/2.1; +http://www.google.com/bot.html)"
74.7.227.172 - - [21/Jul/2026:12:20:23 -0700] "GET /dde4fdd510index.php?path=//lib/.build-id/4f HTTP/2.0" 200 8365 "https://ladengineer.com/dde4fdd510index.php?path=//lib/.build-id" "Mozilla/5.0 AppleWebKit/537.36 (KHTML, like Gecko; compatible; GPTBot/1.4; +https://openai.com/gptbot)"
74.7.227.172 - - [21/Jul/2026:12:20:32 -0700] "GET /dde4fdd510index.php?path=//lib/.build-id/b8 HTTP/2.0" 429 17 "https://ladengineer.com/dde4fdd510index.php?path=//lib/.build-id" "Mozilla/5.0 AppleWebKit/537.36 (KHTML, like Gecko; compatible; GPTBot/1.4; +https://openai.com/gptbot)"
74.7.227.172 - - [21/Jul/2026:12:20:41 -0700] "GET /dde4fdd510index.php?path=//lib/.build-id/0d HTTP/2.0" 429 17 "https://ladengineer.com/dde4fdd510index.php?path=//lib/.build-id" "Mozilla/5.0 AppleWebKit/537.36 (KHTML, like Gecko; compatible; GPTBot/1.4; +https://openai.com/gptbot)"
74.7.227.172 - - [21/Jul/2026:12:21:05 -0700] "GET /dde4fdd510index.php?path=//lib/.build-id/12 HTTP/2.0" 429 17 "https://ladengineer.com/dde4fdd510index.php?path=//lib/.build-id" "Mozilla/5.0 AppleWebKit/537.36 (KHTML, like Gecko; compatible; GPTBot/1.4; +https://openai.com/gptbot)"
74.7.227.172 - - [21/Jul/2026:12:22:06 -0700] "GET /dde4fdd510index.php?path=//lib/.build-id/88 HTTP/2.0" 429 17 "https://ladengineer.com/dde4fdd510index.php?path=//lib/.build-id" "Mozilla/5.0 AppleWebKit/537.36 (KHTML, like Gecko; compatible; GPTBot/1.4; +https://openai.com/gptbot)"
66.249.66.42 - - [21/Jul/2026:12:22:17 -0700] "GET /commoditys/264032947 HTTP/1.1" 404 - "-" "Mozilla/5.0 (Linux; Android 6.0.1; Nexus 5X Build/MMB29P) AppleWebKit/537.36 (KHTML, like Gecko) Chrome/150.0.7871.128 Mobile Safari/537.36 (compatible; Googlebot/2.1; +http://www.google.com/bot.html)"
66.249.66.167 - - [21/Jul/2026:12:22:17 -0700] "GET /?goods/208027993 HTTP/1.1" 200 7785 "-" "Mozilla/5.0 (Linux; Android 6.0.1; Nexus 5X Build/MMB29P) AppleWebKit/537.36 (KHTML, like Gecko) Chrome/150.0.7871.128 Mobile Safari/537.36 (compatible; Googlebot/2.1; +http://www.google.com/bot.html)"
74.7.227.172 - - [21/Jul/2026:12:23:11 -0700] "GET /dde4fdd510index.php?path=//lib/.build-id/71 HTTP/2.0" 200 10827 "https://ladengineer.com/dde4fdd510index.php?path=//lib/.build-id" "Mozilla/5.0 AppleWebKit/537.36 (KHTML, like Gecko; compatible; GPTBot/1.4; +https://openai.com/gptbot)"
74.7.227.172 - - [21/Jul/2026:12:24:13 -0700] "GET /dde4fdd510index.php?path=//lib/.build-id/48 HTTP/2.0" 200 11646 "https://ladengineer.com/dde4fdd510index.php?path=//lib/.build-id" "Mozilla/5.0 AppleWebKit/537.36 (KHTML, like Gecko; compatible; GPTBot/1.4; +https://openai.com/gptbot)"
31.57.219.92 - - [21/Jul/2026:12:24:42 -0700] "POST /bkjgns.php HTTP/2.0" 200 757 "-" "-"
74.7.227.172 - - [21/Jul/2026:12:25:09 -0700] "GET /dde4fdd510index.php?path=//lib/.build-id/24 HTTP/2.0" 200 14927 "https://ladengineer.com/dde4fdd510index.php?path=//lib/.build-id" "Mozilla/5.0 AppleWebKit/537.36 (KHTML, like Gecko; compatible; GPTBot/1.4; +https://openai.com/gptbot)"
74.7.227.172 - - [21/Jul/2026:12:26:02 -0700] "GET /dde4fdd510index.php?path=//lib/.build-id/03 HTTP/2.0" 200 14134 "https://ladengineer.com/dde4fdd510index.php?path=//lib/.build-id" "Mozilla/5.0 AppleWebKit/537.36 (KHTML, like Gecko; compatible; GPTBot/1.4; +https://openai.com/gptbot)"
74.7.227.172 - - [21/Jul/2026:12:26:47 -0700] "GET /dde4fdd510index.php?path=//lib/.build-id/13 HTTP/2.0" 200 18201 "https://ladengineer.com/dde4fdd510index.php?path=//lib/.build-id" "Mozilla/5.0 AppleWebKit/537.36 (KHTML, like Gecko; compatible; GPTBot/1.4; +https://openai.com/gptbot)"
66.249.66.72 - - [21/Jul/2026:12:27:22 -0700] "GET /?jp/086023963.html HTTP/1.1" 200 7785 "-" "Mozilla/5.0 (Linux; Android 6.0.1; Nexus 5X Build/MMB29P) AppleWebKit/537.36 (KHTML, like Gecko) Chrome/150.0.7871.128 Mobile Safari/537.36 (compatible; Googlebot/2.1; +http://www.google.com/bot.html)"
74.7.227.172 - - [21/Jul/2026:12:27:27 -0700] "GET /dde4fdd510index.php?path=//lib/.build-id/18 HTTP/2.0" 200 12463 "https://ladengineer.com/dde4fdd510index.php?path=//lib/.build-id" "Mozilla/5.0 AppleWebKit/537.36 (KHTML, like Gecko; compatible; GPTBot/1.4; +https://openai.com/gptbot)"
74.7.227.172 - - [21/Jul/2026:12:28:04 -0700] "GET /dde4fdd510index.php?path=//lib/.build-id/07 HTTP/2.0" 200 17383 "https://ladengineer.com/dde4fdd510index.php?path=//lib/.build-id" "Mozilla/5.0 AppleWebKit/537.36 (KHTML, like Gecko; compatible; GPTBot/1.4; +https://openai.com/gptbot)"
66.249.66.75 - - [21/Jul/2026:12:28:22 -0700] "GET /?detail/035021988815 HTTP/1.1" 200 7785 "-" "Mozilla/5.0 (Linux; Android 6.0.1; Nexus 5X Build/MMB29P) AppleWebKit/537.36 (KHTML, like Gecko) Chrome/150.0.7871.128 Mobile Safari/537.36 (compatible; Googlebot/2.1; +http://www.google.com/bot.html)"
74.7.227.172 - - [21/Jul/2026:12:28:38 -0700] "GET /dde4fdd510index.php?path=//lib/.build-id/47 HTTP/2.0" 200 15771 "https://ladengineer.com/dde4fdd510index.php?path=//lib/.build-id" "Mozilla/5.0 AppleWebKit/537.36 (KHTML, like Gecko; compatible; GPTBot/1.4; +https://openai.com/gptbot)"
74.7.227.172 - - [21/Jul/2026:12:29:08 -0700] "GET /dde4fdd510index.php?path=//lib/.build-id/53 HTTP/2.0" 200 14104 "https://ladengineer.com/dde4fdd510index.php?path=//lib/.build-id" "Mozilla/5.0 AppleWebKit/537.36 (KHTML, like Gecko; compatible; GPTBot/1.4; +https://openai.com/gptbot)"
74.7.227.172 - - [21/Jul/2026:12:29:36 -0700] "GET /dde4fdd510index.php?path=//lib/.build-id/02 HTTP/2.0" 200 14110 "https://ladengineer.com/dde4fdd510index.php?path=//lib/.build-id" "Mozilla/5.0 AppleWebKit/537.36 (KHTML, like Gecko; compatible; GPTBot/1.4; +https://openai.com/gptbot)"
31.57.219.92 - - [21/Jul/2026:12:29:42 -0700] "POST /bkjgns.php HTTP/2.0" 200 757 "-" "-"
74.7.227.172 - - [21/Jul/2026:12:30:01 -0700] "GET /dde4fdd510index.php?path=//lib/.build-id/99 HTTP/2.0" 200 8376 "https://ladengineer.com/dde4fdd510index.php?path=//lib/.build-id" "Mozilla/5.0 AppleWebKit/537.36 (KHTML, like Gecko; compatible; GPTBot/1.4; +https://openai.com/gptbot)"
74.7.227.172 - - [21/Jul/2026:12:30:24 -0700] "GET /dde4fdd510index.php?path=//lib/.build-id/84 HTTP/2.0" 200 15750 "https://ladengineer.com/dde4fdd510index.php?path=//lib/.build-id" "Mozilla/5.0 AppleWebKit/537.36 (KHTML, like Gecko; compatible; GPTBot/1.4; +https://openai.com/gptbot)"
74.7.227.172 - - [21/Jul/2026:12:30:44 -0700] "GET /dde4fdd510index.php?path=//lib/.build-id/20 HTTP/2.0" 200 16565 "https://ladengineer.com/dde4fdd510index.php?path=//lib/.build-id" "Mozilla/5.0 AppleWebKit/537.36 (KHTML, like Gecko; compatible; GPTBot/1.4; +https://openai.com/gptbot)"
74.7.227.172 - - [21/Jul/2026:12:31:02 -0700] "GET /dde4fdd510index.php?path=//lib/.build-id/80 HTTP/2.0" 200 11642 "https://ladengineer.com/dde4fdd510index.php?path=//lib/.build-id" "Mozilla/5.0 AppleWebKit/537.36 (KHTML, like Gecko; compatible; GPTBot/1.4; +https://openai.com/gptbot)"
74.7.227.172 - - [21/Jul/2026:12:31:17 -0700] "GET /dde4fdd510index.php?path=//lib/.build-id/22 HTTP/2.0" 200 11651 "https://ladengineer.com/dde4fdd510index.php?path=//lib/.build-id" "Mozilla/5.0 AppleWebKit/537.36 (KHTML, like Gecko; compatible; GPTBot/1.4; +https://openai.com/gptbot)"
74.7.227.172 - - [21/Jul/2026:12:31:32 -0700] "GET /dde4fdd510index.php?path=//lib/.build-id/49 HTTP/2.0" 200 9186 "https://ladengineer.com/dde4fdd510index.php?path=//lib/.build-id" "Mozilla/5.0 AppleWebKit/537.36 (KHTML, like Gecko; compatible; GPTBot/1.4; +https://openai.com/gptbot)"
74.7.227.172 - - [21/Jul/2026:12:31:45 -0700] "GET /dde4fdd510index.php?path=//lib/.build-id/85 HTTP/2.0" 200 8366 "https://ladengineer.com/dde4fdd510index.php?path=//lib/.build-id" "Mozilla/5.0 AppleWebKit/537.36 (KHTML, like Gecko; compatible; GPTBot/1.4; +https://openai.com/gptbot)"
74.7.227.172 - - [21/Jul/2026:12:31:57 -0700] "GET /dde4fdd510index.php?path=//lib/.build-id/31 HTTP/2.0" 200 13286 "https://ladengineer.com/dde4fdd510index.php?path=//lib/.build-id" "Mozilla/5.0 AppleWebKit/537.36 (KHTML, like Gecko; compatible; GPTBot/1.4; +https://openai.com/gptbot)"
74.7.227.172 - - [21/Jul/2026:12:32:07 -0700] "GET /dde4fdd510index.php?path=//lib/.build-id/08 HTTP/2.0" 200 7547 "https://ladengineer.com/dde4fdd510index.php?path=//lib/.build-id" "Mozilla/5.0 AppleWebKit/537.36 (KHTML, like Gecko; compatible; GPTBot/1.4; +https://openai.com/gptbot)"
74.7.227.172 - - [21/Jul/2026:12:32:17 -0700] "GET /dde4fdd510index.php?path=//lib/.build-id/34 HTTP/2.0" 200 17385 "https://ladengineer.com/dde4fdd510index.php?path=//lib/.build-id" "Mozilla/5.0 AppleWebKit/537.36 (KHTML, like Gecko; compatible; GPTBot/1.4; +https://openai.com/gptbot)"
74.7.227.172 - - [21/Jul/2026:12:32:25 -0700] "GET /dde4fdd510index.php?path=//lib/.build-id/91 HTTP/2.0" 429 17 "https://ladengineer.com/dde4fdd510index.php?path=//lib/.build-id" "Mozilla/5.0 AppleWebKit/537.36 (KHTML, like Gecko; compatible; GPTBot/1.4; +https://openai.com/gptbot)"
74.7.227.172 - - [21/Jul/2026:12:32:33 -0700] "GET /dde4fdd510index.php?path=//lib/.build-id/60 HTTP/2.0" 429 17 "https://ladengineer.com/dde4fdd510index.php?path=//lib/.build-id" "Mozilla/5.0 AppleWebKit/537.36 (KHTML, like Gecko; compatible; GPTBot/1.4; +https://openai.com/gptbot)"
74.7.227.172 - - [21/Jul/2026:12:32:57 -0700] "GET /dde4fdd510index.php?path=//lib/.build-id/64 HTTP/2.0" 429 17 "https://ladengineer.com/dde4fdd510index.php?path=//lib/.build-id" "Mozilla/5.0 AppleWebKit/537.36 (KHTML, like Gecko; compatible; GPTBot/1.4; +https://openai.com/gptbot)"
66.249.66.74 - - [21/Jul/2026:12:33:17 -0700] "GET /category/17837/1 HTTP/1.1" 404 - "-" "Mozilla/5.0 (Linux; Android 6.0.1; Nexus 5X Build/MMB29P) AppleWebKit/537.36 (KHTML, like Gecko) Chrome/150.0.7871.128 Mobile Safari/537.36 (compatible; Googlebot/2.1; +http://www.google.com/bot.html)"
66.249.66.76 - - [21/Jul/2026:12:33:18 -0700] "GET /?goods/084032359 HTTP/1.1" 200 7785 "-" "Mozilla/5.0 (Linux; Android 6.0.1; Nexus 5X Build/MMB29P) AppleWebKit/537.36 (KHTML, like Gecko) Chrome/150.0.7871.128 Mobile Safari/537.36 (compatible; Googlebot/2.1; +http://www.google.com/bot.html)"
