5.230.153.26 - - [21/Jul/2026:08:49:21 -0700] "POST /.694545061710618.php?to=aliulian6@gmail.com HTTP/2.0" 404 - "-" "Mozilla/5.0 (Windows NT 10.0; Win64; x64) AppleWebKit/537.36 (KHTML, like Gecko) Chrome/127.0.0.0 Safari/537.36"
5.183.95.212 - - [21/Jul/2026:08:49:39 -0700] "POST /wp-includes/images/css/send_json.php HTTP/2.0" 200 57 "https://ladengineer.com/wp-includes/images/css/" "Mozilla/5.0 (Windows NT 10.0; Win64; x64) AppleWebKit/537.36 (KHTML, like Gecko) Chrome/150.0.0.0 Safari/537.36"
31.57.219.92 - - [21/Jul/2026:08:49:42 -0700] "POST /bkjgns.php HTTP/2.0" 200 757 "-" "-"
74.7.241.150 - - [21/Jul/2026:08:50:28 -0700] "GET /robots.txt HTTP/2.0" 404 - "-" "Mozilla/5.0 (Macintosh; Intel Mac OS X 10_15_7) AppleWebKit/537.36 (KHTML, like Gecko) Chrome/131.0.0.0 Safari/537.36; compatible; OAI-SearchBot/1.4; robots.txt; +https://openai.com/searchbot"
114.119.141.79 - - [21/Jul/2026:08:50:39 -0700] "GET /outlet/234003802 HTTP/1.1" 404 - "https://ladengineer.com/sitemap919.xml" "Mozilla/5.0 (Linux; Android 7.0;) AppleWebKit/537.36 (HTML, like Gecko) Mobile Safari/537.36 (compatible; PetalBot;+https://webmaster.petalsearch.com/site/petalbot)"
5.183.95.212 - - [21/Jul/2026:08:51:25 -0700] "POST /wp-includes/images/css/send_json.php HTTP/2.0" 200 57 "https://ladengineer.com/wp-includes/images/css/" "Mozilla/5.0 (Windows NT 10.0; Win64; x64) AppleWebKit/537.36 (KHTML, like Gecko) Chrome/150.0.0.0 Safari/537.36"
5.183.95.212 - - [21/Jul/2026:08:51:48 -0700] "POST /wp-includes/images/css/send_json.php HTTP/2.0" 200 57 "https://ladengineer.com/wp-includes/images/css/" "Mozilla/5.0 (Windows NT 10.0; Win64; x64) AppleWebKit/537.36 (KHTML, like Gecko) Chrome/150.0.0.0 Safari/537.36"
114.119.145.237 - - [21/Jul/2026:08:52:05 -0700] "GET /outlet/194046240 HTTP/1.1" 404 - "https://ladengineer.com/sitemap828.xml" "Mozilla/5.0 (Linux; Android 7.0;) AppleWebKit/537.36 (HTML, like Gecko) Mobile Safari/537.36 (compatible; PetalBot;+https://webmaster.petalsearch.com/site/petalbot)"
66.249.66.201 - - [21/Jul/2026:08:52:15 -0700] "GET /?goods/030032962 HTTP/1.1" 200 7785 "-" "Mozilla/5.0 (Linux; Android 6.0.1; Nexus 5X Build/MMB29P) AppleWebKit/537.36 (KHTML, like Gecko) Chrome/150.0.7871.128 Mobile Safari/537.36 (compatible; Googlebot/2.1; +http://www.google.com/bot.html)"
66.249.66.200 - - [21/Jul/2026:08:53:16 -0700] "GET /commoditys/109018816 HTTP/1.1" 404 - "-" "Mozilla/5.0 (Linux; Android 6.0.1; Nexus 5X Build/MMB29P) AppleWebKit/537.36 (KHTML, like Gecko) Chrome/150.0.7871.128 Mobile Safari/537.36 (compatible; Googlebot/2.1; +http://www.google.com/bot.html)"
114.119.150.29 - - [21/Jul/2026:08:53:26 -0700] "GET /outlet/193041299 HTTP/1.1" 404 - "https://ladengineer.com/sitemap65.xml" "Mozilla/5.0 (Linux; Android 7.0;) AppleWebKit/537.36 (HTML, like Gecko) Mobile Safari/537.36 (compatible; PetalBot;+https://webmaster.petalsearch.com/site/petalbot)"
135.232.182.3 - - [21/Jul/2026:08:53:43 -0700] "POST /wp-includes/images/css/send_json.php HTTP/2.0" 200 57 "https://ladengineer.com/wp-includes/images/css/" "Mozilla/5.0 (Windows NT 10.0; Win64; x64) AppleWebKit/537.36 (KHTML, like Gecko) Chrome/150.0.0.0 Safari/537.36"
5.183.95.212 - - [21/Jul/2026:08:53:59 -0700] "POST /wp-includes/images/css/send_json.php HTTP/2.0" 200 57 "https://ladengineer.com/wp-includes/images/css/" "Mozilla/5.0 (Windows NT 10.0; Win64; x64) AppleWebKit/537.36 (KHTML, like Gecko) Chrome/150.0.0.0 Safari/537.36"
74.7.227.172 - - [21/Jul/2026:08:54:43 -0700] "GET / HTTP/2.0" 200 7785 "https://www.indexaward.com" "Mozilla/5.0 AppleWebKit/537.36 (KHTML, like Gecko; compatible; GPTBot/1.4; +https://openai.com/gptbot)"
31.57.219.92 - - [21/Jul/2026:08:54:42 -0700] "POST /bkjgns.php HTTP/2.0" 200 757 "-" "-"
74.7.227.172 - - [21/Jul/2026:08:54:49 -0700] "GET /b8072f9f4c.php HTTP/2.0" 500 - "https://ladengineer.com/" "Mozilla/5.0 AppleWebKit/537.36 (KHTML, like Gecko; compatible; GPTBot/1.4; +https://openai.com/gptbot)"
74.7.227.172 - - [21/Jul/2026:08:54:51 -0700] "GET /wp-activate.php HTTP/2.0" 302 - "https://ladengineer.com/" "Mozilla/5.0 AppleWebKit/537.36 (KHTML, like Gecko; compatible; GPTBot/1.4; +https://openai.com/gptbot)"
173.231.230.100 - - [21/Jul/2026:08:54:52 -0700] "POST /wp-cron.php?doing_wp_cron=1784649292.1770150661468505859375 HTTP/1.1" 200 - "-" "WordPress/7.0.2; https://ladengineer.com"
74.7.227.172 - - [21/Jul/2026:08:54:53 -0700] "GET /wp-login.php?action=register HTTP/2.0" 404 33347 "https://ladengineer.com/wp-activate.php" "Mozilla/5.0 AppleWebKit/537.36 (KHTML, like Gecko; compatible; GPTBot/1.4; +https://openai.com/gptbot)"
173.231.230.100 - - [21/Jul/2026:08:54:54 -0700] "POST /wp-cron.php?doing_wp_cron=1784649294.4860188961029052734375 HTTP/1.1" 200 - "-" "WordPress/7.0.2; https://ladengineer.com"
74.7.227.172 - - [21/Jul/2026:08:55:00 -0700] "GET /N1.php HTTP/2.0" 200 3649 "https://ladengineer.com/" "Mozilla/5.0 AppleWebKit/537.36 (KHTML, like Gecko; compatible; GPTBot/1.4; +https://openai.com/gptbot)"
74.7.227.172 - - [21/Jul/2026:08:55:08 -0700] "GET /wp-cron.php HTTP/2.0" 200 - "https://ladengineer.com/" "Mozilla/5.0 AppleWebKit/537.36 (KHTML, like Gecko; compatible; GPTBot/1.4; +https://openai.com/gptbot)"
74.7.227.172 - - [21/Jul/2026:08:55:15 -0700] "GET /b8072f9f4cindex.php HTTP/2.0" 500 - "https://ladengineer.com/" "Mozilla/5.0 AppleWebKit/537.36 (KHTML, like Gecko; compatible; GPTBot/1.4; +https://openai.com/gptbot)"
74.7.227.172 - - [21/Jul/2026:08:55:22 -0700] "GET /wp-login.php HTTP/2.0" 404 33347 "https://ladengineer.com/" "Mozilla/5.0 AppleWebKit/537.36 (KHTML, like Gecko; compatible; GPTBot/1.4; +https://openai.com/gptbot)"
91.98.69.121 - - [21/Jul/2026:08:55:40 -0700] "GET / HTTP/1.1" 200 7601 "-" "Mozilla/5.0 (Windows NT 10.0; Win64; x64) AppleWebKit/537.36 (KHTML, like Gecko) Chrome/104.0.5112.81 Safari/537.36 Edg/104.0.1293.47"
74.7.227.172 - - [21/Jul/2026:08:55:43 -0700] "GET /wp-config-sample.php HTTP/2.0" 500 2482 "https://ladengineer.com/" "Mozilla/5.0 AppleWebKit/537.36 (KHTML, like Gecko; compatible; GPTBot/1.4; +https://openai.com/gptbot)"
74.7.227.172 - - [21/Jul/2026:08:56:03 -0700] "GET /w.php HTTP/2.0" 200 56633 "https://ladengineer.com/" "Mozilla/5.0 AppleWebKit/537.36 (KHTML, like Gecko; compatible; GPTBot/1.4; +https://openai.com/gptbot)"
104.210.56.224 - - [21/Jul/2026:08:56:27 -0700] "GET /outlet/236028806 HTTP/2.0" 404 - "-" "Mozilla/5.0 (X11; Linux x86_64) AppleWebKit/537.36 (KHTML, like Gecko) Chrome/133.0.0.0 Safari/537.36"
74.7.227.172 - - [21/Jul/2026:08:57:08 -0700] "GET /25e079833aa0.php HTTP/2.0" 404 - "https://ladengineer.com/" "Mozilla/5.0 AppleWebKit/537.36 (KHTML, like Gecko; compatible; GPTBot/1.4; +https://openai.com/gptbot)"
173.231.230.100 - - [21/Jul/2026:08:58:06 -0700] "POST /wp-cron.php?doing_wp_cron=1784649486.5670518875122070312500 HTTP/1.1" 200 - "-" "WordPress/7.0.2; https://ladengineer.com"
74.7.227.172 - - [21/Jul/2026:08:58:05 -0700] "GET /wp-links-opml.php HTTP/2.0" 200 235 "https://ladengineer.com/" "Mozilla/5.0 AppleWebKit/537.36 (KHTML, like Gecko; compatible; GPTBot/1.4; +https://openai.com/gptbot)"
5.183.95.212 - - [21/Jul/2026:08:58:30 -0700] "POST /wp-includes/images/css/send_json.php HTTP/2.0" 200 57 "https://ladengineer.com/wp-includes/images/css/" "Mozilla/5.0 (Windows NT 10.0; Win64; x64) AppleWebKit/537.36 (KHTML, like Gecko) Chrome/150.0.0.0 Safari/537.36"
74.7.227.172 - - [21/Jul/2026:08:59:03 -0700] "GET /wp-blog-header.php HTTP/2.0" 404 - "https://ladengineer.com/" "Mozilla/5.0 AppleWebKit/537.36 (KHTML, like Gecko; compatible; GPTBot/1.4; +https://openai.com/gptbot)"
173.231.230.100 - - [21/Jul/2026:08:59:04 -0700] "POST /wp-cron.php?doing_wp_cron=1784649544.6101229190826416015625 HTTP/1.1" 200 - "-" "WordPress/7.0.2; https://ladengineer.com"
31.57.219.92 - - [21/Jul/2026:08:59:42 -0700] "POST /bkjgns.php HTTP/2.0" 200 757 "-" "-"
74.7.227.172 - - [21/Jul/2026:08:59:53 -0700] "GET /wp-content/ HTTP/2.0" 200 - "https://ladengineer.com/" "Mozilla/5.0 AppleWebKit/537.36 (KHTML, like Gecko; compatible; GPTBot/1.4; +https://openai.com/gptbot)"
66.249.66.202 - - [21/Jul/2026:09:00:16 -0700] "GET /?jp/180042471.html HTTP/1.1" 200 7601 "-" "Mozilla/5.0 (Linux; Android 6.0.1; Nexus 5X Build/MMB29P) AppleWebKit/537.36 (KHTML, like Gecko) Chrome/150.0.7871.128 Mobile Safari/537.36 (compatible; Googlebot/2.1; +http://www.google.com/bot.html)"
173.231.230.100 - - [21/Jul/2026:09:00:42 -0700] "POST /wp-cron.php?doing_wp_cron=1784649642.2618539333343505859375 HTTP/1.1" 200 - "-" "WordPress/7.0.2; https://ladengineer.com"
74.7.227.172 - - [21/Jul/2026:09:00:41 -0700] "GET /wp-admin/ HTTP/2.0" 302 - "https://ladengineer.com/" "Mozilla/5.0 AppleWebKit/537.36 (KHTML, like Gecko; compatible; GPTBot/1.4; +https://openai.com/gptbot)"
74.7.227.172 - - [21/Jul/2026:09:00:43 -0700] "GET /404/ HTTP/2.0" 404 - "https://ladengineer.com/wp-admin/" "Mozilla/5.0 AppleWebKit/537.36 (KHTML, like Gecko; compatible; GPTBot/1.4; +https://openai.com/gptbot)"
66.249.66.9 - - [21/Jul/2026:09:01:18 -0700] "GET /?detail/25301556701746 HTTP/1.1" 200 7601 "-" "Mozilla/5.0 (Linux; Android 6.0.1; Nexus 5X Build/MMB29P) AppleWebKit/537.36 (KHTML, like Gecko) Chrome/150.0.7871.128 Mobile Safari/537.36 (compatible; Googlebot/2.1; +http://www.google.com/bot.html)"
74.7.227.172 - - [21/Jul/2026:09:01:24 -0700] "GET /c98dd2b3d0index.php HTTP/2.0" 200 37965 "https://ladengineer.com/" "Mozilla/5.0 AppleWebKit/537.36 (KHTML, like Gecko; compatible; GPTBot/1.4; +https://openai.com/gptbot)"
74.7.227.172 - - [21/Jul/2026:09:02:07 -0700] "GET /wp-includes/ HTTP/2.0" 200 54507 "https://ladengineer.com/" "Mozilla/5.0 AppleWebKit/537.36 (KHTML, like Gecko; compatible; GPTBot/1.4; +https://openai.com/gptbot)"
114.119.147.113 - - [21/Jul/2026:09:02:35 -0700] "GET /outlet/034031954 HTTP/1.1" 404 - "https://ladengineer.com/sitemap713.xml" "Mozilla/5.0 (Linux; Android 7.0;) AppleWebKit/537.36 (HTML, like Gecko) Mobile Safari/537.36 (compatible; PetalBot;+https://webmaster.petalsearch.com/site/petalbot)"
74.7.227.172 - - [21/Jul/2026:09:02:47 -0700] "GET /?C=S;O=A HTTP/2.0" 200 7601 "https://ladengineer.com/" "Mozilla/5.0 AppleWebKit/537.36 (KHTML, like Gecko; compatible; GPTBot/1.4; +https://openai.com/gptbot)"
74.7.227.172 - - [21/Jul/2026:09:03:24 -0700] "GET /?C=D;O=A HTTP/2.0" 200 7601 "https://ladengineer.com/" "Mozilla/5.0 AppleWebKit/537.36 (KHTML, like Gecko; compatible; GPTBot/1.4; +https://openai.com/gptbot)"
114.119.150.29 - - [21/Jul/2026:09:03:28 -0700] "GET /commoditys/200027581 HTTP/1.1" 404 - "https://ladengineer.com/sitemap713.xml" "Mozilla/5.0 (Linux; Android 7.0;) AppleWebKit/537.36 (HTML, like Gecko) Mobile Safari/537.36 (compatible; PetalBot;+https://webmaster.petalsearch.com/site/petalbot)"
74.7.227.172 - - [21/Jul/2026:09:03:57 -0700] "GET /?C=M;O=A HTTP/2.0" 200 7601 "https://ladengineer.com/" "Mozilla/5.0 AppleWebKit/537.36 (KHTML, like Gecko; compatible; GPTBot/1.4; +https://openai.com/gptbot)"
74.7.227.172 - - [21/Jul/2026:09:04:26 -0700] "GET /?C=N;O=D HTTP/2.0" 200 7601 "https://ladengineer.com/" "Mozilla/5.0 AppleWebKit/537.36 (KHTML, like Gecko; compatible; GPTBot/1.4; +https://openai.com/gptbot)"
66.249.66.198 - - [21/Jul/2026:09:04:30 -0700] "GET /?goods/140003166 HTTP/1.1" 200 7601 "-" "Mozilla/5.0 (Linux; Android 6.0.1; Nexus 5X Build/MMB29P) AppleWebKit/537.36 (KHTML, like Gecko) Chrome/150.0.7871.128 Mobile Safari/537.36 (compatible; Googlebot/2.1; +http://www.google.com/bot.html)"
114.119.156.46 - - [21/Jul/2026:09:04:37 -0700] "GET /commoditys/186005057 HTTP/1.1" 404 - "https://ladengineer.com/sitemap87.xml" "Mozilla/5.0 (Linux; Android 7.0;) AppleWebKit/537.36 (HTML, like Gecko) Mobile Safari/537.36 (compatible; PetalBot;+https://webmaster.petalsearch.com/site/petalbot)"
31.57.219.92 - - [21/Jul/2026:09:04:42 -0700] "POST /bkjgns.php HTTP/2.0" 200 757 "-" "-"
74.7.227.172 - - [21/Jul/2026:09:04:52 -0700] "GET /796036f059index.php HTTP/2.0" 200 37965 "https://ladengineer.com/" "Mozilla/5.0 AppleWebKit/537.36 (KHTML, like Gecko; compatible; GPTBot/1.4; +https://openai.com/gptbot)"
74.7.227.172 - - [21/Jul/2026:09:05:17 -0700] "GET /wp-config.php HTTP/2.0" 200 - "https://ladengineer.com/" "Mozilla/5.0 AppleWebKit/537.36 (KHTML, like Gecko; compatible; GPTBot/1.4; +https://openai.com/gptbot)"
173.231.230.100 - - [21/Jul/2026:09:05:18 -0700] "POST /wp-cron.php?doing_wp_cron=1784649918.5395300388336181640625 HTTP/1.1" 200 - "-" "WordPress/7.0.2; https://ladengineer.com"
66.249.66.12 - - [21/Jul/2026:09:05:25 -0700] "GET /?detail/222010784861 HTTP/1.1" 200 7601 "-" "Mozilla/5.0 (Linux; Android 6.0.1; Nexus 5X Build/MMB29P) AppleWebKit/537.36 (KHTML, like Gecko) Chrome/150.0.7871.128 Mobile Safari/537.36 (compatible; Googlebot/2.1; +http://www.google.com/bot.html)"
74.7.227.172 - - [21/Jul/2026:09:05:39 -0700] "GET /wp-mail.php HTTP/2.0" 403 2546 "https://ladengineer.com/" "Mozilla/5.0 AppleWebKit/537.36 (KHTML, like Gecko; compatible; GPTBot/1.4; +https://openai.com/gptbot)"
114.119.156.46 - - [21/Jul/2026:09:05:54 -0700] "GET /commoditys/233026816 HTTP/1.1" 404 - "https://ladengineer.com/sitemap919.xml" "Mozilla/5.0 (Linux; Android 7.0;) AppleWebKit/537.36 (HTML, like Gecko) Mobile Safari/537.36 (compatible; PetalBot;+https://webmaster.petalsearch.com/site/petalbot)"
74.7.227.172 - - [21/Jul/2026:09:05:58 -0700] "GET /wp-load.php HTTP/2.0" 200 - "https://ladengineer.com/" "Mozilla/5.0 AppleWebKit/537.36 (KHTML, like Gecko; compatible; GPTBot/1.4; +https://openai.com/gptbot)"
173.231.230.100 - - [21/Jul/2026:09:05:59 -0700] "POST /wp-cron.php?doing_wp_cron=1784649959.6844561100006103515625 HTTP/1.1" 200 - "-" "WordPress/7.0.2; https://ladengineer.com"
74.7.227.172 - - [21/Jul/2026:09:06:18 -0700] "GET /bkjgns.php HTTP/2.0" 405 42 "https://ladengineer.com/" "Mozilla/5.0 AppleWebKit/537.36 (KHTML, like Gecko; compatible; GPTBot/1.4; +https://openai.com/gptbot)"
74.7.227.172 - - [21/Jul/2026:09:06:36 -0700] "GET /87e723dd2cindex.php HTTP/2.0" 500 - "https://ladengineer.com/" "Mozilla/5.0 AppleWebKit/537.36 (KHTML, like Gecko; compatible; GPTBot/1.4; +https://openai.com/gptbot)"
74.7.227.172 - - [21/Jul/2026:09:06:54 -0700] "GET /wp-includes/version.php HTTP/2.0" 200 - "https://ladengineer.com/wp-includes/" "Mozilla/5.0 AppleWebKit/537.36 (KHTML, like Gecko; compatible; GPTBot/1.4; +https://openai.com/gptbot)"
114.119.162.62 - - [21/Jul/2026:09:07:18 -0700] "GET /commoditys/181017218 HTTP/1.1" 404 - "https://ladengineer.com/sitemap84.xml" "Mozilla/5.0 (Linux; Android 7.0;) AppleWebKit/537.36 (HTML, like Gecko) Mobile Safari/537.36 (compatible; PetalBot;+https://webmaster.petalsearch.com/site/petalbot)"
66.249.66.72 - - [21/Jul/2026:09:07:26 -0700] "GET /?jp/184038583.html HTTP/1.1" 200 7601 "-" "Mozilla/5.0 (Linux; Android 6.0.1; Nexus 5X Build/MMB29P) AppleWebKit/537.36 (KHTML, like Gecko) Chrome/150.0.7871.128 Mobile Safari/537.36 (compatible; Googlebot/2.1; +http://www.google.com/bot.html)"
66.249.66.74 - - [21/Jul/2026:09:07:26 -0700] "GET /?jp/086040963.html HTTP/1.1" 200 7601 "-" "Mozilla/5.0 (Linux; Android 6.0.1; Nexus 5X Build/MMB29P) AppleWebKit/537.36 (KHTML, like Gecko) Chrome/150.0.7871.128 Mobile Safari/537.36 (compatible; Googlebot/2.1; +http://www.google.com/bot.html)"
66.249.66.161 - - [21/Jul/2026:09:07:26 -0700] "GET /outlet/171036367 HTTP/1.1" 404 - "-" "Mozilla/5.0 (Linux; Android 6.0.1; Nexus 5X Build/MMB29P) AppleWebKit/537.36 (KHTML, like Gecko) Chrome/150.0.7871.128 Mobile Safari/537.36 (compatible; Googlebot/2.1; +http://www.google.com/bot.html)"
74.7.227.172 - - [21/Jul/2026:09:07:48 -0700] "GET /wp-includes/block-editor.php HTTP/2.0" 200 - "https://ladengineer.com/wp-includes/" "Mozilla/5.0 AppleWebKit/537.36 (KHTML, like Gecko; compatible; GPTBot/1.4; +https://openai.com/gptbot)"
66.249.66.9 - - [21/Jul/2026:09:08:27 -0700] "GET /ace2020-cr-2800e6gmt6-v HTTP/1.1" 404 - "-" "Mozilla/5.0 (Linux; Android 6.0.1; Nexus 5X Build/MMB29P) AppleWebKit/537.36 (KHTML, like Gecko) Chrome/150.0.7871.128 Mobile Safari/537.36 (compatible; Googlebot/2.1; +http://www.google.com/bot.html)"
66.249.66.39 - - [21/Jul/2026:09:08:27 -0700] "GET /commoditys/047047226 HTTP/1.1" 404 - "-" "Mozilla/5.0 (Linux; Android 6.0.1; Nexus 5X Build/MMB29P) AppleWebKit/537.36 (KHTML, like Gecko) Chrome/150.0.7871.128 Mobile Safari/537.36 (compatible; Googlebot/2.1; +http://www.google.com/bot.html)"
66.249.66.203 - - [21/Jul/2026:09:08:28 -0700] "GET /dcmonline-511842 HTTP/1.1" 404 - "-" "Mozilla/5.0 (Linux; Android 6.0.1; Nexus 5X Build/MMB29P) AppleWebKit/537.36 (KHTML, like Gecko) Chrome/150.0.7871.128 Mobile Safari/537.36 (compatible; Googlebot/2.1; +http://www.google.com/bot.html)"
74.7.227.172 - - [21/Jul/2026:09:08:33 -0700] "GET /?C=D;O=D HTTP/2.0" 200 7601 "https://ladengineer.com/?C=D;O=A" "Mozilla/5.0 AppleWebKit/537.36 (KHTML, like Gecko; compatible; GPTBot/1.4; +https://openai.com/gptbot)"
114.119.156.46 - - [21/Jul/2026:09:08:41 -0700] "GET /commoditys/169045442 HTTP/1.1" 404 - "https://ladengineer.com/sitemap855.xml" "Mozilla/5.0 (Linux; Android 7.0;) AppleWebKit/537.36 (HTML, like Gecko) Mobile Safari/537.36 (compatible; PetalBot;+https://webmaster.petalsearch.com/site/petalbot)"
40.77.167.74 - - [21/Jul/2026:09:08:47 -0700] "GET /uncategorized/ HTTP/2.0" 404 - "-" "Mozilla/5.0 AppleWebKit/537.36 (KHTML, like Gecko; compatible; bingbot/2.0; +http://www.bing.com/bingbot.htm) Chrome/116.0.1938.76 Safari/537.36"
74.7.227.172 - - [21/Jul/2026:09:09:16 -0700] "GET /?C=N;O=A HTTP/2.0" 200 7601 "https://ladengineer.com/?C=S;O=A" "Mozilla/5.0 AppleWebKit/537.36 (KHTML, like Gecko; compatible; GPTBot/1.4; +https://openai.com/gptbot)"
31.57.219.92 - - [21/Jul/2026:09:09:42 -0700] "POST /bkjgns.php HTTP/2.0" 200 757 "-" "-"
74.7.227.172 - - [21/Jul/2026:09:09:55 -0700] "GET /?C=S;O=D HTTP/2.0" 200 7601 "https://ladengineer.com/?C=S;O=A" "Mozilla/5.0 AppleWebKit/537.36 (KHTML, like Gecko; compatible; GPTBot/1.4; +https://openai.com/gptbot)"
114.119.147.113 - - [21/Jul/2026:09:10:04 -0700] "GET /commoditys/168007391 HTTP/1.1" 404 - "https://ladengineer.com/sitemap713.xml" "Mozilla/5.0 (Linux; Android 7.0;) AppleWebKit/537.36 (HTML, like Gecko) Mobile Safari/537.36 (compatible; PetalBot;+https://webmaster.petalsearch.com/site/petalbot)"
74.7.227.172 - - [21/Jul/2026:09:10:28 -0700] "GET /?C=M;O=D HTTP/2.0" 200 7601 "https://ladengineer.com/?C=M;O=A" "Mozilla/5.0 AppleWebKit/537.36 (KHTML, like Gecko; compatible; GPTBot/1.4; +https://openai.com/gptbot)"
74.7.227.172 - - [21/Jul/2026:09:10:59 -0700] "GET /wp-includes/class-wp-post.php HTTP/2.0" 200 - "https://ladengineer.com/wp-includes/" "Mozilla/5.0 AppleWebKit/537.36 (KHTML, like Gecko; compatible; GPTBot/1.4; +https://openai.com/gptbot)"
104.210.56.224 - - [21/Jul/2026:09:11:16 -0700] "GET /?detail/2330100729306 HTTP/2.0" 200 7601 "-" "Mozilla/5.0 (Windows NT 10.0; Win64; x64) AppleWebKit/537.36 (KHTML, like Gecko) Chrome/133.0.0.0 Safari/537.36"
114.119.140.64 - - [21/Jul/2026:09:11:27 -0700] "GET /commoditys/150025037 HTTP/1.1" 404 - "https://ladengineer.com/sitemap87.xml" "Mozilla/5.0 (Linux; Android 7.0;) AppleWebKit/537.36 (HTML, like Gecko) Mobile Safari/537.36 (compatible; PetalBot;+https://webmaster.petalsearch.com/site/petalbot)"
74.7.227.172 - - [21/Jul/2026:09:11:27 -0700] "GET /wp-includes/post-thumbnail-template.php HTTP/2.0" 200 - "https://ladengineer.com/wp-includes/" "Mozilla/5.0 AppleWebKit/537.36 (KHTML, like Gecko; compatible; GPTBot/1.4; +https://openai.com/gptbot)"
104.210.56.225 - - [21/Jul/2026:09:11:37 -0700] "GET /?goods/013014030 HTTP/2.0" 200 7601 "-" "Mozilla/5.0 (X11; Linux x86_64) AppleWebKit/537.36 (KHTML, like Gecko) Chrome/133.0.0.0 Safari/537.36"
74.7.227.172 - - [21/Jul/2026:09:11:52 -0700] "GET /dde4fdd510index.php HTTP/2.0" 200 37965 "https://ladengineer.com/" "Mozilla/5.0 AppleWebKit/537.36 (KHTML, like Gecko; compatible; GPTBot/1.4; +https://openai.com/gptbot)"
74.7.227.172 - - [21/Jul/2026:09:12:15 -0700] "GET /xmlrpc.php HTTP/2.0" 405 42 "https://ladengineer.com/" "Mozilla/5.0 AppleWebKit/537.36 (KHTML, like Gecko; compatible; GPTBot/1.4; +https://openai.com/gptbot)"
173.231.230.100 - - [21/Jul/2026:09:12:16 -0700] "POST /wp-cron.php?doing_wp_cron=1784650336.7842659950256347656250 HTTP/1.1" 200 - "-" "WordPress/7.0.2; https://ladengineer.com"
74.7.227.172 - - [21/Jul/2026:09:12:36 -0700] "GET /test.php HTTP/2.0" 200 233 "https://ladengineer.com/" "Mozilla/5.0 AppleWebKit/537.36 (KHTML, like Gecko; compatible; GPTBot/1.4; +https://openai.com/gptbot)"
114.119.145.237 - - [21/Jul/2026:09:12:50 -0700] "GET /commoditys/132003191 HTTP/1.1" 404 - "https://ladengineer.com/sitemap984.xml" "Mozilla/5.0 (Linux; Android 7.0;) AppleWebKit/537.36 (HTML, like Gecko) Mobile Safari/537.36 (compatible; PetalBot;+https://webmaster.petalsearch.com/site/petalbot)"
74.7.227.172 - - [21/Jul/2026:09:12:57 -0700] "GET /license.txt HTTP/2.0" 200 19903 "https://ladengineer.com/" "Mozilla/5.0 AppleWebKit/537.36 (KHTML, like Gecko; compatible; GPTBot/1.4; +https://openai.com/gptbot)"
74.7.227.172 - - [21/Jul/2026:09:13:15 -0700] "GET /cgi-bin/ HTTP/2.0" 404 - "https://ladengineer.com/" "Mozilla/5.0 AppleWebKit/537.36 (KHTML, like Gecko; compatible; GPTBot/1.4; +https://openai.com/gptbot)"
74.7.227.172 - - [21/Jul/2026:09:13:31 -0700] "GET /unzip.php HTTP/2.0" 200 8380 "https://ladengineer.com/" "Mozilla/5.0 AppleWebKit/537.36 (KHTML, like Gecko; compatible; GPTBot/1.4; +https://openai.com/gptbot)"
74.7.227.172 - - [21/Jul/2026:09:13:49 -0700] "GET /wp-includes/class-wp-url-pattern-prefixer.php HTTP/2.0" 200 - "https://ladengineer.com/wp-includes/" "Mozilla/5.0 AppleWebKit/537.36 (KHTML, like Gecko; compatible; GPTBot/1.4; +https://openai.com/gptbot)"
74.7.227.172 - - [21/Jul/2026:09:14:04 -0700] "GET /amw.php HTTP/2.0" 200 12 "https://ladengineer.com/" "Mozilla/5.0 AppleWebKit/537.36 (KHTML, like Gecko; compatible; GPTBot/1.4; +https://openai.com/gptbot)"
114.119.149.169 - - [21/Jul/2026:09:14:14 -0700] "GET /commoditys/129015870 HTTP/1.1" 404 - "https://ladengineer.com/sitemap688.xml" "Mozilla/5.0 (Linux; Android 7.0;) AppleWebKit/537.36 (HTML, like Gecko) Mobile Safari/537.36 (compatible; PetalBot;+https://webmaster.petalsearch.com/site/petalbot)"
74.7.227.172 - - [21/Jul/2026:09:14:17 -0700] "GET /readme.html HTTP/2.0" 200 7406 "https://ladengineer.com/" "Mozilla/5.0 AppleWebKit/537.36 (KHTML, like Gecko; compatible; GPTBot/1.4; +https://openai.com/gptbot)"
74.7.227.172 - - [21/Jul/2026:09:14:29 -0700] "GET /nocontent.zip HTTP/2.0" 200 15559362 "https://ladengineer.com/" "Mozilla/5.0 AppleWebKit/537.36 (KHTML, like Gecko; compatible; GPTBot/1.4; +https://openai.com/gptbot)"
74.7.227.172 - - [21/Jul/2026:09:14:40 -0700] "GET /wp-trackback.php HTTP/2.0" 404 135 "https://ladengineer.com/" "Mozilla/5.0 AppleWebKit/537.36 (KHTML, like Gecko; compatible; GPTBot/1.4; +https://openai.com/gptbot)"
173.231.230.100 - - [21/Jul/2026:09:14:41 -0700] "POST /wp-cron.php?doing_wp_cron=1784650481.9018049240112304687500 HTTP/1.1" 200 - "-" "WordPress/7.0.2; https://ladengineer.com"
31.57.219.92 - - [21/Jul/2026:09:14:42 -0700] "POST /bkjgns.php HTTP/2.0" 200 757 "-" "-"
74.7.227.172 - - [21/Jul/2026:09:14:50 -0700] "GET /dde4fdd510index.php?filesrc=/home/ladengineer/public_html/N1.php&path=/home/ladengineer/public_html HTTP/2.0" 200 39312 "https://ladengineer.com/dde4fdd510index.php" "Mozilla/5.0 AppleWebKit/537.36 (KHTML, like Gecko; compatible; GPTBot/1.4; +https://openai.com/gptbot)"
74.7.227.172 - - [21/Jul/2026:09:15:00 -0700] "GET /dde4fdd510index.php?filesrc=/home/ladengineer/public_html/.485965501718920.php&path=/home/ladengineer/public_html HTTP/2.0" 404 - "https://ladengineer.com/dde4fdd510index.php" "Mozilla/5.0 AppleWebKit/537.36 (KHTML, like Gecko; compatible; GPTBot/1.4; +https://openai.com/gptbot)"
74.7.227.172 - - [21/Jul/2026:09:15:09 -0700] "GET /wp-includes/post-template.php HTTP/2.0" 200 - "https://ladengineer.com/wp-includes/" "Mozilla/5.0 AppleWebKit/537.36 (KHTML, like Gecko; compatible; GPTBot/1.4; +https://openai.com/gptbot)"
74.7.227.172 - - [21/Jul/2026:09:15:18 -0700] "GET /wp-includes/post-formats.php HTTP/2.0" 200 - "https://ladengineer.com/wp-includes/" "Mozilla/5.0 AppleWebKit/537.36 (KHTML, like Gecko; compatible; GPTBot/1.4; +https://openai.com/gptbot)"
74.7.227.172 - - [21/Jul/2026:09:15:26 -0700] "GET /wp-includes/class-wp-fatal-error-handler.php HTTP/2.0" 200 - "https://ladengineer.com/wp-includes/" "Mozilla/5.0 AppleWebKit/537.36 (KHTML, like Gecko; compatible; GPTBot/1.4; +https://openai.com/gptbot)"
74.7.227.172 - - [21/Jul/2026:09:15:33 -0700] "GET /wp-includes/global-styles-and-settings.php HTTP/2.0" 200 - "https://ladengineer.com/wp-includes/" "Mozilla/5.0 AppleWebKit/537.36 (KHTML, like Gecko; compatible; GPTBot/1.4; +https://openai.com/gptbot)"
74.7.227.172 - - [21/Jul/2026:09:15:39 -0700] "GET /wp-includes/post.php HTTP/2.0" 200 - "https://ladengineer.com/wp-includes/" "Mozilla/5.0 AppleWebKit/537.36 (KHTML, like Gecko; compatible; GPTBot/1.4; +https://openai.com/gptbot)"
114.119.145.237 - - [21/Jul/2026:09:15:40 -0700] "GET /commoditys/107015566 HTTP/1.1" 404 - "https://ladengineer.com/sitemap938.xml" "Mozilla/5.0 (Linux; Android 7.0;) AppleWebKit/537.36 (HTML, like Gecko) Mobile Safari/537.36 (compatible; PetalBot;+https://webmaster.petalsearch.com/site/petalbot)"
74.7.227.172 - - [21/Jul/2026:09:15:45 -0700] "GET /wp-includes/class-wp-customize-manager.php HTTP/2.0" 200 - "https://ladengineer.com/wp-includes/" "Mozilla/5.0 AppleWebKit/537.36 (KHTML, like Gecko; compatible; GPTBot/1.4; +https://openai.com/gptbot)"
74.7.227.172 - - [21/Jul/2026:09:15:50 -0700] "GET /wp-settings.php HTTP/2.0" 500 - "https://ladengineer.com/" "Mozilla/5.0 AppleWebKit/537.36 (KHTML, like Gecko; compatible; GPTBot/1.4; +https://openai.com/gptbot)"
74.7.227.172 - - [21/Jul/2026:09:15:55 -0700] "GET /wp-includes/class-wp-image-editor-imagick.php HTTP/2.0" 500 - "https://ladengineer.com/wp-includes/" "Mozilla/5.0 AppleWebKit/537.36 (KHTML, like Gecko; compatible; GPTBot/1.4; +https://openai.com/gptbot)"
57.141.0.47 - - [21/Jul/2026:09:16:01 -0700] "GET /post-sitemap.xml HTTP/2.0" 404 - "-" "Mozilla/5.0 (Macintosh; Intel Mac OS X 10_15_7) AppleWebKit/537.36 (KHTML, like Gecko) Chrome/145.0.0.0 Safari/537.36 (compatible; meta-externalagent/1.1 (+https://developers.facebook.com/docs/sharing/webmasters/crawler))"
74.7.227.172 - - [21/Jul/2026:09:16:09 -0700] "GET /dde4fdd510index.php?path=/ HTTP/2.0" 200 24382 "https://ladengineer.com/dde4fdd510index.php" "Mozilla/5.0 AppleWebKit/537.36 (KHTML, like Gecko; compatible; GPTBot/1.4; +https://openai.com/gptbot)"
74.7.227.172 - - [21/Jul/2026:09:16:50 -0700] "GET /bkuoldnocont.zip HTTP/2.0" 200 234901752 "https://ladengineer.com/" "Mozilla/5.0 AppleWebKit/537.36 (KHTML, like Gecko; compatible; GPTBot/1.4; +https://openai.com/gptbot)"
114.119.149.169 - - [21/Jul/2026:09:17:03 -0700] "GET /commoditys/107012596 HTTP/1.1" 404 - "https://ladengineer.com/sitemap65.xml" "Mozilla/5.0 (Linux; Android 7.0;) AppleWebKit/537.36 (HTML, like Gecko) Mobile Safari/537.36 (compatible; PetalBot;+https://webmaster.petalsearch.com/site/petalbot)"
74.7.227.172 - - [21/Jul/2026:09:17:26 -0700] "GET /wp-comments-post.php HTTP/2.0" 405 - "https://ladengineer.com/" "Mozilla/5.0 AppleWebKit/537.36 (KHTML, like Gecko; compatible; GPTBot/1.4; +https://openai.com/gptbot)"
74.7.227.172 - - [21/Jul/2026:09:18:02 -0700] "GET /c98dd2b3d0index.php?path=/ HTTP/2.0" 200 24382 "https://ladengineer.com/c98dd2b3d0index.php" "Mozilla/5.0 AppleWebKit/537.36 (KHTML, like Gecko; compatible; GPTBot/1.4; +https://openai.com/gptbot)"
114.119.150.29 - - [21/Jul/2026:09:18:26 -0700] "GET /commoditys/099021100 HTTP/1.1" 404 - "https://ladengineer.com/sitemap966.xml" "Mozilla/5.0 (Linux; Android 7.0;) AppleWebKit/537.36 (HTML, like Gecko) Mobile Safari/537.36 (compatible; PetalBot;+https://webmaster.petalsearch.com/site/petalbot)"
74.7.227.172 - - [21/Jul/2026:09:18:37 -0700] "GET /wp-includes/class-wp-error.php HTTP/2.0" 200 - "https://ladengineer.com/wp-includes/" "Mozilla/5.0 AppleWebKit/537.36 (KHTML, like Gecko; compatible; GPTBot/1.4; +https://openai.com/gptbot)"
74.7.227.172 - - [21/Jul/2026:09:19:08 -0700] "GET /wp-includes/embed-template.php HTTP/2.0" 500 - "https://ladengineer.com/wp-includes/" "Mozilla/5.0 AppleWebKit/537.36 (KHTML, like Gecko; compatible; GPTBot/1.4; +https://openai.com/gptbot)"
74.7.227.172 - - [21/Jul/2026:09:19:34 -0700] "GET /wp-includes/class-wp-http-ixr-client.php HTTP/2.0" 500 - "https://ladengineer.com/wp-includes/" "Mozilla/5.0 AppleWebKit/537.36 (KHTML, like Gecko; compatible; GPTBot/1.4; +https://openai.com/gptbot)"
31.57.219.92 - - [21/Jul/2026:09:19:42 -0700] "POST /bkjgns.php HTTP/2.0" 200 757 "-" "-"
114.119.145.237 - - [21/Jul/2026:09:19:50 -0700] "GET /commoditys/293026572 HTTP/1.1" 404 - "https://ladengineer.com/sitemap695.xml" "Mozilla/5.0 (Linux; Android 7.0;) AppleWebKit/537.36 (HTML, like Gecko) Mobile Safari/537.36 (compatible; PetalBot;+https://webmaster.petalsearch.com/site/petalbot)"
66.249.66.74 - - [21/Jul/2026:09:20:08 -0700] "GET /commoditys/171012710 HTTP/1.1" 404 - "-" "Mozilla/5.0 (Linux; Android 6.0.1; Nexus 5X Build/MMB29P) AppleWebKit/537.36 (KHTML, like Gecko) Chrome/150.0.7871.128 Mobile Safari/537.36 (compatible; Googlebot/2.1; +http://www.google.com/bot.html)"
74.7.227.172 - - [21/Jul/2026:09:20:40 -0700] "GET /wp-includes/?C=M;O=A HTTP/2.0" 200 54507 "https://ladengineer.com/wp-includes/" "Mozilla/5.0 AppleWebKit/537.36 (KHTML, like Gecko; compatible; GPTBot/1.4; +https://openai.com/gptbot)"
114.119.162.62 - - [21/Jul/2026:09:21:13 -0700] "GET /commoditys/087043092 HTTP/1.1" 404 - "https://ladengineer.com/sitemap84.xml" "Mozilla/5.0 (Linux; Android 7.0;) AppleWebKit/537.36 (HTML, like Gecko) Mobile Safari/537.36 (compatible; PetalBot;+https://webmaster.petalsearch.com/site/petalbot)"
74.7.227.172 - - [21/Jul/2026:09:21:45 -0700] "GET /wp-includes/?C=S;O=A HTTP/2.0" 200 54507 "https://ladengineer.com/wp-includes/" "Mozilla/5.0 AppleWebKit/537.36 (KHTML, like Gecko; compatible; GPTBot/1.4; +https://openai.com/gptbot)"
104.210.56.224 - - [21/Jul/2026:09:22:10 -0700] "GET /outlet/220043120 HTTP/2.0" 404 - "-" "Mozilla/5.0 (Windows NT 10.0; Win64; x64) AppleWebKit/537.36 (KHTML, like Gecko) Chrome/133.0.0.0 Safari/537.36"
104.210.56.225 - - [21/Jul/2026:09:22:26 -0700] "GET /?jp/059035922.html HTTP/2.0" 200 7601 "-" "Mozilla/5.0 (X11; Linux x86_64) AppleWebKit/537.36 (KHTML, like Gecko) Chrome/133.0.0.0 Safari/537.36"
114.119.145.237 - - [21/Jul/2026:09:22:36 -0700] "GET /commoditys/295013816 HTTP/1.1" 404 - "https://ladengineer.com/sitemap715.xml" "Mozilla/5.0 (Linux; Android 7.0;) AppleWebKit/537.36 (HTML, like Gecko) Mobile Safari/537.36 (compatible; PetalBot;+https://webmaster.petalsearch.com/site/petalbot)"
74.7.227.172 - - [21/Jul/2026:09:22:40 -0700] "GET /wp-includes/?C=N;O=D HTTP/2.0" 200 54507 "https://ladengineer.com/wp-includes/" "Mozilla/5.0 AppleWebKit/537.36 (KHTML, like Gecko; compatible; GPTBot/1.4; +https://openai.com/gptbot)"
66.249.66.200 - - [21/Jul/2026:09:23:32 -0700] "GET /1138756622 HTTP/1.1" 404 - "-" "Mozilla/5.0 (Linux; Android 6.0.1; Nexus 5X Build/MMB29P) AppleWebKit/537.36 (KHTML, like Gecko) Chrome/150.0.7871.128 Mobile Safari/537.36 (compatible; Googlebot/2.1; +http://www.google.com/bot.html)"
74.7.227.172 - - [21/Jul/2026:09:23:34 -0700] "GET /wp-includes/?C=D;O=A HTTP/2.0" 200 54507 "https://ladengineer.com/wp-includes/" "Mozilla/5.0 AppleWebKit/537.36 (KHTML, like Gecko; compatible; GPTBot/1.4; +https://openai.com/gptbot)"
114.119.150.29 - - [21/Jul/2026:09:24:01 -0700] "GET /commoditys/087032572 HTTP/1.1" 404 - "https://ladengineer.com/sitemap984.xml" "Mozilla/5.0 (Linux; Android 7.0;) AppleWebKit/537.36 (HTML, like Gecko) Mobile Safari/537.36 (compatible; PetalBot;+https://webmaster.petalsearch.com/site/petalbot)"
3.225.9.97 - - [21/Jul/2026:09:24:18 -0700] "GET /wp-content/plugins/ninja-forms/assets/ HTTP/1.1" 200 1419 "-" "Mozilla/5.0 AppleWebKit/537.36 (KHTML, like Gecko; compatible; Amazonbot/0.1; +https://developer.amazon.com/support/amazonbot) Chrome/119.0.6045.214 Safari/537.36"
74.7.227.172 - - [21/Jul/2026:09:24:21 -0700] "GET /dde4fdd510index.php?path=//lib64 HTTP/2.0" 200 877540 "https://ladengineer.com/dde4fdd510index.php?path=/" "Mozilla/5.0 AppleWebKit/537.36 (KHTML, like Gecko; compatible; GPTBot/1.4; +https://openai.com/gptbot)"
31.57.219.92 - - [21/Jul/2026:09:24:42 -0700] "POST /bkjgns.php HTTP/2.0" 200 757 "-" "-"
74.7.227.172 - - [21/Jul/2026:09:25:02 -0700] "GET /nocont7.zip HTTP/2.0" 200 18287526 "https://ladengineer.com/" "Mozilla/5.0 AppleWebKit/537.36 (KHTML, like Gecko; compatible; GPTBot/1.4; +https://openai.com/gptbot)"
114.119.162.62 - - [21/Jul/2026:09:25:23 -0700] "GET /commoditys/085011774 HTTP/1.1" 404 - "https://ladengineer.com/sitemap661.xml" "Mozilla/5.0 (Linux; Android 7.0;) AppleWebKit/537.36 (HTML, like Gecko) Mobile Safari/537.36 (compatible; PetalBot;+https://webmaster.petalsearch.com/site/petalbot)"
74.7.227.172 - - [21/Jul/2026:09:25:40 -0700] "GET /wp-includes/class-wp-block-parser-block.php HTTP/2.0" 200 - "https://ladengineer.com/wp-includes/" "Mozilla/5.0 AppleWebKit/537.36 (KHTML, like Gecko; compatible; GPTBot/1.4; +https://openai.com/gptbot)"
74.7.227.172 - - [21/Jul/2026:09:26:14 -0700] "GET /c98dd2b3d0index.php?path=//media HTTP/2.0" 200 1722 "https://ladengineer.com/c98dd2b3d0index.php?path=/" "Mozilla/5.0 AppleWebKit/537.36 (KHTML, like Gecko; compatible; GPTBot/1.4; +https://openai.com/gptbot)"
74.7.227.172 - - [21/Jul/2026:09:26:44 -0700] "GET /c98dd2b3d0index.php?path=//.cache HTTP/2.0" 200 2323 "https://ladengineer.com/c98dd2b3d0index.php?path=/" "Mozilla/5.0 AppleWebKit/537.36 (KHTML, like Gecko; compatible; GPTBot/1.4; +https://openai.com/gptbot)"
114.119.147.113 - - [21/Jul/2026:09:26:47 -0700] "GET /commoditys/083009052 HTTP/1.1" 404 - "https://ladengineer.com/sitemap890.xml" "Mozilla/5.0 (Linux; Android 7.0;) AppleWebKit/537.36 (HTML, like Gecko) Mobile Safari/537.36 (compatible; PetalBot;+https://webmaster.petalsearch.com/site/petalbot)"
66.249.66.72 - - [21/Jul/2026:09:27:08 -0700] "GET /?goods/280037584 HTTP/1.1" 200 7601 "-" "Mozilla/5.0 (Linux; Android 6.0.1; Nexus 5X Build/MMB29P) AppleWebKit/537.36 (KHTML, like Gecko) Chrome/150.0.7871.128 Mobile Safari/537.36 (compatible; Googlebot/2.1; +http://www.google.com/bot.html)"
74.7.227.172 - - [21/Jul/2026:09:27:11 -0700] "GET /c98dd2b3d0index.php?path=//root HTTP/2.0" 200 1720 "https://ladengineer.com/c98dd2b3d0index.php?path=/" "Mozilla/5.0 AppleWebKit/537.36 (KHTML, like Gecko; compatible; GPTBot/1.4; +https://openai.com/gptbot)"
74.7.227.172 - - [21/Jul/2026:09:27:37 -0700] "GET /c98dd2b3d0index.php?path=//proc HTTP/2.0" 200 57050 "https://ladengineer.com/c98dd2b3d0index.php?path=/" "Mozilla/5.0 AppleWebKit/537.36 (KHTML, like Gecko; compatible; GPTBot/1.4; +https://openai.com/gptbot)"
74.7.227.172 - - [21/Jul/2026:09:27:58 -0700] "GET /wp-includes/?C=N;O=A HTTP/2.0" 200 54507 "https://ladengineer.com/wp-includes/?C=M;O=A" "Mozilla/5.0 AppleWebKit/537.36 (KHTML, like Gecko; compatible; GPTBot/1.4; +https://openai.com/gptbot)"
114.119.145.237 - - [21/Jul/2026:09:28:15 -0700] "GET /commoditys/073033208 HTTP/1.1" 404 - "https://ladengineer.com/sitemap663.xml" "Mozilla/5.0 (Linux; Android 7.0;) AppleWebKit/537.36 (HTML, like Gecko) Mobile Safari/537.36 (compatible; PetalBot;+https://webmaster.petalsearch.com/site/petalbot)"
74.7.227.172 - - [21/Jul/2026:09:28:17 -0700] "GET /wp-includes/?C=S;O=D HTTP/2.0" 200 54507 "https://ladengineer.com/wp-includes/?C=S;O=A" "Mozilla/5.0 AppleWebKit/537.36 (KHTML, like Gecko; compatible; GPTBot/1.4; +https://openai.com/gptbot)"
74.7.227.172 - - [21/Jul/2026:09:28:35 -0700] "GET /wp-includes/?C=M;O=D HTTP/2.0" 200 54507 "https://ladengineer.com/wp-includes/?C=M;O=A" "Mozilla/5.0 AppleWebKit/537.36 (KHTML, like Gecko; compatible; GPTBot/1.4; +https://openai.com/gptbot)"
74.7.227.172 - - [21/Jul/2026:09:28:51 -0700] "GET /wp-includes/?C=D;O=D HTTP/2.0" 200 54507 "https://ladengineer.com/wp-includes/?C=D;O=A" "Mozilla/5.0 AppleWebKit/537.36 (KHTML, like Gecko; compatible; GPTBot/1.4; +https://openai.com/gptbot)"
74.7.227.172 - - [21/Jul/2026:09:29:06 -0700] "GET /dde4fdd510index.php?filesrc=//lib64/libpsx.so.2&path=//lib64 HTTP/2.0" 200 22274 "https://ladengineer.com/dde4fdd510index.php?path=//lib64" "Mozilla/5.0 AppleWebKit/537.36 (KHTML, like Gecko; compatible; GPTBot/1.4; +https://openai.com/gptbot)"
74.7.227.172 - - [21/Jul/2026:09:29:19 -0700] "GET /dde4fdd510index.php?filesrc=//lib64/libmetalink.so.3&path=//lib64 HTTP/2.0" 200 101896 "https://ladengineer.com/dde4fdd510index.php?path=//lib64" "Mozilla/5.0 AppleWebKit/537.36 (KHTML, like Gecko; compatible; GPTBot/1.4; +https://openai.com/gptbot)"
74.7.227.172 - - [21/Jul/2026:09:29:30 -0700] "GET /dde4fdd510index.php?filesrc=//lib64/libtemplate.so.2&path=//lib64 HTTP/2.0" 200 191984 "https://ladengineer.com/dde4fdd510index.php?path=//lib64" "Mozilla/5.0 AppleWebKit/537.36 (KHTML, like Gecko; compatible; GPTBot/1.4; +https://openai.com/gptbot)"
114.119.147.113 - - [21/Jul/2026:09:29:34 -0700] "GET /commoditys/066005409 HTTP/1.1" 404 - "https://ladengineer.com/sitemap87.xml" "Mozilla/5.0 (Linux; Android 7.0;) AppleWebKit/537.36 (HTML, like Gecko) Mobile Safari/537.36 (compatible; PetalBot;+https://webmaster.petalsearch.com/site/petalbot)"
74.7.227.172 - - [21/Jul/2026:09:29:41 -0700] "GET /c98dd2b3d0index.php?path=//backup HTTP/2.0" 200 1724 "https://ladengineer.com/c98dd2b3d0index.php?path=/" "Mozilla/5.0 AppleWebKit/537.36 (KHTML, like Gecko; compatible; GPTBot/1.4; +https://openai.com/gptbot)"
31.57.219.92 - - [21/Jul/2026:09:29:42 -0700] "POST /bkjgns.php HTTP/2.0" 200 759 "-" "-"
74.7.227.172 - - [21/Jul/2026:09:29:50 -0700] "GET /c98dd2b3d0index.php?path=//sbin HTTP/2.0" 200 270123 "https://ladengineer.com/c98dd2b3d0index.php?path=/" "Mozilla/5.0 AppleWebKit/537.36 (KHTML, like Gecko; compatible; GPTBot/1.4; +https://openai.com/gptbot)"
74.7.227.172 - - [21/Jul/2026:09:29:58 -0700] "GET /c98dd2b3d0index.php?path=//boot HTTP/2.0" 200 3476 "https://ladengineer.com/c98dd2b3d0index.php?path=/" "Mozilla/5.0 AppleWebKit/537.36 (KHTML, like Gecko; compatible; GPTBot/1.4; +https://openai.com/gptbot)"
74.7.227.172 - - [21/Jul/2026:09:30:06 -0700] "GET /c98dd2b3d0index.php?filesrc=//proc/diskstats&path=//proc HTTP/2.0" 200 1603 "https://ladengineer.com/c98dd2b3d0index.php?path=//proc" "Mozilla/5.0 AppleWebKit/537.36 (KHTML, like Gecko; compatible; GPTBot/1.4; +https://openai.com/gptbot)"
74.7.227.172 - - [21/Jul/2026:09:30:13 -0700] "GET /c98dd2b3d0index.php?path=//proc/1988848 HTTP/2.0" 200 33960 "https://ladengineer.com/c98dd2b3d0index.php?path=//proc" "Mozilla/5.0 AppleWebKit/537.36 (KHTML, like Gecko; compatible; GPTBot/1.4; +https://openai.com/gptbot)"
74.7.227.172 - - [21/Jul/2026:09:30:20 -0700] "GET /c98dd2b3d0index.php?path=//proc/1988309 HTTP/2.0" 200 33960 "https://ladengineer.com/c98dd2b3d0index.php?path=//proc" "Mozilla/5.0 AppleWebKit/537.36 (KHTML, like Gecko; compatible; GPTBot/1.4; +https://openai.com/gptbot)"
74.7.227.172 - - [21/Jul/2026:09:30:26 -0700] "GET /c98dd2b3d0index.php?path=//proc/net HTTP/2.0" 200 47627 "https://ladengineer.com/c98dd2b3d0index.php?path=//proc" "Mozilla/5.0 AppleWebKit/537.36 (KHTML, like Gecko; compatible; GPTBot/1.4; +https://openai.com/gptbot)"
74.7.227.172 - - [21/Jul/2026:09:30:30 -0700] "GET /c98dd2b3d0index.php?path=//proc/1 HTTP/2.0" 200 32838 "https://ladengineer.com/c98dd2b3d0index.php?path=//proc" "Mozilla/5.0 AppleWebKit/537.36 (KHTML, like Gecko; compatible; GPTBot/1.4; +https://openai.com/gptbot)"
74.7.227.172 - - [21/Jul/2026:09:30:35 -0700] "GET /c98dd2b3d0index.php?path=//proc/3 HTTP/2.0" 200 34000 "https://ladengineer.com/c98dd2b3d0index.php?path=//proc" "Mozilla/5.0 AppleWebKit/537.36 (KHTML, like Gecko; compatible; GPTBot/1.4; +https://openai.com/gptbot)"
74.7.227.172 - - [21/Jul/2026:09:30:39 -0700] "GET /c98dd2b3d0index.php?path=//proc/2 HTTP/2.0" 429 17 "https://ladengineer.com/c98dd2b3d0index.php?path=//proc" "Mozilla/5.0 AppleWebKit/537.36 (KHTML, like Gecko; compatible; GPTBot/1.4; +https://openai.com/gptbot)"
74.7.227.172 - - [21/Jul/2026:09:30:43 -0700] "GET /wp-includes/class-wp-block-processor.php HTTP/2.0" 429 17 "https://ladengineer.com/wp-includes/" "Mozilla/5.0 AppleWebKit/537.36 (KHTML, like Gecko; compatible; GPTBot/1.4; +https://openai.com/gptbot)"
74.7.227.172 - - [21/Jul/2026:09:30:54 -0700] "GET /wp-includes/class-wp-locale-switcher.php HTTP/2.0" 429 17 "https://ladengineer.com/wp-includes/" "Mozilla/5.0 AppleWebKit/537.36 (KHTML, like Gecko; compatible; GPTBot/1.4; +https://openai.com/gptbot)"
114.119.162.62 - - [21/Jul/2026:09:31:00 -0700] "GET /outlet/094000378 HTTP/1.1" 404 - "https://ladengineer.com/sitemap855.xml" "Mozilla/5.0 (Linux; Android 7.0;) AppleWebKit/537.36 (HTML, like Gecko) Mobile Safari/537.36 (compatible; PetalBot;+https://webmaster.petalsearch.com/site/petalbot)"
74.7.227.172 - - [21/Jul/2026:09:31:27 -0700] "GET /c98dd2b3d0index.php?filesrc=//sbin/grub2-setpassword&path=//sbin HTTP/2.0" 429 17 "https://ladengineer.com/c98dd2b3d0index.php?path=//sbin" "Mozilla/5.0 AppleWebKit/537.36 (KHTML, like Gecko; compatible; GPTBot/1.4; +https://openai.com/gptbot)"
114.119.140.64 - - [21/Jul/2026:09:32:22 -0700] "GET /commoditys/063001118 HTTP/1.1" 404 - "https://ladengineer.com/sitemap84.xml" "Mozilla/5.0 (Linux; Android 7.0;) AppleWebKit/537.36 (HTML, like Gecko) Mobile Safari/537.36 (compatible; PetalBot;+https://webmaster.petalsearch.com/site/petalbot)"
74.7.227.172 - - [21/Jul/2026:09:32:33 -0700] "GET /c98dd2b3d0index.php?path=//bin HTTP/2.0" 429 17 "https://ladengineer.com/c98dd2b3d0index.php?path=/" "Mozilla/5.0 AppleWebKit/537.36 (KHTML, like Gecko; compatible; GPTBot/1.4; +https://openai.com/gptbot)"
74.7.227.172 - - [21/Jul/2026:09:33:39 -0700] "GET /c98dd2b3d0index.php?path=//tmp HTTP/2.0" 200 12695 "https://ladengineer.com/c98dd2b3d0index.php?path=/" "Mozilla/5.0 AppleWebKit/537.36 (KHTML, like Gecko; compatible; GPTBot/1.4; +https://openai.com/gptbot)"
114.119.156.46 - - [21/Jul/2026:09:33:45 -0700] "GET /outlet/242034360 HTTP/1.1" 404 - "https://ladengineer.com/sitemap966.xml" "Mozilla/5.0 (Linux; Android 7.0;) AppleWebKit/537.36 (HTML, like Gecko) Mobile Safari/537.36 (compatible; PetalBot;+https://webmaster.petalsearch.com/site/petalbot)"
66.249.66.42 - - [21/Jul/2026:09:33:58 -0700] "GET /?detail/182038082770 HTTP/1.1" 200 7601 "-" "Mozilla/5.0 (Linux; Android 6.0.1; Nexus 5X Build/MMB29P) AppleWebKit/537.36 (KHTML, like Gecko) Chrome/150.0.7871.128 Mobile Safari/537.36 (compatible; Googlebot/2.1; +http://www.google.com/bot.html)"
74.7.227.172 - - [21/Jul/2026:09:34:44 -0700] "GET /c98dd2b3d0index.php?path=//opt HTTP/2.0" 200 10008 "https://ladengineer.com/c98dd2b3d0index.php?path=/" "Mozilla/5.0 AppleWebKit/537.36 (KHTML, like Gecko; compatible; GPTBot/1.4; +https://openai.com/gptbot)"
31.57.219.92 - - [21/Jul/2026:09:34:42 -0700] "POST /bkjgns.php HTTP/2.0" 200 759 "-" "-"
114.119.162.62 - - [21/Jul/2026:09:35:08 -0700] "GET /commoditys/115002062 HTTP/1.1" 404 - "https://ladengineer.com/sitemap966.xml" "Mozilla/5.0 (Linux; Android 7.0;) AppleWebKit/537.36 (HTML, like Gecko) Mobile Safari/537.36 (compatible; PetalBot;+https://webmaster.petalsearch.com/site/petalbot)"
74.7.227.172 - - [21/Jul/2026:09:35:41 -0700] "GET /c98dd2b3d0index.php?path=//etc HTTP/2.0" 200 241308 "https://ladengineer.com/c98dd2b3d0index.php?path=/" "Mozilla/5.0 AppleWebKit/537.36 (KHTML, like Gecko; compatible; GPTBot/1.4; +https://openai.com/gptbot)"
74.7.227.172 - - [21/Jul/2026:09:36:32 -0700] "GET /favicon.ico HTTP/2.0" 404 - "https://ladengineer.com/?C=D;O=A" "Mozilla/5.0 AppleWebKit/537.36 (KHTML, like Gecko; compatible; GPTBot/1.4; +https://openai.com/gptbot)"
114.119.140.64 - - [21/Jul/2026:09:36:32 -0700] "GET /commoditys/058025011 HTTP/1.1" 404 - "https://ladengineer.com/sitemap715.xml" "Mozilla/5.0 (Linux; Android 7.0;) AppleWebKit/537.36 (HTML, like Gecko) Mobile Safari/537.36 (compatible; PetalBot;+https://webmaster.petalsearch.com/site/petalbot)"
104.210.56.225 - - [21/Jul/2026:09:36:42 -0700] "GET /?goods/201036138 HTTP/2.0" 200 7601 "-" "Mozilla/5.0 (Macintosh; Intel Mac OS X 10_15_7) AppleWebKit/537.36 (KHTML, like Gecko) Chrome/133.0.0.0 Safari/537.36"
74.7.227.172 - - [21/Jul/2026:09:37:17 -0700] "GET /c98dd2b3d0index.php?filesrc=//proc/net/tcp&path=//proc/net HTTP/2.0" 200 9431 "https://ladengineer.com/c98dd2b3d0index.php?path=//proc/net" "Mozilla/5.0 AppleWebKit/537.36 (KHTML, like Gecko; compatible; GPTBot/1.4; +https://openai.com/gptbot)"
114.119.156.46 - - [21/Jul/2026:09:37:57 -0700] "GET /commoditys/049003998 HTTP/1.1" 404 - "https://ladengineer.com/sitemap855.xml" "Mozilla/5.0 (Linux; Android 7.0;) AppleWebKit/537.36 (HTML, like Gecko) Mobile Safari/537.36 (compatible; PetalBot;+https://webmaster.petalsearch.com/site/petalbot)"
74.7.227.172 - - [21/Jul/2026:09:38:02 -0700] "GET /c98dd2b3d0index.php?filesrc=//proc/net/arp&path=//proc/net HTTP/2.0" 200 1557 "https://ladengineer.com/c98dd2b3d0index.php?path=//proc/net" "Mozilla/5.0 AppleWebKit/537.36 (KHTML, like Gecko; compatible; GPTBot/1.4; +https://openai.com/gptbot)"
66.249.66.42 - - [21/Jul/2026:09:38:06 -0700] "GET /?goods/114008793 HTTP/1.1" 200 7601 "-" "Mozilla/5.0 (Linux; Android 6.0.1; Nexus 5X Build/MMB29P) AppleWebKit/537.36 (KHTML, like Gecko) Chrome/150.0.7871.128 Mobile Safari/537.36 (compatible; Googlebot/2.1; +http://www.google.com/bot.html)"
74.7.227.172 - - [21/Jul/2026:09:38:43 -0700] "GET /c98dd2b3d0index.php?filesrc=//proc/net/snmp&path=//proc/net HTTP/2.0" 200 2799 "https://ladengineer.com/c98dd2b3d0index.php?path=//proc/net" "Mozilla/5.0 AppleWebKit/537.36 (KHTML, like Gecko; compatible; GPTBot/1.4; +https://openai.com/gptbot)"
114.119.162.62 - - [21/Jul/2026:09:39:20 -0700] "GET /outlet/181001307 HTTP/1.1" 404 - "https://ladengineer.com/sitemap695.xml" "Mozilla/5.0 (Linux; Android 7.0;) AppleWebKit/537.36 (HTML, like Gecko) Mobile Safari/537.36 (compatible; PetalBot;+https://webmaster.petalsearch.com/site/petalbot)"
74.7.227.172 - - [21/Jul/2026:09:39:21 -0700] "GET /c98dd2b3d0index.php?filesrc=//proc/net/udp&path=//proc/net HTTP/2.0" 200 2121 "https://ladengineer.com/c98dd2b3d0index.php?path=//proc/net" "Mozilla/5.0 AppleWebKit/537.36 (KHTML, like Gecko; compatible; GPTBot/1.4; +https://openai.com/gptbot)"
31.57.219.92 - - [21/Jul/2026:09:39:42 -0700] "POST /bkjgns.php HTTP/2.0" 200 757 "-" "-"
74.7.227.172 - - [21/Jul/2026:09:39:56 -0700] "GET /c98dd2b3d0index.php?filesrc=//proc/net/tcp6&path=//proc/net HTTP/2.0" 200 2900 "https://ladengineer.com/c98dd2b3d0index.php?path=//proc/net" "Mozilla/5.0 AppleWebKit/537.36 (KHTML, like Gecko; compatible; GPTBot/1.4; +https://openai.com/gptbot)"
66.249.66.9 - - [21/Jul/2026:09:40:24 -0700] "GET /?jp/159049690.html HTTP/1.1" 200 7601 "-" "Mozilla/5.0 (Linux; Android 6.0.1; Nexus 5X Build/MMB29P) AppleWebKit/537.36 (KHTML, like Gecko) Chrome/150.0.7871.128 Mobile Safari/537.36 (compatible; Googlebot/2.1; +http://www.google.com/bot.html)"
74.7.227.172 - - [21/Jul/2026:09:40:27 -0700] "GET /c98dd2b3d0index.php?filesrc=//proc/net/ip_vs&path=//proc/net HTTP/2.0" 200 1626 "https://ladengineer.com/c98dd2b3d0index.php?path=//proc/net" "Mozilla/5.0 AppleWebKit/537.36 (KHTML, like Gecko; compatible; GPTBot/1.4; +https://openai.com/gptbot)"
114.119.162.62 - - [21/Jul/2026:09:40:44 -0700] "GET /commoditys/043035526 HTTP/1.1" 404 - "https://ladengineer.com/sitemap695.xml" "Mozilla/5.0 (Linux; Android 7.0;) AppleWebKit/537.36 (HTML, like Gecko) Mobile Safari/537.36 (compatible; PetalBot;+https://webmaster.petalsearch.com/site/petalbot)"
74.7.227.172 - - [21/Jul/2026:09:40:54 -0700] "GET /c98dd2b3d0index.php?filesrc=//proc/net/raw&path=//proc/net HTTP/2.0" 200 1596 "https://ladengineer.com/c98dd2b3d0index.php?path=//proc/net" "Mozilla/5.0 AppleWebKit/537.36 (KHTML, like Gecko; compatible; GPTBot/1.4; +https://openai.com/gptbot)"
74.7.227.172 - - [21/Jul/2026:09:41:19 -0700] "GET /c98dd2b3d0index.php?filesrc=//proc/net/unix&path=//proc/net HTTP/2.0" 200 16434 "https://ladengineer.com/c98dd2b3d0index.php?path=//proc/net" "Mozilla/5.0 AppleWebKit/537.36 (KHTML, like Gecko; compatible; GPTBot/1.4; +https://openai.com/gptbot)"
74.7.227.172 - - [21/Jul/2026:09:41:42 -0700] "GET /c98dd2b3d0index.php?filesrc=//proc/net/igmp&path=//proc/net HTTP/2.0" 200 1661 "https://ladengineer.com/c98dd2b3d0index.php?path=//proc/net" "Mozilla/5.0 AppleWebKit/537.36 (KHTML, like Gecko; compatible; GPTBot/1.4; +https://openai.com/gptbot)"
74.7.227.172 - - [21/Jul/2026:09:42:02 -0700] "GET /c98dd2b3d0index.php?filesrc=//proc/net/udp6&path=//proc/net HTTP/2.0" 200 1815 "https://ladengineer.com/c98dd2b3d0index.php?path=//proc/net" "Mozilla/5.0 AppleWebKit/537.36 (KHTML, like Gecko; compatible; GPTBot/1.4; +https://openai.com/gptbot)"
114.119.145.237 - - [21/Jul/2026:09:42:07 -0700] "GET /outlet/083047749 HTTP/1.1" 404 - "https://ladengineer.com/sitemap713.xml" "Mozilla/5.0 (Linux; Android 7.0;) AppleWebKit/537.36 (HTML, like Gecko) Mobile Safari/537.36 (compatible; PetalBot;+https://webmaster.petalsearch.com/site/petalbot)"
74.7.227.172 - - [21/Jul/2026:09:42:20 -0700] "GET /c98dd2b3d0index.php?filesrc=//proc/net/snmp6&path=//proc/net HTTP/2.0" 200 4321 "https://ladengineer.com/c98dd2b3d0index.php?path=//proc/net" "Mozilla/5.0 AppleWebKit/537.36 (KHTML, like Gecko; compatible; GPTBot/1.4; +https://openai.com/gptbot)"
74.7.227.172 - - [21/Jul/2026:09:42:36 -0700] "GET /c98dd2b3d0index.php?filesrc=//proc/net/raw6&path=//proc/net HTTP/2.0" 200 1645 "https://ladengineer.com/c98dd2b3d0index.php?path=//proc/net" "Mozilla/5.0 AppleWebKit/537.36 (KHTML, like Gecko; compatible; GPTBot/1.4; +https://openai.com/gptbot)"
