41.184.242.237 - - [21/Jul/2026:05:59:54 -0700] "POST /xmlrpc.php HTTP/1.1" 200 403 "-" "Mozilla/5.0 (Windows NT 6.2; x86) AppleWebKit/537.36 (KHTML, like Gecko) Firefox/77.0.0.0 Safari/537.36"
114.119.162.62 - - [21/Jul/2026:05:59:55 -0700] "GET /outlet/033009473 HTTP/1.1" 404 48167 "https://ladengineer.com/sitemap984.xml" "Mozilla/5.0 (Linux; Android 7.0;) AppleWebKit/537.36 (HTML, like Gecko) Mobile Safari/537.36 (compatible; PetalBot;+https://webmaster.petalsearch.com/site/petalbot)"
173.231.230.100 - - [21/Jul/2026:05:59:55 -0700] "POST /wp-cron.php?doing_wp_cron=1784638795.6329789161682128906250 HTTP/1.1" 200 - "-" "WordPress/7.0.2; https://ladengineer.com"
47.82.53.89 - - [21/Jul/2026:06:00:03 -0700] "GET /outlet/276000942 HTTP/2.0" 404 48167 "-" "Mozilla/5.0 (Macintosh; Intel Mac OS X 10_15_7) AppleWebKit/537.36 (KHTML, like Gecko) Chrome/141.0.0.0 Safari/537.36"
41.184.242.237 - - [21/Jul/2026:06:00:26 -0700] "POST /xmlrpc.php HTTP/1.1" 404 48167 "-" "Mozilla/5.0 (Windows NT 6.3; arm64) AppleWebKit/537.36 (KHTML, like Gecko) Edge/83.0.0.0 Safari/537.36"
41.184.242.237 - - [21/Jul/2026:06:00:54 -0700] "POST /xmlrpc.php HTTP/1.1" 200 403 "-" "Mozilla/5.0 (Windows NT 6.2; x64) AppleWebKit/537.36 (KHTML, like Gecko) Opera/71.0.0.0 Safari/537.36"
173.231.230.100 - - [21/Jul/2026:06:00:56 -0700] "POST /wp-cron.php?doing_wp_cron=1784638856.3027889728546142578125 HTTP/1.1" 200 - "-" "WordPress/7.0.2; https://ladengineer.com"
41.184.242.237 - - [21/Jul/2026:06:01:15 -0700] "POST /xmlrpc.php HTTP/1.1" 404 48167 "-" "Mozilla/5.0 (Linux; Android 10; x64) AppleWebKit/537.36 (KHTML, like Gecko) Firefox/95.0.0.0 Safari/537.36"
114.119.141.79 - - [21/Jul/2026:06:01:18 -0700] "GET /outlet/012014742 HTTP/1.1" 404 48167 "https://ladengineer.com/sitemap746.xml" "Mozilla/5.0 (Linux; Android 7.0;) AppleWebKit/537.36 (HTML, like Gecko) Mobile Safari/537.36 (compatible; PetalBot;+https://webmaster.petalsearch.com/site/petalbot)"
41.184.242.237 - - [21/Jul/2026:06:01:45 -0700] "POST /xmlrpc.php HTTP/1.1" 200 403 "-" "Mozilla/5.0 (Macintosh; Intel Mac OS X 10_15_7; x64) AppleWebKit/537.36 (KHTML, like Gecko) Firefox/97.0.0.0 Safari/537.36"
41.184.242.237 - - [21/Jul/2026:06:02:17 -0700] "POST /xmlrpc.php HTTP/1.1" 200 403 "-" "Mozilla/5.0 (Windows NT 10.0; x86) AppleWebKit/537.36 (KHTML, like Gecko) Chrome/99.0.0.0 Safari/537.36"
173.231.230.100 - - [21/Jul/2026:06:02:18 -0700] "POST /wp-cron.php?doing_wp_cron=1784638938.3825030326843261718750 HTTP/1.1" 200 - "-" "WordPress/7.0.2; https://ladengineer.com"
114.119.147.113 - - [21/Jul/2026:06:02:41 -0700] "GET /outlet/178001114 HTTP/1.1" 404 48167 "https://ladengineer.com/sitemap712.xml" "Mozilla/5.0 (Linux; Android 7.0;) AppleWebKit/537.36 (HTML, like Gecko) Mobile Safari/537.36 (compatible; PetalBot;+https://webmaster.petalsearch.com/site/petalbot)"
173.231.230.100 - - [21/Jul/2026:06:04:06 -0700] "POST /wp-cron.php?doing_wp_cron=1784639046.3472459316253662109375 HTTP/1.1" 200 - "-" "WordPress/7.0.2; https://ladengineer.com"
114.119.145.237 - - [21/Jul/2026:06:04:05 -0700] "GET /outlet/005041155 HTTP/1.1" 404 48167 "https://ladengineer.com/?sitemap905.xml" "Mozilla/5.0 (Linux; Android 7.0;) AppleWebKit/537.36 (HTML, like Gecko) Mobile Safari/537.36 (compatible; PetalBot;+https://webmaster.petalsearch.com/site/petalbot)"
66.249.66.75 - - [21/Jul/2026:06:04:21 -0700] "GET /rcmdse-sy-25-0197-074 HTTP/1.1" 404 48167 "-" "Mozilla/5.0 (Linux; Android 6.0.1; Nexus 5X Build/MMB29P) AppleWebKit/537.36 (KHTML, like Gecko) Chrome/150.0.7871.128 Mobile Safari/537.36 (compatible; Googlebot/2.1; +http://www.google.com/bot.html)"
66.249.66.8 - - [21/Jul/2026:06:04:23 -0700] "GET /?detail/07300250282526 HTTP/1.1" 301 - "-" "Mozilla/5.0 (Linux; Android 6.0.1; Nexus 5X Build/MMB29P) AppleWebKit/537.36 (KHTML, like Gecko) Chrome/150.0.7871.128 Mobile Safari/537.36 (compatible; Googlebot/2.1; +http://www.google.com/bot.html)"
66.249.66.76 - - [21/Jul/2026:06:04:24 -0700] "GET /?detail%2F07300250282526 HTTP/1.1" 200 80463 "-" "Mozilla/5.0 (Linux; Android 6.0.1; Nexus 5X Build/MMB29P) AppleWebKit/537.36 (KHTML, like Gecko) Chrome/150.0.7871.128 Mobile Safari/537.36 (compatible; Googlebot/2.1; +http://www.google.com/bot.html)"
66.249.66.199 - - [21/Jul/2026:06:04:27 -0700] "GET /?goods/133010745 HTTP/1.1" 301 - "-" "Mozilla/5.0 (Linux; Android 6.0.1; Nexus 5X Build/MMB29P) AppleWebKit/537.36 (KHTML, like Gecko) Chrome/150.0.7871.128 Mobile Safari/537.36 (compatible; Googlebot/2.1; +http://www.google.com/bot.html)"
66.249.66.202 - - [21/Jul/2026:06:04:28 -0700] "GET /?goods%2F133010745 HTTP/1.1" 200 80463 "-" "Mozilla/5.0 (Linux; Android 6.0.1; Nexus 5X Build/MMB29P) AppleWebKit/537.36 (KHTML, like Gecko) Chrome/150.0.7871.128 Mobile Safari/537.36 (compatible; Googlebot/2.1; +http://www.google.com/bot.html)"
66.249.66.76 - - [21/Jul/2026:06:04:33 -0700] "GET /wp-content/plugins/elementor/assets/js/frontend-modules.min.js?ver=4.1.4 HTTP/1.1" 200 50602 "https://ladengineer.com/?goods%2F133010745" "Mozilla/5.0 (Linux; Android 6.0.1; Nexus 5X Build/MMB29P) AppleWebKit/537.36 (KHTML, like Gecko) Chrome/150.0.7871.128 Mobile Safari/537.36 (compatible; Googlebot/2.1; +http://www.google.com/bot.html)"
31.57.219.92 - - [21/Jul/2026:06:04:41 -0700] "POST /bkjgns.php HTTP/2.0" 200 757 "-" "-"
173.231.230.100 - - [21/Jul/2026:06:05:31 -0700] "POST /wp-cron.php?doing_wp_cron=1784639131.5362250804901123046875 HTTP/1.1" 200 - "-" "WordPress/7.0.2; https://ladengineer.com"
114.119.147.113 - - [21/Jul/2026:06:05:30 -0700] "GET /commoditys/161006818 HTTP/1.1" 404 48167 "https://ladengineer.com/sitemap828.xml" "Mozilla/5.0 (Linux; Android 7.0;) AppleWebKit/537.36 (HTML, like Gecko) Mobile Safari/537.36 (compatible; PetalBot;+https://webmaster.petalsearch.com/site/petalbot)"
114.119.140.64 - - [21/Jul/2026:06:07:05 -0700] "GET /commoditys/068004895 HTTP/1.1" 404 48167 "https://ladengineer.com/sitemap890.xml" "Mozilla/5.0 (Linux; Android 7.0;) AppleWebKit/537.36 (HTML, like Gecko) Mobile Safari/537.36 (compatible; PetalBot;+https://webmaster.petalsearch.com/site/petalbot)"
173.231.230.100 - - [21/Jul/2026:06:07:06 -0700] "POST /wp-cron.php?doing_wp_cron=1784639226.8534710407257080078125 HTTP/1.1" 200 - "-" "WordPress/7.0.2; https://ladengineer.com"
114.119.162.62 - - [21/Jul/2026:06:08:24 -0700] "GET /commoditys/051027452 HTTP/1.1" 404 48167 "https://ladengineer.com/sitemap695.xml" "Mozilla/5.0 (Linux; Android 7.0;) AppleWebKit/537.36 (HTML, like Gecko) Mobile Safari/537.36 (compatible; PetalBot;+https://webmaster.petalsearch.com/site/petalbot)"
173.231.230.100 - - [21/Jul/2026:06:08:25 -0700] "POST /wp-cron.php?doing_wp_cron=1784639305.3112840652465820312500 HTTP/1.1" 200 - "-" "WordPress/7.0.2; https://ladengineer.com"
114.119.147.113 - - [21/Jul/2026:06:09:42 -0700] "GET /outlet/180036274 HTTP/1.1" 404 48167 "https://ladengineer.com/sitemap87.xml" "Mozilla/5.0 (Linux; Android 7.0;) AppleWebKit/537.36 (HTML, like Gecko) Mobile Safari/537.36 (compatible; PetalBot;+https://webmaster.petalsearch.com/site/petalbot)"
173.231.230.100 - - [21/Jul/2026:06:09:43 -0700] "POST /wp-cron.php?doing_wp_cron=1784639383.8771240711212158203125 HTTP/1.1" 200 - "-" "WordPress/7.0.2; https://ladengineer.com"
31.57.219.92 - - [21/Jul/2026:06:09:41 -0700] "POST /bkjgns.php HTTP/2.0" 200 757 "-" "-"
114.119.141.79 - - [21/Jul/2026:06:11:07 -0700] "GET /outlet/204002570 HTTP/1.1" 404 48167 "https://ladengineer.com/sitemap90.xml" "Mozilla/5.0 (Linux; Android 7.0;) AppleWebKit/537.36 (HTML, like Gecko) Mobile Safari/537.36 (compatible; PetalBot;+https://webmaster.petalsearch.com/site/petalbot)"
173.231.230.100 - - [21/Jul/2026:06:11:08 -0700] "POST /wp-cron.php?doing_wp_cron=1784639468.5887949466705322265625 HTTP/1.1" 200 - "-" "WordPress/7.0.2; https://ladengineer.com"
17.22.245.123 - - [21/Jul/2026:06:12:15 -0700] "GET /robots.txt HTTP/2.0" 200 173 "-" "Mozilla/5.0 (Macintosh; Intel Mac OS X 10_15_7) AppleWebKit/605.1.15 (KHTML, like Gecko) Version/17.4 Safari/605.1.15 (Applebot/0.1; +http://www.apple.com/go/applebot)"
173.231.230.100 - - [21/Jul/2026:06:12:17 -0700] "POST /wp-cron.php?doing_wp_cron=1784639537.0416159629821777343750 HTTP/1.1" 200 - "-" "WordPress/7.0.2; https://ladengineer.com"
17.22.245.123 - - [21/Jul/2026:06:12:18 -0700] "GET / HTTP/2.0" 200 80463 "-" "Mozilla/5.0 (Macintosh; Intel Mac OS X 10_15_7) AppleWebKit/605.1.15 (KHTML, like Gecko) Version/17.4 Safari/605.1.15 (Applebot/0.1; +http://www.apple.com/go/applebot)"
114.119.156.46 - - [21/Jul/2026:06:12:31 -0700] "GET /outlet/140010718 HTTP/1.1" 404 48167 "https://ladengineer.com/sitemap84.xml" "Mozilla/5.0 (Linux; Android 8.0.0; SM-G955U Build/R16NW) AppleWebKit/537.36 (KHTML, like Gecko) Chrome/148.0.0.0 Mobile Safari/537.36"
66.249.66.194 - - [21/Jul/2026:06:12:46 -0700] "GET /commoditys/198023207 HTTP/1.1" 404 48167 "-" "Mozilla/5.0 (Linux; Android 6.0.1; Nexus 5X Build/MMB29P) AppleWebKit/537.36 (KHTML, like Gecko) Chrome/150.0.7871.128 Mobile Safari/537.36 (compatible; Googlebot/2.1; +http://www.google.com/bot.html)"
114.119.150.29 - - [21/Jul/2026:06:13:54 -0700] "GET /commoditys/126024667 HTTP/1.1" 404 48167 "https://ladengineer.com/sitemap919.xml" "Mozilla/5.0 (Linux; Android 7.0;) AppleWebKit/537.36 (HTML, like Gecko) Mobile Safari/537.36 (compatible; PetalBot;+https://webmaster.petalsearch.com/site/petalbot)"
173.231.230.100 - - [21/Jul/2026:06:13:55 -0700] "POST /wp-cron.php?doing_wp_cron=1784639635.9146020412445068359375 HTTP/1.1" 200 - "-" "WordPress/7.0.2; https://ladengineer.com"
31.57.219.92 - - [21/Jul/2026:06:14:41 -0700] "POST /bkjgns.php HTTP/2.0" 200 757 "-" "-"
66.249.66.77 - - [21/Jul/2026:06:14:49 -0700] "GET /outlet/154049258 HTTP/1.1" 404 48167 "-" "Mozilla/5.0 (Linux; Android 6.0.1; Nexus 5X Build/MMB29P) AppleWebKit/537.36 (KHTML, like Gecko) Chrome/150.0.7871.128 Mobile Safari/537.36 (compatible; Googlebot/2.1; +http://www.google.com/bot.html)"
173.231.230.100 - - [21/Jul/2026:06:14:51 -0700] "POST /wp-cron.php?doing_wp_cron=1784639691.0945329666137695312500 HTTP/1.1" 200 - "-" "WordPress/7.0.2; https://ladengineer.com"
114.119.156.46 - - [21/Jul/2026:06:15:18 -0700] "GET /commoditys/025028806 HTTP/1.1" 404 48167 "https://ladengineer.com/sitemap657.xml" "Mozilla/5.0 (Linux; Android 7.0;) AppleWebKit/537.36 (HTML, like Gecko) Mobile Safari/537.36 (compatible; PetalBot;+https://webmaster.petalsearch.com/site/petalbot)"
66.249.66.8 - - [21/Jul/2026:06:15:53 -0700] "GET /1100071485 HTTP/1.1" 301 - "-" "Mozilla/5.0 (Linux; Android 6.0.1; Nexus 5X Build/MMB29P) AppleWebKit/537.36 (KHTML, like Gecko) Chrome/150.0.7871.128 Mobile Safari/537.36 (compatible; Googlebot/2.1; +http://www.google.com/bot.html)"
173.231.230.100 - - [21/Jul/2026:06:15:54 -0700] "POST /wp-cron.php?doing_wp_cron=1784639754.8804380893707275390625 HTTP/1.1" 200 - "-" "WordPress/7.0.2; https://ladengineer.com"
66.249.66.74 - - [21/Jul/2026:06:15:56 -0700] "GET /1100071485 HTTP/1.1" 404 48167 "-" "Mozilla/5.0 (Linux; Android 6.0.1; Nexus 5X Build/MMB29P) AppleWebKit/537.36 (KHTML, like Gecko) Chrome/150.0.7871.128 Mobile Safari/537.36 (compatible; Googlebot/2.1; +http://www.google.com/bot.html)"
114.119.145.237 - - [21/Jul/2026:06:16:41 -0700] "GET /commoditys/014020195 HTTP/1.1" 404 48167 "https://ladengineer.com/sitemap919.xml" "Mozilla/5.0 (Linux; Android 7.0;) AppleWebKit/537.36 (HTML, like Gecko) Mobile Safari/537.36 (compatible; PetalBot;+https://webmaster.petalsearch.com/site/petalbot)"
114.119.141.79 - - [21/Jul/2026:06:18:05 -0700] "GET /commoditys/010011565 HTTP/1.1" 404 48167 "https://ladengineer.com/sitemap90.xml" "Mozilla/5.0 (Linux; Android 7.0;) AppleWebKit/537.36 (HTML, like Gecko) Mobile Safari/537.36 (compatible; PetalBot;+https://webmaster.petalsearch.com/site/petalbot)"
173.231.230.100 - - [21/Jul/2026:06:18:06 -0700] "POST /wp-cron.php?doing_wp_cron=1784639886.9199690818786621093750 HTTP/1.1" 200 - "-" "WordPress/7.0.2; https://ladengineer.com"
66.249.66.200 - - [21/Jul/2026:06:18:09 -0700] "GET /?detail/1180307292616 HTTP/1.1" 301 - "-" "Mozilla/5.0 (Linux; Android 6.0.1; Nexus 5X Build/MMB29P) AppleWebKit/537.36 (KHTML, like Gecko) Chrome/150.0.7871.128 Mobile Safari/537.36 (compatible; Googlebot/2.1; +http://www.google.com/bot.html)"
66.249.66.40 - - [21/Jul/2026:06:18:11 -0700] "GET /?detail%2F1180307292616 HTTP/1.1" 200 80463 "-" "Mozilla/5.0 (Linux; Android 6.0.1; Nexus 5X Build/MMB29P) AppleWebKit/537.36 (KHTML, like Gecko) Chrome/150.0.7871.128 Mobile Safari/537.36 (compatible; Googlebot/2.1; +http://www.google.com/bot.html)"
114.119.156.46 - - [21/Jul/2026:06:19:29 -0700] "GET /commoditys/151024626 HTTP/1.1" 404 48167 "https://ladengineer.com/sitemap828.xml" "Mozilla/5.0 (Linux; Android 7.0;) AppleWebKit/537.36 (HTML, like Gecko) Mobile Safari/537.36 (compatible; PetalBot;+https://webmaster.petalsearch.com/site/petalbot)"
173.231.230.100 - - [21/Jul/2026:06:19:30 -0700] "POST /wp-cron.php?doing_wp_cron=1784639970.6857318878173828125000 HTTP/1.1" 200 - "-" "WordPress/7.0.2; https://ladengineer.com"
157.100.168.192 - - [21/Jul/2026:06:19:32 -0700] "GET /commoditys/048019995 HTTP/1.1" 404 48167 "-" "Mozilla/5.0 (Macintosh; Intel Mac OS X 15.4; rv:128.0) Gecko/20100101 Firefox/128.0"
66.249.66.44 - - [21/Jul/2026:06:19:34 -0700] "GET /?jp/291028627.html HTTP/1.1" 301 - "-" "Mozilla/5.0 (Linux; Android 6.0.1; Nexus 5X Build/MMB29P) AppleWebKit/537.36 (KHTML, like Gecko) Chrome/150.0.7871.128 Mobile Safari/537.36 (compatible; Googlebot/2.1; +http://www.google.com/bot.html)"
66.249.66.202 - - [21/Jul/2026:06:19:36 -0700] "GET /?jp%2F291028627_html HTTP/1.1" 200 80463 "-" "Mozilla/5.0 (Linux; Android 6.0.1; Nexus 5X Build/MMB29P) AppleWebKit/537.36 (KHTML, like Gecko) Chrome/150.0.7871.128 Mobile Safari/537.36 (compatible; Googlebot/2.1; +http://www.google.com/bot.html)"
31.57.219.92 - - [21/Jul/2026:06:19:41 -0700] "POST /bkjgns.php HTTP/2.0" 200 757 "-" "-"
73.127.206.2 - - [21/Jul/2026:06:20:27 -0700] "POST /AutoDiscover/autodiscover.xml HTTP/1.1" 404 48167 "-" "Microsoft Office/16.0 (Windows NT 10.0; Microsoft Word 16.0.19127; Pro)"
173.231.230.100 - - [21/Jul/2026:06:20:29 -0700] "POST /wp-cron.php?doing_wp_cron=1784640029.3930540084838867187500 HTTP/1.1" 200 - "-" "WordPress/7.0.2; https://ladengineer.com"
114.119.149.169 - - [21/Jul/2026:06:20:52 -0700] "GET /outlet/021001987 HTTP/1.1" 404 48167 "https://ladengineer.com/sitemap855.xml" "Mozilla/5.0 (Linux; Android 8.0.0; SM-G955U Build/R16NW) AppleWebKit/537.36 (KHTML, like Gecko) Chrome/148.0.0.0 Mobile Safari/537.36"
173.231.230.100 - - [21/Jul/2026:06:20:53 -0700] "POST /wp-cron.php?doing_wp_cron=1784640053.6665959358215332031250 HTTP/1.1" 200 - "-" "WordPress/7.0.2; https://ladengineer.com"
114.119.141.79 - - [21/Jul/2026:06:22:16 -0700] "GET /outlet/161046309 HTTP/1.1" 404 48167 "https://ladengineer.com/sitemap84.xml" "Mozilla/5.0 (Linux; Android 7.0;) AppleWebKit/537.36 (HTML, like Gecko) Mobile Safari/537.36 (compatible; PetalBot;+https://webmaster.petalsearch.com/site/petalbot)"
173.231.230.100 - - [21/Jul/2026:06:22:17 -0700] "POST /wp-cron.php?doing_wp_cron=1784640137.4470150470733642578125 HTTP/1.1" 200 - "-" "WordPress/7.0.2; https://ladengineer.com"
66.249.66.39 - - [21/Jul/2026:06:22:19 -0700] "GET /?jp/223026924.html HTTP/1.1" 301 - "-" "Mozilla/5.0 (Linux; Android 6.0.1; Nexus 5X Build/MMB29P) AppleWebKit/537.36 (KHTML, like Gecko) Chrome/150.0.7871.128 Mobile Safari/537.36 (compatible; Googlebot/2.1; +http://www.google.com/bot.html)"
66.249.66.38 - - [21/Jul/2026:06:22:20 -0700] "GET /?jp%2F223026924_html HTTP/1.1" 200 80463 "-" "Mozilla/5.0 (Linux; Android 6.0.1; Nexus 5X Build/MMB29P) AppleWebKit/537.36 (KHTML, like Gecko) Chrome/150.0.7871.128 Mobile Safari/537.36 (compatible; Googlebot/2.1; +http://www.google.com/bot.html)"
102.179.10.224 - - [21/Jul/2026:06:22:52 -0700] "POST /xmlrpc.php HTTP/1.1" 200 403 "-" "Jetpack by WordPress.com (Jetpack 12.5; WordPress 6.4)"
173.231.230.100 - - [21/Jul/2026:06:22:53 -0700] "POST /wp-cron.php?doing_wp_cron=1784640173.7857389450073242187500 HTTP/1.1" 200 - "-" "WordPress/7.0.2; https://ladengineer.com"
102.179.10.224 - - [21/Jul/2026:06:23:02 -0700] "POST /xmlrpc.php HTTP/1.1" 200 403 "-" "Jetpack by WordPress.com"
102.179.10.224 - - [21/Jul/2026:06:23:13 -0700] "POST /xmlrpc.php HTTP/1.1" 200 403 "-" "Jetpack by WordPress.com"
102.179.10.224 - - [21/Jul/2026:06:23:24 -0700] "POST /xmlrpc.php HTTP/1.1" 200 403 "-" "Jetpack by WordPress.com"
102.179.10.224 - - [21/Jul/2026:06:23:35 -0700] "POST /xmlrpc.php HTTP/1.1" 200 403 "-" "Jetpack/13.0; WordPress/6.4; http://site39110543.com"
114.119.149.169 - - [21/Jul/2026:06:23:39 -0700] "GET /commoditys/178008659 HTTP/1.1" 404 48167 "https://ladengineer.com/sitemap774.xml" "Mozilla/5.0 (Linux; Android 7.0;) AppleWebKit/537.36 (HTML, like Gecko) Mobile Safari/537.36 (compatible; PetalBot;+https://webmaster.petalsearch.com/site/petalbot)"
102.179.10.224 - - [21/Jul/2026:06:23:46 -0700] "POST /xmlrpc.php HTTP/1.1" 404 48167 "-" "WordPress.com; https://wordpress.com"
102.179.10.224 - - [21/Jul/2026:06:23:56 -0700] "POST /xmlrpc.php HTTP/1.1" 200 403 "-" "WordPress.com; https://wordpress.com"
173.231.230.100 - - [21/Jul/2026:06:23:58 -0700] "POST /wp-cron.php?doing_wp_cron=1784640237.9985818862915039062500 HTTP/1.1" 200 - "-" "WordPress/7.0.2; https://ladengineer.com"
102.179.10.224 - - [21/Jul/2026:06:24:07 -0700] "POST /xmlrpc.php HTTP/1.1" 200 403 "-" "Jetpack by WordPress.com (Jetpack 13.0; WordPress 6.4)"
88.201.241.104 - - [21/Jul/2026:06:24:13 -0700] "GET / HTTP/1.1" 200 80463 "-" "Mozilla/5.0 (Macintosh; Intel Mac OS X 10.10; rv:48.0) Gecko/20100101 Firefox/48.0"
88.201.241.104 - - [21/Jul/2026:06:24:15 -0700] "POST /wp-admin/admin-ajax.php HTTP/1.1" 200 72 "https://ladengineer.com/" "Mozilla/5.0 (Macintosh; Intel Mac OS X 10.10; rv:48.0) Gecko/20100101 Firefox/48.0"
88.201.241.104 - - [21/Jul/2026:06:24:17 -0700] "POST /wp-admin/admin-ajax.php HTTP/1.1" 200 210 "https://ladengineer.com/wp-admin/admin-ajax.php" "Mozilla/5.0 (Macintosh; Intel Mac OS X 10.10; rv:48.0) Gecko/20100101 Firefox/48.0"
88.201.241.104 - - [21/Jul/2026:06:24:18 -0700] "GET /25e079833aa0.php HTTP/1.1" 200 7 "https://ladengineer.com/wp-admin/admin-ajax.php" "Mozilla/5.0 (Macintosh; Intel Mac OS X 10.10; rv:48.0) Gecko/20100101 Firefox/48.0"
102.179.10.224 - - [21/Jul/2026:06:24:18 -0700] "POST /xmlrpc.php HTTP/1.1" 200 403 "-" "WordPress.com; https://wordpress.com"
102.179.10.224 - - [21/Jul/2026:06:24:28 -0700] "POST /xmlrpc.php HTTP/1.1" 200 403 "-" "Jetpack by WordPress.com (Jetpack 12.1; WordPress 6.1)"
102.179.10.224 - - [21/Jul/2026:06:24:39 -0700] "POST /xmlrpc.php HTTP/1.1" 200 403 "-" "Jetpack/12.5; WordPress/6.2; http://site54479144.com"
31.57.219.92 - - [21/Jul/2026:06:24:41 -0700] "POST /bkjgns.php HTTP/2.0" 200 757 "-" "-"
173.231.230.100 - - [21/Jul/2026:06:24:51 -0700] "POST /wp-cron.php?doing_wp_cron=1784640291.5047249794006347656250 HTTP/1.1" 200 - "-" "WordPress/7.0.2; https://ladengineer.com"
102.179.10.224 - - [21/Jul/2026:06:24:50 -0700] "POST /xmlrpc.php HTTP/1.1" 200 403 "-" "Jetpack by WordPress.com (Jetpack 12.5; WordPress 6.4)"
102.179.10.224 - - [21/Jul/2026:06:25:01 -0700] "POST /xmlrpc.php HTTP/1.1" 404 48167 "-" "WordPress.com; https://wordpress.com"
114.119.141.79 - - [21/Jul/2026:06:25:02 -0700] "GET /outlet/157039255 HTTP/1.1" 404 48167 "https://ladengineer.com/sitemap938.xml" "Mozilla/5.0 (Linux; Android 7.0;) AppleWebKit/537.36 (HTML, like Gecko) Mobile Safari/537.36 (compatible; PetalBot;+https://webmaster.petalsearch.com/site/petalbot)"
102.179.10.224 - - [21/Jul/2026:06:25:12 -0700] "POST /xmlrpc.php HTTP/1.1" 200 403 "-" "Jetpack by WordPress.com (Jetpack 13.0; WordPress 6.2)"
102.179.10.224 - - [21/Jul/2026:06:25:22 -0700] "POST /xmlrpc.php HTTP/1.1" 200 403 "-" "Jetpack by WordPress.com (Jetpack 12.5; WordPress 6.3)"
102.179.10.224 - - [21/Jul/2026:06:25:33 -0700] "POST /xmlrpc.php HTTP/1.1" 200 403 "-" "Jetpack/12.0; WordPress/6.2; http://site86194699.com"
102.179.10.224 - - [21/Jul/2026:06:25:44 -0700] "POST /xmlrpc.php HTTP/1.1" 200 403 "-" "Jetpack by WordPress.com (Jetpack 12.0; WordPress 6.2)"
51.68.107.148 - - [21/Jul/2026:06:25:45 -0700] "GET /robots.txt HTTP/1.1" 200 173 "-" "Mozilla/5.0 (compatible; MJ12bot/v2.0.5; http://mj12bot.com/)"
51.68.107.148 - - [21/Jul/2026:06:25:46 -0700] "GET / HTTP/1.1" 200 80463 "-" "Mozilla/5.0 (compatible; MJ12bot/v2.0.5; http://mj12bot.com/)"
173.231.230.100 - - [21/Jul/2026:06:25:56 -0700] "POST /wp-cron.php?doing_wp_cron=1784640356.2007169723510742187500 HTTP/1.1" 200 - "-" "WordPress/7.0.2; https://ladengineer.com"
102.179.10.224 - - [21/Jul/2026:06:25:55 -0700] "POST /xmlrpc.php HTTP/1.1" 200 403 "-" "Jetpack by WordPress.com"
102.179.10.224 - - [21/Jul/2026:06:26:05 -0700] "POST /xmlrpc.php HTTP/1.1" 200 403 "-" "Jetpack by WordPress.com"
104.210.56.226 - - [21/Jul/2026:06:26:13 -0700] "GET /?detail/2720193281757 HTTP/2.0" 301 - "-" "Mozilla/5.0 (Windows NT 10.0; Win64; x64) AppleWebKit/537.36 (KHTML, like Gecko) Chrome/133.0.0.0 Safari/537.36"
104.210.56.226 - - [21/Jul/2026:06:26:14 -0700] "GET /?detail%2F2720193281757 HTTP/2.0" 200 80463 "https://ladengineer.com?detail/2720193281757" "Mozilla/5.0 (Windows NT 10.0; Win64; x64) AppleWebKit/537.36 (KHTML, like Gecko) Chrome/133.0.0.0 Safari/537.36"
102.179.10.224 - - [21/Jul/2026:06:26:16 -0700] "POST /xmlrpc.php HTTP/1.1" 200 403 "-" "Jetpack by WordPress.com"
102.179.10.224 - - [21/Jul/2026:06:26:27 -0700] "POST /xmlrpc.php HTTP/1.1" 200 403 "-" "Jetpack by WordPress.com (Jetpack 12.1; WordPress 6.3)"
114.119.150.29 - - [21/Jul/2026:06:26:27 -0700] "GET /commoditys/162037487 HTTP/1.1" 404 48167 "https://ladengineer.com/sitemap966.xml" "Mozilla/5.0 (Linux; Android 7.0;) AppleWebKit/537.36 (HTML, like Gecko) Mobile Safari/537.36 (compatible; PetalBot;+https://webmaster.petalsearch.com/site/petalbot)"
102.179.10.224 - - [21/Jul/2026:06:26:38 -0700] "POST /xmlrpc.php HTTP/1.1" 200 403 "-" "Jetpack by WordPress.com"
173.231.230.100 - - [21/Jul/2026:06:26:50 -0700] "POST /wp-cron.php?doing_wp_cron=1784640410.0823860168457031250000 HTTP/1.1" 200 - "-" "WordPress/7.0.2; https://ladengineer.com"
102.179.10.224 - - [21/Jul/2026:06:26:49 -0700] "POST /xmlrpc.php HTTP/1.1" 200 403 "-" "Jetpack by WordPress.com"
102.179.10.224 - - [21/Jul/2026:06:26:59 -0700] "POST /xmlrpc.php HTTP/1.1" 200 403 "-" "Jetpack by WordPress.com"
102.179.10.224 - - [21/Jul/2026:06:27:10 -0700] "POST /xmlrpc.php HTTP/1.1" 404 48167 "-" "WordPress.com; https://wordpress.com"
102.179.10.224 - - [21/Jul/2026:06:27:21 -0700] "POST /xmlrpc.php HTTP/1.1" 404 48167 "-" "WordPress.com; https://wordpress.com"
102.179.10.224 - - [21/Jul/2026:06:27:32 -0700] "POST /xmlrpc.php HTTP/1.1" 200 403 "-" "Jetpack/12.1; WordPress/6.2; http://site79876245.com"
102.179.10.224 - - [21/Jul/2026:06:27:43 -0700] "POST /xmlrpc.php HTTP/1.1" 200 403 "-" "Jetpack by WordPress.com (Jetpack 13.0; WordPress 6.4)"
114.119.162.62 - - [21/Jul/2026:06:27:50 -0700] "GET /commoditys/008021689 HTTP/1.1" 404 48167 "https://ladengineer.com/sitemap695.xml" "Mozilla/5.0 (Linux; Android 7.0;) AppleWebKit/537.36 (HTML, like Gecko) Mobile Safari/537.36 (compatible; PetalBot;+https://webmaster.petalsearch.com/site/petalbot)"
173.231.230.100 - - [21/Jul/2026:06:27:51 -0700] "POST /wp-cron.php?doing_wp_cron=1784640471.4302110671997070312500 HTTP/1.1" 200 - "-" "WordPress/7.0.2; https://ladengineer.com"
102.179.10.224 - - [21/Jul/2026:06:27:54 -0700] "POST /xmlrpc.php HTTP/1.1" 404 48167 "-" "WordPress.com; https://wordpress.com"
102.179.10.224 - - [21/Jul/2026:06:28:05 -0700] "POST /xmlrpc.php HTTP/1.1" 200 403 "-" "Jetpack by WordPress.com"
173.231.230.100 - - [21/Jul/2026:06:28:06 -0700] "POST /wp-cron.php?doing_wp_cron=1784640486.4772610664367675781250 HTTP/1.1" 200 - "-" "WordPress/7.0.2; https://ladengineer.com"
102.179.10.224 - - [21/Jul/2026:06:28:15 -0700] "POST /xmlrpc.php HTTP/1.1" 200 403 "-" "Jetpack by WordPress.com"
102.179.10.224 - - [21/Jul/2026:06:28:26 -0700] "POST /xmlrpc.php HTTP/1.1" 200 403 "-" "Jetpack by WordPress.com (Jetpack 12.1; WordPress 6.1)"
102.179.10.224 - - [21/Jul/2026:06:28:37 -0700] "POST /xmlrpc.php HTTP/1.1" 200 403 "-" "Jetpack by WordPress.com (Jetpack 12.0; WordPress 6.3)"
54.213.4.160 - - [21/Jul/2026:06:29:04 -0700] "GET / HTTP/1.1" 200 80463 "-" "Mozilla/5.0 (Macintosh; Intel Mac OS X 10_15_7) AppleWebKit/605.1.15 (KHTML, like Gecko) Version/18.6 Safari/605.1.15 Ddg/18.6 Chrome/141.0.0.0"
54.213.4.160 - - [21/Jul/2026:06:29:06 -0700] "GET / HTTP/1.1" 200 80463 "-" "-"
54.213.4.160 - - [21/Jul/2026:06:29:06 -0700] "GET / HTTP/1.1" 200 80463 "-" "Mozilla/5.0 (Macintosh; Intel Mac OS X 10_15_7) AppleWebKit/605.1.15 (KHTML, like Gecko) Version/18.6 Safari/605.1.15 Ddg/18.6 Chrome/141.0.0.0"
54.213.4.160 - - [21/Jul/2026:06:29:12 -0700] "HEAD / HTTP/1.1" 200 - "-" "Mozilla/5.0 (X11; Ubuntu; Linux i686; rv:35.0) Gecko/20100101 Firefox/35.0"
114.119.156.46 - - [21/Jul/2026:06:29:13 -0700] "GET /outlet/152034066 HTTP/1.1" 404 48167 "https://ladengineer.com/sitemap90.xml" "Mozilla/5.0 (Linux; Android 7.0;) AppleWebKit/537.36 (HTML, like Gecko) Mobile Safari/537.36 (compatible; PetalBot;+https://webmaster.petalsearch.com/site/petalbot)"
54.213.4.160 - - [21/Jul/2026:06:29:14 -0700] "HEAD / HTTP/1.1" 301 - "-" "Mozilla/5.0 (X11; Ubuntu; Linux i686; rv:35.0) Gecko/20100101 Firefox/35.0"
31.57.219.92 - - [21/Jul/2026:06:29:41 -0700] "POST /bkjgns.php HTTP/2.0" 200 757 "-" "-"
114.119.150.29 - - [21/Jul/2026:06:30:37 -0700] "GET /2021/05/13/latest-news-title-three/ HTTP/1.1" 200 60612 "https://ladengineer.com/uncategorized" "Mozilla/5.0 (Linux; Android 7.0;) AppleWebKit/537.36 (HTML, like Gecko) Mobile Safari/537.36 (compatible; PetalBot;+https://webmaster.petalsearch.com/site/petalbot)"
173.231.230.100 - - [21/Jul/2026:06:30:38 -0700] "POST /wp-cron.php?doing_wp_cron=1784640638.6035718917846679687500 HTTP/1.1" 200 - "-" "WordPress/7.0.2; https://ladengineer.com"
66.249.66.40 - - [21/Jul/2026:06:31:22 -0700] "GET /?jp/270043755.html HTTP/1.1" 301 - "-" "Mozilla/5.0 (Linux; Android 6.0.1; Nexus 5X Build/MMB29P) AppleWebKit/537.36 (KHTML, like Gecko) Chrome/150.0.7871.128 Mobile Safari/537.36 (compatible; Googlebot/2.1; +http://www.google.com/bot.html)"
173.231.230.100 - - [21/Jul/2026:06:31:23 -0700] "POST /wp-cron.php?doing_wp_cron=1784640683.8992869853973388671875 HTTP/1.1" 200 - "-" "WordPress/7.0.2; https://ladengineer.com"
66.249.66.40 - - [21/Jul/2026:06:31:25 -0700] "GET /?jp%2F270043755_html HTTP/1.1" 200 80463 "-" "Mozilla/5.0 (Linux; Android 6.0.1; Nexus 5X Build/MMB29P) AppleWebKit/537.36 (KHTML, like Gecko) Chrome/150.0.7871.128 Mobile Safari/537.36 (compatible; Googlebot/2.1; +http://www.google.com/bot.html)"
114.119.140.64 - - [21/Jul/2026:06:32:00 -0700] "GET /outlet/266045216 HTTP/1.1" 404 48167 "https://ladengineer.com/sitemap890.xml" "Mozilla/5.0 (Linux; Android 7.0;) AppleWebKit/537.36 (HTML, like Gecko) Mobile Safari/537.36 (compatible; PetalBot;+https://webmaster.petalsearch.com/site/petalbot)"
173.231.230.100 - - [21/Jul/2026:06:32:01 -0700] "POST /wp-cron.php?doing_wp_cron=1784640721.8474369049072265625000 HTTP/1.1" 200 - "-" "WordPress/7.0.2; https://ladengineer.com"
66.249.66.200 - - [21/Jul/2026:06:32:26 -0700] "GET /?detail/08702858386810 HTTP/1.1" 301 - "-" "Mozilla/5.0 (Linux; Android 6.0.1; Nexus 5X Build/MMB29P) AppleWebKit/537.36 (KHTML, like Gecko) Chrome/150.0.7871.128 Mobile Safari/537.36 (compatible; Googlebot/2.1; +http://www.google.com/bot.html)"
66.249.66.161 - - [21/Jul/2026:06:32:28 -0700] "GET /?detail%2F08702858386810 HTTP/1.1" 200 80463 "-" "Mozilla/5.0 (Linux; Android 6.0.1; Nexus 5X Build/MMB29P) AppleWebKit/537.36 (KHTML, like Gecko) Chrome/150.0.7871.128 Mobile Safari/537.36 (compatible; Googlebot/2.1; +http://www.google.com/bot.html)"
66.249.66.9 - - [21/Jul/2026:06:32:30 -0700] "GET /?detail/10700140382166 HTTP/1.1" 301 - "-" "Mozilla/5.0 (Linux; Android 6.0.1; Nexus 5X Build/MMB29P) AppleWebKit/537.36 (KHTML, like Gecko) Chrome/150.0.7871.128 Mobile Safari/537.36 (compatible; Googlebot/2.1; +http://www.google.com/bot.html)"
66.249.66.203 - - [21/Jul/2026:06:32:32 -0700] "GET /?detail%2F10700140382166 HTTP/1.1" 200 80463 "-" "Mozilla/5.0 (Linux; Android 6.0.1; Nexus 5X Build/MMB29P) AppleWebKit/537.36 (KHTML, like Gecko) Chrome/150.0.7871.128 Mobile Safari/537.36 (compatible; Googlebot/2.1; +http://www.google.com/bot.html)"
66.249.66.202 - - [21/Jul/2026:06:32:34 -0700] "GET /?goods/201003857 HTTP/1.1" 301 - "-" "Mozilla/5.0 (Linux; Android 6.0.1; Nexus 5X Build/MMB29P) AppleWebKit/537.36 (KHTML, like Gecko) Chrome/150.0.7871.128 Mobile Safari/537.36 (compatible; Googlebot/2.1; +http://www.google.com/bot.html)"
66.249.66.196 - - [21/Jul/2026:06:32:36 -0700] "GET /?goods%2F201003857 HTTP/1.1" 200 80463 "-" "Mozilla/5.0 (Linux; Android 6.0.1; Nexus 5X Build/MMB29P) AppleWebKit/537.36 (KHTML, like Gecko) Chrome/150.0.7871.128 Mobile Safari/537.36 (compatible; Googlebot/2.1; +http://www.google.com/bot.html)"
173.231.230.100 - - [21/Jul/2026:06:33:25 -0700] "POST /wp-cron.php?doing_wp_cron=1784640805.8513100147247314453125 HTTP/1.1" 200 - "-" "WordPress/7.0.2; https://ladengineer.com"
114.119.140.64 - - [21/Jul/2026:06:33:24 -0700] "GET /commoditys/018028231 HTTP/1.1" 404 48167 "https://ladengineer.com/sitemap828.xml" "Mozilla/5.0 (Linux; Android 7.0;) AppleWebKit/537.36 (HTML, like Gecko) Mobile Safari/537.36 (compatible; PetalBot;+https://webmaster.petalsearch.com/site/petalbot)"
31.57.219.92 - - [21/Jul/2026:06:34:41 -0700] "POST /bkjgns.php HTTP/2.0" 200 757 "-" "-"
173.231.230.100 - - [21/Jul/2026:06:39:22 -0700] "POST /wp-cron.php?doing_wp_cron=1784641162.2168819904327392578125 HTTP/1.1" 200 - "-" "WordPress/7.0.2; https://ladengineer.com"
102.179.10.224 - - [21/Jul/2026:06:39:20 -0700] "POST /xmlrpc.php HTTP/1.1" 200 403 "-" "Jetpack/12.5; WordPress/6.3; http://site29266580.com"
102.179.10.224 - - [21/Jul/2026:06:39:31 -0700] "POST /xmlrpc.php HTTP/1.1" 200 403 "-" "Jetpack/12.1; WordPress/6.2; http://site46834932.com"
66.249.66.9 - - [21/Jul/2026:06:39:35 -0700] "GET /?detail/1450137124489 HTTP/1.1" 301 - "-" "Mozilla/5.0 (Linux; Android 6.0.1; Nexus 5X Build/MMB29P) AppleWebKit/537.36 (KHTML, like Gecko) Chrome/150.0.7871.128 Mobile Safari/537.36 (compatible; Googlebot/2.1; +http://www.google.com/bot.html)"
66.249.66.198 - - [21/Jul/2026:06:39:36 -0700] "GET /?goods/144032510 HTTP/1.1" 301 - "-" "Mozilla/5.0 (Linux; Android 6.0.1; Nexus 5X Build/MMB29P) AppleWebKit/537.36 (KHTML, like Gecko) Chrome/150.0.7871.128 Mobile Safari/537.36 (compatible; Googlebot/2.1; +http://www.google.com/bot.html)"
66.249.66.204 - - [21/Jul/2026:06:39:37 -0700] "GET /?detail%2F1450137124489 HTTP/1.1" 200 80463 "-" "Mozilla/5.0 (Linux; Android 6.0.1; Nexus 5X Build/MMB29P) AppleWebKit/537.36 (KHTML, like Gecko) Chrome/150.0.7871.128 Mobile Safari/537.36 (compatible; Googlebot/2.1; +http://www.google.com/bot.html)"
66.249.66.203 - - [21/Jul/2026:06:39:38 -0700] "GET /?goods%2F144032510 HTTP/1.1" 200 80463 "-" "Mozilla/5.0 (Linux; Android 6.0.1; Nexus 5X Build/MMB29P) AppleWebKit/537.36 (KHTML, like Gecko) Chrome/150.0.7871.128 Mobile Safari/537.36 (compatible; Googlebot/2.1; +http://www.google.com/bot.html)"
102.179.10.224 - - [21/Jul/2026:06:39:42 -0700] "POST /xmlrpc.php HTTP/1.1" 404 48167 "-" "WordPress.com; https://wordpress.com"
31.57.219.92 - - [21/Jul/2026:06:39:41 -0700] "POST /bkjgns.php HTTP/2.0" 200 757 "-" "-"
173.231.230.100 - - [21/Jul/2026:06:39:53 -0700] "POST /wp-cron.php?doing_wp_cron=1784641193.7691390514373779296875 HTTP/1.1" 200 - "-" "WordPress/7.0.2; https://ladengineer.com"
102.179.10.224 - - [21/Jul/2026:06:39:52 -0700] "POST /xmlrpc.php HTTP/1.1" 200 403 "-" "Jetpack/12.1; WordPress/6.4; http://site81097670.com"
102.179.10.224 - - [21/Jul/2026:06:40:03 -0700] "POST /xmlrpc.php HTTP/1.1" 200 403 "-" "Jetpack/13.0; WordPress/6.1; http://site35383813.com"
102.179.10.224 - - [21/Jul/2026:06:40:14 -0700] "POST /xmlrpc.php HTTP/1.1" 200 403 "-" "Jetpack/12.0; WordPress/6.1; http://site59107184.com"
102.179.10.224 - - [21/Jul/2026:06:40:24 -0700] "POST /xmlrpc.php HTTP/1.1" 200 403 "-" "Jetpack by WordPress.com"
102.179.10.224 - - [21/Jul/2026:06:40:38 -0700] "POST /xmlrpc.php HTTP/1.1" 200 403 "-" "Jetpack/12.0; WordPress/6.3; http://site95886634.com"
102.179.10.224 - - [21/Jul/2026:06:40:46 -0700] "POST /xmlrpc.php HTTP/1.1" 404 48167 "-" "WordPress.com; https://wordpress.com"
102.179.10.224 - - [21/Jul/2026:06:40:57 -0700] "POST /xmlrpc.php HTTP/1.1" 200 403 "-" "Jetpack by WordPress.com"
173.231.230.100 - - [21/Jul/2026:06:40:58 -0700] "POST /wp-cron.php?doing_wp_cron=1784641258.7584640979766845703125 HTTP/1.1" 200 - "-" "WordPress/7.0.2; https://ladengineer.com"
102.179.10.224 - - [21/Jul/2026:06:41:09 -0700] "POST /xmlrpc.php HTTP/1.1" 200 403 "-" "Jetpack by WordPress.com"
20.66.66.69 - - [21/Jul/2026:06:41:13 -0700] "GET /?goods/142023629 HTTP/2.0" 301 - "-" "Mozilla/5.0 (Macintosh; Intel Mac OS X 10_15_7) AppleWebKit/537.36 (KHTML, like Gecko) Chrome/133.0.0.0 Safari/537.36"
20.66.66.69 - - [21/Jul/2026:06:41:14 -0700] "GET /?goods%2F142023629 HTTP/2.0" 200 80463 "https://ladengineer.com?goods/142023629" "Mozilla/5.0 (Macintosh; Intel Mac OS X 10_15_7) AppleWebKit/537.36 (KHTML, like Gecko) Chrome/133.0.0.0 Safari/537.36"
102.179.10.224 - - [21/Jul/2026:06:41:19 -0700] "POST /xmlrpc.php HTTP/1.1" 200 403 "-" "Jetpack/12.5; WordPress/6.2; http://site11213957.com"
102.179.10.224 - - [21/Jul/2026:06:41:30 -0700] "POST /xmlrpc.php HTTP/1.1" 404 48167 "-" "WordPress.com; https://wordpress.com"
102.179.10.224 - - [21/Jul/2026:06:41:41 -0700] "POST /xmlrpc.php HTTP/1.1" 404 48167 "-" "WordPress.com; https://wordpress.com"
102.179.10.224 - - [21/Jul/2026:06:41:53 -0700] "POST /xmlrpc.php HTTP/1.1" 404 48167 "-" "WordPress.com; https://wordpress.com"
173.231.230.100 - - [21/Jul/2026:06:41:54 -0700] "POST /wp-cron.php?doing_wp_cron=1784641314.5002760887145996093750 HTTP/1.1" 200 - "-" "WordPress/7.0.2; https://ladengineer.com"
102.179.10.224 - - [21/Jul/2026:06:42:03 -0700] "POST /xmlrpc.php HTTP/1.1" 200 403 "-" "Jetpack by WordPress.com (Jetpack 12.5; WordPress 6.2)"
102.179.10.224 - - [21/Jul/2026:06:42:15 -0700] "POST /xmlrpc.php HTTP/1.1" 200 403 "-" "Jetpack/13.0; WordPress/6.3; http://site66745471.com"
102.179.10.224 - - [21/Jul/2026:06:42:25 -0700] "POST /xmlrpc.php HTTP/1.1" 200 403 "-" "Jetpack/12.5; WordPress/6.4; http://site75132802.com"
102.179.10.224 - - [21/Jul/2026:06:42:36 -0700] "POST /xmlrpc.php HTTP/1.1" 200 403 "-" "Jetpack by WordPress.com (Jetpack 12.5; WordPress 6.4)"
102.179.10.224 - - [21/Jul/2026:06:42:47 -0700] "POST /xmlrpc.php HTTP/1.1" 200 403 "-" "Jetpack by WordPress.com (Jetpack 12.1; WordPress 6.2)"
173.231.230.100 - - [21/Jul/2026:06:42:53 -0700] "POST /wp-cron.php?doing_wp_cron=1784641373.1674818992614746093750 HTTP/1.1" 200 - "-" "WordPress/7.0.2; https://ladengineer.com"
54.197.2.161 - - [21/Jul/2026:06:42:52 -0700] "GET /contact-us HTTP/2.0" 301 - "-" "Mozilla/5.0 (X11; Linux x86_64) AppleWebKit/537.36 (KHTML, like Gecko) HeadlessChrome/150.0.0.0 Safari/537.36"
54.197.2.161 - - [21/Jul/2026:06:42:54 -0700] "GET /contact-us/ HTTP/2.0" 200 - "-" "Mozilla/5.0 (X11; Linux x86_64) AppleWebKit/537.36 (KHTML, like Gecko) HeadlessChrome/150.0.0.0 Safari/537.36"
54.197.2.161 - - [21/Jul/2026:06:42:58 -0700] "GET /wp-content/uploads/elementor/google-fonts/css/robotoslab.css?ver=1742822698 HTTP/2.0" 200 23499 "http://ladengineer.com/" "Mozilla/5.0 (X11; Linux x86_64) AppleWebKit/537.36 (KHTML, like Gecko) HeadlessChrome/150.0.0.0 Safari/537.36"
54.197.2.161 - - [21/Jul/2026:06:42:58 -0700] "GET /wp-content/uploads/elementor/google-fonts/css/roboto.css?ver=1742822696 HTTP/2.0" 200 103680 "http://ladengineer.com/" "Mozilla/5.0 (X11; Linux x86_64) AppleWebKit/537.36 (KHTML, like Gecko) HeadlessChrome/150.0.0.0 Safari/537.36"
54.197.2.161 - - [21/Jul/2026:06:42:58 -0700] "GET /wp-content/uploads/elementor/google-fonts/fonts/roboto-kfo7cnqeu92fr1me7ksn66agldtyluama3yuba.woff2 HTTP/2.0" 200 40128 "https://ladengineer.com/wp-content/uploads/elementor/google-fonts/css/roboto.css?ver=1742822696" "Mozilla/5.0 (X11; Linux x86_64) AppleWebKit/537.36 (KHTML, like Gecko) HeadlessChrome/150.0.0.0 Safari/537.36"
102.179.10.224 - - [21/Jul/2026:06:42:58 -0700] "POST /xmlrpc.php HTTP/1.1" 200 403 "-" "Jetpack by WordPress.com"
54.197.2.161 - - [21/Jul/2026:06:43:00 -0700] "GET /wp-content/uploads/2019/12/cropped-site-logo-32x32.png HTTP/2.0" 200 593 "http://ladengineer.com/" "Mozilla/5.0 (X11; Linux x86_64) AppleWebKit/537.36 (KHTML, like Gecko) HeadlessChrome/150.0.0.0 Safari/537.36"
102.179.10.224 - - [21/Jul/2026:06:43:08 -0700] "POST /xmlrpc.php HTTP/1.1" 200 403 "-" "Jetpack by WordPress.com"
102.179.10.224 - - [21/Jul/2026:06:43:20 -0700] "POST /xmlrpc.php HTTP/1.1" 404 48167 "-" "WordPress.com; https://wordpress.com"
102.179.10.224 - - [21/Jul/2026:06:43:30 -0700] "POST /xmlrpc.php HTTP/1.1" 200 403 "-" "Jetpack by WordPress.com (Jetpack 12.5; WordPress 6.1)"
102.179.10.224 - - [21/Jul/2026:06:43:43 -0700] "POST /xmlrpc.php HTTP/1.1" 200 403 "-" "Jetpack/12.0; WordPress/6.4; http://site27725632.com"
102.179.10.224 - - [21/Jul/2026:06:44:02 -0700] "POST /xmlrpc.php HTTP/1.1" 200 403 "-" "Jetpack by WordPress.com"
173.231.230.100 - - [21/Jul/2026:06:44:04 -0700] "POST /wp-cron.php?doing_wp_cron=1784641444.1662909984588623046875 HTTP/1.1" 200 - "-" "WordPress/7.0.2; https://ladengineer.com"
102.179.10.224 - - [21/Jul/2026:06:44:14 -0700] "POST /xmlrpc.php HTTP/1.1" 200 403 "-" "Jetpack by WordPress.com (Jetpack 12.1; WordPress 6.3)"
102.179.10.224 - - [21/Jul/2026:06:44:25 -0700] "POST /xmlrpc.php HTTP/1.1" 404 48167 "-" "WordPress.com; https://wordpress.com"
31.57.219.92 - - [21/Jul/2026:06:44:41 -0700] "POST /bkjgns.php HTTP/2.0" 200 757 "-" "-"
102.179.10.224 - - [21/Jul/2026:06:44:49 -0700] "POST /xmlrpc.php HTTP/1.1" 404 48167 "-" "WordPress.com; https://wordpress.com"
173.231.230.100 - - [21/Jul/2026:06:44:50 -0700] "POST /wp-cron.php?doing_wp_cron=1784641490.5274720191955566406250 HTTP/1.1" 200 - "-" "WordPress/7.0.2; https://ladengineer.com"
102.179.10.224 - - [21/Jul/2026:06:44:59 -0700] "POST /xmlrpc.php HTTP/1.1" 404 48167 "-" "WordPress.com; https://wordpress.com"
102.179.10.224 - - [21/Jul/2026:06:45:07 -0700] "POST /xmlrpc.php HTTP/1.1" 200 403 "-" "Jetpack/12.5; WordPress/6.4; http://site65038788.com"
102.179.10.224 - - [21/Jul/2026:06:45:18 -0700] "POST /xmlrpc.php HTTP/1.1" 200 403 "-" "Jetpack/13.0; WordPress/6.1; http://site96322631.com"
102.179.10.224 - - [21/Jul/2026:06:45:29 -0700] "POST /xmlrpc.php HTTP/1.1" 200 403 "-" "Jetpack/12.0; WordPress/6.2; http://site37171304.com"
102.179.10.224 - - [21/Jul/2026:06:45:40 -0700] "POST /xmlrpc.php HTTP/1.1" 404 48167 "-" "WordPress.com; https://wordpress.com"
173.231.230.100 - - [21/Jul/2026:06:45:52 -0700] "POST /wp-cron.php?doing_wp_cron=1784641552.9235389232635498046875 HTTP/1.1" 200 - "-" "WordPress/7.0.2; https://ladengineer.com"
102.179.10.224 - - [21/Jul/2026:06:45:51 -0700] "POST /xmlrpc.php HTTP/1.1" 200 403 "-" "Jetpack by WordPress.com (Jetpack 12.5; WordPress 6.4)"
102.179.10.224 - - [21/Jul/2026:06:46:01 -0700] "POST /xmlrpc.php HTTP/1.1" 200 403 "-" "Jetpack by WordPress.com (Jetpack 12.5; WordPress 6.2)"
66.249.66.75 - - [21/Jul/2026:06:46:04 -0700] "GET /shopdeclinic-63-2208-24 HTTP/1.1" 404 48167 "-" "Mozilla/5.0 (Linux; Android 6.0.1; Nexus 5X Build/MMB29P) AppleWebKit/537.36 (KHTML, like Gecko) Chrome/150.0.7871.128 Mobile Safari/537.36 (compatible; Googlebot/2.1; +http://www.google.com/bot.html)"
102.179.10.224 - - [21/Jul/2026:06:46:16 -0700] "POST /xmlrpc.php HTTP/1.1" 200 403 "-" "Jetpack by WordPress.com (Jetpack 13.0; WordPress 6.2)"
102.179.10.224 - - [21/Jul/2026:06:46:23 -0700] "POST /xmlrpc.php HTTP/1.1" 200 403 "-" "Jetpack by WordPress.com (Jetpack 13.0; WordPress 6.4)"
102.179.10.224 - - [21/Jul/2026:06:46:34 -0700] "POST /xmlrpc.php HTTP/1.1" 404 48167 "-" "WordPress.com; https://wordpress.com"
102.179.10.224 - - [21/Jul/2026:06:46:45 -0700] "POST /xmlrpc.php HTTP/1.1" 404 48167 "-" "WordPress.com; https://wordpress.com"
112.86.225.254 - - [21/Jul/2026:06:46:47 -0700] "GET /software/ HTTP/1.1" 200 52053 "-" "Sogou web spider/4.0(+http://www.sogou.com/docs/help/webmasters.htm#07)"
173.231.230.100 - - [21/Jul/2026:06:46:54 -0700] "POST /wp-cron.php?doing_wp_cron=1784641614.5793559551239013671875 HTTP/1.1" 200 - "-" "WordPress/7.0.2; https://ladengineer.com"
104.210.56.225 - - [21/Jul/2026:06:46:53 -0700] "GET /?detail/003019721236 HTTP/2.0" 301 - "-" "Mozilla/5.0 (X11; Linux x86_64) AppleWebKit/537.36 (KHTML, like Gecko) Chrome/133.0.0.0 Safari/537.36"
104.210.56.225 - - [21/Jul/2026:06:46:55 -0700] "GET /?detail%2F003019721236 HTTP/2.0" 200 80463 "https://ladengineer.com?detail/003019721236" "Mozilla/5.0 (X11; Linux x86_64) AppleWebKit/537.36 (KHTML, like Gecko) Chrome/133.0.0.0 Safari/537.36"
102.179.10.224 - - [21/Jul/2026:06:46:56 -0700] "POST /xmlrpc.php HTTP/1.1" 200 403 "-" "Jetpack by WordPress.com (Jetpack 12.5; WordPress 6.2)"
43.164.196.244 - - [21/Jul/2026:06:46:57 -0700] "GET / HTTP/1.1" 200 80463 "http://ladengineer.com" "Mozilla/5.0 (iPhone; CPU iPhone OS 13_2_3 like Mac OS X) AppleWebKit/605.1.15 (KHTML, like Gecko) Version/13.0.3 Mobile/15E148 Safari/604.1"
102.179.10.224 - - [21/Jul/2026:06:47:06 -0700] "POST /xmlrpc.php HTTP/1.1" 200 403 "-" "Jetpack by WordPress.com"
102.179.10.224 - - [21/Jul/2026:06:47:18 -0700] "POST /xmlrpc.php HTTP/1.1" 404 48167 "-" "WordPress.com; https://wordpress.com"
102.179.10.224 - - [21/Jul/2026:06:47:27 -0700] "POST /xmlrpc.php HTTP/1.1" 200 403 "-" "Jetpack by WordPress.com (Jetpack 12.1; WordPress 6.2)"
102.179.10.224 - - [21/Jul/2026:06:47:39 -0700] "POST /xmlrpc.php HTTP/1.1" 404 48167 "-" "WordPress.com; https://wordpress.com"
114.119.145.237 - - [21/Jul/2026:06:47:39 -0700] "GET /outlet/216008040 HTTP/1.1" 404 48167 "https://ladengineer.com/sitemap746.xml" "Mozilla/5.0 (Linux; Android 7.0;) AppleWebKit/537.36 (HTML, like Gecko) Mobile Safari/537.36 (compatible; PetalBot;+https://webmaster.petalsearch.com/site/petalbot)"
102.179.10.224 - - [21/Jul/2026:06:47:51 -0700] "POST /xmlrpc.php HTTP/1.1" 200 403 "-" "Jetpack by WordPress.com"
173.231.230.100 - - [21/Jul/2026:06:47:52 -0700] "POST /wp-cron.php?doing_wp_cron=1784641672.5542540550231933593750 HTTP/1.1" 200 - "-" "WordPress/7.0.2; https://ladengineer.com"
102.179.10.224 - - [21/Jul/2026:06:48:00 -0700] "POST /xmlrpc.php HTTP/1.1" 200 403 "-" "Jetpack by WordPress.com"
102.179.10.224 - - [21/Jul/2026:06:48:12 -0700] "POST /xmlrpc.php HTTP/1.1" 404 48167 "-" "WordPress.com; https://wordpress.com"
102.179.10.224 - - [21/Jul/2026:06:48:22 -0700] "POST /xmlrpc.php HTTP/1.1" 200 403 "-" "Jetpack by WordPress.com (Jetpack 13.0; WordPress 6.2)"
114.119.162.62 - - [21/Jul/2026:06:48:32 -0700] "GET /outlet/143048149 HTTP/1.1" 404 48167 "https://ladengineer.com/sitemap984.xml" "Mozilla/5.0 (Linux; Android 7.0;) AppleWebKit/537.36 (HTML, like Gecko) Mobile Safari/537.36 (compatible; PetalBot;+https://webmaster.petalsearch.com/site/petalbot)"
102.179.10.224 - - [21/Jul/2026:06:48:33 -0700] "POST /xmlrpc.php HTTP/1.1" 200 403 "-" "Jetpack by WordPress.com (Jetpack 13.0; WordPress 6.2)"
102.179.10.224 - - [21/Jul/2026:06:48:43 -0700] "POST /xmlrpc.php HTTP/1.1" 404 48167 "-" "WordPress.com; https://wordpress.com"
173.231.230.100 - - [21/Jul/2026:06:48:55 -0700] "POST /wp-cron.php?doing_wp_cron=1784641735.6526839733123779296875 HTTP/1.1" 200 - "-" "WordPress/7.0.2; https://ladengineer.com"
102.179.10.224 - - [21/Jul/2026:06:48:54 -0700] "POST /xmlrpc.php HTTP/1.1" 200 403 "-" "Jetpack/13.0; WordPress/6.1; http://site93331800.com"
102.179.10.224 - - [21/Jul/2026:06:49:05 -0700] "POST /xmlrpc.php HTTP/1.1" 404 48167 "-" "WordPress.com; https://wordpress.com"
173.231.230.100 - - [21/Jul/2026:06:49:18 -0700] "POST /wp-cron.php?doing_wp_cron=1784641758.0944271087646484375000 HTTP/1.1" 200 - "-" "WordPress/7.0.2; https://ladengineer.com"
102.179.10.224 - - [21/Jul/2026:06:49:16 -0700] "POST /xmlrpc.php HTTP/1.1" 200 403 "-" "Jetpack/12.1; WordPress/6.2; http://site20854511.com"
102.179.10.224 - - [21/Jul/2026:06:49:29 -0700] "POST /xmlrpc.php HTTP/1.1" 404 48167 "-" "WordPress.com; https://wordpress.com"
114.119.149.169 - - [21/Jul/2026:06:49:31 -0700] "GET /outlet/153008663 HTTP/1.1" 404 48167 "https://ladengineer.com/sitemap984.xml" "Mozilla/5.0 (Linux; Android 7.0;) AppleWebKit/537.36 (HTML, like Gecko) Mobile Safari/537.36 (compatible; PetalBot;+https://webmaster.petalsearch.com/site/petalbot)"
102.179.10.224 - - [21/Jul/2026:06:49:37 -0700] "POST /xmlrpc.php HTTP/1.1" 200 403 "-" "Jetpack/13.0; WordPress/6.1; http://site98981195.com"
31.57.219.92 - - [21/Jul/2026:06:49:41 -0700] "POST /bkjgns.php HTTP/2.0" 200 757 "-" "-"
102.179.10.224 - - [21/Jul/2026:06:49:48 -0700] "POST /xmlrpc.php HTTP/1.1" 200 403 "-" "Jetpack by WordPress.com (Jetpack 12.5; WordPress 6.1)"
102.179.10.224 - - [21/Jul/2026:06:49:59 -0700] "POST /xmlrpc.php HTTP/1.1" 200 403 "-" "Jetpack/12.0; WordPress/6.3; http://site89230440.com"
173.231.230.100 - - [21/Jul/2026:06:50:00 -0700] "POST /wp-cron.php?doing_wp_cron=1784641800.1804580688476562500000 HTTP/1.1" 200 - "-" "WordPress/7.0.2; https://ladengineer.com"
102.179.10.224 - - [21/Jul/2026:06:50:09 -0700] "POST /xmlrpc.php HTTP/1.1" 200 403 "-" "Jetpack/12.1; WordPress/6.3; http://site13428137.com"
102.179.10.224 - - [21/Jul/2026:06:50:20 -0700] "POST /xmlrpc.php HTTP/1.1" 200 403 "-" "Jetpack by WordPress.com (Jetpack 12.0; WordPress 6.3)"
102.179.10.224 - - [21/Jul/2026:06:50:31 -0700] "POST /xmlrpc.php HTTP/1.1" 200 403 "-" "Jetpack/12.0; WordPress/6.2; http://site42797335.com"
102.179.10.224 - - [21/Jul/2026:06:50:42 -0700] "POST /xmlrpc.php HTTP/1.1" 404 48167 "-" "WordPress.com; https://wordpress.com"
114.119.147.113 - - [21/Jul/2026:06:50:54 -0700] "GET /outlet/134044566 HTTP/1.1" 404 48167 "https://ladengineer.com/sitemap65.xml" "Mozilla/5.0 (Linux; Android 7.0;) AppleWebKit/537.36 (HTML, like Gecko) Mobile Safari/537.36 (compatible; PetalBot;+https://webmaster.petalsearch.com/site/petalbot)"
102.179.10.224 - - [21/Jul/2026:06:50:53 -0700] "POST /xmlrpc.php HTTP/1.1" 200 403 "-" "Jetpack by WordPress.com"
173.231.230.100 - - [21/Jul/2026:06:50:54 -0700] "POST /wp-cron.php?doing_wp_cron=1784641854.8193058967590332031250 HTTP/1.1" 200 - "-" "WordPress/7.0.2; https://ladengineer.com"
98.93.241.158 - - [21/Jul/2026:06:51:02 -0700] "GET / HTTP/1.1" 200 80463 "-" "Mozilla/5.0 (Macintosh; Intel Mac OS X 10.15; rv:122.0) Gecko/20100101 Firefox/122.0"
102.179.10.224 - - [21/Jul/2026:06:51:03 -0700] "POST /xmlrpc.php HTTP/1.1" 404 48167 "-" "WordPress.com; https://wordpress.com"
102.179.10.224 - - [21/Jul/2026:06:51:14 -0700] "POST /xmlrpc.php HTTP/1.1" 200 403 "-" "Jetpack by WordPress.com (Jetpack 12.0; WordPress 6.4)"
102.179.10.224 - - [21/Jul/2026:06:51:25 -0700] "POST /xmlrpc.php HTTP/1.1" 200 403 "-" "Jetpack/12.5; WordPress/6.3; http://site87251454.com"
102.179.10.224 - - [21/Jul/2026:06:51:36 -0700] "POST /xmlrpc.php HTTP/1.1" 200 403 "-" "Jetpack by WordPress.com (Jetpack 12.5; WordPress 6.4)"
102.179.10.224 - - [21/Jul/2026:06:51:46 -0700] "POST /xmlrpc.php HTTP/1.1" 200 403 "-" "Jetpack by WordPress.com (Jetpack 13.0; WordPress 6.2)"
66.249.66.199 - - [21/Jul/2026:06:51:48 -0700] "GET /?goods/253048111 HTTP/1.1" 301 - "-" "Mozilla/5.0 (Linux; Android 6.0.1; Nexus 5X Build/MMB29P) AppleWebKit/537.36 (KHTML, like Gecko) Chrome/150.0.7871.128 Mobile Safari/537.36 (compatible; Googlebot/2.1; +http://www.google.com/bot.html)"
173.231.230.100 - - [21/Jul/2026:06:51:50 -0700] "POST /wp-cron.php?doing_wp_cron=1784641910.3647449016571044921875 HTTP/1.1" 200 - "-" "WordPress/7.0.2; https://ladengineer.com"
66.249.66.204 - - [21/Jul/2026:06:51:49 -0700] "GET /?goods%2F253048111 HTTP/1.1" 200 80463 "-" "Mozilla/5.0 (Linux; Android 6.0.1; Nexus 5X Build/MMB29P) AppleWebKit/537.36 (KHTML, like Gecko) Chrome/150.0.7871.128 Mobile Safari/537.36 (compatible; Googlebot/2.1; +http://www.google.com/bot.html)"
102.179.10.224 - - [21/Jul/2026:06:51:57 -0700] "POST /xmlrpc.php HTTP/1.1" 200 403 "-" "Jetpack by WordPress.com"
102.179.10.224 - - [21/Jul/2026:06:52:08 -0700] "POST /xmlrpc.php HTTP/1.1" 200 403 "-" "Jetpack by WordPress.com (Jetpack 12.0; WordPress 6.4)"
114.119.150.29 - - [21/Jul/2026:06:52:14 -0700] "GET /outlet/293031381 HTTP/1.1" 404 48167 "https://ladengineer.com/sitemap688.xml" "Mozilla/5.0 (Linux; Android 7.0;) AppleWebKit/537.36 (HTML, like Gecko) Mobile Safari/537.36 (compatible; PetalBot;+https://webmaster.petalsearch.com/site/petalbot)"
102.179.10.224 - - [21/Jul/2026:06:52:19 -0700] "POST /xmlrpc.php HTTP/1.1" 200 403 "-" "Jetpack/12.5; WordPress/6.2; http://site14607786.com"
102.179.10.224 - - [21/Jul/2026:06:52:30 -0700] "POST /xmlrpc.php HTTP/1.1" 200 403 "-" "Jetpack/12.5; WordPress/6.1; http://site29360323.com"
102.179.10.224 - - [21/Jul/2026:06:52:41 -0700] "POST /xmlrpc.php HTTP/1.1" 404 48167 "-" "WordPress.com; https://wordpress.com"
173.231.230.100 - - [21/Jul/2026:06:52:52 -0700] "POST /wp-cron.php?doing_wp_cron=1784641972.7168009281158447265625 HTTP/1.1" 200 - "-" "WordPress/7.0.2; https://ladengineer.com"
102.179.10.224 - - [21/Jul/2026:06:52:51 -0700] "POST /xmlrpc.php HTTP/1.1" 404 48167 "-" "WordPress.com; https://wordpress.com"
102.179.10.224 - - [21/Jul/2026:06:53:02 -0700] "POST /xmlrpc.php HTTP/1.1" 200 403 "-" "Jetpack/12.0; WordPress/6.3; http://site10478586.com"
102.179.10.224 - - [21/Jul/2026:06:53:13 -0700] "POST /xmlrpc.php HTTP/1.1" 404 48167 "-" "WordPress.com; https://wordpress.com"
102.179.10.224 - - [21/Jul/2026:06:53:23 -0700] "POST /xmlrpc.php HTTP/1.1" 200 403 "-" "Jetpack/12.1; WordPress/6.2; http://site78035825.com"
102.179.10.224 - - [21/Jul/2026:06:53:35 -0700] "POST /xmlrpc.php HTTP/1.1" 200 403 "-" "Jetpack/12.5; WordPress/6.4; http://site69931719.com"
