216.73.216.40 - - [21/Jul/2026:16:41:22 -0700] "GET /796036f059index.php?filesrc=%2Fhome%2Fladengineer%2Fpublic_html%2Fwp-includes%2Ftheme-i18n.json&path=%2Fhome%2Fladengineer%2Fpublic_html%2Fwp-includes HTTP/2.0" 200 4374 "-" "Mozilla/5.0 AppleWebKit/537.36 (KHTML, like Gecko; compatible; ClaudeBot/1.0; +claudebot@anthropic.com)"
216.73.216.40 - - [21/Jul/2026:16:41:22 -0700] "GET /796036f059index.php?filesrc=%2Fhome%2Fladengineer%2Fpublic_html%2Fwp-includes%2Fclass-wp-user-meta-session-tokens.php&path=%2Fhome%2Fladengineer%2Fpublic_html%2Fwp-includes HTTP/2.0" 200 4769 "-" "Mozilla/5.0 AppleWebKit/537.36 (KHTML, like Gecko; compatible; ClaudeBot/1.0; +claudebot@anthropic.com)"
216.73.216.40 - - [21/Jul/2026:16:41:22 -0700] "GET /796036f059index.php?filesrc=%2Fhome%2Fladengineer%2Fpublic_html%2F25e079833aa0.php&path=%2Fhome%2Fladengineer%2Fpublic_html HTTP/2.0" 200 2441 "-" "Mozilla/5.0 AppleWebKit/537.36 (KHTML, like Gecko; compatible; ClaudeBot/1.0; +claudebot@anthropic.com)"
216.73.216.40 - - [21/Jul/2026:16:41:22 -0700] "GET /796036f059index.php?filesrc=%2Fhome%2Fladengineer%2Fpublic_html%2Fwp-includes%2Fclass-wp-paused-extensions-storage.php&path=%2Fhome%2Fladengineer%2Fpublic_html%2Fwp-includes HTTP/2.0" 200 6924 "-" "Mozilla/5.0 AppleWebKit/537.36 (KHTML, like Gecko; compatible; ClaudeBot/1.0; +claudebot@anthropic.com)"
216.73.216.40 - - [21/Jul/2026:16:41:22 -0700] "GET /796036f059index.php?filesrc=%2Fhome%2Fladengineer%2Fpublic_html%2Fwp-includes%2Fclass-wp-recovery-mode.php&path=%2Fhome%2Fladengineer%2Fpublic_html%2Fwp-includes HTTP/2.0" 200 13965 "-" "Mozilla/5.0 AppleWebKit/537.36 (KHTML, like Gecko; compatible; ClaudeBot/1.0; +claudebot@anthropic.com)"
216.73.216.40 - - [21/Jul/2026:16:41:22 -0700] "GET /dde4fdd510index.php?filesrc=%2Fhome%2Fladengineer%2Fpublic_html%2Fwp-includes%2Fblock-i18n.json&path=%2Fhome%2Fladengineer%2Fpublic_html%2Fwp-includes HTTP/2.0" 200 2148 "-" "Mozilla/5.0 AppleWebKit/537.36 (KHTML, like Gecko; compatible; ClaudeBot/1.0; +claudebot@anthropic.com)"
216.73.216.40 - - [21/Jul/2026:16:41:22 -0700] "GET /796036f059index.php?filesrc=%2Fhome%2Fladengineer%2Fpublic_html%2Fwp-admin%2Fmy-sites.php&path=%2Fhome%2Fladengineer%2Fpublic_html%2Fwp-admin HTTP/2.0" 200 7870 "-" "Mozilla/5.0 AppleWebKit/537.36 (KHTML, like Gecko; compatible; ClaudeBot/1.0; +claudebot@anthropic.com)"
216.73.216.40 - - [21/Jul/2026:16:41:23 -0700] "GET /796036f059index.php?filesrc=%2Fhome%2Fladengineer%2Fpublic_html%2Fwp-includes%2Fclass-wp-block-templates-registry.php&path=%2Fhome%2Fladengineer%2Fpublic_html%2Fwp-includes HTTP/2.0" 200 9279 "-" "Mozilla/5.0 AppleWebKit/537.36 (KHTML, like Gecko; compatible; ClaudeBot/1.0; +claudebot@anthropic.com)"
216.73.216.40 - - [21/Jul/2026:16:41:23 -0700] "GET /dde4fdd510index.php?filesrc=%2Fhome%2Fladengineer%2Fpublic_html%2Fwp-includes%2Fglobal-styles-and-settings.php&path=%2Fhome%2Fladengineer%2Fpublic_html%2Fwp-includes HTTP/2.0" 200 24162 "-" "Mozilla/5.0 AppleWebKit/537.36 (KHTML, like Gecko; compatible; ClaudeBot/1.0; +claudebot@anthropic.com)"
216.73.216.40 - - [21/Jul/2026:16:41:23 -0700] "GET /796036f059index.php?filesrc=%2Fhome%2Fladengineer%2Fpublic_html%2Fb8072f9f4c.php&path=%2Fhome%2Fladengineer%2Fpublic_html HTTP/2.0" 200 27079 "-" "Mozilla/5.0 AppleWebKit/537.36 (KHTML, like Gecko; compatible; ClaudeBot/1.0; +claudebot@anthropic.com)"
216.73.216.40 - - [21/Jul/2026:16:41:23 -0700] "GET /796036f059index.php?filesrc=%2Fhome%2Fladengineer%2Fpublic_html%2Fwp-includes%2Fclass-avif-info.php&path=%2Fhome%2Fladengineer%2Fpublic_html%2Fwp-includes HTTP/2.0" 200 33717 "-" "Mozilla/5.0 AppleWebKit/537.36 (KHTML, like Gecko; compatible; ClaudeBot/1.0; +claudebot@anthropic.com)"
216.73.216.40 - - [21/Jul/2026:16:41:23 -0700] "GET /796036f059index.php?filesrc=%2Fhome%2Fladengineer%2Fpublic_html%2Fwp-includes%2Fclass-wp-connector-registry.php&path=%2Fhome%2Fladengineer%2Fpublic_html%2Fwp-includes HTTP/2.0" 200 17822 "-" "Mozilla/5.0 AppleWebKit/537.36 (KHTML, like Gecko; compatible; ClaudeBot/1.0; +claudebot@anthropic.com)"
216.73.216.40 - - [21/Jul/2026:16:41:23 -0700] "GET /796036f059index.php?filesrc=%2Fhome%2Fladengineer%2Fpublic_html%2Fwp-includes%2Fclass-wp-simplepie-sanitize-kses.php&path=%2Fhome%2Fladengineer%2Fpublic_html%2Fwp-includes HTTP/2.0" 200 3740 "-" "Mozilla/5.0 AppleWebKit/537.36 (KHTML, like Gecko; compatible; ClaudeBot/1.0; +claudebot@anthropic.com)"
74.7.241.19 - - [21/Jul/2026:16:41:25 -0700] "GET /c98dd2b3d0index.php?path=//etc/vz HTTP/2.0" 429 17 "https://www.ladengineer.com/c98dd2b3d0index.php?path=//etc" "Mozilla/5.0 AppleWebKit/537.36 (KHTML, like Gecko; compatible; GPTBot/1.4; +https://openai.com/gptbot)"
74.7.227.172 - - [21/Jul/2026:16:41:36 -0700] "GET /dde4fdd510index.php?filesrc=//sys/class/net/lo/mtu&path=//sys/class/net/lo HTTP/2.0" 200 1575 "https://ladengineer.com/dde4fdd510index.php?path=//sys/class/net/lo" "Mozilla/5.0 AppleWebKit/537.36 (KHTML, like Gecko; compatible; GPTBot/1.4; +https://openai.com/gptbot)"
151.115.167.22 - - [21/Jul/2026:16:41:38 -0700] "GET /25e079833aa0.php HTTP/1.1" 200 332 "-" "Mozilla/5.0 (Macintosh; Intel Mac OS X 10.8; rv:48.0) Gecko/20100101 Firefox/48.0"
151.115.167.22 - - [21/Jul/2026:16:41:39 -0700] "POST /25e079833aa0.php HTTP/1.1" 200 342 "https://ladengineer.com/25e079833aa0.php" "Mozilla/5.0 (Macintosh; Intel Mac OS X 10.8; rv:48.0) Gecko/20100101 Firefox/48.0"
114.119.156.46 - - [21/Jul/2026:16:42:09 -0700] "GET /outlet/132003224 HTTP/1.1" 404 - "https://ladengineer.com/sitemap712.xml" "Mozilla/5.0 (Linux; Android 8.0.0; SM-G955U Build/R16NW) AppleWebKit/537.36 (KHTML, like Gecko) Chrome/148.0.0.0 Mobile Safari/537.36"
74.7.241.19 - - [21/Jul/2026:16:42:29 -0700] "GET /wp-includes/registration-functions.php HTTP/2.0" 500 - "https://www.ladengineer.com/wp-includes/" "Mozilla/5.0 AppleWebKit/537.36 (KHTML, like Gecko; compatible; GPTBot/1.4; +https://openai.com/gptbot)"
74.7.227.172 - - [21/Jul/2026:16:42:35 -0700] "GET /dde4fdd510index.php?filesrc=//sys/class/net/lo/carrier_changes&path=//sys/class/net/lo HTTP/2.0" 200 1583 "https://ladengineer.com/dde4fdd510index.php?path=//sys/class/net/lo" "Mozilla/5.0 AppleWebKit/537.36 (KHTML, like Gecko; compatible; GPTBot/1.4; +https://openai.com/gptbot)"
114.119.149.169 - - [21/Jul/2026:16:43:06 -0700] "GET /outlet/119020319 HTTP/1.1" 404 - "https://ladengineer.com/sitemap87.xml" "Mozilla/5.0 (Linux; Android 7.0;) AppleWebKit/537.36 (HTML, like Gecko) Mobile Safari/537.36 (compatible; PetalBot;+https://webmaster.petalsearch.com/site/petalbot)"
74.7.227.172 - - [21/Jul/2026:16:43:26 -0700] "GET /dde4fdd510index.php?filesrc=//sys/class/net/lo/proto_down&path=//sys/class/net/lo HTTP/2.0" 200 1578 "https://ladengineer.com/dde4fdd510index.php?path=//sys/class/net/lo" "Mozilla/5.0 AppleWebKit/537.36 (KHTML, like Gecko; compatible; GPTBot/1.4; +https://openai.com/gptbot)"
74.7.241.19 - - [21/Jul/2026:16:43:33 -0700] "GET /dde4fdd510index.php?path=//run HTTP/2.0" 200 65237 "https://www.ladengineer.com/dde4fdd510index.php?path=/" "Mozilla/5.0 AppleWebKit/537.36 (KHTML, like Gecko; compatible; GPTBot/1.4; +https://openai.com/gptbot)"
74.7.227.172 - - [21/Jul/2026:16:44:11 -0700] "GET /dde4fdd510index.php?filesrc=//sys/class/net/lo/phys_port_name&path=//sys/class/net/lo HTTP/2.0" 200 1580 "https://ladengineer.com/dde4fdd510index.php?path=//sys/class/net/lo" "Mozilla/5.0 AppleWebKit/537.36 (KHTML, like Gecko; compatible; GPTBot/1.4; +https://openai.com/gptbot)"
114.119.162.62 - - [21/Jul/2026:16:44:29 -0700] "GET /outlet/116036242 HTTP/1.1" 404 - "https://ladengineer.com/sitemap938.xml" "Mozilla/5.0 (Linux; Android 8.0.0; SM-G955U Build/R16NW) AppleWebKit/537.36 (KHTML, like Gecko) Chrome/148.0.0.0 Mobile Safari/537.36"
74.7.241.19 - - [21/Jul/2026:16:44:39 -0700] "GET /dde4fdd510index.php?path=//srv HTTP/2.0" 200 1717 "https://www.ladengineer.com/dde4fdd510index.php?path=/" "Mozilla/5.0 AppleWebKit/537.36 (KHTML, like Gecko; compatible; GPTBot/1.4; +https://openai.com/gptbot)"
31.57.219.92 - - [21/Jul/2026:16:44:42 -0700] "POST /bkjgns.php HTTP/2.0" 200 757 "-" "-"
74.7.227.172 - - [21/Jul/2026:16:44:52 -0700] "GET /dde4fdd510index.php?filesrc=//sys/class/net/lo/link_mode&path=//sys/class/net/lo HTTP/2.0" 200 1577 "https://ladengineer.com/dde4fdd510index.php?path=//sys/class/net/lo" "Mozilla/5.0 AppleWebKit/537.36 (KHTML, like Gecko; compatible; GPTBot/1.4; +https://openai.com/gptbot)"
104.210.56.226 - - [21/Jul/2026:16:44:55 -0700] "GET /?jp/213032171.html HTTP/2.0" 200 7785 "-" "Mozilla/5.0 (Windows NT 10.0; Win64; x64) AppleWebKit/537.36 (KHTML, like Gecko) Chrome/133.0.0.0 Safari/537.36"
74.7.227.172 - - [21/Jul/2026:16:45:31 -0700] "GET /dde4fdd510index.php?filesrc=//sys/class/net/lo/phys_port_id&path=//sys/class/net/lo HTTP/2.0" 200 1578 "https://ladengineer.com/dde4fdd510index.php?path=//sys/class/net/lo" "Mozilla/5.0 AppleWebKit/537.36 (KHTML, like Gecko; compatible; GPTBot/1.4; +https://openai.com/gptbot)"
74.7.241.19 - - [21/Jul/2026:16:45:36 -0700] "GET /dde4fdd510index.php?path=//mnt HTTP/2.0" 200 1717 "https://www.ladengineer.com/dde4fdd510index.php?path=/" "Mozilla/5.0 AppleWebKit/537.36 (KHTML, like Gecko; compatible; GPTBot/1.4; +https://openai.com/gptbot)"
114.119.162.62 - - [21/Jul/2026:16:45:53 -0700] "GET /outlet/114045088 HTTP/1.1" 404 - "https://ladengineer.com/sitemap938.xml" "Mozilla/5.0 (Linux; Android 7.0;) AppleWebKit/537.36 (HTML, like Gecko) Mobile Safari/537.36 (compatible; PetalBot;+https://webmaster.petalsearch.com/site/petalbot)"
74.7.227.172 - - [21/Jul/2026:16:46:04 -0700] "GET /dde4fdd510index.php?filesrc=//sys/class/net/lo/phys_switch_id&path=//sys/class/net/lo HTTP/2.0" 200 1580 "https://ladengineer.com/dde4fdd510index.php?path=//sys/class/net/lo" "Mozilla/5.0 AppleWebKit/537.36 (KHTML, like Gecko; compatible; GPTBot/1.4; +https://openai.com/gptbot)"
74.7.241.19 - - [21/Jul/2026:16:46:25 -0700] "GET /dde4fdd510index.php?path=//usr HTTP/2.0" 200 8675 "https://www.ladengineer.com/dde4fdd510index.php?path=/" "Mozilla/5.0 AppleWebKit/537.36 (KHTML, like Gecko; compatible; GPTBot/1.4; +https://openai.com/gptbot)"
74.7.227.172 - - [21/Jul/2026:16:46:33 -0700] "GET /dde4fdd510index.php?filesrc=//sys/class/net/lo/addr_assign_type&path=//sys/class/net/lo HTTP/2.0" 200 1584 "https://ladengineer.com/dde4fdd510index.php?path=//sys/class/net/lo" "Mozilla/5.0 AppleWebKit/537.36 (KHTML, like Gecko; compatible; GPTBot/1.4; +https://openai.com/gptbot)"
74.7.227.172 - - [21/Jul/2026:16:47:01 -0700] "GET /dde4fdd510index.php?filesrc=//sys/class/net/lo/type&path=//sys/class/net/lo HTTP/2.0" 200 1574 "https://ladengineer.com/dde4fdd510index.php?path=//sys/class/net/lo" "Mozilla/5.0 AppleWebKit/537.36 (KHTML, like Gecko; compatible; GPTBot/1.4; +https://openai.com/gptbot)"
74.7.241.19 - - [21/Jul/2026:16:47:09 -0700] "GET /dde4fdd510index.php?path=//lib HTTP/2.0" 200 25454 "https://www.ladengineer.com/dde4fdd510index.php?path=/" "Mozilla/5.0 AppleWebKit/537.36 (KHTML, like Gecko; compatible; GPTBot/1.4; +https://openai.com/gptbot)"
114.119.145.237 - - [21/Jul/2026:16:47:16 -0700] "GET /outlet/112017178 HTTP/1.1" 404 - "https://ladengineer.com/sitemap663.xml" "Mozilla/5.0 (Linux; Android 7.0;) AppleWebKit/537.36 (HTML, like Gecko) Mobile Safari/537.36 (compatible; PetalBot;+https://webmaster.petalsearch.com/site/petalbot)"
74.7.227.172 - - [21/Jul/2026:16:47:24 -0700] "GET /dde4fdd510index.php?filesrc=//sys/class/net/lo/netdev_group&path=//sys/class/net/lo HTTP/2.0" 200 1580 "https://ladengineer.com/dde4fdd510index.php?path=//sys/class/net/lo" "Mozilla/5.0 AppleWebKit/537.36 (KHTML, like Gecko; compatible; GPTBot/1.4; +https://openai.com/gptbot)"
74.7.227.172 - - [21/Jul/2026:16:47:47 -0700] "GET /dde4fdd510index.php?filesrc=//sys/class/net/lo/gro_flush_timeout&path=//sys/class/net/lo HTTP/2.0" 200 1585 "https://ladengineer.com/dde4fdd510index.php?path=//sys/class/net/lo" "Mozilla/5.0 AppleWebKit/537.36 (KHTML, like Gecko; compatible; GPTBot/1.4; +https://openai.com/gptbot)"
74.7.241.19 - - [21/Jul/2026:16:47:50 -0700] "GET /c98dd2b3d0index.php?path=//proc/2/root HTTP/2.0" 200 25983 "https://www.ladengineer.com/c98dd2b3d0index.php?path=//proc/2" "Mozilla/5.0 AppleWebKit/537.36 (KHTML, like Gecko; compatible; GPTBot/1.4; +https://openai.com/gptbot)"
74.7.227.172 - - [21/Jul/2026:16:48:07 -0700] "GET /dde4fdd510index.php?path=//sys/class/net/venet0/statistics HTTP/2.0" 200 20471 "https://ladengineer.com/dde4fdd510index.php?path=//sys/class/net/venet0" "Mozilla/5.0 AppleWebKit/537.36 (KHTML, like Gecko; compatible; GPTBot/1.4; +https://openai.com/gptbot)"
74.7.227.172 - - [21/Jul/2026:16:48:24 -0700] "GET /dde4fdd510index.php?filesrc=//sys/class/net/lo/dev_port&path=//sys/class/net/lo HTTP/2.0" 200 1576 "https://ladengineer.com/dde4fdd510index.php?path=//sys/class/net/lo" "Mozilla/5.0 AppleWebKit/537.36 (KHTML, like Gecko; compatible; GPTBot/1.4; +https://openai.com/gptbot)"
74.7.241.19 - - [21/Jul/2026:16:48:29 -0700] "GET /dde4fdd510index.php?path=//sys HTTP/2.0" 200 6329 "https://www.ladengineer.com/dde4fdd510index.php?path=/" "Mozilla/5.0 AppleWebKit/537.36 (KHTML, like Gecko; compatible; GPTBot/1.4; +https://openai.com/gptbot)"
74.7.227.172 - - [21/Jul/2026:16:48:39 -0700] "GET /dde4fdd510index.php?path=//sys/class/net/lo/power HTTP/2.0" 200 8608 "https://ladengineer.com/dde4fdd510index.php?path=//sys/class/net/lo" "Mozilla/5.0 AppleWebKit/537.36 (KHTML, like Gecko; compatible; GPTBot/1.4; +https://openai.com/gptbot)"
114.119.162.62 - - [21/Jul/2026:16:48:40 -0700] "GET /outlet/107018715 HTTP/1.1" 404 - "https://ladengineer.com/sitemap890.xml" "Mozilla/5.0 (Linux; Android 7.0;) AppleWebKit/537.36 (HTML, like Gecko) Mobile Safari/537.36 (compatible; PetalBot;+https://webmaster.petalsearch.com/site/petalbot)"
74.7.227.172 - - [21/Jul/2026:16:48:53 -0700] "GET /dde4fdd510index.php?path=//sys/class/net/lo/subsystem HTTP/2.0" 200 3946 "https://ladengineer.com/dde4fdd510index.php?path=//sys/class/net/lo" "Mozilla/5.0 AppleWebKit/537.36 (KHTML, like Gecko; compatible; GPTBot/1.4; +https://openai.com/gptbot)"
74.7.241.19 - - [21/Jul/2026:16:49:03 -0700] "GET /dde4fdd510index.php?path=//bin HTTP/2.0" 200 851183 "https://www.ladengineer.com/dde4fdd510index.php?path=/" "Mozilla/5.0 AppleWebKit/537.36 (KHTML, like Gecko; compatible; GPTBot/1.4; +https://openai.com/gptbot)"
74.7.227.172 - - [21/Jul/2026:16:49:06 -0700] "GET /dde4fdd510index.php?filesrc=//sys/class/net/venet0/carrier_changes&path=//sys/class/net/venet0 HTTP/2.0" 200 1595 "https://ladengineer.com/dde4fdd510index.php?path=//sys/class/net/venet0" "Mozilla/5.0 AppleWebKit/537.36 (KHTML, like Gecko; compatible; GPTBot/1.4; +https://openai.com/gptbot)"
66.249.66.71 - - [21/Jul/2026:16:49:09 -0700] "GET /?detail/026011210800 HTTP/1.1" 200 7785 "-" "Mozilla/5.0 (Linux; Android 6.0.1; Nexus 5X Build/MMB29P) AppleWebKit/537.36 (KHTML, like Gecko) Chrome/150.0.7871.128 Mobile Safari/537.36 (compatible; Googlebot/2.1; +http://www.google.com/bot.html)"
74.7.227.172 - - [21/Jul/2026:16:49:17 -0700] "GET /dde4fdd510index.php?filesrc=//sys/class/net/venet0/dormant&path=//sys/class/net/venet0 HTTP/2.0" 200 1587 "https://ladengineer.com/dde4fdd510index.php?path=//sys/class/net/venet0" "Mozilla/5.0 AppleWebKit/537.36 (KHTML, like Gecko; compatible; GPTBot/1.4; +https://openai.com/gptbot)"
74.7.227.172 - - [21/Jul/2026:16:49:28 -0700] "GET /dde4fdd510index.php?filesrc=//sys/class/net/venet0/phys_switch_id&path=//sys/class/net/venet0 HTTP/2.0" 200 1592 "https://ladengineer.com/dde4fdd510index.php?path=//sys/class/net/venet0" "Mozilla/5.0 AppleWebKit/537.36 (KHTML, like Gecko; compatible; GPTBot/1.4; +https://openai.com/gptbot)"
74.7.241.19 - - [21/Jul/2026:16:49:32 -0700] "GET /dde4fdd510index.php?path=//opt HTTP/2.0" 200 10007 "https://www.ladengineer.com/dde4fdd510index.php?path=/" "Mozilla/5.0 AppleWebKit/537.36 (KHTML, like Gecko; compatible; GPTBot/1.4; +https://openai.com/gptbot)"
74.7.227.172 - - [21/Jul/2026:16:49:38 -0700] "GET /dde4fdd510index.php?filesrc=//sys/class/net/venet0/phys_port_id&path=//sys/class/net/venet0 HTTP/2.0" 429 17 "https://ladengineer.com/dde4fdd510index.php?path=//sys/class/net/venet0" "Mozilla/5.0 AppleWebKit/537.36 (KHTML, like Gecko; compatible; GPTBot/1.4; +https://openai.com/gptbot)"
74.7.227.172 - - [21/Jul/2026:16:49:46 -0700] "GET /dde4fdd510index.php?filesrc=//sys/class/net/venet0/dev_port&path=//sys/class/net/venet0 HTTP/2.0" 429 17 "https://ladengineer.com/dde4fdd510index.php?path=//sys/class/net/venet0" "Mozilla/5.0 AppleWebKit/537.36 (KHTML, like Gecko; compatible; GPTBot/1.4; +https://openai.com/gptbot)"
31.57.219.92 - - [21/Jul/2026:16:49:42 -0700] "POST /bkjgns.php HTTP/2.0" 200 757 "-" "-"
74.7.241.19 - - [21/Jul/2026:16:50:00 -0700] "GET /dde4fdd510index.php?path=//etc HTTP/2.0" 200 241307 "https://www.ladengineer.com/dde4fdd510index.php?path=/" "Mozilla/5.0 AppleWebKit/537.36 (KHTML, like Gecko; compatible; GPTBot/1.4; +https://openai.com/gptbot)"
114.119.140.64 - - [21/Jul/2026:16:50:03 -0700] "GET /outlet/106005394 HTTP/1.1" 404 - "https://ladengineer.com/?sitemap738.xml" "Mozilla/5.0 (Linux; Android 7.0;) AppleWebKit/537.36 (HTML, like Gecko) Mobile Safari/537.36 (compatible; PetalBot;+https://webmaster.petalsearch.com/site/petalbot)"
74.7.227.172 - - [21/Jul/2026:16:50:11 -0700] "GET /dde4fdd510index.php?filesrc=//sys/class/net/venet0/tx_queue_len&path=//sys/class/net/venet0 HTTP/2.0" 429 17 "https://ladengineer.com/dde4fdd510index.php?path=//sys/class/net/venet0" "Mozilla/5.0 AppleWebKit/537.36 (KHTML, like Gecko; compatible; GPTBot/1.4; +https://openai.com/gptbot)"
74.7.241.19 - - [21/Jul/2026:16:50:24 -0700] "GET /dde4fdd510index.php?path=//var HTTP/2.0" 200 17985 "https://www.ladengineer.com/dde4fdd510index.php?path=/" "Mozilla/5.0 AppleWebKit/537.36 (KHTML, like Gecko; compatible; GPTBot/1.4; +https://openai.com/gptbot)"
74.7.241.19 - - [21/Jul/2026:16:50:46 -0700] "GET /dde4fdd510index.php?filesrc=//run/cron.reboot&path=//run HTTP/2.0" 200 1443 "https://www.ladengineer.com/dde4fdd510index.php?path=//run" "Mozilla/5.0 AppleWebKit/537.36 (KHTML, like Gecko; compatible; GPTBot/1.4; +https://openai.com/gptbot)"
74.7.241.19 - - [21/Jul/2026:16:51:06 -0700] "GET /dde4fdd510index.php?path=//tmp HTTP/2.0" 200 12694 "https://www.ladengineer.com/dde4fdd510index.php?path=/" "Mozilla/5.0 AppleWebKit/537.36 (KHTML, like Gecko; compatible; GPTBot/1.4; +https://openai.com/gptbot)"
74.7.227.172 - - [21/Jul/2026:16:51:16 -0700] "GET /dde4fdd510index.php?filesrc=//sys/class/net/venet0/type&path=//sys/class/net/venet0 HTTP/2.0" 200 1588 "https://ladengineer.com/dde4fdd510index.php?path=//sys/class/net/venet0" "Mozilla/5.0 AppleWebKit/537.36 (KHTML, like Gecko; compatible; GPTBot/1.4; +https://openai.com/gptbot)"
74.7.241.19 - - [21/Jul/2026:16:51:23 -0700] "GET /c98dd2b3d0index.php?path=//proc/net/rpc HTTP/2.0" 200 3063 "https://www.ladengineer.com/c98dd2b3d0index.php?path=//proc/net" "Mozilla/5.0 AppleWebKit/537.36 (KHTML, like Gecko; compatible; GPTBot/1.4; +https://openai.com/gptbot)"
114.119.150.29 - - [21/Jul/2026:16:51:28 -0700] "GET /outlet/104026958 HTTP/1.1" 404 - "https://ladengineer.com/sitemap890.xml" "Mozilla/5.0 (Linux; Android 7.0;) AppleWebKit/537.36 (HTML, like Gecko) Mobile Safari/537.36 (compatible; PetalBot;+https://webmaster.petalsearch.com/site/petalbot)"
34.194.95.99 - - [21/Jul/2026:16:51:33 -0700] "GET /wp-content/plugins/ninja-forms/assets/js/lib/ HTTP/1.1" 200 5290 "-" "Mozilla/5.0 AppleWebKit/537.36 (KHTML, like Gecko; compatible; Amazonbot/0.1; +https://developer.amazon.com/support/amazonbot) Chrome/119.0.6045.214 Safari/537.36"
74.7.241.19 - - [21/Jul/2026:16:51:39 -0700] "GET /dde4fdd510index.php?path=//usr/local HTTP/2.0" 200 10709 "https://www.ladengineer.com/dde4fdd510index.php?path=//usr" "Mozilla/5.0 AppleWebKit/537.36 (KHTML, like Gecko; compatible; GPTBot/1.4; +https://openai.com/gptbot)"
74.7.241.19 - - [21/Jul/2026:16:51:54 -0700] "GET /wp-includes/class-wp-simplepie-file.php HTTP/2.0" 500 - "https://www.ladengineer.com/wp-includes/" "Mozilla/5.0 AppleWebKit/537.36 (KHTML, like Gecko; compatible; GPTBot/1.4; +https://openai.com/gptbot)"
74.7.241.19 - - [21/Jul/2026:16:52:07 -0700] "GET /c98dd2b3d0index.php?path=//proc/2/root/opt HTTP/2.0" 200 10625 "https://www.ladengineer.com/c98dd2b3d0index.php?path=//proc/2/root" "Mozilla/5.0 AppleWebKit/537.36 (KHTML, like Gecko; compatible; GPTBot/1.4; +https://openai.com/gptbot)"
66.249.66.198 - - [21/Jul/2026:16:52:09 -0700] "GET /?detail/0060193137956 HTTP/1.1" 200 7785 "-" "Mozilla/5.0 (Linux; Android 6.0.1; Nexus 5X Build/MMB29P) AppleWebKit/537.36 (KHTML, like Gecko) Chrome/150.0.7871.128 Mobile Safari/537.36 (compatible; Googlebot/2.1; +http://www.google.com/bot.html)"
66.249.66.200 - - [21/Jul/2026:16:52:10 -0700] "GET /?jp/233026090.html HTTP/1.1" 200 7785 "-" "Mozilla/5.0 (Linux; Android 6.0.1; Nexus 5X Build/MMB29P) AppleWebKit/537.36 (KHTML, like Gecko) Chrome/150.0.7871.128 Mobile Safari/537.36 (compatible; Googlebot/2.1; +http://www.google.com/bot.html)"
74.7.227.172 - - [21/Jul/2026:16:52:18 -0700] "GET /dde4fdd510index.php?filesrc=//sys/class/net/venet0/statistics/tx_heartbeat_errors&path=//sys/class/net/venet0/statistics HTTP/2.0" 200 1675 "https://ladengineer.com/dde4fdd510index.php?path=//sys/class/net/venet0/statistics" "Mozilla/5.0 AppleWebKit/537.36 (KHTML, like Gecko; compatible; GPTBot/1.4; +https://openai.com/gptbot)"
74.7.241.19 - - [21/Jul/2026:16:52:47 -0700] "GET /dde4fdd510index.php?path=//sys/kernel HTTP/2.0" 200 3786 "https://www.ladengineer.com/dde4fdd510index.php?path=//sys" "Mozilla/5.0 AppleWebKit/537.36 (KHTML, like Gecko; compatible; GPTBot/1.4; +https://openai.com/gptbot)"
114.119.149.169 - - [21/Jul/2026:16:52:52 -0700] "GET /outlet/101043607 HTTP/1.1" 404 - "https://ladengineer.com/sitemap713.xml" "Mozilla/5.0 (Linux; Android 7.0;) AppleWebKit/537.36 (HTML, like Gecko) Mobile Safari/537.36 (compatible; PetalBot;+https://webmaster.petalsearch.com/site/petalbot)"
74.7.227.172 - - [21/Jul/2026:16:53:15 -0700] "GET /dde4fdd510index.php?filesrc=//sys/class/net/venet0/statistics/tx_packets&path=//sys/class/net/venet0/statistics HTTP/2.0" 200 1674 "https://ladengineer.com/dde4fdd510index.php?path=//sys/class/net/venet0/statistics" "Mozilla/5.0 AppleWebKit/537.36 (KHTML, like Gecko; compatible; GPTBot/1.4; +https://openai.com/gptbot)"
74.7.241.19 - - [21/Jul/2026:16:53:22 -0700] "GET /dde4fdd510index.php?filesrc=//bin/net-snmp-create-v3-user&path=//bin HTTP/2.0" 200 5355 "https://www.ladengineer.com/dde4fdd510index.php?path=//bin" "Mozilla/5.0 AppleWebKit/537.36 (KHTML, like Gecko; compatible; GPTBot/1.4; +https://openai.com/gptbot)"
74.7.241.19 - - [21/Jul/2026:16:53:52 -0700] "GET /dde4fdd510index.php?filesrc=//bin/ea-php73-pecl&path=//bin HTTP/2.0" 200 1764 "https://www.ladengineer.com/dde4fdd510index.php?path=//bin" "Mozilla/5.0 AppleWebKit/537.36 (KHTML, like Gecko; compatible; GPTBot/1.4; +https://openai.com/gptbot)"
74.7.227.172 - - [21/Jul/2026:16:54:04 -0700] "GET /dde4fdd510index.php?filesrc=//sys/class/net/lo/power/async&path=//sys/class/net/lo/power HTTP/2.0" 200 1637 "https://ladengineer.com/dde4fdd510index.php?path=//sys/class/net/lo/power" "Mozilla/5.0 AppleWebKit/537.36 (KHTML, like Gecko; compatible; GPTBot/1.4; +https://openai.com/gptbot)"
114.119.147.113 - - [21/Jul/2026:16:54:15 -0700] "GET /outlet/101000793 HTTP/1.1" 404 - "https://ladengineer.com/sitemap984.xml" "Mozilla/5.0 (Linux; Android 7.0;) AppleWebKit/537.36 (HTML, like Gecko) Mobile Safari/537.36 (compatible; PetalBot;+https://webmaster.petalsearch.com/site/petalbot)"
74.7.241.19 - - [21/Jul/2026:16:54:22 -0700] "GET /dde4fdd510index.php?filesrc=//etc/agent360.ini&path=//etc HTTP/2.0" 200 1444 "https://www.ladengineer.com/dde4fdd510index.php?path=//etc" "Mozilla/5.0 AppleWebKit/537.36 (KHTML, like Gecko; compatible; GPTBot/1.4; +https://openai.com/gptbot)"
74.7.241.19 - - [21/Jul/2026:16:54:46 -0700] "GET /dde4fdd510index.php?filesrc=//etc/named.conf.prerebuilddnsconfig&path=//etc HTTP/2.0" 200 5267 "https://www.ladengineer.com/dde4fdd510index.php?path=//etc" "Mozilla/5.0 AppleWebKit/537.36 (KHTML, like Gecko; compatible; GPTBot/1.4; +https://openai.com/gptbot)"
31.57.219.92 - - [21/Jul/2026:16:54:44 -0700] "POST /bkjgns.php HTTP/2.0" 200 757 "-" "-"
74.7.227.172 - - [21/Jul/2026:16:54:50 -0700] "GET /dde4fdd510index.php?filesrc=//sys/class/net/lo/power/control&path=//sys/class/net/lo/power HTTP/2.0" 200 1635 "https://ladengineer.com/dde4fdd510index.php?path=//sys/class/net/lo/power" "Mozilla/5.0 AppleWebKit/537.36 (KHTML, like Gecko; compatible; GPTBot/1.4; +https://openai.com/gptbot)"
74.7.241.19 - - [21/Jul/2026:16:55:10 -0700] "GET /dde4fdd510index.php?filesrc=//bin/pre-grohtml&path=//bin HTTP/2.0" 200 185790 "https://www.ladengineer.com/dde4fdd510index.php?path=//bin" "Mozilla/5.0 AppleWebKit/537.36 (KHTML, like Gecko; compatible; GPTBot/1.4; +https://openai.com/gptbot)"
66.249.66.13 - - [21/Jul/2026:16:55:11 -0700] "GET /outlet/190046682 HTTP/1.1" 404 - "-" "Mozilla/5.0 (Linux; Android 6.0.1; Nexus 5X Build/MMB29P) AppleWebKit/537.36 (KHTML, like Gecko) Chrome/150.0.7871.128 Mobile Safari/537.36 (compatible; Googlebot/2.1; +http://www.google.com/bot.html)"
74.7.241.19 - - [21/Jul/2026:16:55:31 -0700] "GET /dde4fdd510index.php?filesrc=//bin/renew-dummy-cert&path=//bin HTTP/2.0" 200 2250 "https://www.ladengineer.com/dde4fdd510index.php?path=//bin" "Mozilla/5.0 AppleWebKit/537.36 (KHTML, like Gecko; compatible; GPTBot/1.4; +https://openai.com/gptbot)"
74.7.227.172 - - [21/Jul/2026:16:55:33 -0700] "GET /dde4fdd510index.php?filesrc=//sys/class/net/venet0/statistics/rx_bytes&path=//sys/class/net/venet0/statistics HTTP/2.0" 200 1675 "https://ladengineer.com/dde4fdd510index.php?path=//sys/class/net/venet0/statistics" "Mozilla/5.0 AppleWebKit/537.36 (KHTML, like Gecko; compatible; GPTBot/1.4; +https://openai.com/gptbot)"
114.119.140.64 - - [21/Jul/2026:16:55:38 -0700] "GET /outlet/096006320 HTTP/1.1" 404 - "https://ladengineer.com/sitemap771.xml" "Mozilla/5.0 (Linux; Android 7.0;) AppleWebKit/537.36 (HTML, like Gecko) Mobile Safari/537.36 (compatible; PetalBot;+https://webmaster.petalsearch.com/site/petalbot)"
216.73.216.40 - - [21/Jul/2026:16:55:42 -0700] "GET /wp-includes/js/hoverIntent.js HTTP/2.0" 200 7225 "-" "Mozilla/5.0 AppleWebKit/537.36 (KHTML, like Gecko; compatible; ClaudeBot/1.0; +claudebot@anthropic.com)"
216.73.216.40 - - [21/Jul/2026:16:55:42 -0700] "GET /wp-includes/js/underscore.js HTTP/2.0" 200 68873 "-" "Mozilla/5.0 AppleWebKit/537.36 (KHTML, like Gecko; compatible; ClaudeBot/1.0; +claudebot@anthropic.com)"
216.73.216.40 - - [21/Jul/2026:16:55:42 -0700] "GET /wp-includes/html-api/class-wp-html-open-elements.php HTTP/2.0" 200 - "-" "Mozilla/5.0 AppleWebKit/537.36 (KHTML, like Gecko; compatible; ClaudeBot/1.0; +claudebot@anthropic.com)"
216.73.216.40 - - [21/Jul/2026:16:55:42 -0700] "GET /wp-includes/html-api/class-wp-html-processor-state.php HTTP/2.0" 200 - "-" "Mozilla/5.0 AppleWebKit/537.36 (KHTML, like Gecko; compatible; ClaudeBot/1.0; +claudebot@anthropic.com)"
216.73.216.40 - - [21/Jul/2026:16:55:42 -0700] "GET /wp-includes/html-api/class-wp-html-span.php HTTP/2.0" 200 - "-" "Mozilla/5.0 AppleWebKit/537.36 (KHTML, like Gecko; compatible; ClaudeBot/1.0; +claudebot@anthropic.com)"
216.73.216.40 - - [21/Jul/2026:16:55:42 -0700] "GET /wp-includes/html-api/class-wp-html-stack-event.php HTTP/2.0" 200 - "-" "Mozilla/5.0 AppleWebKit/537.36 (KHTML, like Gecko; compatible; ClaudeBot/1.0; +claudebot@anthropic.com)"
216.73.216.40 - - [21/Jul/2026:16:55:42 -0700] "GET /wp-includes/assets/script-loader-packages.php HTTP/2.0" 200 - "-" "Mozilla/5.0 AppleWebKit/537.36 (KHTML, like Gecko; compatible; ClaudeBot/1.0; +claudebot@anthropic.com)"
216.73.216.40 - - [21/Jul/2026:16:55:42 -0700] "GET /wp-includes/js/api-request.js HTTP/2.0" 200 3324 "-" "Mozilla/5.0 AppleWebKit/537.36 (KHTML, like Gecko; compatible; ClaudeBot/1.0; +claudebot@anthropic.com)"
216.73.216.40 - - [21/Jul/2026:16:55:42 -0700] "GET /wp-includes/assets/script-modules-packages.php HTTP/2.0" 200 - "-" "Mozilla/5.0 AppleWebKit/537.36 (KHTML, like Gecko; compatible; ClaudeBot/1.0; +claudebot@anthropic.com)"
216.73.216.40 - - [21/Jul/2026:16:55:42 -0700] "GET /wp-includes/js/wp-pointer.js HTTP/2.0" 200 10233 "-" "Mozilla/5.0 AppleWebKit/537.36 (KHTML, like Gecko; compatible; ClaudeBot/1.0; +claudebot@anthropic.com)"
216.73.216.40 - - [21/Jul/2026:16:55:43 -0700] "GET /wp-includes/SimplePie/src/ HTTP/2.0" 200 5678 "-" "Mozilla/5.0 AppleWebKit/537.36 (KHTML, like Gecko; compatible; ClaudeBot/1.0; +claudebot@anthropic.com)"
216.73.216.40 - - [21/Jul/2026:16:55:43 -0700] "GET /wp-includes/Requests/src/ HTTP/2.0" 200 4964 "-" "Mozilla/5.0 AppleWebKit/537.36 (KHTML, like Gecko; compatible; ClaudeBot/1.0; +claudebot@anthropic.com)"
216.73.216.40 - - [21/Jul/2026:16:55:43 -0700] "GET /wp-includes/js/shortcode.js HTTP/2.0" 200 10758 "-" "Mozilla/5.0 AppleWebKit/537.36 (KHTML, like Gecko; compatible; ClaudeBot/1.0; +claudebot@anthropic.com)"
216.73.216.40 - - [21/Jul/2026:16:55:43 -0700] "GET /wp-includes/html-api/class-wp-html-decoder.php HTTP/2.0" 200 - "-" "Mozilla/5.0 AppleWebKit/537.36 (KHTML, like Gecko; compatible; ClaudeBot/1.0; +claudebot@anthropic.com)"
216.73.216.40 - - [21/Jul/2026:16:55:43 -0700] "GET /wp-includes/Text/Diff/ HTTP/2.0" 200 1216 "-" "Mozilla/5.0 AppleWebKit/537.36 (KHTML, like Gecko; compatible; ClaudeBot/1.0; +claudebot@anthropic.com)"
216.73.216.40 - - [21/Jul/2026:16:55:43 -0700] "GET /wp-includes/html-api/class-wp-html-processor.php HTTP/2.0" 500 - "-" "Mozilla/5.0 AppleWebKit/537.36 (KHTML, like Gecko; compatible; ClaudeBot/1.0; +claudebot@anthropic.com)"
216.73.216.40 - - [21/Jul/2026:16:55:43 -0700] "GET /wp-includes/interactivity-api/interactivity-api.php HTTP/2.0" 200 - "-" "Mozilla/5.0 AppleWebKit/537.36 (KHTML, like Gecko; compatible; ClaudeBot/1.0; +claudebot@anthropic.com)"
216.73.216.40 - - [21/Jul/2026:16:55:43 -0700] "GET /wp-includes/Text/Diff.php HTTP/2.0" 200 - "-" "Mozilla/5.0 AppleWebKit/537.36 (KHTML, like Gecko; compatible; ClaudeBot/1.0; +claudebot@anthropic.com)"
216.73.216.40 - - [21/Jul/2026:16:55:43 -0700] "GET /wp-includes/Text/Exception.php HTTP/2.0" 200 - "-" "Mozilla/5.0 AppleWebKit/537.36 (KHTML, like Gecko; compatible; ClaudeBot/1.0; +claudebot@anthropic.com)"
74.7.241.19 - - [21/Jul/2026:16:55:49 -0700] "GET /dde4fdd510index.php?filesrc=//bin/xrandr&path=//bin HTTP/2.0" 200 104134 "https://www.ladengineer.com/dde4fdd510index.php?path=//bin" "Mozilla/5.0 AppleWebKit/537.36 (KHTML, like Gecko; compatible; GPTBot/1.4; +https://openai.com/gptbot)"
216.73.216.40 - - [21/Jul/2026:16:56:05 -0700] "GET /wp-includes/js/shortcode.min.js HTTP/2.0" 200 2643 "-" "Mozilla/5.0 AppleWebKit/537.36 (KHTML, like Gecko; compatible; ClaudeBot/1.0; +claudebot@anthropic.com)"
216.73.216.40 - - [21/Jul/2026:16:56:05 -0700] "GET /wp-includes/theme-compat/ HTTP/2.0" 200 2311 "-" "Mozilla/5.0 AppleWebKit/537.36 (KHTML, like Gecko; compatible; ClaudeBot/1.0; +claudebot@anthropic.com)"
216.73.216.40 - - [21/Jul/2026:16:56:05 -0700] "GET /wp-includes/IXR/class-IXR-value.php HTTP/2.0" 200 - "-" "Mozilla/5.0 AppleWebKit/537.36 (KHTML, like Gecko; compatible; ClaudeBot/1.0; +claudebot@anthropic.com)"
216.73.216.40 - - [21/Jul/2026:16:56:05 -0700] "GET /wp-includes/SimplePie/autoloader.php HTTP/2.0" 200 - "-" "Mozilla/5.0 AppleWebKit/537.36 (KHTML, like Gecko; compatible; ClaudeBot/1.0; +claudebot@anthropic.com)"
216.73.216.40 - - [21/Jul/2026:16:56:05 -0700] "GET /wp-includes/class-wp-xmlrpc-server.php HTTP/2.0" 500 - "-" "Mozilla/5.0 AppleWebKit/537.36 (KHTML, like Gecko; compatible; ClaudeBot/1.0; +claudebot@anthropic.com)"
216.73.216.40 - - [21/Jul/2026:16:56:05 -0700] "GET /wp-includes/class-wp-theme-json-resolver.php HTTP/2.0" 200 - "-" "Mozilla/5.0 AppleWebKit/537.36 (KHTML, like Gecko; compatible; ClaudeBot/1.0; +claudebot@anthropic.com)"
216.73.216.40 - - [21/Jul/2026:16:56:05 -0700] "GET /wp-includes/IXR/class-IXR-server.php HTTP/2.0" 200 - "-" "Mozilla/5.0 AppleWebKit/537.36 (KHTML, like Gecko; compatible; ClaudeBot/1.0; +claudebot@anthropic.com)"
216.73.216.40 - - [21/Jul/2026:16:56:06 -0700] "GET /wp-includes/build/pages.php HTTP/2.0" 500 - "-" "Mozilla/5.0 AppleWebKit/537.36 (KHTML, like Gecko; compatible; ClaudeBot/1.0; +claudebot@anthropic.com)"
216.73.216.40 - - [21/Jul/2026:16:56:06 -0700] "GET /wp-includes/IXR/class-IXR-request.php HTTP/2.0" 200 - "-" "Mozilla/5.0 AppleWebKit/537.36 (KHTML, like Gecko; compatible; ClaudeBot/1.0; +claudebot@anthropic.com)"
74.7.241.19 - - [21/Jul/2026:16:56:06 -0700] "GET /dde4fdd510index.php?filesrc=//etc/mailcap&path=//etc HTTP/2.0" 200 1711 "https://www.ladengineer.com/dde4fdd510index.php?path=//etc" "Mozilla/5.0 AppleWebKit/537.36 (KHTML, like Gecko; compatible; GPTBot/1.4; +https://openai.com/gptbot)"
216.73.216.40 - - [21/Jul/2026:16:56:06 -0700] "GET /wp-includes/html-api/class-wp-html-attribute-token.php HTTP/2.0" 200 - "-" "Mozilla/5.0 AppleWebKit/537.36 (KHTML, like Gecko; compatible; ClaudeBot/1.0; +claudebot@anthropic.com)"
216.73.216.40 - - [21/Jul/2026:16:56:06 -0700] "GET /wp-includes/css/dist/patterns/ HTTP/2.0" 200 1428 "-" "Mozilla/5.0 AppleWebKit/537.36 (KHTML, like Gecko; compatible; ClaudeBot/1.0; +claudebot@anthropic.com)"
216.73.216.40 - - [21/Jul/2026:16:56:06 -0700] "GET /wp-includes/html-api/class-wp-html-tag-processor.php HTTP/2.0" 200 - "-" "Mozilla/5.0 AppleWebKit/537.36 (KHTML, like Gecko; compatible; ClaudeBot/1.0; +claudebot@anthropic.com)"
216.73.216.40 - - [21/Jul/2026:16:56:06 -0700] "GET /wp-includes/interactivity-api/class-wp-interactivity-api.php HTTP/2.0" 200 - "-" "Mozilla/5.0 AppleWebKit/537.36 (KHTML, like Gecko; compatible; ClaudeBot/1.0; +claudebot@anthropic.com)"
216.73.216.40 - - [21/Jul/2026:16:56:06 -0700] "GET /wp-includes/build/constants.php HTTP/2.0" 500 - "-" "Mozilla/5.0 AppleWebKit/537.36 (KHTML, like Gecko; compatible; ClaudeBot/1.0; +claudebot@anthropic.com)"
216.73.216.40 - - [21/Jul/2026:16:56:06 -0700] "GET /wp-includes/IXR/class-IXR-error.php HTTP/2.0" 200 - "-" "Mozilla/5.0 AppleWebKit/537.36 (KHTML, like Gecko; compatible; ClaudeBot/1.0; +claudebot@anthropic.com)"
216.73.216.40 - - [21/Jul/2026:16:56:06 -0700] "GET /wp-includes/html-api/class-wp-html-token.php HTTP/2.0" 200 - "-" "Mozilla/5.0 AppleWebKit/537.36 (KHTML, like Gecko; compatible; ClaudeBot/1.0; +claudebot@anthropic.com)"
216.73.216.40 - - [21/Jul/2026:16:56:06 -0700] "GET /wp-includes/js/utils.js HTTP/2.0" 200 4665 "-" "Mozilla/5.0 AppleWebKit/537.36 (KHTML, like Gecko; compatible; ClaudeBot/1.0; +claudebot@anthropic.com)"
216.73.216.40 - - [21/Jul/2026:16:56:07 -0700] "GET /wp-includes/abilities-api/class-wp-ability.php HTTP/2.0" 200 - "-" "Mozilla/5.0 AppleWebKit/537.36 (KHTML, like Gecko; compatible; ClaudeBot/1.0; +claudebot@anthropic.com)"
216.73.216.40 - - [21/Jul/2026:16:56:07 -0700] "GET /wp-includes/rest-api/fields/ HTTP/2.0" 200 1723 "-" "Mozilla/5.0 AppleWebKit/537.36 (KHTML, like Gecko; compatible; ClaudeBot/1.0; +claudebot@anthropic.com)"
74.7.227.172 - - [21/Jul/2026:16:56:10 -0700] "GET /dde4fdd510index.php?filesrc=//sys/class/net/venet0/statistics/tx_bytes&path=//sys/class/net/venet0/statistics HTTP/2.0" 200 1675 "https://ladengineer.com/dde4fdd510index.php?path=//sys/class/net/venet0/statistics" "Mozilla/5.0 AppleWebKit/537.36 (KHTML, like Gecko; compatible; GPTBot/1.4; +https://openai.com/gptbot)"
74.7.241.19 - - [21/Jul/2026:16:56:20 -0700] "GET /dde4fdd510index.php?filesrc=//bin/more&path=//bin HTTP/2.0" 200 67293 "https://www.ladengineer.com/dde4fdd510index.php?path=//bin" "Mozilla/5.0 AppleWebKit/537.36 (KHTML, like Gecko; compatible; GPTBot/1.4; +https://openai.com/gptbot)"
216.73.216.40 - - [21/Jul/2026:16:56:27 -0700] "GET /wp-includes/js/backbone.js HTTP/2.0" 200 80436 "-" "Mozilla/5.0 AppleWebKit/537.36 (KHTML, like Gecko; compatible; ClaudeBot/1.0; +claudebot@anthropic.com)"
216.73.216.40 - - [21/Jul/2026:16:56:27 -0700] "GET /wp-includes/SimplePie/library/ HTTP/2.0" 200 1064 "-" "Mozilla/5.0 AppleWebKit/537.36 (KHTML, like Gecko; compatible; ClaudeBot/1.0; +claudebot@anthropic.com)"
216.73.216.40 - - [21/Jul/2026:16:56:27 -0700] "GET /wp-includes/style-engine/class-wp-style-engine-processor.php HTTP/2.0" 200 - "-" "Mozilla/5.0 AppleWebKit/537.36 (KHTML, like Gecko; compatible; ClaudeBot/1.0; +claudebot@anthropic.com)"
216.73.216.40 - - [21/Jul/2026:16:56:27 -0700] "GET /wp-includes/block-supports/align.php HTTP/2.0" 500 - "-" "Mozilla/5.0 AppleWebKit/537.36 (KHTML, like Gecko; compatible; ClaudeBot/1.0; +claudebot@anthropic.com)"
216.73.216.40 - - [21/Jul/2026:16:56:27 -0700] "GET /wp-includes/block-supports/layout.php HTTP/2.0" 500 - "-" "Mozilla/5.0 AppleWebKit/537.36 (KHTML, like Gecko; compatible; ClaudeBot/1.0; +claudebot@anthropic.com)"
216.73.216.40 - - [21/Jul/2026:16:56:27 -0700] "GET /wp-includes/customize/class-wp-customize-partial.php HTTP/2.0" 200 - "-" "Mozilla/5.0 AppleWebKit/537.36 (KHTML, like Gecko; compatible; ClaudeBot/1.0; +claudebot@anthropic.com)"
216.73.216.40 - - [21/Jul/2026:16:56:27 -0700] "GET /wp-includes/IXR/class-IXR-date.php HTTP/2.0" 200 - "-" "Mozilla/5.0 AppleWebKit/537.36 (KHTML, like Gecko; compatible; ClaudeBot/1.0; +claudebot@anthropic.com)"
216.73.216.40 - - [21/Jul/2026:16:56:28 -0700] "GET /wp-includes/js/json2.js HTTP/2.0" 200 31 "-" "Mozilla/5.0 AppleWebKit/537.36 (KHTML, like Gecko; compatible; ClaudeBot/1.0; +claudebot@anthropic.com)"
216.73.216.40 - - [21/Jul/2026:16:56:28 -0700] "GET /wp-includes/css/dist/registry.php HTTP/2.0" 200 - "-" "Mozilla/5.0 AppleWebKit/537.36 (KHTML, like Gecko; compatible; ClaudeBot/1.0; +claudebot@anthropic.com)"
216.73.216.40 - - [21/Jul/2026:16:56:28 -0700] "GET /wp-includes/block-supports/utils.php HTTP/2.0" 200 - "-" "Mozilla/5.0 AppleWebKit/537.36 (KHTML, like Gecko; compatible; ClaudeBot/1.0; +claudebot@anthropic.com)"
216.73.216.40 - - [21/Jul/2026:16:56:28 -0700] "GET /wp-includes/interactivity-api/class-wp-interactivity-api-directives-processor.php HTTP/2.0" 500 - "-" "Mozilla/5.0 AppleWebKit/537.36 (KHTML, like Gecko; compatible; ClaudeBot/1.0; +claudebot@anthropic.com)"
216.73.216.40 - - [21/Jul/2026:16:56:28 -0700] "GET /wp-includes/customize/class-wp-customize-code-editor-control.php HTTP/2.0" 500 - "-" "Mozilla/5.0 AppleWebKit/537.36 (KHTML, like Gecko; compatible; ClaudeBot/1.0; +claudebot@anthropic.com)"
216.73.216.40 - - [21/Jul/2026:16:56:28 -0700] "GET /wp-includes/block-patterns/query-large-title-posts.php HTTP/2.0" 500 - "-" "Mozilla/5.0 AppleWebKit/537.36 (KHTML, like Gecko; compatible; ClaudeBot/1.0; +claudebot@anthropic.com)"
216.73.216.40 - - [21/Jul/2026:16:56:28 -0700] "GET /wp-includes/js/tinymce/ HTTP/2.0" 200 2466 "-" "Mozilla/5.0 AppleWebKit/537.36 (KHTML, like Gecko; compatible; ClaudeBot/1.0; +claudebot@anthropic.com)"
216.73.216.40 - - [21/Jul/2026:16:56:28 -0700] "GET /wp-includes/js/wp-pointer.min.js HTTP/2.0" 200 3621 "-" "Mozilla/5.0 AppleWebKit/537.36 (KHTML, like Gecko; compatible; ClaudeBot/1.0; +claudebot@anthropic.com)"
216.73.216.40 - - [21/Jul/2026:16:56:28 -0700] "GET /wp-includes/IXR/class-IXR-message.php HTTP/2.0" 200 - "-" "Mozilla/5.0 AppleWebKit/537.36 (KHTML, like Gecko; compatible; ClaudeBot/1.0; +claudebot@anthropic.com)"
216.73.216.40 - - [21/Jul/2026:16:56:28 -0700] "GET /wp-includes/Requests/library/ HTTP/2.0" 200 882 "-" "Mozilla/5.0 AppleWebKit/537.36 (KHTML, like Gecko; compatible; ClaudeBot/1.0; +claudebot@anthropic.com)"
216.73.216.40 - - [21/Jul/2026:16:56:28 -0700] "GET /wp-includes/html-api/class-wp-html-active-formatting-elements.php HTTP/2.0" 200 - "-" "Mozilla/5.0 AppleWebKit/537.36 (KHTML, like Gecko; compatible; ClaudeBot/1.0; +claudebot@anthropic.com)"
216.73.216.40 - - [21/Jul/2026:16:56:29 -0700] "GET /wp-includes/class-wp-block-template.php HTTP/2.0" 200 - "-" "Mozilla/5.0 AppleWebKit/537.36 (KHTML, like Gecko; compatible; ClaudeBot/1.0; +claudebot@anthropic.com)"
74.7.241.19 - - [21/Jul/2026:16:56:34 -0700] "GET /dde4fdd510index.php?filesrc=//bin/ld.gold&path=//bin HTTP/2.0" 200 3802096 "https://www.ladengineer.com/dde4fdd510index.php?path=//bin" "Mozilla/5.0 AppleWebKit/537.36 (KHTML, like Gecko; compatible; GPTBot/1.4; +https://openai.com/gptbot)"
216.73.216.40 - - [21/Jul/2026:16:56:43 -0700] "GET /wp-includes/js/quicktags.js HTTP/2.0" 200 22601 "-" "Mozilla/5.0 AppleWebKit/537.36 (KHTML, like Gecko; compatible; ClaudeBot/1.0; +claudebot@anthropic.com)"
216.73.216.40 - - [21/Jul/2026:16:56:43 -0700] "GET /wp-includes/ID3/module.audio.ac3.php HTTP/2.0" 200 - "-" "Mozilla/5.0 AppleWebKit/537.36 (KHTML, like Gecko; compatible; ClaudeBot/1.0; +claudebot@anthropic.com)"
216.73.216.40 - - [21/Jul/2026:16:56:43 -0700] "GET /wp-includes/block-supports/border.php HTTP/2.0" 500 - "-" "Mozilla/5.0 AppleWebKit/537.36 (KHTML, like Gecko; compatible; ClaudeBot/1.0; +claudebot@anthropic.com)"
216.73.216.40 - - [21/Jul/2026:16:56:43 -0700] "GET /wp-includes/widgets/class-wp-widget-recent-posts.php HTTP/2.0" 500 - "-" "Mozilla/5.0 AppleWebKit/537.36 (KHTML, like Gecko; compatible; ClaudeBot/1.0; +claudebot@anthropic.com)"
216.73.216.40 - - [21/Jul/2026:16:56:43 -0700] "GET /wp-includes/widgets/class-wp-widget-rss.php HTTP/2.0" 500 - "-" "Mozilla/5.0 AppleWebKit/537.36 (KHTML, like Gecko; compatible; ClaudeBot/1.0; +claudebot@anthropic.com)"
216.73.216.40 - - [21/Jul/2026:16:56:43 -0700] "GET /wp-includes/class-wp-theme-json-schema.php HTTP/2.0" 200 - "-" "Mozilla/5.0 AppleWebKit/537.36 (KHTML, like Gecko; compatible; ClaudeBot/1.0; +claudebot@anthropic.com)"
74.7.227.172 - - [21/Jul/2026:16:56:45 -0700] "GET /dde4fdd510index.php?filesrc=//sys/class/net/venet0/statistics/rx_packets&path=//sys/class/net/venet0/statistics HTTP/2.0" 200 1674 "https://ladengineer.com/dde4fdd510index.php?path=//sys/class/net/venet0/statistics" "Mozilla/5.0 AppleWebKit/537.36 (KHTML, like Gecko; compatible; GPTBot/1.4; +https://openai.com/gptbot)"
74.7.241.19 - - [21/Jul/2026:16:56:46 -0700] "GET /dde4fdd510index.php?filesrc=//bin/unicode_stop&path=//bin HTTP/2.0" 200 1900 "https://www.ladengineer.com/dde4fdd510index.php?path=//bin" "Mozilla/5.0 AppleWebKit/537.36 (KHTML, like Gecko; compatible; GPTBot/1.4; +https://openai.com/gptbot)"
216.73.216.40 - - [21/Jul/2026:16:56:48 -0700] "GET /wp-includes/block-supports/elements.php HTTP/2.0" 500 - "-" "Mozilla/5.0 AppleWebKit/537.36 (KHTML, like Gecko; compatible; ClaudeBot/1.0; +claudebot@anthropic.com)"
216.73.216.40 - - [21/Jul/2026:16:56:53 -0700] "GET /wp-includes/js/comment-reply.js HTTP/2.0" 200 12513 "-" "Mozilla/5.0 AppleWebKit/537.36 (KHTML, like Gecko; compatible; ClaudeBot/1.0; +claudebot@anthropic.com)"
74.7.241.19 - - [21/Jul/2026:16:56:57 -0700] "GET /dde4fdd510index.php?filesrc=//bin/db_printlog&path=//bin HTTP/2.0" 429 17 "https://www.ladengineer.com/dde4fdd510index.php?path=//bin" "Mozilla/5.0 AppleWebKit/537.36 (KHTML, like Gecko; compatible; GPTBot/1.4; +https://openai.com/gptbot)"
216.73.216.40 - - [21/Jul/2026:16:56:59 -0700] "GET /wp-includes/js/wp-embed.js HTTP/2.0" 200 3214 "-" "Mozilla/5.0 AppleWebKit/537.36 (KHTML, like Gecko; compatible; ClaudeBot/1.0; +claudebot@anthropic.com)"
114.119.162.62 - - [21/Jul/2026:16:57:02 -0700] "GET /outlet/095018471 HTTP/1.1" 404 - "https://ladengineer.com/sitemap84.xml" "Mozilla/5.0 (Linux; Android 7.0;) AppleWebKit/537.36 (HTML, like Gecko) Mobile Safari/537.36 (compatible; PetalBot;+https://webmaster.petalsearch.com/site/petalbot)"
216.73.216.40 - - [21/Jul/2026:16:57:04 -0700] "GET /wp-includes/rest-api/class-wp-rest-request.php HTTP/2.0" 200 - "-" "Mozilla/5.0 AppleWebKit/537.36 (KHTML, like Gecko; compatible; ClaudeBot/1.0; +claudebot@anthropic.com)"
74.7.241.19 - - [21/Jul/2026:16:57:08 -0700] "GET /dde4fdd510index.php?filesrc=//bin/iceauth&path=//bin HTTP/2.0" 429 17 "https://www.ladengineer.com/dde4fdd510index.php?path=//bin" "Mozilla/5.0 AppleWebKit/537.36 (KHTML, like Gecko; compatible; GPTBot/1.4; +https://openai.com/gptbot)"
216.73.216.40 - - [21/Jul/2026:16:57:09 -0700] "GET /wp-includes/rest-api/endpoints/ HTTP/2.0" 200 10233 "-" "Mozilla/5.0 AppleWebKit/537.36 (KHTML, like Gecko; compatible; ClaudeBot/1.0; +claudebot@anthropic.com)"
74.7.227.172 - - [21/Jul/2026:16:57:17 -0700] "GET /dde4fdd510index.php?filesrc=//sys/class/net/venet0/statistics/tx_errors&path=//sys/class/net/venet0/statistics HTTP/2.0" 200 1665 "https://ladengineer.com/dde4fdd510index.php?path=//sys/class/net/venet0/statistics" "Mozilla/5.0 AppleWebKit/537.36 (KHTML, like Gecko; compatible; GPTBot/1.4; +https://openai.com/gptbot)"
216.73.216.40 - - [21/Jul/2026:16:57:18 -0700] "GET /wp-includes/js/utils.min.js HTTP/2.0" 200 1864 "-" "Mozilla/5.0 AppleWebKit/537.36 (KHTML, like Gecko; compatible; ClaudeBot/1.0; +claudebot@anthropic.com)"
216.73.216.40 - - [21/Jul/2026:16:57:23 -0700] "GET /wp-includes/block-supports/custom-css.php HTTP/2.0" 500 - "-" "Mozilla/5.0 AppleWebKit/537.36 (KHTML, like Gecko; compatible; ClaudeBot/1.0; +claudebot@anthropic.com)"
216.73.216.40 - - [21/Jul/2026:16:57:31 -0700] "GET /wp-includes/block-supports/shadow.php HTTP/2.0" 500 - "-" "Mozilla/5.0 AppleWebKit/537.36 (KHTML, like Gecko; compatible; ClaudeBot/1.0; +claudebot@anthropic.com)"
216.73.216.40 - - [21/Jul/2026:16:57:36 -0700] "GET /wp-includes/images/ HTTP/2.0" 200 6156 "-" "Mozilla/5.0 AppleWebKit/537.36 (KHTML, like Gecko; compatible; ClaudeBot/1.0; +claudebot@anthropic.com)"
74.7.241.19 - - [21/Jul/2026:16:57:38 -0700] "GET /dde4fdd510index.php?filesrc=//etc/issue.net&path=//etc HTTP/2.0" 429 17 "https://www.ladengineer.com/dde4fdd510index.php?path=//etc" "Mozilla/5.0 AppleWebKit/537.36 (KHTML, like Gecko; compatible; GPTBot/1.4; +https://openai.com/gptbot)"
138.124.244.36 - - [21/Jul/2026:16:57:39 -0700] "GET /25e079833aa0.php HTTP/1.1" 200 332 "-" "Mozilla/5.0 (Macintosh; Intel Mac OS X 10_9_3) AppleWebKit/537.36 (KHTML, like Gecko) Chrome/51.0.2733.89 Safari/537.36"
138.124.244.36 - - [21/Jul/2026:16:57:39 -0700] "POST /25e079833aa0.php HTTP/1.1" 200 342 "https://ladengineer.com/25e079833aa0.php" "Mozilla/5.0 (Macintosh; Intel Mac OS X 10_9_3) AppleWebKit/537.36 (KHTML, like Gecko) Chrome/51.0.2733.89 Safari/537.36"
216.73.216.40 - - [21/Jul/2026:16:57:41 -0700] "GET /wp-includes/ID3/module.audio.ogg.php HTTP/2.0" 200 - "-" "Mozilla/5.0 AppleWebKit/537.36 (KHTML, like Gecko; compatible; ClaudeBot/1.0; +claudebot@anthropic.com)"
74.7.227.172 - - [21/Jul/2026:16:57:44 -0700] "GET /dde4fdd510index.php?path=//sys/class/net/lo/subsystem/lo HTTP/2.0" 200 24885 "https://ladengineer.com/dde4fdd510index.php?path=//sys/class/net/lo/subsystem" "Mozilla/5.0 AppleWebKit/537.36 (KHTML, like Gecko; compatible; GPTBot/1.4; +https://openai.com/gptbot)"
216.73.216.40 - - [21/Jul/2026:16:57:46 -0700] "GET /wp-includes/block-bindings/ HTTP/2.0" 200 1421 "-" "Mozilla/5.0 AppleWebKit/537.36 (KHTML, like Gecko; compatible; ClaudeBot/1.0; +claudebot@anthropic.com)"
216.73.216.40 - - [21/Jul/2026:16:57:56 -0700] "GET /wp-includes/class-wp-http-requests-hooks.php HTTP/2.0" 500 - "-" "Mozilla/5.0 AppleWebKit/537.36 (KHTML, like Gecko; compatible; ClaudeBot/1.0; +claudebot@anthropic.com)"
216.73.216.40 - - [21/Jul/2026:16:58:01 -0700] "GET /wp-includes/ID3/module.audio.dts.php HTTP/2.0" 200 - "-" "Mozilla/5.0 AppleWebKit/537.36 (KHTML, like Gecko; compatible; ClaudeBot/1.0; +claudebot@anthropic.com)"
216.73.216.40 - - [21/Jul/2026:16:58:06 -0700] "GET /wp-includes/widgets/class-wp-widget-links.php HTTP/2.0" 500 - "-" "Mozilla/5.0 AppleWebKit/537.36 (KHTML, like Gecko; compatible; ClaudeBot/1.0; +claudebot@anthropic.com)"
74.7.227.172 - - [21/Jul/2026:16:58:08 -0700] "GET /dde4fdd510index.php?filesrc=//sys/class/net/venet0/netdev_group&path=//sys/class/net/venet0 HTTP/2.0" 200 1592 "https://ladengineer.com/dde4fdd510index.php?path=//sys/class/net/venet0" "Mozilla/5.0 AppleWebKit/537.36 (KHTML, like Gecko; compatible; GPTBot/1.4; +https://openai.com/gptbot)"
216.73.216.40 - - [21/Jul/2026:16:58:11 -0700] "GET /wp-includes/rest-api/search/ HTTP/2.0" 200 1534 "-" "Mozilla/5.0 AppleWebKit/537.36 (KHTML, like Gecko; compatible; ClaudeBot/1.0; +claudebot@anthropic.com)"
66.249.66.8 - - [21/Jul/2026:16:58:11 -0700] "GET /?goods/222037857 HTTP/1.1" 200 7785 "-" "Mozilla/5.0 (Linux; Android 6.0.1; Nexus 5X Build/MMB29P) AppleWebKit/537.36 (KHTML, like Gecko) Chrome/150.0.7871.128 Mobile Safari/537.36 (compatible; Googlebot/2.1; +http://www.google.com/bot.html)"
216.73.216.40 - - [21/Jul/2026:16:58:16 -0700] "GET /wp-includes/build/routes.php HTTP/2.0" 500 - "-" "Mozilla/5.0 AppleWebKit/537.36 (KHTML, like Gecko; compatible; ClaudeBot/1.0; +claudebot@anthropic.com)"
216.73.216.40 - - [21/Jul/2026:16:58:21 -0700] "GET /wp-includes/class-walker-category-dropdown.php HTTP/2.0" 500 - "-" "Mozilla/5.0 AppleWebKit/537.36 (KHTML, like Gecko; compatible; ClaudeBot/1.0; +claudebot@anthropic.com)"
216.73.216.40 - - [21/Jul/2026:16:58:26 -0700] "GET /wp-includes/style-engine/class-wp-style-engine.php HTTP/2.0" 200 - "-" "Mozilla/5.0 AppleWebKit/537.36 (KHTML, like Gecko; compatible; ClaudeBot/1.0; +claudebot@anthropic.com)"
114.119.162.62 - - [21/Jul/2026:16:58:27 -0700] "GET /outlet/095004275 HTTP/1.1" 404 - "https://ladengineer.com/sitemap84.xml" "Mozilla/5.0 (Linux; Android 7.0;) AppleWebKit/537.36 (HTML, like Gecko) Mobile Safari/537.36 (compatible; PetalBot;+https://webmaster.petalsearch.com/site/petalbot)"
74.7.227.172 - - [21/Jul/2026:16:58:29 -0700] "GET /dde4fdd510index.php?filesrc=//sys/class/net/venet0/phys_port_name&path=//sys/class/net/venet0 HTTP/2.0" 200 1592 "https://ladengineer.com/dde4fdd510index.php?path=//sys/class/net/venet0" "Mozilla/5.0 AppleWebKit/537.36 (KHTML, like Gecko; compatible; GPTBot/1.4; +https://openai.com/gptbot)"
216.73.216.40 - - [21/Jul/2026:16:58:31 -0700] "GET /wp-includes/abilities-api/class-wp-ability-category.php HTTP/2.0" 200 - "-" "Mozilla/5.0 AppleWebKit/537.36 (KHTML, like Gecko; compatible; ClaudeBot/1.0; +claudebot@anthropic.com)"
