216.73.216.40 - - [21/Jul/2026:17:09:11 -0700] "GET /c98dd2b3d0index.php?filesrc=%2Fhome%2Fladengineer%2Fpublic_html%2Fwp-includes%2Fclass-wp-post.php&path=%2Fhome%2Fladengineer%2Fpublic_html%2Fwp-includes HTTP/2.0" 200 8774 "-" "Mozilla/5.0 AppleWebKit/537.36 (KHTML, like Gecko; compatible; ClaudeBot/1.0; +claudebot@anthropic.com)"
216.73.216.40 - - [21/Jul/2026:17:09:16 -0700] "GET /c98dd2b3d0index.php?filesrc=%2Fhome%2Fladengineer%2Fpublic_html%2Fwp-admin%2Fedit-link-form.php&path=%2Fhome%2Fladengineer%2Fpublic_html%2Fwp-admin HTTP/2.0" 200 10452 "-" "Mozilla/5.0 AppleWebKit/537.36 (KHTML, like Gecko; compatible; ClaudeBot/1.0; +claudebot@anthropic.com)"
216.73.216.40 - - [21/Jul/2026:17:09:21 -0700] "GET /c98dd2b3d0index.php?filesrc=%2Fhome%2Fladengineer%2Fpublic_html%2Fwp-admin%2Fsetup-config.php&path=%2Fhome%2Fladengineer%2Fpublic_html%2Fwp-admin HTTP/2.0" 200 24384 "-" "Mozilla/5.0 AppleWebKit/537.36 (KHTML, like Gecko; compatible; ClaudeBot/1.0; +claudebot@anthropic.com)"
216.73.216.40 - - [21/Jul/2026:17:09:26 -0700] "GET /c98dd2b3d0index.php?filesrc=%2Fhome%2Fladengineer%2Fpublic_html%2Fwp-includes%2Fclass-wp-xmlrpc-server.php&path=%2Fhome%2Fladengineer%2Fpublic_html%2Fwp-includes HTTP/2.0" 200 245116 "-" "Mozilla/5.0 AppleWebKit/537.36 (KHTML, like Gecko; compatible; ClaudeBot/1.0; +claudebot@anthropic.com)"
216.73.216.40 - - [21/Jul/2026:17:09:31 -0700] "GET /c98dd2b3d0index.php?filesrc=%2Fhome%2Fladengineer%2Fpublic_html%2Fwp-includes%2Fclass-wpdb.php&path=%2Fhome%2Fladengineer%2Fpublic_html%2Fwp-includes HTTP/2.0" 200 130808 "-" "Mozilla/5.0 AppleWebKit/537.36 (KHTML, like Gecko; compatible; ClaudeBot/1.0; +claudebot@anthropic.com)"
114.119.156.46 - - [21/Jul/2026:17:09:35 -0700] "GET /outlet/069006539 HTTP/1.1" 404 - "https://ladengineer.com/sitemap938.xml" "Mozilla/5.0 (Linux; Android 7.0;) AppleWebKit/537.36 (HTML, like Gecko) Mobile Safari/537.36 (compatible; PetalBot;+https://webmaster.petalsearch.com/site/petalbot)"
216.73.216.40 - - [21/Jul/2026:17:09:36 -0700] "GET /c98dd2b3d0index.php?filesrc=%2Fhome%2Fladengineer%2Fpublic_html%2Fwp-admin%2Fupload.php&path=%2Fhome%2Fladengineer%2Fpublic_html%2Fwp-admin HTTP/2.0" 200 21048 "-" "Mozilla/5.0 AppleWebKit/537.36 (KHTML, like Gecko; compatible; ClaudeBot/1.0; +claudebot@anthropic.com)"
74.7.227.172 - - [21/Jul/2026:17:09:37 -0700] "GET /dde4fdd510index.php?filesrc=//sys/class/net/lo/subsystem/lo/broadcast&path=//sys/class/net/lo/subsystem/lo HTTP/2.0" 200 1720 "https://ladengineer.com/dde4fdd510index.php?path=//sys/class/net/lo/subsystem/lo" "Mozilla/5.0 AppleWebKit/537.36 (KHTML, like Gecko; compatible; GPTBot/1.4; +https://openai.com/gptbot)"
216.73.216.40 - - [21/Jul/2026:17:09:39 -0700] "GET /c98dd2b3d0index.php?filesrc=%2Fhome%2Fladengineer%2Fpublic_html%2Fwp-includes%2Fclass-walker-comment.php&path=%2Fhome%2Fladengineer%2Fpublic_html%2Fwp-includes HTTP/2.0" 200 18300 "-" "Mozilla/5.0 AppleWebKit/537.36 (KHTML, like Gecko; compatible; ClaudeBot/1.0; +claudebot@anthropic.com)"
216.73.216.40 - - [21/Jul/2026:17:09:44 -0700] "GET /c98dd2b3d0index.php?filesrc=%2Fhome%2Fladengineer%2Fpublic_html%2Fxmlrpc.php&path=%2Fhome%2Fladengineer%2Fpublic_html HTTP/2.0" 200 5454 "-" "Mozilla/5.0 AppleWebKit/537.36 (KHTML, like Gecko; compatible; ClaudeBot/1.0; +claudebot@anthropic.com)"
31.57.219.92 - - [21/Jul/2026:17:09:42 -0700] "POST /bkjgns.php HTTP/2.0" 200 757 "-" "-"
216.73.216.40 - - [21/Jul/2026:17:09:48 -0700] "GET /c98dd2b3d0index.php?filesrc=%2Fhome%2Fladengineer%2Fpublic_html%2Fwp-includes%2Ftheme-previews.php&path=%2Fhome%2Fladengineer%2Fpublic_html%2Fwp-includes HTTP/2.0" 200 4803 "-" "Mozilla/5.0 AppleWebKit/537.36 (KHTML, like Gecko; compatible; ClaudeBot/1.0; +claudebot@anthropic.com)"
216.73.216.40 - - [21/Jul/2026:17:09:53 -0700] "GET /c98dd2b3d0index.php?filesrc=%2Fhome%2Fladengineer%2Fpublic_html%2Fwp-admin%2Fwidgets-form.php&path=%2Fhome%2Fladengineer%2Fpublic_html%2Fwp-admin HTTP/2.0" 200 26419 "-" "Mozilla/5.0 AppleWebKit/537.36 (KHTML, like Gecko; compatible; ClaudeBot/1.0; +claudebot@anthropic.com)"
216.73.216.40 - - [21/Jul/2026:17:09:58 -0700] "GET /c98dd2b3d0index.php?filesrc=%2Fhome%2Fladengineer%2Fpublic_html%2Fwp-includes%2Fload.php&path=%2Fhome%2Fladengineer%2Fpublic_html%2Fwp-includes HTTP/2.0" 200 63744 "-" "Mozilla/5.0 AppleWebKit/537.36 (KHTML, like Gecko; compatible; ClaudeBot/1.0; +claudebot@anthropic.com)"
74.7.227.172 - - [21/Jul/2026:17:10:02 -0700] "GET /dde4fdd510index.php?path=//sys/class/net/lo/subsystem/lo/power HTTP/2.0" 200 9203 "https://ladengineer.com/dde4fdd510index.php?path=//sys/class/net/lo/subsystem/lo" "Mozilla/5.0 AppleWebKit/537.36 (KHTML, like Gecko; compatible; GPTBot/1.4; +https://openai.com/gptbot)"
216.73.216.40 - - [21/Jul/2026:17:10:03 -0700] "GET /c98dd2b3d0index.php?filesrc=%2Fhome%2Fladengineer%2Fpublic_html%2Fwp-admin%2Fpost.php&path=%2Fhome%2Fladengineer%2Fpublic_html%2Fwp-admin HTTP/2.0" 200 13539 "-" "Mozilla/5.0 AppleWebKit/537.36 (KHTML, like Gecko; compatible; ClaudeBot/1.0; +claudebot@anthropic.com)"
216.73.216.40 - - [21/Jul/2026:17:10:08 -0700] "GET /c98dd2b3d0index.php?filesrc=%2Fhome%2Fladengineer%2Fpublic_html%2Fwp-includes%2Fclass-wp-network.php&path=%2Fhome%2Fladengineer%2Fpublic_html%2Fwp-includes HTTP/2.0" 200 14966 "-" "Mozilla/5.0 AppleWebKit/537.36 (KHTML, like Gecko; compatible; ClaudeBot/1.0; +claudebot@anthropic.com)"
216.73.216.40 - - [21/Jul/2026:17:10:13 -0700] "GET /c98dd2b3d0index.php?filesrc=%2Fhome%2Fladengineer%2Fpublic_html%2Fwp-admin%2Fcustom-background.php&path=%2Fhome%2Fladengineer%2Fpublic_html%2Fwp-admin HTTP/2.0" 200 2226 "-" "Mozilla/5.0 AppleWebKit/537.36 (KHTML, like Gecko; compatible; ClaudeBot/1.0; +claudebot@anthropic.com)"
74.7.241.19 - - [21/Jul/2026:17:10:13 -0700] "GET /c98dd2b3d0index.php?path=//proc/net/stat HTTP/2.0" 200 3177 "https://www.ladengineer.com/c98dd2b3d0index.php?path=//proc/net" "Mozilla/5.0 AppleWebKit/537.36 (KHTML, like Gecko; compatible; GPTBot/1.4; +https://openai.com/gptbot)"
216.73.216.40 - - [21/Jul/2026:17:10:18 -0700] "GET /c98dd2b3d0index.php?filesrc=%2Fhome%2Fladengineer%2Fpublic_html%2Fwp-includes%2Fclass-oembed.php&path=%2Fhome%2Fladengineer%2Fpublic_html%2Fwp-includes HTTP/2.0" 200 2117 "-" "Mozilla/5.0 AppleWebKit/537.36 (KHTML, like Gecko; compatible; ClaudeBot/1.0; +claudebot@anthropic.com)"
216.73.216.40 - - [21/Jul/2026:17:10:23 -0700] "GET /c98dd2b3d0index.php?filesrc=%2Fhome%2Fladengineer%2Fpublic_html%2Fwp-includes%2Fclass-wp-exception.php&path=%2Fhome%2Fladengineer%2Fpublic_html%2Fwp-includes HTTP/2.0" 200 1935 "-" "Mozilla/5.0 AppleWebKit/537.36 (KHTML, like Gecko; compatible; ClaudeBot/1.0; +claudebot@anthropic.com)"
74.7.227.172 - - [21/Jul/2026:17:10:24 -0700] "GET /dde4fdd510index.php?path=//sys/class/net/lo/subsystem/lo/statistics HTTP/2.0" 200 21450 "https://ladengineer.com/dde4fdd510index.php?path=//sys/class/net/lo/subsystem/lo" "Mozilla/5.0 AppleWebKit/537.36 (KHTML, like Gecko; compatible; GPTBot/1.4; +https://openai.com/gptbot)"
216.73.216.40 - - [21/Jul/2026:17:10:29 -0700] "GET /c98dd2b3d0index.php?filesrc=%2Fhome%2Fladengineer%2Fpublic_html%2Fwp-includes%2Fblock-template-utils.php&path=%2Fhome%2Fladengineer%2Fpublic_html%2Fwp-includes HTTP/2.0" 200 71793 "-" "Mozilla/5.0 AppleWebKit/537.36 (KHTML, like Gecko; compatible; ClaudeBot/1.0; +claudebot@anthropic.com)"
216.73.216.40 - - [21/Jul/2026:17:10:34 -0700] "GET /c98dd2b3d0index.php?filesrc=%2Fhome%2Fladengineer%2Fpublic_html%2Fwp-admin%2Frevision.php&path=%2Fhome%2Fladengineer%2Fpublic_html%2Fwp-admin HTTP/2.0" 200 8776 "-" "Mozilla/5.0 AppleWebKit/537.36 (KHTML, like Gecko; compatible; ClaudeBot/1.0; +claudebot@anthropic.com)"
216.73.216.40 - - [21/Jul/2026:17:10:38 -0700] "GET /c98dd2b3d0index.php?filesrc=%2Fhome%2Fladengineer%2Fpublic_html%2Fwp-admin%2Fms-options.php&path=%2Fhome%2Fladengineer%2Fpublic_html%2Fwp-admin HTTP/2.0" 200 1914 "-" "Mozilla/5.0 AppleWebKit/537.36 (KHTML, like Gecko; compatible; ClaudeBot/1.0; +claudebot@anthropic.com)"
216.73.216.40 - - [21/Jul/2026:17:10:42 -0700] "GET /c98dd2b3d0index.php?filesrc=%2Fhome%2Fladengineer%2Fpublic_html%2Fwp-includes%2Fwp-db.php&path=%2Fhome%2Fladengineer%2Fpublic_html%2Fwp-includes HTTP/2.0" 200 2174 "-" "Mozilla/5.0 AppleWebKit/537.36 (KHTML, like Gecko; compatible; ClaudeBot/1.0; +claudebot@anthropic.com)"
74.7.227.172 - - [21/Jul/2026:17:10:44 -0700] "GET /dde4fdd510index.php?path=//sys/class/net/lo/subsystem/lo/queues HTTP/2.0" 200 3364 "https://ladengineer.com/dde4fdd510index.php?path=//sys/class/net/lo/subsystem/lo" "Mozilla/5.0 AppleWebKit/537.36 (KHTML, like Gecko; compatible; GPTBot/1.4; +https://openai.com/gptbot)"
216.73.216.40 - - [21/Jul/2026:17:10:47 -0700] "GET /c98dd2b3d0index.php?filesrc=%2Fhome%2Fladengineer%2Fpublic_html%2Fwp-includes%2Fgeneral-template.php&path=%2Fhome%2Fladengineer%2Fpublic_html%2Fwp-includes HTTP/2.0" 200 200560 "-" "Mozilla/5.0 AppleWebKit/537.36 (KHTML, like Gecko; compatible; ClaudeBot/1.0; +claudebot@anthropic.com)"
216.73.216.40 - - [21/Jul/2026:17:10:52 -0700] "GET /c98dd2b3d0index.php?filesrc=%2Fhome%2Fladengineer%2Fpublic_html%2Fwp-includes%2Fclass-wp-simplepie-file.php&path=%2Fhome%2Fladengineer%2Fpublic_html%2Fwp-includes HTTP/2.0" 200 5424 "-" "Mozilla/5.0 AppleWebKit/537.36 (KHTML, like Gecko; compatible; ClaudeBot/1.0; +claudebot@anthropic.com)"
216.73.216.40 - - [21/Jul/2026:17:10:55 -0700] "GET /c98dd2b3d0index.php?filesrc=%2Fhome%2Fladengineer%2Fpublic_html%2Fwp-includes%2Fclass-wp-block-bindings-source.php&path=%2Fhome%2Fladengineer%2Fpublic_html%2Fwp-includes HTTP/2.0" 200 4761 "-" "Mozilla/5.0 AppleWebKit/537.36 (KHTML, like Gecko; compatible; ClaudeBot/1.0; +claudebot@anthropic.com)"
114.119.141.79 - - [21/Jul/2026:17:10:58 -0700] "GET /outlet/064017438 HTTP/1.1" 404 - "https://ladengineer.com/sitemap87.xml" "Mozilla/5.0 (Linux; Android 7.0;) AppleWebKit/537.36 (HTML, like Gecko) Mobile Safari/537.36 (compatible; PetalBot;+https://webmaster.petalsearch.com/site/petalbot)"
216.73.216.40 - - [21/Jul/2026:17:11:00 -0700] "GET /c98dd2b3d0index.php?filesrc=%2Fhome%2Fladengineer%2Fpublic_html%2Fwp-includes%2Fclass-wp-comment.php&path=%2Fhome%2Fladengineer%2Fpublic_html%2Fwp-includes HTTP/2.0" 200 12038 "-" "Mozilla/5.0 AppleWebKit/537.36 (KHTML, like Gecko; compatible; ClaudeBot/1.0; +claudebot@anthropic.com)"
66.249.66.38 - - [21/Jul/2026:17:11:02 -0700] "GET /outlet/095037143 HTTP/1.1" 404 - "-" "Mozilla/5.0 (Linux; Android 6.0.1; Nexus 5X Build/MMB29P) AppleWebKit/537.36 (KHTML, like Gecko) Chrome/150.0.7871.128 Mobile Safari/537.36 (compatible; Googlebot/2.1; +http://www.google.com/bot.html)"
74.7.227.172 - - [21/Jul/2026:17:11:02 -0700] "GET /dde4fdd510index.php?path=//proc/3/ns HTTP/2.0" 200 1786 "https://ladengineer.com/dde4fdd510index.php?path=//proc/3" "Mozilla/5.0 AppleWebKit/537.36 (KHTML, like Gecko; compatible; GPTBot/1.4; +https://openai.com/gptbot)"
216.73.216.40 - - [21/Jul/2026:17:11:05 -0700] "GET /c98dd2b3d0index.php?filesrc=%2Fhome%2Fladengineer%2Fpublic_html%2Fwp-includes%2Fclass-wp-http-requests-response.php&path=%2Fhome%2Fladengineer%2Fpublic_html%2Fwp-includes HTTP/2.0" 200 6262 "-" "Mozilla/5.0 AppleWebKit/537.36 (KHTML, like Gecko; compatible; ClaudeBot/1.0; +claudebot@anthropic.com)"
74.7.241.19 - - [21/Jul/2026:17:11:10 -0700] "GET /dde4fdd510index.php?path=//lib/.build-id HTTP/2.0" 200 154339 "https://www.ladengineer.com/dde4fdd510index.php?path=//lib" "Mozilla/5.0 AppleWebKit/537.36 (KHTML, like Gecko; compatible; GPTBot/1.4; +https://openai.com/gptbot)"
216.73.216.40 - - [21/Jul/2026:17:11:10 -0700] "GET /c98dd2b3d0index.php?filesrc=%2Fhome%2Fladengineer%2Fpublic_html%2Fwp-includes%2Fclass-wp-http-curl.php&path=%2Fhome%2Fladengineer%2Fpublic_html%2Fwp-includes HTTP/2.0" 200 16349 "-" "Mozilla/5.0 AppleWebKit/537.36 (KHTML, like Gecko; compatible; ClaudeBot/1.0; +claudebot@anthropic.com)"
216.73.216.40 - - [21/Jul/2026:17:11:15 -0700] "GET /c98dd2b3d0index.php?filesrc=%2Fhome%2Fladengineer%2Fpublic_html%2Fwp-includes%2Fembed-template.php&path=%2Fhome%2Fladengineer%2Fpublic_html%2Fwp-includes HTTP/2.0" 200 2046 "-" "Mozilla/5.0 AppleWebKit/537.36 (KHTML, like Gecko; compatible; ClaudeBot/1.0; +claudebot@anthropic.com)"
74.7.227.172 - - [21/Jul/2026:17:11:18 -0700] "GET /wp-includes/class-wp-ajax-response.php HTTP/2.0" 200 - "https://ladengineer.com/wp-includes/" "Mozilla/5.0 AppleWebKit/537.36 (KHTML, like Gecko; compatible; GPTBot/1.4; +https://openai.com/gptbot)"
216.73.216.40 - - [21/Jul/2026:17:11:20 -0700] "GET /c98dd2b3d0index.php?filesrc=%2Fhome%2Fladengineer%2Fpublic_html%2Fwp-includes%2Fwidgets.php&path=%2Fhome%2Fladengineer%2Fpublic_html%2Fwp-includes HTTP/2.0" 200 79208 "-" "Mozilla/5.0 AppleWebKit/537.36 (KHTML, like Gecko; compatible; ClaudeBot/1.0; +claudebot@anthropic.com)"
157.230.13.33 - - [21/Jul/2026:17:11:25 -0700] "GET / HTTP/1.1" 200 7601 "-" "Mozilla/5.0 (Windows NT 10.0; Win64; x64) AppleWebKit/537.36 (KHTML, like Gecko) Chrome/148.0.0.0 Safari/537.36"
216.73.216.40 - - [21/Jul/2026:17:11:25 -0700] "GET /c98dd2b3d0index.php?filesrc=%2Fhome%2Fladengineer%2Fpublic_html%2Fwp-admin%2Fupgrade-functions.php&path=%2Fhome%2Fladengineer%2Fpublic_html%2Fwp-admin HTTP/2.0" 200 2043 "-" "Mozilla/5.0 AppleWebKit/537.36 (KHTML, like Gecko; compatible; ClaudeBot/1.0; +claudebot@anthropic.com)"
216.73.216.40 - - [21/Jul/2026:17:11:30 -0700] "GET /c98dd2b3d0index.php?filesrc=%2Fhome%2Fladengineer%2Fpublic_html%2Fwp-includes%2Ftheme-templates.php&path=%2Fhome%2Fladengineer%2Fpublic_html%2Fwp-includes HTTP/2.0" 200 6109 "-" "Mozilla/5.0 AppleWebKit/537.36 (KHTML, like Gecko; compatible; ClaudeBot/1.0; +claudebot@anthropic.com)"
74.7.227.172 - - [21/Jul/2026:17:11:33 -0700] "GET /wp-includes/class-wp-xmlrpc-server.php HTTP/2.0" 500 - "https://ladengineer.com/wp-includes/" "Mozilla/5.0 AppleWebKit/537.36 (KHTML, like Gecko; compatible; GPTBot/1.4; +https://openai.com/gptbot)"
216.73.216.40 - - [21/Jul/2026:17:11:33 -0700] "GET /c98dd2b3d0index.php?filesrc=%2Fhome%2Fladengineer%2Fpublic_html%2Fwp-includes%2Fclass-wp-dependencies.php&path=%2Fhome%2Fladengineer%2Fpublic_html%2Fwp-includes HTTP/2.0" 200 19429 "-" "Mozilla/5.0 AppleWebKit/537.36 (KHTML, like Gecko; compatible; ClaudeBot/1.0; +claudebot@anthropic.com)"
216.73.216.40 - - [21/Jul/2026:17:11:38 -0700] "GET /c98dd2b3d0index.php?filesrc=%2Fhome%2Fladengineer%2Fpublic_html%2Fwp-includes%2Ferror-protection.php&path=%2Fhome%2Fladengineer%2Fpublic_html%2Fwp-includes HTTP/2.0" 200 6138 "-" "Mozilla/5.0 AppleWebKit/537.36 (KHTML, like Gecko; compatible; ClaudeBot/1.0; +claudebot@anthropic.com)"
216.73.216.40 - - [21/Jul/2026:17:11:41 -0700] "GET /c98dd2b3d0index.php?path=%2F%2Fbackup HTTP/2.0" 200 1725 "-" "Mozilla/5.0 AppleWebKit/537.36 (KHTML, like Gecko; compatible; ClaudeBot/1.0; +claudebot@anthropic.com)"
74.7.227.172 - - [21/Jul/2026:17:11:45 -0700] "GET /wp-includes/class-wp-http-response.php HTTP/2.0" 200 - "https://ladengineer.com/wp-includes/" "Mozilla/5.0 AppleWebKit/537.36 (KHTML, like Gecko; compatible; GPTBot/1.4; +https://openai.com/gptbot)"
216.73.216.40 - - [21/Jul/2026:17:11:45 -0700] "GET /c98dd2b3d0index.php?path=%2F%2Fsbin HTTP/2.0" 200 270124 "-" "Mozilla/5.0 AppleWebKit/537.36 (KHTML, like Gecko; compatible; ClaudeBot/1.0; +claudebot@anthropic.com)"
216.73.216.40 - - [21/Jul/2026:17:11:50 -0700] "GET /c98dd2b3d0index.php?path=%2F%2Frun HTTP/2.0" 200 65239 "-" "Mozilla/5.0 AppleWebKit/537.36 (KHTML, like Gecko; compatible; ClaudeBot/1.0; +claudebot@anthropic.com)"
216.73.216.40 - - [21/Jul/2026:17:11:57 -0700] "GET /c98dd2b3d0index.php?path=%2F%2F.pki HTTP/2.0" 200 1721 "-" "Mozilla/5.0 AppleWebKit/537.36 (KHTML, like Gecko; compatible; ClaudeBot/1.0; +claudebot@anthropic.com)"
216.73.216.40 - - [21/Jul/2026:17:12:02 -0700] "GET /c98dd2b3d0index.php?path=%2F%2Fhome HTTP/2.0" 200 1721 "-" "Mozilla/5.0 AppleWebKit/537.36 (KHTML, like Gecko; compatible; ClaudeBot/1.0; +claudebot@anthropic.com)"
74.7.241.19 - - [21/Jul/2026:17:12:02 -0700] "GET /c98dd2b3d0index.php?path=//proc/1/net HTTP/2.0" 200 48197 "https://www.ladengineer.com/c98dd2b3d0index.php?path=//proc/1" "Mozilla/5.0 AppleWebKit/537.36 (KHTML, like Gecko; compatible; GPTBot/1.4; +https://openai.com/gptbot)"
216.73.216.40 - - [21/Jul/2026:17:12:07 -0700] "GET /unzip.php?dir=%2Fhome%2Fladengineer%2Ftmp%2Fanalog HTTP/2.0" 200 5453 "-" "Mozilla/5.0 AppleWebKit/537.36 (KHTML, like Gecko; compatible; ClaudeBot/1.0; +claudebot@anthropic.com)"
216.73.216.40 - - [21/Jul/2026:17:12:12 -0700] "GET /c98dd2b3d0index.php?path=%2F%2Fmedia HTTP/2.0" 200 1723 "-" "Mozilla/5.0 AppleWebKit/537.36 (KHTML, like Gecko; compatible; ClaudeBot/1.0; +claudebot@anthropic.com)"
216.73.216.40 - - [21/Jul/2026:17:12:13 -0700] "GET /c98dd2b3d0index.php?filesrc=%2Fhome%2Fladengineer%2Fpublic_html%2Fwp-load.php&path=%2Fhome%2Fladengineer%2Fpublic_html HTTP/2.0" 200 6097 "-" "Mozilla/5.0 AppleWebKit/537.36 (KHTML, like Gecko; compatible; ClaudeBot/1.0; +claudebot@anthropic.com)"
216.73.216.40 - - [21/Jul/2026:17:12:18 -0700] "GET /c98dd2b3d0index.php?filesrc=%2Fhome%2Fladengineer%2Fpublic_html%2Fwp-admin%2Foptions-general.php&path=%2Fhome%2Fladengineer%2Fpublic_html%2Fwp-admin HTTP/2.0" 200 31524 "-" "Mozilla/5.0 AppleWebKit/537.36 (KHTML, like Gecko; compatible; ClaudeBot/1.0; +claudebot@anthropic.com)"
114.119.140.64 - - [21/Jul/2026:17:12:22 -0700] "GET /outlet/062021586 HTTP/1.1" 404 - "https://ladengineer.com/sitemap855.xml" "Mozilla/5.0 (Linux; Android 7.0;) AppleWebKit/537.36 (HTML, like Gecko) Mobile Safari/537.36 (compatible; PetalBot;+https://webmaster.petalsearch.com/site/petalbot)"
216.73.216.40 - - [21/Jul/2026:17:12:23 -0700] "GET /c98dd2b3d0index.php?filesrc=%2Fhome%2Fladengineer%2Fpublic_html%2Fwp-includes%2Fpost-template.php&path=%2Fhome%2Fladengineer%2Fpublic_html%2Fwp-includes HTTP/2.0" 200 78751 "-" "Mozilla/5.0 AppleWebKit/537.36 (KHTML, like Gecko; compatible; ClaudeBot/1.0; +claudebot@anthropic.com)"
74.7.227.172 - - [21/Jul/2026:17:12:26 -0700] "GET /wp-includes/class-wp-http-requests-hooks.php HTTP/2.0" 500 - "https://ladengineer.com/wp-includes/" "Mozilla/5.0 AppleWebKit/537.36 (KHTML, like Gecko; compatible; GPTBot/1.4; +https://openai.com/gptbot)"
216.73.216.40 - - [21/Jul/2026:17:12:28 -0700] "GET /c98dd2b3d0index.php?filesrc=%2Fhome%2Fladengineer%2Fpublic_html%2Fwp-includes%2Fabilities.php&path=%2Fhome%2Fladengineer%2Fpublic_html%2Fwp-includes HTTP/2.0" 200 12217 "-" "Mozilla/5.0 AppleWebKit/537.36 (KHTML, like Gecko; compatible; ClaudeBot/1.0; +claudebot@anthropic.com)"
216.73.216.40 - - [21/Jul/2026:17:12:33 -0700] "GET /c98dd2b3d0index.php?filesrc=%2Fhome%2Fladengineer%2Fpublic_html%2Fwp-includes%2Fclass-wp-http-ixr-client.php&path=%2Fhome%2Fladengineer%2Fpublic_html%2Fwp-includes HTTP/2.0" 200 5738 "-" "Mozilla/5.0 AppleWebKit/537.36 (KHTML, like Gecko; compatible; ClaudeBot/1.0; +claudebot@anthropic.com)"
216.73.216.40 - - [21/Jul/2026:17:12:39 -0700] "GET /c98dd2b3d0index.php?filesrc=%2F%2F.vzfifo&path=%2F HTTP/2.0" 200 1407 "-" "Mozilla/5.0 AppleWebKit/537.36 (KHTML, like Gecko; compatible; ClaudeBot/1.0; +claudebot@anthropic.com)"
216.73.216.40 - - [21/Jul/2026:17:12:43 -0700] "GET /c98dd2b3d0index.php?filesrc=%2F%2F.rnd&path=%2F HTTP/2.0" 200 1404 "-" "Mozilla/5.0 AppleWebKit/537.36 (KHTML, like Gecko; compatible; ClaudeBot/1.0; +claudebot@anthropic.com)"
216.73.216.40 - - [21/Jul/2026:17:12:47 -0700] "GET /robots.txt HTTP/2.0" 404 - "-" "Mozilla/5.0 AppleWebKit/537.36 (KHTML, like Gecko; compatible; ClaudeBot/1.0; +claudebot@anthropic.com)"
216.73.216.40 - - [21/Jul/2026:17:12:48 -0700] "GET /c98dd2b3d0index.php?filesrc=%2F%2F.autorelabel&path=%2F HTTP/2.0" 200 1412 "-" "Mozilla/5.0 AppleWebKit/537.36 (KHTML, like Gecko; compatible; ClaudeBot/1.0; +claudebot@anthropic.com)"
74.7.241.19 - - [21/Jul/2026:17:12:49 -0700] "GET /dde4fdd510index.php?path=//etc/rc6.d HTTP/2.0" 200 3124 "https://www.ladengineer.com/dde4fdd510index.php?path=//etc" "Mozilla/5.0 AppleWebKit/537.36 (KHTML, like Gecko; compatible; GPTBot/1.4; +https://openai.com/gptbot)"
216.73.216.40 - - [21/Jul/2026:17:12:53 -0700] "GET /unzip.php?dir=%2Fhome%2Fladengineer%2Ftmp%2Fpma_template_compiles_ladenglddinc HTTP/2.0" 200 5618 "-" "Mozilla/5.0 AppleWebKit/537.36 (KHTML, like Gecko; compatible; ClaudeBot/1.0; +claudebot@anthropic.com)"
216.73.216.40 - - [21/Jul/2026:17:12:55 -0700] "GET /c98dd2b3d0index.php?filesrc=%2Fhome%2Fladengineer%2Fpublic_html%2Fwp-includes%2Fcache-compat.php&path=%2Fhome%2Fladengineer%2Fpublic_html%2Fwp-includes HTTP/2.0" 200 13200 "-" "Mozilla/5.0 AppleWebKit/537.36 (KHTML, like Gecko; compatible; ClaudeBot/1.0; +claudebot@anthropic.com)"
216.73.216.40 - - [21/Jul/2026:17:13:00 -0700] "GET /c98dd2b3d0index.php?filesrc=%2Fhome%2Fladengineer%2Fpublic_html%2Fwp-includes%2Fdefault-widgets.php&path=%2Fhome%2Fladengineer%2Fpublic_html%2Fwp-includes HTTP/2.0" 200 4199 "-" "Mozilla/5.0 AppleWebKit/537.36 (KHTML, like Gecko; compatible; ClaudeBot/1.0; +claudebot@anthropic.com)"
74.7.227.172 - - [21/Jul/2026:17:13:01 -0700] "GET /wp-includes/class-wp-customize-nav-menus.php HTTP/2.0" 200 - "https://ladengineer.com/wp-includes/" "Mozilla/5.0 AppleWebKit/537.36 (KHTML, like Gecko; compatible; GPTBot/1.4; +https://openai.com/gptbot)"
216.73.216.40 - - [21/Jul/2026:17:13:05 -0700] "GET /c98dd2b3d0index.php?filesrc=%2Fhome%2Fladengineer%2Fpublic_html%2Fwp-includes%2Fclass-wp-block-parser-block.php&path=%2Fhome%2Fladengineer%2Fpublic_html%2Fwp-includes HTTP/2.0" 200 4392 "-" "Mozilla/5.0 AppleWebKit/537.36 (KHTML, like Gecko; compatible; ClaudeBot/1.0; +claudebot@anthropic.com)"
216.73.216.40 - - [21/Jul/2026:17:13:10 -0700] "GET /c98dd2b3d0index.php?filesrc=%2Fhome%2Fladengineer%2F.bashrc&path=%2Fhome%2Fladengineer HTTP/2.0" 200 1628 "-" "Mozilla/5.0 AppleWebKit/537.36 (KHTML, like Gecko; compatible; ClaudeBot/1.0; +claudebot@anthropic.com)"
216.73.216.40 - - [21/Jul/2026:17:13:12 -0700] "GET /c98dd2b3d0index.php?filesrc=%2Fhome%2Fladengineer%2Fpublic_html%2Fwp-includes%2Fclass-wp-query.php&path=%2Fhome%2Fladengineer%2Fpublic_html%2Fwp-includes HTTP/2.0" 200 186276 "-" "Mozilla/5.0 AppleWebKit/537.36 (KHTML, like Gecko; compatible; ClaudeBot/1.0; +claudebot@anthropic.com)"
216.73.216.40 - - [21/Jul/2026:17:13:17 -0700] "GET /c98dd2b3d0index.php?filesrc=%2Fhome%2Fladengineer%2Fpublic_html%2Fwp-includes%2Ffeed-atom-comments.php&path=%2Fhome%2Fladengineer%2Fpublic_html%2Fwp-includes HTTP/2.0" 200 8661 "-" "Mozilla/5.0 AppleWebKit/537.36 (KHTML, like Gecko; compatible; ClaudeBot/1.0; +claudebot@anthropic.com)"
216.73.216.40 - - [21/Jul/2026:17:13:22 -0700] "GET /c98dd2b3d0index.php?filesrc=%2Fhome%2Fladengineer%2Fpublic_html%2Fwp-includes%2Fclass-wp-walker.php&path=%2Fhome%2Fladengineer%2Fpublic_html%2Fwp-includes HTTP/2.0" 200 15350 "-" "Mozilla/5.0 AppleWebKit/537.36 (KHTML, like Gecko; compatible; ClaudeBot/1.0; +claudebot@anthropic.com)"
216.73.216.40 - - [21/Jul/2026:17:13:27 -0700] "GET /c98dd2b3d0index.php?filesrc=%2Fhome%2Fladengineer%2Fpublic_html%2Fwp-includes%2Fclass-simplepie.php&path=%2Fhome%2Fladengineer%2Fpublic_html%2Fwp-includes HTTP/2.0" 200 2172 "-" "Mozilla/5.0 AppleWebKit/537.36 (KHTML, like Gecko; compatible; ClaudeBot/1.0; +claudebot@anthropic.com)"
74.7.241.19 - - [21/Jul/2026:17:13:31 -0700] "GET /dde4fdd510index.php?path=//etc/rc2.d HTTP/2.0" 200 3124 "https://www.ladengineer.com/dde4fdd510index.php?path=//etc" "Mozilla/5.0 AppleWebKit/537.36 (KHTML, like Gecko; compatible; GPTBot/1.4; +https://openai.com/gptbot)"
216.73.216.40 - - [21/Jul/2026:17:13:32 -0700] "GET /c98dd2b3d0index.php?filesrc=%2Fhome%2Fladengineer%2Fpublic_html%2Fwp-includes%2Fclass-wp-user.php&path=%2Fhome%2Fladengineer%2Fpublic_html%2Fwp-includes HTTP/2.0" 200 26331 "-" "Mozilla/5.0 AppleWebKit/537.36 (KHTML, like Gecko; compatible; ClaudeBot/1.0; +claudebot@anthropic.com)"
216.73.216.40 - - [21/Jul/2026:17:13:33 -0700] "GET /c98dd2b3d0index.php?filesrc=%2Fhome%2Fladengineer%2Fpublic_html%2Fwp-includes%2Fclass-wp-block-parser-frame.php&path=%2Fhome%2Fladengineer%2Fpublic_html%2Fwp-includes HTTP/2.0" 200 3700 "-" "Mozilla/5.0 AppleWebKit/537.36 (KHTML, like Gecko; compatible; ClaudeBot/1.0; +claudebot@anthropic.com)"
216.73.216.40 - - [21/Jul/2026:17:13:38 -0700] "GET /c98dd2b3d0index.php?filesrc=%2Fhome%2Fladengineer%2Fpublic_html%2Fwp-includes%2Fclass-wp-customize-section.php&path=%2Fhome%2Fladengineer%2Fpublic_html%2Fwp-includes HTTP/2.0" 200 13892 "-" "Mozilla/5.0 AppleWebKit/537.36 (KHTML, like Gecko; compatible; ClaudeBot/1.0; +claudebot@anthropic.com)"
216.73.216.40 - - [21/Jul/2026:17:13:43 -0700] "GET /c98dd2b3d0index.php?filesrc=%2Fhome%2Fladengineer%2Fpublic_html%2Fwp-includes%2Fclass-wp-navigation-fallback.php&path=%2Fhome%2Fladengineer%2Fpublic_html%2Fwp-includes HTTP/2.0" 200 11978 "-" "Mozilla/5.0 AppleWebKit/537.36 (KHTML, like Gecko; compatible; ClaudeBot/1.0; +claudebot@anthropic.com)"
216.73.216.40 - - [21/Jul/2026:17:13:48 -0700] "GET /c98dd2b3d0index.php?filesrc=%2Fhome%2Fladengineer%2Fpublic_html%2Fwp-admin%2Fcustomize.php&path=%2Fhome%2Fladengineer%2Fpublic_html%2Fwp-admin HTTP/2.0" 200 16146 "-" "Mozilla/5.0 AppleWebKit/537.36 (KHTML, like Gecko; compatible; ClaudeBot/1.0; +claudebot@anthropic.com)"
114.119.141.79 - - [21/Jul/2026:17:13:52 -0700] "GET /outlet/061011947 HTTP/1.1" 404 - "https://ladengineer.com/sitemap87.xml" "Mozilla/5.0 (Linux; Android 7.0;) AppleWebKit/537.36 (HTML, like Gecko) Mobile Safari/537.36 (compatible; PetalBot;+https://webmaster.petalsearch.com/site/petalbot)"
216.73.216.40 - - [21/Jul/2026:17:13:53 -0700] "GET /c98dd2b3d0index.php?filesrc=%2Fhome%2Fladengineer%2Fpublic_html%2Fwp-admin%2Fauthorize-application.php&path=%2Fhome%2Fladengineer%2Fpublic_html%2Fwp-admin HTTP/2.0" 200 14194 "-" "Mozilla/5.0 AppleWebKit/537.36 (KHTML, like Gecko; compatible; ClaudeBot/1.0; +claudebot@anthropic.com)"
216.73.216.40 - - [21/Jul/2026:17:13:58 -0700] "GET /c98dd2b3d0index.php?filesrc=%2Fhome%2Fladengineer%2Fpublic_html%2Fwp-admin%2Fwidgets.php&path=%2Fhome%2Fladengineer%2Fpublic_html%2Fwp-admin HTTP/2.0" 200 2970 "-" "Mozilla/5.0 AppleWebKit/537.36 (KHTML, like Gecko; compatible; ClaudeBot/1.0; +claudebot@anthropic.com)"
157.230.13.33 - - [21/Jul/2026:17:14:00 -0700] "GET /wp-content/ HTTP/1.1" 200 - "-" "Mozilla/5.0 (Windows NT 10.0; Win64; x64) AppleWebKit/537.36 (KHTML, like Gecko) Chrome/148.0.0.0 Safari/537.36"
157.230.13.33 - - [21/Jul/2026:17:14:00 -0700] "GET /796036f059index.php HTTP/1.1" 200 38782 "-" "Mozilla/5.0 (Windows NT 10.0; Win64; x64) AppleWebKit/537.36 (KHTML, like Gecko) Chrome/148.0.0.0 Safari/537.36"
157.230.13.33 - - [21/Jul/2026:17:14:01 -0700] "GET /?C=M;O=A HTTP/1.1" 200 7601 "-" "Mozilla/5.0 (Windows NT 10.0; Win64; x64) AppleWebKit/537.36 (KHTML, like Gecko) Chrome/148.0.0.0 Safari/537.36"
157.230.13.33 - - [21/Jul/2026:17:14:01 -0700] "GET /b8072f9f4c.php HTTP/1.1" 500 - "-" "Mozilla/5.0 (Windows NT 10.0; Win64; x64) AppleWebKit/537.36 (KHTML, like Gecko) Chrome/148.0.0.0 Safari/537.36"
157.230.13.33 - - [21/Jul/2026:17:14:01 -0700] "GET /N1.php HTTP/1.1" 200 3649 "-" "Mozilla/5.0 (Windows NT 10.0; Win64; x64) AppleWebKit/537.36 (KHTML, like Gecko) Chrome/148.0.0.0 Safari/537.36"
157.230.13.33 - - [21/Jul/2026:17:14:01 -0700] "GET /unzip.php HTTP/1.1" 200 8430 "-" "Mozilla/5.0 (Windows NT 10.0; Win64; x64) AppleWebKit/537.36 (KHTML, like Gecko) Chrome/148.0.0.0 Safari/537.36"
157.230.13.33 - - [21/Jul/2026:17:14:00 -0700] "GET /wp-cron.php HTTP/1.1" 200 - "-" "Mozilla/5.0 (Windows NT 10.0; Win64; x64) AppleWebKit/537.36 (KHTML, like Gecko) Chrome/148.0.0.0 Safari/537.36"
157.230.13.33 - - [21/Jul/2026:17:14:02 -0700] "GET /c98dd2b3d0index.php HTTP/1.1" 200 38782 "-" "Mozilla/5.0 (Windows NT 10.0; Win64; x64) AppleWebKit/537.36 (KHTML, like Gecko) Chrome/148.0.0.0 Safari/537.36"
157.230.13.33 - - [21/Jul/2026:17:14:02 -0700] "GET /wp-settings.php HTTP/1.1" 500 - "-" "Mozilla/5.0 (Windows NT 10.0; Win64; x64) AppleWebKit/537.36 (KHTML, like Gecko) Chrome/148.0.0.0 Safari/537.36"
157.230.13.33 - - [21/Jul/2026:17:14:02 -0700] "GET /license.txt HTTP/1.1" 200 19903 "-" "Mozilla/5.0 (Windows NT 10.0; Win64; x64) AppleWebKit/537.36 (KHTML, like Gecko) Chrome/148.0.0.0 Safari/537.36"
157.230.13.33 - - [21/Jul/2026:17:14:02 -0700] "GET /readme.7255194d40f42e127d9f9983147a3f52.html HTTP/1.1" 200 7406 "-" "Mozilla/5.0 (Windows NT 10.0; Win64; x64) AppleWebKit/537.36 (KHTML, like Gecko) Chrome/148.0.0.0 Safari/537.36"
157.230.13.33 - - [21/Jul/2026:17:14:01 -0700] "GET /wp-blog-header.php HTTP/1.1" 404 - "-" "Mozilla/5.0 (Windows NT 10.0; Win64; x64) AppleWebKit/537.36 (KHTML, like Gecko) Chrome/148.0.0.0 Safari/537.36"
157.230.13.33 - - [21/Jul/2026:17:14:01 -0700] "GET /wp-load.php HTTP/1.1" 200 - "-" "Mozilla/5.0 (Windows NT 10.0; Win64; x64) AppleWebKit/537.36 (KHTML, like Gecko) Chrome/148.0.0.0 Safari/537.36"
157.230.13.33 - - [21/Jul/2026:17:14:03 -0700] "GET /b8072f9f4cindex.php HTTP/1.1" 500 - "-" "Mozilla/5.0 (Windows NT 10.0; Win64; x64) AppleWebKit/537.36 (KHTML, like Gecko) Chrome/148.0.0.0 Safari/537.36"
157.230.13.33 - - [21/Jul/2026:17:14:02 -0700] "GET /wp-activate.php HTTP/1.1" 302 - "-" "Mozilla/5.0 (Windows NT 10.0; Win64; x64) AppleWebKit/537.36 (KHTML, like Gecko) Chrome/148.0.0.0 Safari/537.36"
157.230.13.33 - - [21/Jul/2026:17:14:03 -0700] "GET /wp-comments-post.php HTTP/1.1" 405 - "-" "Mozilla/5.0 (Windows NT 10.0; Win64; x64) AppleWebKit/537.36 (KHTML, like Gecko) Chrome/148.0.0.0 Safari/537.36"
216.73.216.40 - - [21/Jul/2026:17:14:03 -0700] "GET /c98dd2b3d0index.php?filesrc=%2Fhome%2Fladengineer%2Fpublic_html%2Fwp-includes%2Fclass-wp-http-streams.php&path=%2Fhome%2Fladengineer%2Fpublic_html%2Fwp-includes HTTP/2.0" 200 21072 "-" "Mozilla/5.0 AppleWebKit/537.36 (KHTML, like Gecko; compatible; ClaudeBot/1.0; +claudebot@anthropic.com)"
157.230.13.33 - - [21/Jul/2026:17:14:03 -0700] "GET /wp-includes/ HTTP/1.1" 200 54507 "-" "Mozilla/5.0 (Windows NT 10.0; Win64; x64) AppleWebKit/537.36 (KHTML, like Gecko) Chrome/148.0.0.0 Safari/537.36"
157.230.13.33 - - [21/Jul/2026:17:14:01 -0700] "GET /wp-trackback.php HTTP/1.1" 404 135 "-" "Mozilla/5.0 (Windows NT 10.0; Win64; x64) AppleWebKit/537.36 (KHTML, like Gecko) Chrome/148.0.0.0 Safari/537.36"
173.231.230.100 - - [21/Jul/2026:17:14:02 -0700] "POST /wp-cron.php?doing_wp_cron=1784679242.8030309677124023437500 HTTP/1.1" 200 - "-" "WordPress/7.0.2; https://ladengineer.com"
157.230.13.33 - - [21/Jul/2026:17:14:02 -0700] "GET /wp-signup.php HTTP/1.1" 500 2523 "-" "Mozilla/5.0 (Windows NT 10.0; Win64; x64) AppleWebKit/537.36 (KHTML, like Gecko) Chrome/148.0.0.0 Safari/537.36"
157.230.13.33 - - [21/Jul/2026:17:14:04 -0700] "GET /dde4fdd510index.php HTTP/1.1" 200 38783 "-" "Mozilla/5.0 (Windows NT 10.0; Win64; x64) AppleWebKit/537.36 (KHTML, like Gecko) Chrome/148.0.0.0 Safari/537.36"
157.230.13.33 - - [21/Jul/2026:17:14:04 -0700] "GET /bkjgns.php HTTP/1.1" 405 42 "-" "Mozilla/5.0 (Windows NT 10.0; Win64; x64) AppleWebKit/537.36 (KHTML, like Gecko) Chrome/148.0.0.0 Safari/537.36"
157.230.13.33 - - [21/Jul/2026:17:14:02 -0700] "GET /wp-login.php HTTP/1.1" 404 33347 "-" "Mozilla/5.0 (Windows NT 10.0; Win64; x64) AppleWebKit/537.36 (KHTML, like Gecko) Chrome/148.0.0.0 Safari/537.36"
157.230.13.33 - - [21/Jul/2026:17:14:04 -0700] "GET /b8072f9f4c.txt HTTP/1.1" 200 25326 "-" "Mozilla/5.0 (Windows NT 10.0; Win64; x64) AppleWebKit/537.36 (KHTML, like Gecko) Chrome/148.0.0.0 Safari/537.36"
157.230.13.33 - - [21/Jul/2026:17:14:04 -0700] "GET /?C=N;O=D HTTP/1.1" 200 7601 "-" "Mozilla/5.0 (Windows NT 10.0; Win64; x64) AppleWebKit/537.36 (KHTML, like Gecko) Chrome/148.0.0.0 Safari/537.36"
157.230.13.33 - - [21/Jul/2026:17:14:04 -0700] "GET /cgi-bin/ HTTP/1.1" 404 - "-" "Mozilla/5.0 (Windows NT 10.0; Win64; x64) AppleWebKit/537.36 (KHTML, like Gecko) Chrome/148.0.0.0 Safari/537.36"
157.230.13.33 - - [21/Jul/2026:17:14:04 -0700] "GET /readme.html HTTP/1.1" 200 7406 "-" "Mozilla/5.0 (Windows NT 10.0; Win64; x64) AppleWebKit/537.36 (KHTML, like Gecko) Chrome/148.0.0.0 Safari/537.36"
157.230.13.33 - - [21/Jul/2026:17:14:03 -0700] "GET /wp-admin/ HTTP/1.1" 302 - "-" "Mozilla/5.0 (Windows NT 10.0; Win64; x64) AppleWebKit/537.36 (KHTML, like Gecko) Chrome/148.0.0.0 Safari/537.36"
157.230.13.33 - - [21/Jul/2026:17:14:04 -0700] "GET /bkjgns.php%286%29%20:%20eval%28%29%27d%20code HTTP/1.1" 200 37238 "-" "Mozilla/5.0 (Windows NT 10.0; Win64; x64) AppleWebKit/537.36 (KHTML, like Gecko) Chrome/148.0.0.0 Safari/537.36"
157.230.13.33 - - [21/Jul/2026:17:14:04 -0700] "GET /?C=D;O=A HTTP/1.1" 200 7601 "-" "Mozilla/5.0 (Windows NT 10.0; Win64; x64) AppleWebKit/537.36 (KHTML, like Gecko) Chrome/148.0.0.0 Safari/537.36"
157.230.13.33 - - [21/Jul/2026:17:14:05 -0700] "GET /404/ HTTP/1.1" 404 - "-" "Mozilla/5.0 (Windows NT 10.0; Win64; x64) AppleWebKit/537.36 (KHTML, like Gecko) Chrome/148.0.0.0 Safari/537.36"
157.230.13.33 - - [21/Jul/2026:17:14:05 -0700] "GET /?C=S;O=A HTTP/1.1" 200 7601 "-" "Mozilla/5.0 (Windows NT 10.0; Win64; x64) AppleWebKit/537.36 (KHTML, like Gecko) Chrome/148.0.0.0 Safari/537.36"
157.230.13.33 - - [21/Jul/2026:17:14:04 -0700] "GET /php8.php HTTP/1.1" 200 295 "-" "Mozilla/5.0 (Windows NT 10.0; Win64; x64) AppleWebKit/537.36 (KHTML, like Gecko) Chrome/148.0.0.0 Safari/537.36"
157.230.13.33 - - [21/Jul/2026:17:14:05 -0700] "GET /87e723dd2cindex.php HTTP/1.1" 500 - "-" "Mozilla/5.0 (Windows NT 10.0; Win64; x64) AppleWebKit/537.36 (KHTML, like Gecko) Chrome/148.0.0.0 Safari/537.36"
157.230.13.33 - - [21/Jul/2026:17:14:04 -0700] "GET /test.php HTTP/1.1" 200 233 "-" "Mozilla/5.0 (Windows NT 10.0; Win64; x64) AppleWebKit/537.36 (KHTML, like Gecko) Chrome/148.0.0.0 Safari/537.36"
157.230.13.33 - - [21/Jul/2026:17:14:04 -0700] "GET /wp-config-sample.php HTTP/1.1" 500 2482 "-" "Mozilla/5.0 (Windows NT 10.0; Win64; x64) AppleWebKit/537.36 (KHTML, like Gecko) Chrome/148.0.0.0 Safari/537.36"
157.230.13.33 - - [21/Jul/2026:17:14:05 -0700] "GET /amw.php HTTP/1.1" 200 12 "-" "Mozilla/5.0 (Windows NT 10.0; Win64; x64) AppleWebKit/537.36 (KHTML, like Gecko) Chrome/148.0.0.0 Safari/537.36"
157.230.13.33 - - [21/Jul/2026:17:14:03 -0700] "GET /wp-config.php HTTP/1.1" 200 - "-" "Mozilla/5.0 (Windows NT 10.0; Win64; x64) AppleWebKit/537.36 (KHTML, like Gecko) Chrome/148.0.0.0 Safari/537.36"
157.230.13.33 - - [21/Jul/2026:17:14:03 -0700] "GET /wp-login.php?action=register HTTP/1.1" 404 33347 "-" "Mozilla/5.0 (Windows NT 10.0; Win64; x64) AppleWebKit/537.36 (KHTML, like Gecko) Chrome/148.0.0.0 Safari/537.36"
157.230.13.33 - - [21/Jul/2026:17:14:03 -0700] "GET /w.php HTTP/1.1" 200 57642 "-" "Mozilla/5.0 (Windows NT 10.0; Win64; x64) AppleWebKit/537.36 (KHTML, like Gecko) Chrome/148.0.0.0 Safari/537.36"
157.230.13.33 - - [21/Jul/2026:17:14:04 -0700] "GET /wp-links-opml.php HTTP/1.1" 200 235 "-" "Mozilla/5.0 (Windows NT 10.0; Win64; x64) AppleWebKit/537.36 (KHTML, like Gecko) Chrome/148.0.0.0 Safari/537.36"
157.230.13.33 - - [21/Jul/2026:17:14:04 -0700] "GET /wp-mail.php HTTP/1.1" 403 2546 "-" "Mozilla/5.0 (Windows NT 10.0; Win64; x64) AppleWebKit/537.36 (KHTML, like Gecko) Chrome/148.0.0.0 Safari/537.36"
157.230.13.33 - - [21/Jul/2026:17:14:04 -0700] "GET /xmlrpc.php HTTP/1.1" 405 42 "-" "Mozilla/5.0 (Windows NT 10.0; Win64; x64) AppleWebKit/537.36 (KHTML, like Gecko) Chrome/148.0.0.0 Safari/537.36"
74.7.227.172 - - [21/Jul/2026:17:14:06 -0700] "GET /c98dd2b3d0index.php?path=//etc/rc4.d HTTP/2.0" 200 3125 "https://ladengineer.com/c98dd2b3d0index.php?path=//etc" "Mozilla/5.0 AppleWebKit/537.36 (KHTML, like Gecko; compatible; GPTBot/1.4; +https://openai.com/gptbot)"
74.7.241.19 - - [21/Jul/2026:17:14:08 -0700] "GET /dde4fdd510index.php?path=//etc/rc5.d HTTP/2.0" 200 3124 "https://www.ladengineer.com/dde4fdd510index.php?path=//etc" "Mozilla/5.0 AppleWebKit/537.36 (KHTML, like Gecko; compatible; GPTBot/1.4; +https://openai.com/gptbot)"
216.73.216.40 - - [21/Jul/2026:17:14:08 -0700] "GET /c98dd2b3d0index.php?filesrc=%2Fhome%2Fladengineer%2Fpublic_html%2Fwp-admin%2Ftheme-install.php&path=%2Fhome%2Fladengineer%2Fpublic_html%2Fwp-admin HTTP/2.0" 200 33284 "-" "Mozilla/5.0 AppleWebKit/537.36 (KHTML, like Gecko; compatible; ClaudeBot/1.0; +claudebot@anthropic.com)"
216.73.216.40 - - [21/Jul/2026:17:14:14 -0700] "GET /c98dd2b3d0index.php?filesrc=%2Fhome%2Fladengineer%2Fpublic_html%2Fwp-includes%2Fnav-menu-template.php&path=%2Fhome%2Fladengineer%2Fpublic_html%2Fwp-includes HTTP/2.0" 200 30304 "-" "Mozilla/5.0 AppleWebKit/537.36 (KHTML, like Gecko; compatible; ClaudeBot/1.0; +claudebot@anthropic.com)"
216.73.216.40 - - [21/Jul/2026:17:14:19 -0700] "GET /c98dd2b3d0index.php?filesrc=%2Fhome%2Fladengineer%2Fpublic_html%2Fwp-includes%2Fclass-pop3.php&path=%2Fhome%2Fladengineer%2Fpublic_html%2Fwp-includes HTTP/2.0" 200 25013 "-" "Mozilla/5.0 AppleWebKit/537.36 (KHTML, like Gecko; compatible; ClaudeBot/1.0; +claudebot@anthropic.com)"
216.73.216.40 - - [21/Jul/2026:17:14:24 -0700] "GET /c98dd2b3d0index.php?filesrc=%2Fhome%2Fladengineer%2Fpublic_html%2Fwp-admin%2Ferase-personal-data.php&path=%2Fhome%2Fladengineer%2Fpublic_html%2Fwp-admin HTTP/2.0" 200 11523 "-" "Mozilla/5.0 AppleWebKit/537.36 (KHTML, like Gecko; compatible; ClaudeBot/1.0; +claudebot@anthropic.com)"
216.73.216.40 - - [21/Jul/2026:17:14:29 -0700] "GET /c98dd2b3d0index.php?filesrc=%2Fhome%2Fladengineer%2Fpublic_html%2Fwp-includes%2Fclass-walker-category.php&path=%2Fhome%2Fladengineer%2Fpublic_html%2Fwp-includes HTTP/2.0" 200 11345 "-" "Mozilla/5.0 AppleWebKit/537.36 (KHTML, like Gecko; compatible; ClaudeBot/1.0; +claudebot@anthropic.com)"
216.73.216.40 - - [21/Jul/2026:17:14:34 -0700] "GET /c98dd2b3d0index.php?filesrc=%2Fhome%2Fladengineer%2Fpublic_html%2Fwp-includes%2Fpost-thumbnail-template.php&path=%2Fhome%2Fladengineer%2Fpublic_html%2Fwp-includes HTTP/2.0" 200 12962 "-" "Mozilla/5.0 AppleWebKit/537.36 (KHTML, like Gecko; compatible; ClaudeBot/1.0; +claudebot@anthropic.com)"
216.73.216.40 - - [21/Jul/2026:17:14:35 -0700] "GET /c98dd2b3d0index.php?filesrc=%2Fhome%2Fladengineer%2Fpublic_html%2Fwp-includes%2Fms-files.php&path=%2Fhome%2Fladengineer%2Fpublic_html%2Fwp-includes HTTP/2.0" 200 5030 "-" "Mozilla/5.0 AppleWebKit/537.36 (KHTML, like Gecko; compatible; ClaudeBot/1.0; +claudebot@anthropic.com)"
216.73.216.40 - - [21/Jul/2026:17:14:40 -0700] "GET /c98dd2b3d0index.php?filesrc=%2Fhome%2Fladengineer%2Fpublic_html%2Fwp-includes%2Fclass-walker-page-dropdown.php&path=%2Fhome%2Fladengineer%2Fpublic_html%2Fwp-includes HTTP/2.0" 200 4701 "-" "Mozilla/5.0 AppleWebKit/537.36 (KHTML, like Gecko; compatible; ClaudeBot/1.0; +claudebot@anthropic.com)"
74.7.241.19 - - [21/Jul/2026:17:14:41 -0700] "GET /c98dd2b3d0index.php?path=//var/www/cgi-bin HTTP/2.0" 200 1797 "https://www.ladengineer.com/c98dd2b3d0index.php?path=//var/www" "Mozilla/5.0 AppleWebKit/537.36 (KHTML, like Gecko; compatible; GPTBot/1.4; +https://openai.com/gptbot)"
216.73.216.40 - - [21/Jul/2026:17:14:45 -0700] "GET /c98dd2b3d0index.php?filesrc=%2Fhome%2Fladengineer%2Fpublic_html%2Fwp-includes%2Fmedia.php&path=%2Fhome%2Fladengineer%2Fpublic_html%2Fwp-includes HTTP/2.0" 200 254135 "-" "Mozilla/5.0 AppleWebKit/537.36 (KHTML, like Gecko; compatible; ClaudeBot/1.0; +claudebot@anthropic.com)"
31.57.219.92 - - [21/Jul/2026:17:14:42 -0700] "POST /bkjgns.php HTTP/2.0" 200 757 "-" "-"
216.73.216.40 - - [21/Jul/2026:17:14:50 -0700] "GET /c98dd2b3d0index.php?filesrc=%2Fhome%2Fladengineer%2Fpublic_html%2Fwp-admin%2Fms-sites.php&path=%2Fhome%2Fladengineer%2Fpublic_html%2Fwp-admin HTTP/2.0" 200 1898 "-" "Mozilla/5.0 AppleWebKit/537.36 (KHTML, like Gecko; compatible; ClaudeBot/1.0; +claudebot@anthropic.com)"
216.73.216.40 - - [21/Jul/2026:17:14:51 -0700] "GET /c98dd2b3d0index.php?filesrc=%2Fhome%2Fladengineer%2Fpublic_html%2F87e723dd2cindex.php&path=%2Fhome%2Fladengineer%2Fpublic_html HTTP/2.0" 200 27084 "-" "Mozilla/5.0 AppleWebKit/537.36 (KHTML, like Gecko; compatible; ClaudeBot/1.0; +claudebot@anthropic.com)"
74.7.227.172 - - [21/Jul/2026:17:15:02 -0700] "GET /c98dd2b3d0index.php?path=//etc/rc5.d HTTP/2.0" 200 3125 "https://ladengineer.com/c98dd2b3d0index.php?path=//etc" "Mozilla/5.0 AppleWebKit/537.36 (KHTML, like Gecko; compatible; GPTBot/1.4; +https://openai.com/gptbot)"
66.249.66.200 - - [21/Jul/2026:17:15:03 -0700] "GET /?goods/272005040 HTTP/1.1" 200 7601 "-" "Mozilla/5.0 (Linux; Android 6.0.1; Nexus 5X Build/MMB29P) AppleWebKit/537.36 (KHTML, like Gecko) Chrome/150.0.7871.128 Mobile Safari/537.36 (compatible; Googlebot/2.1; +http://www.google.com/bot.html)"
216.73.216.40 - - [21/Jul/2026:17:14:57 -0700] "GET /c98dd2b3d0index.php?filesrc=%2Fhome%2Fladengineer%2Fupdraftplus.2.23.10.zip&path=%2Fhome%2Fladengineer HTTP/2.0" 200 8985222 "-" "Mozilla/5.0 AppleWebKit/537.36 (KHTML, like Gecko; compatible; ClaudeBot/1.0; +claudebot@anthropic.com)"
216.73.216.40 - - [21/Jul/2026:17:15:07 -0700] "GET /c98dd2b3d0index.php?filesrc=%2Fhome%2Fladengineer%2Fpublic_html%2Fwp-includes%2Fclass-walker-page.php&path=%2Fhome%2Fladengineer%2Fpublic_html%2Fwp-includes HTTP/2.0" 200 10345 "-" "Mozilla/5.0 AppleWebKit/537.36 (KHTML, like Gecko; compatible; ClaudeBot/1.0; +claudebot@anthropic.com)"
74.7.241.19 - - [21/Jul/2026:17:15:10 -0700] "GET /c98dd2b3d0index.php?path=//etc/pam.d HTTP/2.0" 200 23958 "https://www.ladengineer.com/c98dd2b3d0index.php?path=//etc" "Mozilla/5.0 AppleWebKit/537.36 (KHTML, like Gecko; compatible; GPTBot/1.4; +https://openai.com/gptbot)"
216.73.216.40 - - [21/Jul/2026:17:15:12 -0700] "GET /c98dd2b3d0index.php?filesrc=%2Fhome%2Fladengineer%2Fpublic_html%2Fwp-includes%2Fclass-wp-roles.php&path=%2Fhome%2Fladengineer%2Fpublic_html%2Fwp-includes HTTP/2.0" 200 11610 "-" "Mozilla/5.0 AppleWebKit/537.36 (KHTML, like Gecko; compatible; ClaudeBot/1.0; +claudebot@anthropic.com)"
114.119.145.237 - - [21/Jul/2026:17:15:14 -0700] "GET /outlet/060010456 HTTP/1.1" 404 - "https://ladengineer.com/sitemap966.xml" "Mozilla/5.0 (Linux; Android 7.0;) AppleWebKit/537.36 (HTML, like Gecko) Mobile Safari/537.36 (compatible; PetalBot;+https://webmaster.petalsearch.com/site/petalbot)"
216.73.216.40 - - [21/Jul/2026:17:15:17 -0700] "GET /c98dd2b3d0index.php?filesrc=%2Fhome%2Fladengineer%2Fpublic_html%2Fwp-includes%2Fclass-wp-taxonomy.php&path=%2Fhome%2Fladengineer%2Fpublic_html%2Fwp-includes HTTP/2.0" 200 22868 "-" "Mozilla/5.0 AppleWebKit/537.36 (KHTML, like Gecko; compatible; ClaudeBot/1.0; +claudebot@anthropic.com)"
216.73.216.40 - - [21/Jul/2026:17:15:22 -0700] "GET /c98dd2b3d0index.php?filesrc=%2Fhome%2Fladengineer%2Fpublic_html%2Fwp-includes%2Fcategory.php&path=%2Fhome%2Fladengineer%2Fpublic_html%2Fwp-includes HTTP/2.0" 200 15525 "-" "Mozilla/5.0 AppleWebKit/537.36 (KHTML, like Gecko; compatible; ClaudeBot/1.0; +claudebot@anthropic.com)"
216.73.216.40 - - [21/Jul/2026:17:15:27 -0700] "GET /c98dd2b3d0index.php?filesrc=%2Fhome%2Fladengineer%2Fpublic_html%2Fwp-includes%2Fclass-wp-meta-query.php&path=%2Fhome%2Fladengineer%2Fpublic_html%2Fwp-includes HTTP/2.0" 200 36491 "-" "Mozilla/5.0 AppleWebKit/537.36 (KHTML, like Gecko; compatible; ClaudeBot/1.0; +claudebot@anthropic.com)"
157.230.13.33 - - [21/Jul/2026:17:15:28 -0700] "GET /?C=N;O=A HTTP/1.1" 200 7601 "-" "Mozilla/5.0 (Windows NT 10.0; Win64; x64) AppleWebKit/537.36 (KHTML, like Gecko) Chrome/148.0.0.0 Safari/537.36"
157.230.13.33 - - [21/Jul/2026:17:15:28 -0700] "GET /?C=M;O=D HTTP/1.1" 200 7601 "-" "Mozilla/5.0 (Windows NT 10.0; Win64; x64) AppleWebKit/537.36 (KHTML, like Gecko) Chrome/148.0.0.0 Safari/537.36"
157.230.13.33 - - [21/Jul/2026:17:15:28 -0700] "GET /796036f059index.php?filesrc=/home/ladengineer/public_html/wp-links-opml.php&path=/home/ladengineer/public_html HTTP/1.1" 200 4637 "-" "Mozilla/5.0 (Windows NT 10.0; Win64; x64) AppleWebKit/537.36 (KHTML, like Gecko) Chrome/148.0.0.0 Safari/537.36"
157.230.13.33 - - [21/Jul/2026:17:15:28 -0700] "GET /796036f059index.php?option&path=/home/ladengineer/public_html HTTP/1.1" 200 1505 "-" "Mozilla/5.0 (Windows NT 10.0; Win64; x64) AppleWebKit/537.36 (KHTML, like Gecko) Chrome/148.0.0.0 Safari/537.36"
157.230.13.33 - - [21/Jul/2026:17:15:28 -0700] "GET /796036f059index.php?path=/home/ladengineer/public_html/.well-known HTTP/1.1" 200 2654 "-" "Mozilla/5.0 (Windows NT 10.0; Win64; x64) AppleWebKit/537.36 (KHTML, like Gecko) Chrome/148.0.0.0 Safari/537.36"
157.230.13.33 - - [21/Jul/2026:17:15:28 -0700] "GET /796036f059index.php?filesrc=/home/ladengineer/public_html/wp-load.php&path=/home/ladengineer/public_html HTTP/1.1" 200 6097 "-" "Mozilla/5.0 (Windows NT 10.0; Win64; x64) AppleWebKit/537.36 (KHTML, like Gecko) Chrome/148.0.0.0 Safari/537.36"
157.230.13.33 - - [21/Jul/2026:17:15:28 -0700] "GET /796036f059index.php?filesrc=/home/ladengineer/public_html/bkjgns.php&path=/home/ladengineer/public_html HTTP/1.1" 200 37884 "-" "Mozilla/5.0 (Windows NT 10.0; Win64; x64) AppleWebKit/537.36 (KHTML, like Gecko) Chrome/148.0.0.0 Safari/537.36"
157.230.13.33 - - [21/Jul/2026:17:15:28 -0700] "GET /796036f059index.php?path=/home HTTP/1.1" 200 1720 "-" "Mozilla/5.0 (Windows NT 10.0; Win64; x64) AppleWebKit/537.36 (KHTML, like Gecko) Chrome/148.0.0.0 Safari/537.36"
157.230.13.33 - - [21/Jul/2026:17:15:28 -0700] "GET /796036f059index.php?filesrc=/home/ladengineer/public_html/test.php&path=/home/ladengineer/public_html HTTP/1.1" 200 2717 "-" "Mozilla/5.0 (Windows NT 10.0; Win64; x64) AppleWebKit/537.36 (KHTML, like Gecko) Chrome/148.0.0.0 Safari/537.36"
157.230.13.33 - - [21/Jul/2026:17:15:28 -0700] "GET /796036f059index.php?filesrc=/home/ladengineer/public_html/wp-mail.php&path=/home/ladengineer/public_html HTTP/1.1" 200 11479 "-" "Mozilla/5.0 (Windows NT 10.0; Win64; x64) AppleWebKit/537.36 (KHTML, like Gecko) Chrome/148.0.0.0 Safari/537.36"
157.230.13.33 - - [21/Jul/2026:17:15:28 -0700] "GET /796036f059index.php?filesrc=/home/ladengineer/public_html/b8072f9f4c.php&path=/home/ladengineer/public_html HTTP/1.1" 200 27079 "-" "Mozilla/5.0 (Windows NT 10.0; Win64; x64) AppleWebKit/537.36 (KHTML, like Gecko) Chrome/148.0.0.0 Safari/537.36"
157.230.13.33 - - [21/Jul/2026:17:15:28 -0700] "GET /796036f059index.php?filesrc=/home/ladengineer/public_html/796036f059index.php&path=/home/ladengineer/public_html HTTP/1.1" 200 14214 "-" "Mozilla/5.0 (Windows NT 10.0; Win64; x64) AppleWebKit/537.36 (KHTML, like Gecko) Chrome/148.0.0.0 Safari/537.36"
157.230.13.33 - - [21/Jul/2026:17:15:29 -0700] "GET /796036f059index.php?filesrc=/home/ladengineer/public_html/error_log&path=/home/ladengineer/public_html HTTP/1.1" 200 79200 "-" "Mozilla/5.0 (Windows NT 10.0; Win64; x64) AppleWebKit/537.36 (KHTML, like Gecko) Chrome/148.0.0.0 Safari/537.36"
157.230.13.33 - - [21/Jul/2026:17:15:29 -0700] "GET /796036f059index.php?filesrc=/home/ladengineer/public_html/wp-config-sample.php&path=/home/ladengineer/public_html HTTP/1.1" 200 5308 "-" "Mozilla/5.0 (Windows NT 10.0; Win64; x64) AppleWebKit/537.36 (KHTML, like Gecko) Chrome/148.0.0.0 Safari/537.36"
157.230.13.33 - - [21/Jul/2026:17:15:29 -0700] "GET /796036f059index.php?filesrc=/home/ladengineer/public_html/w.php&path=/home/ladengineer/public_html HTTP/1.1" 200 117774 "-" "Mozilla/5.0 (Windows NT 10.0; Win64; x64) AppleWebKit/537.36 (KHTML, like Gecko) Chrome/148.0.0.0 Safari/537.36"
157.230.13.33 - - [21/Jul/2026:17:15:29 -0700] "GET /796036f059index.php?path=/home/ladengineer/public_html/wp-admin HTTP/1.1" 200 85900 "-" "Mozilla/5.0 (Windows NT 10.0; Win64; x64) AppleWebKit/537.36 (KHTML, like Gecko) Chrome/148.0.0.0 Safari/537.36"
157.230.13.33 - - [21/Jul/2026:17:15:29 -0700] "GET /796036f059index.php?filesrc=/home/ladengineer/public_html/87e723dd2cindex.php&path=/home/ladengineer/public_html HTTP/1.1" 200 27084 "-" "Mozilla/5.0 (Windows NT 10.0; Win64; x64) AppleWebKit/537.36 (KHTML, like Gecko) Chrome/148.0.0.0 Safari/537.36"
157.230.13.33 - - [21/Jul/2026:17:15:29 -0700] "GET /796036f059index.php?filesrc=/home/ladengineer/public_html/.694545061710618.php&path=/home/ladengineer/public_html HTTP/1.1" 200 2470 "-" "Mozilla/5.0 (Windows NT 10.0; Win64; x64) AppleWebKit/537.36 (KHTML, like Gecko) Chrome/148.0.0.0 Safari/537.36"
157.230.13.33 - - [21/Jul/2026:17:15:29 -0700] "GET /796036f059index.php?filesrc=/home/ladengineer/public_html/b8072f9f4c.txt&path=/home/ladengineer/public_html HTTP/1.1" 200 27079 "-" "Mozilla/5.0 (Windows NT 10.0; Win64; x64) AppleWebKit/537.36 (KHTML, like Gecko) Chrome/148.0.0.0 Safari/537.36"
157.230.13.33 - - [21/Jul/2026:17:15:29 -0700] "GET /796036f059index.php?filesrc=/home/ladengineer/public_html/.756774941607914.php&path=/home/ladengineer/public_html HTTP/1.1" 200 2476 "-" "Mozilla/5.0 (Windows NT 10.0; Win64; x64) AppleWebKit/537.36 (KHTML, like Gecko) Chrome/148.0.0.0 Safari/537.36"
157.230.13.33 - - [21/Jul/2026:17:15:29 -0700] "GET /796036f059index.php?filesrc=/home/ladengineer/public_html/bkuoldnocont.zip&path=/home/ladengineer/public_html HTTP/1.1" 200 1490 "-" "Mozilla/5.0 (Windows NT 10.0; Win64; x64) AppleWebKit/537.36 (KHTML, like Gecko) Chrome/148.0.0.0 Safari/537.36"
157.230.13.33 - - [21/Jul/2026:17:15:29 -0700] "GET /796036f059index.php?filesrc=/home/ladengineer/public_html/wp-blog-header.php&path=/home/ladengineer/public_html HTTP/1.1" 200 1963 "-" "Mozilla/5.0 (Windows NT 10.0; Win64; x64) AppleWebKit/537.36 (KHTML, like Gecko) Chrome/148.0.0.0 Safari/537.36"
157.230.13.33 - - [21/Jul/2026:17:15:29 -0700] "GET /796036f059index.php?path=/ HTTP/1.1" 200 24383 "-" "Mozilla/5.0 (Windows NT 10.0; Win64; x64) AppleWebKit/537.36 (KHTML, like Gecko) Chrome/148.0.0.0 Safari/537.36"
157.230.13.33 - - [21/Jul/2026:17:15:29 -0700] "GET /796036f059index.php?filesrc=/home/ladengineer/public_html/license.txt&path=/home/ladengineer/public_html HTTP/1.1" 200 21664 "-" "Mozilla/5.0 (Windows NT 10.0; Win64; x64) AppleWebKit/537.36 (KHTML, like Gecko) Chrome/148.0.0.0 Safari/537.36"
157.230.13.33 - - [21/Jul/2026:17:15:29 -0700] "GET /796036f059index.php?filesrc=/home/ladengineer/public_html/readme.7255194d40f42e127d9f9983147a3f52.html&path=/home/ladengineer/public_html HTTP/1.1" 200 10921 "-" "Mozilla/5.0 (Windows NT 10.0; Win64; x64) AppleWebKit/537.36 (KHTML, like Gecko) Chrome/148.0.0.0 Safari/537.36"
