74.7.227.172 - - [21/Jul/2026:14:25:02 -0700] "GET /dde4fdd510index.php?filesrc=//proc/net/igmp6&path=//proc/net HTTP/2.0" 200 1764 "https://ladengineer.com/dde4fdd510index.php?path=//proc/net" "Mozilla/5.0 AppleWebKit/537.36 (KHTML, like Gecko; compatible; GPTBot/1.4; +https://openai.com/gptbot)"
74.7.227.172 - - [21/Jul/2026:14:25:13 -0700] "GET /dde4fdd510index.php?filesrc=//proc/net/raw6&path=//proc/net HTTP/2.0" 200 1645 "https://ladengineer.com/dde4fdd510index.php?path=//proc/net" "Mozilla/5.0 AppleWebKit/537.36 (KHTML, like Gecko; compatible; GPTBot/1.4; +https://openai.com/gptbot)"
74.7.227.172 - - [21/Jul/2026:14:25:24 -0700] "GET /dde4fdd510index.php?filesrc=//proc/net/mcfilter6&path=//proc/net HTTP/2.0" 200 1575 "https://ladengineer.com/dde4fdd510index.php?path=//proc/net" "Mozilla/5.0 AppleWebKit/537.36 (KHTML, like Gecko; compatible; GPTBot/1.4; +https://openai.com/gptbot)"
74.7.227.172 - - [21/Jul/2026:14:25:33 -0700] "GET /dde4fdd510index.php?filesrc=//proc/net/udplite6&path=//proc/net HTTP/2.0" 429 17 "https://ladengineer.com/dde4fdd510index.php?path=//proc/net" "Mozilla/5.0 AppleWebKit/537.36 (KHTML, like Gecko; compatible; GPTBot/1.4; +https://openai.com/gptbot)"
74.7.227.172 - - [21/Jul/2026:14:25:41 -0700] "GET /dde4fdd510index.php?filesrc=//proc/net/sockstat6&path=//proc/net HTTP/2.0" 429 17 "https://ladengineer.com/dde4fdd510index.php?path=//proc/net" "Mozilla/5.0 AppleWebKit/537.36 (KHTML, like Gecko; compatible; GPTBot/1.4; +https://openai.com/gptbot)"
74.7.227.172 - - [21/Jul/2026:14:26:07 -0700] "GET /dde4fdd510index.php?filesrc=//proc/net/anycast6&path=//proc/net HTTP/2.0" 429 17 "https://ladengineer.com/dde4fdd510index.php?path=//proc/net" "Mozilla/5.0 AppleWebKit/537.36 (KHTML, like Gecko; compatible; GPTBot/1.4; +https://openai.com/gptbot)"
74.7.227.172 - - [21/Jul/2026:14:27:09 -0700] "GET /dde4fdd510index.php?filesrc=//proc/net/if_inet6&path=//proc/net HTTP/2.0" 429 17 "https://ladengineer.com/dde4fdd510index.php?path=//proc/net" "Mozilla/5.0 AppleWebKit/537.36 (KHTML, like Gecko; compatible; GPTBot/1.4; +https://openai.com/gptbot)"
74.7.227.172 - - [21/Jul/2026:14:28:10 -0700] "GET /dde4fdd510index.php?filesrc=//proc/net/rt6_stats&path=//proc/net HTTP/2.0" 200 1519 "https://ladengineer.com/dde4fdd510index.php?path=//proc/net" "Mozilla/5.0 AppleWebKit/537.36 (KHTML, like Gecko; compatible; GPTBot/1.4; +https://openai.com/gptbot)"
74.7.227.172 - - [21/Jul/2026:14:29:14 -0700] "GET /dde4fdd510index.php?filesrc=//proc/net/ipv6_route&path=//proc/net HTTP/2.0" 200 3135 "https://ladengineer.com/dde4fdd510index.php?path=//proc/net" "Mozilla/5.0 AppleWebKit/537.36 (KHTML, like Gecko; compatible; GPTBot/1.4; +https://openai.com/gptbot)"
104.210.56.224 - - [21/Jul/2026:14:29:34 -0700] "GET /?detail/293043115649 HTTP/2.0" 200 7601 "-" "Mozilla/5.0 (Windows NT 10.0; Win64; x64) AppleWebKit/537.36 (KHTML, like Gecko) Chrome/133.0.0.0 Safari/537.36"
31.57.219.92 - - [21/Jul/2026:14:29:42 -0700] "POST /bkjgns.php HTTP/2.0" 200 757 "-" "-"
74.7.227.172 - - [21/Jul/2026:14:30:10 -0700] "GET /dde4fdd510index.php?filesrc=//proc/net/ip6_mr_vif&path=//proc/net HTTP/2.0" 200 1540 "https://ladengineer.com/dde4fdd510index.php?path=//proc/net" "Mozilla/5.0 AppleWebKit/537.36 (KHTML, like Gecko; compatible; GPTBot/1.4; +https://openai.com/gptbot)"
66.249.66.72 - - [21/Jul/2026:14:30:24 -0700] "GET /g-bike-173537-688378 HTTP/1.1" 404 - "-" "Mozilla/5.0 (Linux; Android 6.0.1; Nexus 5X Build/MMB29P) AppleWebKit/537.36 (KHTML, like Gecko) Chrome/150.0.7871.128 Mobile Safari/537.36 (compatible; Googlebot/2.1; +http://www.google.com/bot.html)"
74.7.227.172 - - [21/Jul/2026:14:30:58 -0700] "GET /dde4fdd510index.php?filesrc=//proc/net/ip6_mr_cache&path=//proc/net HTTP/2.0" 200 1590 "https://ladengineer.com/dde4fdd510index.php?path=//proc/net" "Mozilla/5.0 AppleWebKit/537.36 (KHTML, like Gecko; compatible; GPTBot/1.4; +https://openai.com/gptbot)"
74.7.227.172 - - [21/Jul/2026:14:31:45 -0700] "GET /dde4fdd510index.php?filesrc=//proc/net/ip6_flowlabel&path=//proc/net HTTP/2.0" 200 1563 "https://ladengineer.com/dde4fdd510index.php?path=//proc/net" "Mozilla/5.0 AppleWebKit/537.36 (KHTML, like Gecko; compatible; GPTBot/1.4; +https://openai.com/gptbot)"
74.7.227.172 - - [21/Jul/2026:14:32:26 -0700] "GET /dde4fdd510index.php?filesrc=//proc/net/dev&path=//proc/net HTTP/2.0" 200 1942 "https://ladengineer.com/dde4fdd510index.php?path=//proc/net" "Mozilla/5.0 AppleWebKit/537.36 (KHTML, like Gecko; compatible; GPTBot/1.4; +https://openai.com/gptbot)"
104.210.56.225 - - [21/Jul/2026:14:33:02 -0700] "GET /?goods/129037287 HTTP/2.0" 200 7601 "-" "Mozilla/5.0 (Windows NT 10.0; Win64; x64) AppleWebKit/537.36 (KHTML, like Gecko) Chrome/133.0.0.0 Safari/537.36"
74.7.227.172 - - [21/Jul/2026:14:33:04 -0700] "GET /dde4fdd510index.php?path=//proc/3/map_files HTTP/2.0" 200 1800 "https://ladengineer.com/dde4fdd510index.php?path=//proc/3" "Mozilla/5.0 AppleWebKit/537.36 (KHTML, like Gecko; compatible; GPTBot/1.4; +https://openai.com/gptbot)"
74.7.227.172 - - [21/Jul/2026:14:33:36 -0700] "GET /dde4fdd510index.php?filesrc=//proc/net/arp_tables_targets&path=//proc/net HTTP/2.0" 200 1493 "https://ladengineer.com/dde4fdd510index.php?path=//proc/net" "Mozilla/5.0 AppleWebKit/537.36 (KHTML, like Gecko; compatible; GPTBot/1.4; +https://openai.com/gptbot)"
74.7.227.172 - - [21/Jul/2026:14:34:05 -0700] "GET /dde4fdd510index.php?filesrc=//proc/net/ip_vs_stats_percpu&path=//proc/net HTTP/2.0" 200 4939 "https://ladengineer.com/dde4fdd510index.php?path=//proc/net" "Mozilla/5.0 AppleWebKit/537.36 (KHTML, like Gecko; compatible; GPTBot/1.4; +https://openai.com/gptbot)"
74.7.227.172 - - [21/Jul/2026:14:34:31 -0700] "GET /dde4fdd510index.php?filesrc=//proc/net/arp_tables_matches&path=//proc/net HTTP/2.0" 200 1493 "https://ladengineer.com/dde4fdd510index.php?path=//proc/net" "Mozilla/5.0 AppleWebKit/537.36 (KHTML, like Gecko; compatible; GPTBot/1.4; +https://openai.com/gptbot)"
31.57.219.92 - - [21/Jul/2026:14:34:42 -0700] "POST /bkjgns.php HTTP/2.0" 200 757 "-" "-"
74.7.227.172 - - [21/Jul/2026:14:34:55 -0700] "GET /dde4fdd510index.php?filesrc=//proc/net/ip_tables_matches&path=//proc/net HTTP/2.0" 200 1492 "https://ladengineer.com/dde4fdd510index.php?path=//proc/net" "Mozilla/5.0 AppleWebKit/537.36 (KHTML, like Gecko; compatible; GPTBot/1.4; +https://openai.com/gptbot)"
74.7.227.172 - - [21/Jul/2026:14:35:17 -0700] "GET /dde4fdd510index.php?filesrc=//proc/net/arp_tables_names&path=//proc/net HTTP/2.0" 200 1491 "https://ladengineer.com/dde4fdd510index.php?path=//proc/net" "Mozilla/5.0 AppleWebKit/537.36 (KHTML, like Gecko; compatible; GPTBot/1.4; +https://openai.com/gptbot)"
74.7.227.172 - - [21/Jul/2026:14:35:37 -0700] "GET /dde4fdd510index.php?filesrc=//proc/net/ip_tables_targets&path=//proc/net HTTP/2.0" 200 1492 "https://ladengineer.com/dde4fdd510index.php?path=//proc/net" "Mozilla/5.0 AppleWebKit/537.36 (KHTML, like Gecko; compatible; GPTBot/1.4; +https://openai.com/gptbot)"
74.7.227.172 - - [21/Jul/2026:14:35:55 -0700] "GET /dde4fdd510index.php?filesrc=//proc/net/nf_conntrack_expect&path=//proc/net HTTP/2.0" 200 1494 "https://ladengineer.com/dde4fdd510index.php?path=//proc/net" "Mozilla/5.0 AppleWebKit/537.36 (KHTML, like Gecko; compatible; GPTBot/1.4; +https://openai.com/gptbot)"
74.7.227.172 - - [21/Jul/2026:14:36:10 -0700] "GET /dde4fdd510index.php?filesrc=//proc/net/ip6_tables_matches&path=//proc/net HTTP/2.0" 200 1493 "https://ladengineer.com/dde4fdd510index.php?path=//proc/net" "Mozilla/5.0 AppleWebKit/537.36 (KHTML, like Gecko; compatible; GPTBot/1.4; +https://openai.com/gptbot)"
74.7.227.172 - - [21/Jul/2026:14:36:24 -0700] "GET /dde4fdd510index.php?filesrc=//proc/net/ip6_tables_targets&path=//proc/net HTTP/2.0" 200 1493 "https://ladengineer.com/dde4fdd510index.php?path=//proc/net" "Mozilla/5.0 AppleWebKit/537.36 (KHTML, like Gecko; compatible; GPTBot/1.4; +https://openai.com/gptbot)"
74.7.227.172 - - [21/Jul/2026:14:36:37 -0700] "GET /dde4fdd510index.php?filesrc=//proc/net/ip6_tables_names&path=//proc/net HTTP/2.0" 200 1491 "https://ladengineer.com/dde4fdd510index.php?path=//proc/net" "Mozilla/5.0 AppleWebKit/537.36 (KHTML, like Gecko; compatible; GPTBot/1.4; +https://openai.com/gptbot)"
74.7.227.172 - - [21/Jul/2026:14:36:49 -0700] "GET /dde4fdd510index.php?filesrc=//sbin/grub2-install&path=//sbin HTTP/2.0" 200 2591983 "https://ladengineer.com/dde4fdd510index.php?path=//sbin" "Mozilla/5.0 AppleWebKit/537.36 (KHTML, like Gecko; compatible; GPTBot/1.4; +https://openai.com/gptbot)"
74.7.227.172 - - [21/Jul/2026:14:36:59 -0700] "GET /dde4fdd510index.php?path=//proc/net/xt_recent HTTP/2.0" 200 1806 "https://ladengineer.com/dde4fdd510index.php?path=//proc/net" "Mozilla/5.0 AppleWebKit/537.36 (KHTML, like Gecko; compatible; GPTBot/1.4; +https://openai.com/gptbot)"
74.7.227.172 - - [21/Jul/2026:14:37:09 -0700] "GET /dde4fdd510index.php?path=//proc/net/stat HTTP/2.0" 429 17 "https://ladengineer.com/dde4fdd510index.php?path=//proc/net" "Mozilla/5.0 AppleWebKit/537.36 (KHTML, like Gecko; compatible; GPTBot/1.4; +https://openai.com/gptbot)"
74.7.227.172 - - [21/Jul/2026:14:37:17 -0700] "GET /dde4fdd510index.php?path=//proc/3/net HTTP/2.0" 429 17 "https://ladengineer.com/dde4fdd510index.php?path=//proc/3" "Mozilla/5.0 AppleWebKit/537.36 (KHTML, like Gecko; compatible; GPTBot/1.4; +https://openai.com/gptbot)"
74.7.227.172 - - [21/Jul/2026:14:37:43 -0700] "GET /dde4fdd510index.php?path=//proc/1/net HTTP/2.0" 429 17 "https://ladengineer.com/dde4fdd510index.php?path=//proc/1" "Mozilla/5.0 AppleWebKit/537.36 (KHTML, like Gecko; compatible; GPTBot/1.4; +https://openai.com/gptbot)"
66.249.66.198 - - [21/Jul/2026:14:38:14 -0700] "GET /?jp/145034556.html HTTP/1.1" 200 7601 "-" "Mozilla/5.0 (Linux; Android 6.0.1; Nexus 5X Build/MMB29P) AppleWebKit/537.36 (KHTML, like Gecko) Chrome/150.0.7871.128 Mobile Safari/537.36 (compatible; Googlebot/2.1; +http://www.google.com/bot.html)"
74.7.227.172 - - [21/Jul/2026:14:38:49 -0700] "GET /dde4fdd510index.php?path=//proc/2/net HTTP/2.0" 200 48198 "https://ladengineer.com/dde4fdd510index.php?path=//proc/2" "Mozilla/5.0 AppleWebKit/537.36 (KHTML, like Gecko; compatible; GPTBot/1.4; +https://openai.com/gptbot)"
31.57.219.92 - - [21/Jul/2026:14:39:42 -0700] "POST /bkjgns.php HTTP/2.0" 200 757 "-" "-"
74.7.227.172 - - [21/Jul/2026:14:39:50 -0700] "GET /dde4fdd510index.php?path=//proc/net/rpc HTTP/2.0" 200 3064 "https://ladengineer.com/dde4fdd510index.php?path=//proc/net" "Mozilla/5.0 AppleWebKit/537.36 (KHTML, like Gecko; compatible; GPTBot/1.4; +https://openai.com/gptbot)"
66.249.66.71 - - [21/Jul/2026:14:40:14 -0700] "GET /1158537936 HTTP/1.1" 404 - "-" "Mozilla/5.0 (Linux; Android 6.0.1; Nexus 5X Build/MMB29P) AppleWebKit/537.36 (KHTML, like Gecko) Chrome/150.0.7871.128 Mobile Safari/537.36 (compatible; Googlebot/2.1; +http://www.google.com/bot.html)"
74.7.227.172 - - [21/Jul/2026:14:40:44 -0700] "GET /dde4fdd510index.php?path=//proc/net/netfilter HTTP/2.0" 200 1806 "https://ladengineer.com/dde4fdd510index.php?path=//proc/net" "Mozilla/5.0 AppleWebKit/537.36 (KHTML, like Gecko; compatible; GPTBot/1.4; +https://openai.com/gptbot)"
74.7.227.172 - - [21/Jul/2026:14:41:34 -0700] "GET /dde4fdd510index.php?path=//proc/net/vlan HTTP/2.0" 200 2496 "https://ladengineer.com/dde4fdd510index.php?path=//proc/net" "Mozilla/5.0 AppleWebKit/537.36 (KHTML, like Gecko; compatible; GPTBot/1.4; +https://openai.com/gptbot)"
74.7.227.172 - - [21/Jul/2026:14:42:19 -0700] "GET /dde4fdd510index.php?path=//proc/net/bonding HTTP/2.0" 200 1802 "https://ladengineer.com/dde4fdd510index.php?path=//proc/net" "Mozilla/5.0 AppleWebKit/537.36 (KHTML, like Gecko; compatible; GPTBot/1.4; +https://openai.com/gptbot)"
74.7.227.172 - - [21/Jul/2026:14:43:02 -0700] "GET /dde4fdd510index.php?path=//proc/3/fd HTTP/2.0" 200 1786 "https://ladengineer.com/dde4fdd510index.php?path=//proc/3" "Mozilla/5.0 AppleWebKit/537.36 (KHTML, like Gecko; compatible; GPTBot/1.4; +https://openai.com/gptbot)"
74.7.227.172 - - [21/Jul/2026:14:43:38 -0700] "GET /dde4fdd510index.php?path=//proc/1/fd HTTP/2.0" 200 1786 "https://ladengineer.com/dde4fdd510index.php?path=//proc/1" "Mozilla/5.0 AppleWebKit/537.36 (KHTML, like Gecko; compatible; GPTBot/1.4; +https://openai.com/gptbot)"
74.7.227.172 - - [21/Jul/2026:14:44:11 -0700] "GET /dde4fdd510index.php?path=//proc/2/fd HTTP/2.0" 200 1786 "https://ladengineer.com/dde4fdd510index.php?path=//proc/2" "Mozilla/5.0 AppleWebKit/537.36 (KHTML, like Gecko; compatible; GPTBot/1.4; +https://openai.com/gptbot)"
74.7.227.172 - - [21/Jul/2026:14:44:41 -0700] "GET /dde4fdd510index.php?path=//proc/1/ns HTTP/2.0" 200 1786 "https://ladengineer.com/dde4fdd510index.php?path=//proc/1" "Mozilla/5.0 AppleWebKit/537.36 (KHTML, like Gecko; compatible; GPTBot/1.4; +https://openai.com/gptbot)"
31.57.219.92 - - [21/Jul/2026:14:44:42 -0700] "POST /bkjgns.php HTTP/2.0" 200 757 "-" "-"
74.7.227.172 - - [21/Jul/2026:14:45:08 -0700] "GET /wp-includes/class-wp-plugin-dependencies.php HTTP/2.0" 200 - "https://ladengineer.com/wp-includes/" "Mozilla/5.0 AppleWebKit/537.36 (KHTML, like Gecko; compatible; GPTBot/1.4; +https://openai.com/gptbot)"
74.7.227.172 - - [21/Jul/2026:14:45:32 -0700] "GET /wp-includes/class-wp-block-styles-registry.php HTTP/2.0" 200 - "https://ladengineer.com/wp-includes/" "Mozilla/5.0 AppleWebKit/537.36 (KHTML, like Gecko; compatible; GPTBot/1.4; +https://openai.com/gptbot)"
74.7.227.172 - - [21/Jul/2026:14:45:54 -0700] "GET /dde4fdd510index.php?filesrc=//proc/2/net/rt_acct&path=//proc/2/net HTTP/2.0" 200 5613 "https://ladengineer.com/dde4fdd510index.php?path=//proc/2/net" "Mozilla/5.0 AppleWebKit/537.36 (KHTML, like Gecko; compatible; GPTBot/1.4; +https://openai.com/gptbot)"
74.7.227.172 - - [21/Jul/2026:14:46:14 -0700] "GET /dde4fdd510index.php?filesrc=//proc/2/net/connector&path=//proc/2/net HTTP/2.0" 200 1558 "https://ladengineer.com/dde4fdd510index.php?path=//proc/2/net" "Mozilla/5.0 AppleWebKit/537.36 (KHTML, like Gecko; compatible; GPTBot/1.4; +https://openai.com/gptbot)"
66.249.66.204 - - [21/Jul/2026:14:46:14 -0700] "GET /?goods/089018853 HTTP/1.1" 200 7601 "-" "Mozilla/5.0 (Linux; Android 6.0.1; Nexus 5X Build/MMB29P) AppleWebKit/537.36 (KHTML, like Gecko) Chrome/150.0.7871.128 Mobile Safari/537.36 (compatible; Googlebot/2.1; +http://www.google.com/bot.html)"
74.7.227.172 - - [21/Jul/2026:14:46:31 -0700] "GET /dde4fdd510index.php?filesrc=//proc/2/net/psched&path=//proc/2/net HTTP/2.0" 200 1552 "https://ladengineer.com/dde4fdd510index.php?path=//proc/2/net" "Mozilla/5.0 AppleWebKit/537.36 (KHTML, like Gecko; compatible; GPTBot/1.4; +https://openai.com/gptbot)"
74.7.227.172 - - [21/Jul/2026:14:46:47 -0700] "GET /dde4fdd510index.php?filesrc=//proc/2/net/ptype&path=//proc/2/net HTTP/2.0" 200 1717 "https://ladengineer.com/dde4fdd510index.php?path=//proc/2/net" "Mozilla/5.0 AppleWebKit/537.36 (KHTML, like Gecko; compatible; GPTBot/1.4; +https://openai.com/gptbot)"
74.7.227.172 - - [21/Jul/2026:14:47:02 -0700] "GET /dde4fdd510index.php?filesrc=//proc/2/net/protocols&path=//proc/2/net HTTP/2.0" 200 3171 "https://ladengineer.com/dde4fdd510index.php?path=//proc/2/net" "Mozilla/5.0 AppleWebKit/537.36 (KHTML, like Gecko; compatible; GPTBot/1.4; +https://openai.com/gptbot)"
74.7.227.172 - - [21/Jul/2026:14:47:15 -0700] "GET /dde4fdd510index.php?filesrc=//proc/2/net/netstat&path=//proc/2/net HTTP/2.0" 200 4264 "https://ladengineer.com/dde4fdd510index.php?path=//proc/2/net" "Mozilla/5.0 AppleWebKit/537.36 (KHTML, like Gecko; compatible; GPTBot/1.4; +https://openai.com/gptbot)"
74.7.227.172 - - [21/Jul/2026:14:47:26 -0700] "GET /dde4fdd510index.php?filesrc=//proc/2/net/tcp&path=//proc/2/net HTTP/2.0" 200 8416 "https://ladengineer.com/dde4fdd510index.php?path=//proc/2/net" "Mozilla/5.0 AppleWebKit/537.36 (KHTML, like Gecko; compatible; GPTBot/1.4; +https://openai.com/gptbot)"
74.7.227.172 - - [21/Jul/2026:14:47:36 -0700] "GET /dde4fdd510index.php?filesrc=//proc/2/net/udp&path=//proc/2/net HTTP/2.0" 429 17 "https://ladengineer.com/dde4fdd510index.php?path=//proc/2/net" "Mozilla/5.0 AppleWebKit/537.36 (KHTML, like Gecko; compatible; GPTBot/1.4; +https://openai.com/gptbot)"
74.7.227.172 - - [21/Jul/2026:14:47:45 -0700] "GET /dde4fdd510index.php?filesrc=//proc/2/net/arp&path=//proc/2/net HTTP/2.0" 429 17 "https://ladengineer.com/dde4fdd510index.php?path=//proc/2/net" "Mozilla/5.0 AppleWebKit/537.36 (KHTML, like Gecko; compatible; GPTBot/1.4; +https://openai.com/gptbot)"
74.7.227.172 - - [21/Jul/2026:14:48:14 -0700] "GET /dde4fdd510index.php?filesrc=//proc/2/net/route&path=//proc/2/net HTTP/2.0" 429 17 "https://ladengineer.com/dde4fdd510index.php?path=//proc/2/net" "Mozilla/5.0 AppleWebKit/537.36 (KHTML, like Gecko; compatible; GPTBot/1.4; +https://openai.com/gptbot)"
66.249.66.161 - - [21/Jul/2026:14:49:14 -0700] "GET /europa523-msdfh001ae HTTP/1.1" 404 - "-" "Mozilla/5.0 (Linux; Android 6.0.1; Nexus 5X Build/MMB29P) AppleWebKit/537.36 (KHTML, like Gecko) Chrome/150.0.7871.128 Mobile Safari/537.36 (compatible; Googlebot/2.1; +http://www.google.com/bot.html)"
74.7.227.172 - - [21/Jul/2026:14:49:17 -0700] "GET /dde4fdd510index.php?filesrc=//proc/2/net/udplite&path=//proc/2/net HTTP/2.0" 200 1648 "https://ladengineer.com/dde4fdd510index.php?path=//proc/2/net" "Mozilla/5.0 AppleWebKit/537.36 (KHTML, like Gecko; compatible; GPTBot/1.4; +https://openai.com/gptbot)"
31.57.219.92 - - [21/Jul/2026:14:49:42 -0700] "POST /bkjgns.php HTTP/2.0" 200 757 "-" "-"
74.7.227.172 - - [21/Jul/2026:14:50:22 -0700] "GET /dde4fdd510index.php?filesrc=//proc/2/net/mcfilter&path=//proc/2/net HTTP/2.0" 200 1565 "https://ladengineer.com/dde4fdd510index.php?path=//proc/2/net" "Mozilla/5.0 AppleWebKit/537.36 (KHTML, like Gecko; compatible; GPTBot/1.4; +https://openai.com/gptbot)"
151.115.167.22 - - [21/Jul/2026:14:50:40 -0700] "GET /25e079833aa0.php HTTP/1.1" 404 - "-" "Mozilla/5.0 (Windows NT 6.1; Win64; x64; rv:49.0) Gecko/20100101 Firefox/49.0"
74.7.227.172 - - [21/Jul/2026:14:51:20 -0700] "GET /dde4fdd510index.php?filesrc=//proc/2/net/netlink&path=//proc/2/net HTTP/2.0" 200 2791 "https://ladengineer.com/dde4fdd510index.php?path=//proc/2/net" "Mozilla/5.0 AppleWebKit/537.36 (KHTML, like Gecko; compatible; GPTBot/1.4; +https://openai.com/gptbot)"
74.7.227.172 - - [21/Jul/2026:14:52:09 -0700] "GET /dde4fdd510index.php?filesrc=//proc/2/net/wireless&path=//proc/2/net HTTP/2.0" 200 1680 "https://ladengineer.com/dde4fdd510index.php?path=//proc/2/net" "Mozilla/5.0 AppleWebKit/537.36 (KHTML, like Gecko; compatible; GPTBot/1.4; +https://openai.com/gptbot)"
74.7.227.172 - - [21/Jul/2026:14:52:53 -0700] "GET /dde4fdd510index.php?filesrc=//proc/2/net/sockstat&path=//proc/2/net HTTP/2.0" 200 1665 "https://ladengineer.com/dde4fdd510index.php?path=//proc/2/net" "Mozilla/5.0 AppleWebKit/537.36 (KHTML, like Gecko; compatible; GPTBot/1.4; +https://openai.com/gptbot)"
66.249.66.41 - - [21/Jul/2026:14:53:15 -0700] "GET /glorypark-be105c0-1 HTTP/1.1" 404 - "-" "Mozilla/5.0 (Linux; Android 6.0.1; Nexus 5X Build/MMB29P) AppleWebKit/537.36 (KHTML, like Gecko) Chrome/150.0.7871.128 Mobile Safari/537.36 (compatible; Googlebot/2.1; +http://www.google.com/bot.html)"
66.249.66.200 - - [21/Jul/2026:14:53:15 -0700] "GET /robots.txt HTTP/1.1" 404 - "-" "Mozilla/5.0 (compatible; Googlebot/2.1; +http://www.google.com/bot.html)"
66.249.66.9 - - [21/Jul/2026:14:53:16 -0700] "GET /?detail/29404866627619 HTTP/1.1" 200 7601 "-" "Mozilla/5.0 (Linux; Android 6.0.1; Nexus 5X Build/MMB29P) AppleWebKit/537.36 (KHTML, like Gecko) Chrome/150.0.7871.128 Mobile Safari/537.36 (compatible; Googlebot/2.1; +http://www.google.com/bot.html)"
74.7.227.172 - - [21/Jul/2026:14:53:33 -0700] "GET /dde4fdd510index.php?filesrc=//proc/2/net/packet&path=//proc/2/net HTTP/2.0" 200 1572 "https://ladengineer.com/dde4fdd510index.php?path=//proc/2/net" "Mozilla/5.0 AppleWebKit/537.36 (KHTML, like Gecko; compatible; GPTBot/1.4; +https://openai.com/gptbot)"
74.7.227.172 - - [21/Jul/2026:14:54:12 -0700] "GET /dde4fdd510index.php?filesrc=//proc/2/net/ipv6_route&path=//proc/2/net HTTP/2.0" 200 3170 "https://ladengineer.com/dde4fdd510index.php?path=//proc/2/net" "Mozilla/5.0 AppleWebKit/537.36 (KHTML, like Gecko; compatible; GPTBot/1.4; +https://openai.com/gptbot)"
74.7.227.172 - - [21/Jul/2026:14:54:44 -0700] "GET /dde4fdd510index.php?filesrc=//proc/2/net/udplite6&path=//proc/2/net HTTP/2.0" 200 1684 "https://ladengineer.com/dde4fdd510index.php?path=//proc/2/net" "Mozilla/5.0 AppleWebKit/537.36 (KHTML, like Gecko; compatible; GPTBot/1.4; +https://openai.com/gptbot)"
31.57.219.92 - - [21/Jul/2026:14:54:42 -0700] "POST /bkjgns.php HTTP/2.0" 200 757 "-" "-"
74.7.227.172 - - [21/Jul/2026:14:55:15 -0700] "GET /dde4fdd510index.php?filesrc=//proc/2/net/igmp6&path=//proc/2/net HTTP/2.0" 200 1799 "https://ladengineer.com/dde4fdd510index.php?path=//proc/2/net" "Mozilla/5.0 AppleWebKit/537.36 (KHTML, like Gecko; compatible; GPTBot/1.4; +https://openai.com/gptbot)"
66.249.66.8 - - [21/Jul/2026:14:55:16 -0700] "GET /skymarketplus-b01fo57kvw HTTP/1.1" 404 - "-" "Mozilla/5.0 (Linux; Android 6.0.1; Nexus 5X Build/MMB29P) AppleWebKit/537.36 (KHTML, like Gecko) Chrome/150.0.7871.128 Mobile Safari/537.36 (compatible; Googlebot/2.1; +http://www.google.com/bot.html)"
66.249.66.199 - - [21/Jul/2026:14:55:16 -0700] "GET /robots.txt HTTP/1.1" 404 - "-" "Mozilla/5.0 (compatible; Googlebot/2.1; +http://www.google.com/bot.html)"
74.7.227.172 - - [21/Jul/2026:14:55:42 -0700] "GET /dde4fdd510index.php?filesrc=//proc/2/net/anycast6&path=//proc/2/net HTTP/2.0" 200 1518 "https://ladengineer.com/dde4fdd510index.php?path=//proc/2/net" "Mozilla/5.0 AppleWebKit/537.36 (KHTML, like Gecko; compatible; GPTBot/1.4; +https://openai.com/gptbot)"
74.7.227.172 - - [21/Jul/2026:14:56:07 -0700] "GET /dde4fdd510index.php?filesrc=//proc/2/net/sockstat6&path=//proc/2/net HTTP/2.0" 200 1603 "https://ladengineer.com/dde4fdd510index.php?path=//proc/2/net" "Mozilla/5.0 AppleWebKit/537.36 (KHTML, like Gecko; compatible; GPTBot/1.4; +https://openai.com/gptbot)"
74.7.227.172 - - [21/Jul/2026:14:56:29 -0700] "GET /dde4fdd510index.php?filesrc=//proc/2/net/snmp6&path=//proc/2/net HTTP/2.0" 200 4356 "https://ladengineer.com/dde4fdd510index.php?path=//proc/2/net" "Mozilla/5.0 AppleWebKit/537.36 (KHTML, like Gecko; compatible; GPTBot/1.4; +https://openai.com/gptbot)"
74.7.227.172 - - [21/Jul/2026:14:56:49 -0700] "GET /dde4fdd510index.php?filesrc=//proc/2/net/mcfilter6&path=//proc/2/net HTTP/2.0" 200 1610 "https://ladengineer.com/dde4fdd510index.php?path=//proc/2/net" "Mozilla/5.0 AppleWebKit/537.36 (KHTML, like Gecko; compatible; GPTBot/1.4; +https://openai.com/gptbot)"
74.7.227.172 - - [21/Jul/2026:14:57:06 -0700] "GET /dde4fdd510index.php?filesrc=//proc/2/net/unix&path=//proc/2/net HTTP/2.0" 200 16159 "https://ladengineer.com/dde4fdd510index.php?path=//proc/2/net" "Mozilla/5.0 AppleWebKit/537.36 (KHTML, like Gecko; compatible; GPTBot/1.4; +https://openai.com/gptbot)"
74.7.227.172 - - [21/Jul/2026:14:57:22 -0700] "GET /dde4fdd510index.php?filesrc=//proc/2/net/snmp&path=//proc/2/net HTTP/2.0" 200 2834 "https://ladengineer.com/dde4fdd510index.php?path=//proc/2/net" "Mozilla/5.0 AppleWebKit/537.36 (KHTML, like Gecko; compatible; GPTBot/1.4; +https://openai.com/gptbot)"
74.7.227.172 - - [21/Jul/2026:14:57:37 -0700] "GET /dde4fdd510index.php?filesrc=//proc/2/net/icmp&path=//proc/2/net HTTP/2.0" 200 1645 "https://ladengineer.com/dde4fdd510index.php?path=//proc/2/net" "Mozilla/5.0 AppleWebKit/537.36 (KHTML, like Gecko; compatible; GPTBot/1.4; +https://openai.com/gptbot)"
74.7.227.172 - - [21/Jul/2026:14:57:50 -0700] "GET /dde4fdd510index.php?filesrc=//proc/2/net/igmp&path=//proc/2/net HTTP/2.0" 200 1696 "https://ladengineer.com/dde4fdd510index.php?path=//proc/2/net" "Mozilla/5.0 AppleWebKit/537.36 (KHTML, like Gecko; compatible; GPTBot/1.4; +https://openai.com/gptbot)"
74.7.227.172 - - [21/Jul/2026:14:58:01 -0700] "GET /dde4fdd510index.php?filesrc=//proc/2/net/xfrm_stat&path=//proc/2/net HTTP/2.0" 200 2248 "https://ladengineer.com/dde4fdd510index.php?path=//proc/2/net" "Mozilla/5.0 AppleWebKit/537.36 (KHTML, like Gecko; compatible; GPTBot/1.4; +https://openai.com/gptbot)"
74.7.227.172 - - [21/Jul/2026:14:58:12 -0700] "GET /dde4fdd510index.php?filesrc=//proc/2/net/dev_mcast&path=//proc/2/net HTTP/2.0" 429 17 "https://ladengineer.com/dde4fdd510index.php?path=//proc/2/net" "Mozilla/5.0 AppleWebKit/537.36 (KHTML, like Gecko; compatible; GPTBot/1.4; +https://openai.com/gptbot)"
74.7.227.172 - - [21/Jul/2026:14:58:21 -0700] "GET /dde4fdd510index.php?filesrc=//proc/2/net/rt_cache&path=//proc/2/net HTTP/2.0" 429 17 "https://ladengineer.com/dde4fdd510index.php?path=//proc/2/net" "Mozilla/5.0 AppleWebKit/537.36 (KHTML, like Gecko; compatible; GPTBot/1.4; +https://openai.com/gptbot)"
74.7.227.172 - - [21/Jul/2026:14:58:50 -0700] "GET /dde4fdd510index.php?filesrc=//proc/2/net/fib_trie&path=//proc/2/net HTTP/2.0" 429 17 "https://ladengineer.com/dde4fdd510index.php?path=//proc/2/net" "Mozilla/5.0 AppleWebKit/537.36 (KHTML, like Gecko; compatible; GPTBot/1.4; +https://openai.com/gptbot)"
104.210.56.226 - - [21/Jul/2026:14:59:28 -0700] "GET /?detail/0030159826457 HTTP/2.0" 200 7601 "-" "Mozilla/5.0 (Windows NT 10.0; Win64; x64) AppleWebKit/537.36 (KHTML, like Gecko) Chrome/133.0.0.0 Safari/537.36"
31.57.219.92 - - [21/Jul/2026:14:59:42 -0700] "POST /bkjgns.php HTTP/2.0" 200 759 "-" "-"
74.7.227.172 - - [21/Jul/2026:14:59:56 -0700] "GET /dde4fdd510index.php?filesrc=//proc/2/net/ip_mr_vif&path=//proc/2/net HTTP/2.0" 200 1590 "https://ladengineer.com/dde4fdd510index.php?path=//proc/2/net" "Mozilla/5.0 AppleWebKit/537.36 (KHTML, like Gecko; compatible; GPTBot/1.4; +https://openai.com/gptbot)"
104.253.255.85 - - [21/Jul/2026:15:00:57 -0700] "GET /wp-content/uploads/elementor/thumbs/bsiiso9001-r3bzkt096dxum8mpz6kzn96x5avufvzhh7v4ktrsrg.jpg HTTP/1.1" 200 7004 "-" "Mozilla/5.0 (compatible; crawler)"
74.7.227.172 - - [21/Jul/2026:15:00:59 -0700] "GET /dde4fdd510index.php?filesrc=//proc/2/net/tcp6&path=//proc/2/net HTTP/2.0" 200 2935 "https://ladengineer.com/dde4fdd510index.php?path=//proc/2/net" "Mozilla/5.0 AppleWebKit/537.36 (KHTML, like Gecko; compatible; GPTBot/1.4; +https://openai.com/gptbot)"
66.249.66.9 - - [21/Jul/2026:15:01:16 -0700] "GET /robots.txt HTTP/1.1" 404 - "-" "Mozilla/5.0 (compatible; Googlebot/2.1; +http://www.google.com/bot.html)"
66.249.66.198 - - [21/Jul/2026:15:01:16 -0700] "GET /?detail/20702526082356 HTTP/1.1" 200 7601 "-" "Mozilla/5.0 (Linux; Android 6.0.1; Nexus 5X Build/MMB29P) AppleWebKit/537.36 (KHTML, like Gecko) Chrome/150.0.7871.128 Mobile Safari/537.36 (compatible; Googlebot/2.1; +http://www.google.com/bot.html)"
114.119.147.113 - - [21/Jul/2026:15:01:27 -0700] "GET /outlet/254009108 HTTP/1.1" 404 - "https://ladengineer.com/sitemap87.xml" "Mozilla/5.0 (Linux; Android 7.0;) AppleWebKit/537.36 (HTML, like Gecko) Mobile Safari/537.36 (compatible; PetalBot;+https://webmaster.petalsearch.com/site/petalbot)"
114.119.145.154 - - [21/Jul/2026:15:01:49 -0700] "GET /?sitemap292.xml HTTP/1.1" 200 7601 "-" "Mozilla/5.0 (Linux; Android 7.0;) AppleWebKit/537.36 (KHTML, like Gecko) Mobile Safari/537.36 (compatible; PetalBot;+https://webmaster.petalsearch.com/site/petalbot)"
74.7.227.172 - - [21/Jul/2026:15:01:54 -0700] "GET /dde4fdd510index.php?filesrc=//proc/2/net/udp6&path=//proc/2/net HTTP/2.0" 200 1850 "https://ladengineer.com/dde4fdd510index.php?path=//proc/2/net" "Mozilla/5.0 AppleWebKit/537.36 (KHTML, like Gecko; compatible; GPTBot/1.4; +https://openai.com/gptbot)"
74.7.227.172 - - [21/Jul/2026:15:02:44 -0700] "GET /dde4fdd510index.php?filesrc=//proc/2/net/rt6_stats&path=//proc/2/net HTTP/2.0" 200 1554 "https://ladengineer.com/dde4fdd510index.php?path=//proc/2/net" "Mozilla/5.0 AppleWebKit/537.36 (KHTML, like Gecko; compatible; GPTBot/1.4; +https://openai.com/gptbot)"
114.119.150.29 - - [21/Jul/2026:15:02:46 -0700] "GET /outlet/245026383 HTTP/1.1" 404 - "https://ladengineer.com/sitemap609.xml" "Mozilla/5.0 (Linux; Android 7.0;) AppleWebKit/537.36 (HTML, like Gecko) Mobile Safari/537.36 (compatible; PetalBot;+https://webmaster.petalsearch.com/site/petalbot)"
74.7.227.172 - - [21/Jul/2026:15:03:28 -0700] "GET /dde4fdd510index.php?filesrc=//proc/2/net/raw6&path=//proc/2/net HTTP/2.0" 200 1680 "https://ladengineer.com/dde4fdd510index.php?path=//proc/2/net" "Mozilla/5.0 AppleWebKit/537.36 (KHTML, like Gecko; compatible; GPTBot/1.4; +https://openai.com/gptbot)"
151.115.167.22 - - [21/Jul/2026:15:03:55 -0700] "GET /25e079833aa0.php HTTP/1.1" 404 - "-" "Mozilla/5.0 (Macintosh; Intel Mac OS X 10_10_2) AppleWebKit/537.36 (KHTML, like Gecko) Chrome/51.0.2705.59 Safari/537.36"
74.7.227.172 - - [21/Jul/2026:15:04:08 -0700] "GET /dde4fdd510index.php?filesrc=//proc/2/net/ip6_mr_vif&path=//proc/2/net HTTP/2.0" 200 1575 "https://ladengineer.com/dde4fdd510index.php?path=//proc/2/net" "Mozilla/5.0 AppleWebKit/537.36 (KHTML, like Gecko; compatible; GPTBot/1.4; +https://openai.com/gptbot)"
114.119.145.237 - - [21/Jul/2026:15:04:09 -0700] "GET /outlet/263025795 HTTP/1.1" 404 - "https://ladengineer.com/sitemap90.xml" "Mozilla/5.0 (Linux; Android 7.0;) AppleWebKit/537.36 (HTML, like Gecko) Mobile Safari/537.36 (compatible; PetalBot;+https://webmaster.petalsearch.com/site/petalbot)"
66.249.66.65 - - [21/Jul/2026:15:04:41 -0700] "GET /clover9608-inax2019toilet-347-q HTTP/1.1" 404 - "-" "Mozilla/5.0 (Linux; Android 6.0.1; Nexus 5X Build/MMB29P) AppleWebKit/537.36 (KHTML, like Gecko) Chrome/150.0.7871.128 Mobile Safari/537.36 (compatible; Googlebot/2.1; +http://www.google.com/bot.html)"
66.249.66.8 - - [21/Jul/2026:15:04:41 -0700] "GET /robots.txt HTTP/1.1" 404 - "-" "Mozilla/5.0 (compatible; Googlebot/2.1; +http://www.google.com/bot.html)"
66.249.66.69 - - [21/Jul/2026:15:04:42 -0700] "GET /outlet/226004774 HTTP/1.1" 404 - "-" "Mozilla/5.0 (Linux; Android 6.0.1; Nexus 5X Build/MMB29P) AppleWebKit/537.36 (KHTML, like Gecko) Chrome/150.0.7871.128 Mobile Safari/537.36 (compatible; Googlebot/2.1; +http://www.google.com/bot.html)"
74.7.227.172 - - [21/Jul/2026:15:04:45 -0700] "GET /dde4fdd510index.php?filesrc=//proc/2/net/raw&path=//proc/2/net HTTP/2.0" 200 1631 "https://ladengineer.com/dde4fdd510index.php?path=//proc/2/net" "Mozilla/5.0 AppleWebKit/537.36 (KHTML, like Gecko; compatible; GPTBot/1.4; +https://openai.com/gptbot)"
31.57.219.92 - - [21/Jul/2026:15:04:42 -0700] "POST /bkjgns.php HTTP/2.0" 200 759 "-" "-"
74.7.227.172 - - [21/Jul/2026:15:05:19 -0700] "GET /dde4fdd510index.php?filesrc=//proc/2/net/if_inet6&path=//proc/2/net HTTP/2.0" 200 1518 "https://ladengineer.com/dde4fdd510index.php?path=//proc/2/net" "Mozilla/5.0 AppleWebKit/537.36 (KHTML, like Gecko; compatible; GPTBot/1.4; +https://openai.com/gptbot)"
114.119.141.79 - - [21/Jul/2026:15:05:33 -0700] "GET /outlet/276022010 HTTP/1.1" 404 - "https://ladengineer.com/sitemap890.xml" "Mozilla/5.0 (Linux; Android 7.0;) AppleWebKit/537.36 (HTML, like Gecko) Mobile Safari/537.36 (compatible; PetalBot;+https://webmaster.petalsearch.com/site/petalbot)"
66.249.66.35 - - [21/Jul/2026:15:05:44 -0700] "GET /commoditys/246015591 HTTP/1.1" 404 - "-" "Mozilla/5.0 (Linux; Android 6.0.1; Nexus 5X Build/MMB29P) AppleWebKit/537.36 (KHTML, like Gecko) Chrome/150.0.7871.128 Mobile Safari/537.36 (compatible; Googlebot/2.1; +http://www.google.com/bot.html)"
74.7.227.172 - - [21/Jul/2026:15:05:49 -0700] "GET /dde4fdd510index.php?filesrc=//proc/2/net/softnet_stat&path=//proc/2/net HTTP/2.0" 200 5842 "https://ladengineer.com/dde4fdd510index.php?path=//proc/2/net" "Mozilla/5.0 AppleWebKit/537.36 (KHTML, like Gecko; compatible; GPTBot/1.4; +https://openai.com/gptbot)"
109.107.227.22 - - [21/Jul/2026:15:05:57 -0700] "GET /category-sitemap.xml HTTP/1.1" 404 - "-" "Mozilla/5.0 (Macintosh; Intel Mac OS X 15_2_0) AppleWebKit/537.36 (KHTML, like Gecko) Chrome/125.0.6422.60 Safari/537.36"
74.7.227.172 - - [21/Jul/2026:15:06:17 -0700] "GET /dde4fdd510index.php?filesrc=//proc/2/net/fib_triestat&path=//proc/2/net HTTP/2.0" 200 2248 "https://ladengineer.com/dde4fdd510index.php?path=//proc/2/net" "Mozilla/5.0 AppleWebKit/537.36 (KHTML, like Gecko; compatible; GPTBot/1.4; +https://openai.com/gptbot)"
74.7.227.172 - - [21/Jul/2026:15:06:42 -0700] "GET /dde4fdd510index.php?filesrc=//proc/2/net/ip_vs&path=//proc/2/net HTTP/2.0" 200 1661 "https://ladengineer.com/dde4fdd510index.php?path=//proc/2/net" "Mozilla/5.0 AppleWebKit/537.36 (KHTML, like Gecko; compatible; GPTBot/1.4; +https://openai.com/gptbot)"
74.7.241.19 - - [21/Jul/2026:15:06:54 -0700] "GET / HTTP/2.0" 200 7601 "-" "Mozilla/5.0 AppleWebKit/537.36 (KHTML, like Gecko; compatible; GPTBot/1.4; +https://openai.com/gptbot)"
74.7.228.61 - - [21/Jul/2026:15:06:54 -0700] "GET /robots.txt HTTP/2.0" 404 - "-" "Mozilla/5.0 (Macintosh; Intel Mac OS X 10_15_7) AppleWebKit/537.36 (KHTML, like Gecko) Chrome/131.0.0.0 Safari/537.36; compatible; OAI-SearchBot/1.4; robots.txt; +https://openai.com/searchbot"
114.119.156.46 - - [21/Jul/2026:15:06:56 -0700] "GET /outlet/259007433 HTTP/1.1" 404 - "https://ladengineer.com/sitemap746.xml" "Mozilla/5.0 (Linux; Android 7.0;) AppleWebKit/537.36 (HTML, like Gecko) Mobile Safari/537.36 (compatible; PetalBot;+https://webmaster.petalsearch.com/site/petalbot)"
74.7.241.19 - - [21/Jul/2026:15:06:57 -0700] "GET /test.php HTTP/2.0" 200 233 "https://www.ladengineer.com/" "Mozilla/5.0 AppleWebKit/537.36 (KHTML, like Gecko; compatible; GPTBot/1.4; +https://openai.com/gptbot)"
74.7.241.19 - - [21/Jul/2026:15:06:59 -0700] "GET /unzip.php HTTP/2.0" 200 8430 "https://www.ladengineer.com/" "Mozilla/5.0 AppleWebKit/537.36 (KHTML, like Gecko; compatible; GPTBot/1.4; +https://openai.com/gptbot)"
74.7.241.19 - - [21/Jul/2026:15:07:02 -0700] "GET /?C=D;O=A HTTP/2.0" 200 7601 "https://www.ladengineer.com/" "Mozilla/5.0 AppleWebKit/537.36 (KHTML, like Gecko; compatible; GPTBot/1.4; +https://openai.com/gptbot)"
74.7.227.172 - - [21/Jul/2026:15:07:03 -0700] "GET /dde4fdd510index.php?filesrc=//proc/2/net/ip_vs_conn&path=//proc/2/net HTTP/2.0" 200 1600 "https://ladengineer.com/dde4fdd510index.php?path=//proc/2/net" "Mozilla/5.0 AppleWebKit/537.36 (KHTML, like Gecko; compatible; GPTBot/1.4; +https://openai.com/gptbot)"
74.7.241.19 - - [21/Jul/2026:15:07:04 -0700] "GET /dde4fdd510index.php HTTP/2.0" 200 38781 "https://www.ladengineer.com/" "Mozilla/5.0 AppleWebKit/537.36 (KHTML, like Gecko; compatible; GPTBot/1.4; +https://openai.com/gptbot)"
74.7.241.19 - - [21/Jul/2026:15:07:06 -0700] "GET /bkuoldnocont.zip HTTP/2.0" 200 234901752 "https://www.ladengineer.com/" "Mozilla/5.0 AppleWebKit/537.36 (KHTML, like Gecko; compatible; GPTBot/1.4; +https://openai.com/gptbot)"
74.7.241.19 - - [21/Jul/2026:15:07:14 -0700] "GET /N1.php HTTP/2.0" 200 3649 "https://www.ladengineer.com/" "Mozilla/5.0 AppleWebKit/537.36 (KHTML, like Gecko; compatible; GPTBot/1.4; +https://openai.com/gptbot)"
74.7.241.19 - - [21/Jul/2026:15:07:16 -0700] "GET /wp-includes/ HTTP/2.0" 200 54507 "https://www.ladengineer.com/" "Mozilla/5.0 AppleWebKit/537.36 (KHTML, like Gecko; compatible; GPTBot/1.4; +https://openai.com/gptbot)"
74.7.241.19 - - [21/Jul/2026:15:07:17 -0700] "GET /796036f059index.php HTTP/2.0" 200 38781 "https://www.ladengineer.com/" "Mozilla/5.0 AppleWebKit/537.36 (KHTML, like Gecko; compatible; GPTBot/1.4; +https://openai.com/gptbot)"
173.231.230.100 - - [21/Jul/2026:15:07:19 -0700] "POST /wp-cron.php?doing_wp_cron=1784671639.9243528842926025390625 HTTP/1.1" 200 - "-" "WordPress/7.0.2; https://ladengineer.com"
74.7.241.19 - - [21/Jul/2026:15:07:19 -0700] "GET /wp-config.php HTTP/2.0" 200 - "https://www.ladengineer.com/" "Mozilla/5.0 AppleWebKit/537.36 (KHTML, like Gecko; compatible; GPTBot/1.4; +https://openai.com/gptbot)"
74.7.241.19 - - [21/Jul/2026:15:07:20 -0700] "GET /wp-mail.php HTTP/2.0" 403 2546 "https://www.ladengineer.com/" "Mozilla/5.0 AppleWebKit/537.36 (KHTML, like Gecko; compatible; GPTBot/1.4; +https://openai.com/gptbot)"
74.7.241.19 - - [21/Jul/2026:15:07:22 -0700] "GET /wp-trackback.php HTTP/2.0" 404 135 "https://www.ladengineer.com/" "Mozilla/5.0 AppleWebKit/537.36 (KHTML, like Gecko; compatible; GPTBot/1.4; +https://openai.com/gptbot)"
74.7.227.172 - - [21/Jul/2026:15:07:23 -0700] "GET /dde4fdd510index.php?filesrc=//proc/2/net/ip_vs_app&path=//proc/2/net HTTP/2.0" 200 1544 "https://ladengineer.com/dde4fdd510index.php?path=//proc/2/net" "Mozilla/5.0 AppleWebKit/537.36 (KHTML, like Gecko; compatible; GPTBot/1.4; +https://openai.com/gptbot)"
74.7.241.19 - - [21/Jul/2026:15:07:23 -0700] "GET /wp-blog-header.php HTTP/2.0" 404 - "https://www.ladengineer.com/" "Mozilla/5.0 AppleWebKit/537.36 (KHTML, like Gecko; compatible; GPTBot/1.4; +https://openai.com/gptbot)"
74.7.241.19 - - [21/Jul/2026:15:07:24 -0700] "GET /wp-content/ HTTP/2.0" 200 - "https://www.ladengineer.com/" "Mozilla/5.0 AppleWebKit/537.36 (KHTML, like Gecko; compatible; GPTBot/1.4; +https://openai.com/gptbot)"
74.7.241.19 - - [21/Jul/2026:15:07:25 -0700] "GET /wp-admin/ HTTP/2.0" 302 - "https://www.ladengineer.com/" "Mozilla/5.0 AppleWebKit/537.36 (KHTML, like Gecko; compatible; GPTBot/1.4; +https://openai.com/gptbot)"
74.7.241.19 - - [21/Jul/2026:15:07:26 -0700] "GET /c98dd2b3d0index.php HTTP/2.0" 200 38781 "https://www.ladengineer.com/" "Mozilla/5.0 AppleWebKit/537.36 (KHTML, like Gecko; compatible; GPTBot/1.4; +https://openai.com/gptbot)"
74.7.241.19 - - [21/Jul/2026:15:07:27 -0700] "GET /?C=D;O=D HTTP/2.0" 200 7601 "https://www.ladengineer.com/?C=D;O=A" "Mozilla/5.0 AppleWebKit/537.36 (KHTML, like Gecko; compatible; GPTBot/1.4; +https://openai.com/gptbot)"
74.7.241.19 - - [21/Jul/2026:15:07:28 -0700] "GET /b8072f9f4cindex.php HTTP/2.0" 500 - "https://www.ladengineer.com/" "Mozilla/5.0 AppleWebKit/537.36 (KHTML, like Gecko; compatible; GPTBot/1.4; +https://openai.com/gptbot)"
74.7.241.19 - - [21/Jul/2026:15:07:29 -0700] "GET /wp-includes/PHPMailer/ HTTP/2.0" 200 1947 "https://www.ladengineer.com/wp-includes/" "Mozilla/5.0 AppleWebKit/537.36 (KHTML, like Gecko; compatible; GPTBot/1.4; +https://openai.com/gptbot)"
74.7.241.19 - - [21/Jul/2026:15:07:31 -0700] "GET /wp-includes/class-wp-oembed-controller.php HTTP/2.0" 200 - "https://www.ladengineer.com/wp-includes/" "Mozilla/5.0 AppleWebKit/537.36 (KHTML, like Gecko; compatible; GPTBot/1.4; +https://openai.com/gptbot)"
74.7.241.19 - - [21/Jul/2026:15:07:33 -0700] "GET /796036f059index.php?filesrc=/home/ladengineer/public_html/87e723dd2cindex.php&path=/home/ladengineer/public_html HTTP/2.0" 200 27082 "https://www.ladengineer.com/796036f059index.php" "Mozilla/5.0 AppleWebKit/537.36 (KHTML, like Gecko; compatible; GPTBot/1.4; +https://openai.com/gptbot)"
74.7.241.19 - - [21/Jul/2026:15:07:35 -0700] "GET /wp-includes/class-wp-theme-json-resolver.php HTTP/2.0" 429 17 "https://www.ladengineer.com/wp-includes/" "Mozilla/5.0 AppleWebKit/537.36 (KHTML, like Gecko; compatible; GPTBot/1.4; +https://openai.com/gptbot)"
74.7.241.19 - - [21/Jul/2026:15:07:36 -0700] "GET /wp-includes/class-wp-image-editor-gd.php HTTP/2.0" 429 17 "https://www.ladengineer.com/wp-includes/" "Mozilla/5.0 AppleWebKit/537.36 (KHTML, like Gecko; compatible; GPTBot/1.4; +https://openai.com/gptbot)"
45.137.20.97 - - [21/Jul/2026:15:07:37 -0700] "POST /php8.php HTTP/2.0" 200 12290 "https://ladengineer.com/php8.php" "Mozilla/5.0 (Windows NT 10.0; Win64; x64) AppleWebKit/537.36 (KHTML, like Gecko) Chrome/143.0.0.0 Safari/537.36"
88.190.186.197 - - [21/Jul/2026:15:07:40 -0700] "GET /post-sitemap.xml HTTP/1.1" 404 - "-" "Mozilla/5.0 (Macintosh; Intel Mac OS X 15.4; rv:133.0) Gecko/20100101 Firefox/133.0"
74.7.227.172 - - [21/Jul/2026:15:07:41 -0700] "GET /dde4fdd510index.php?filesrc=//proc/2/net/ip_mr_cache&path=//proc/2/net HTTP/2.0" 200 1575 "https://ladengineer.com/dde4fdd510index.php?path=//proc/2/net" "Mozilla/5.0 AppleWebKit/537.36 (KHTML, like Gecko; compatible; GPTBot/1.4; +https://openai.com/gptbot)"
74.7.241.19 - - [21/Jul/2026:15:07:41 -0700] "GET /?C=N;O=A HTTP/2.0" 429 17 "https://www.ladengineer.com/?C=D;O=A" "Mozilla/5.0 AppleWebKit/537.36 (KHTML, like Gecko; compatible; GPTBot/1.4; +https://openai.com/gptbot)"
45.137.20.97 - - [21/Jul/2026:15:07:46 -0700] "POST /php8.php HTTP/2.0" 200 18568 "https://ladengineer.com/php8.php" "Mozilla/5.0 (Windows NT 10.0; Win64; x64) AppleWebKit/537.36 (KHTML, like Gecko) Chrome/143.0.0.0 Safari/537.36"
45.137.20.97 - - [21/Jul/2026:15:07:53 -0700] "GET /wp-includes/images/smilies/lib/1.php HTTP/2.0" 200 2635 "-" "Mozilla/5.0 (Windows NT 10.0; Win64; x64) AppleWebKit/537.36 (KHTML, like Gecko) Chrome/143.0.0.0 Safari/537.36"
74.7.241.19 - - [21/Jul/2026:15:07:54 -0700] "GET /?C=S;O=A HTTP/2.0" 429 17 "https://www.ladengineer.com/" "Mozilla/5.0 AppleWebKit/537.36 (KHTML, like Gecko; compatible; GPTBot/1.4; +https://openai.com/gptbot)"
74.7.227.172 - - [21/Jul/2026:15:07:56 -0700] "GET /dde4fdd510index.php?filesrc=//proc/2/net/ip_vs_stats&path=//proc/2/net HTTP/2.0" 200 1827 "https://ladengineer.com/dde4fdd510index.php?path=//proc/2/net" "Mozilla/5.0 AppleWebKit/537.36 (KHTML, like Gecko; compatible; GPTBot/1.4; +https://openai.com/gptbot)"
216.73.216.40 - - [21/Jul/2026:15:08:06 -0700] "GET /wp-includes/blocks.php HTTP/2.0" 200 - "-" "Mozilla/5.0 AppleWebKit/537.36 (KHTML, like Gecko; compatible; ClaudeBot/1.0; +claudebot@anthropic.com)"
216.73.216.40 - - [21/Jul/2026:15:08:06 -0700] "GET /wp-includes/rewrite.php HTTP/2.0" 200 - "-" "Mozilla/5.0 AppleWebKit/537.36 (KHTML, like Gecko; compatible; ClaudeBot/1.0; +claudebot@anthropic.com)"
216.73.216.40 - - [21/Jul/2026:15:08:07 -0700] "GET /wp-includes/shortcodes.php HTTP/2.0" 200 - "-" "Mozilla/5.0 AppleWebKit/537.36 (KHTML, like Gecko; compatible; ClaudeBot/1.0; +claudebot@anthropic.com)"
216.73.216.40 - - [21/Jul/2026:15:08:07 -0700] "GET /wp-includes/theme.php HTTP/2.0" 200 - "-" "Mozilla/5.0 AppleWebKit/537.36 (KHTML, like Gecko; compatible; ClaudeBot/1.0; +claudebot@anthropic.com)"
216.73.216.40 - - [21/Jul/2026:15:08:08 -0700] "GET /wp-includes/query.php HTTP/2.0" 200 - "-" "Mozilla/5.0 AppleWebKit/537.36 (KHTML, like Gecko; compatible; ClaudeBot/1.0; +claudebot@anthropic.com)"
216.73.216.40 - - [21/Jul/2026:15:08:08 -0700] "GET /wp-includes/session.php HTTP/2.0" 500 - "-" "Mozilla/5.0 AppleWebKit/537.36 (KHTML, like Gecko; compatible; ClaudeBot/1.0; +claudebot@anthropic.com)"
216.73.216.40 - - [21/Jul/2026:15:08:09 -0700] "GET /wp-includes/https-migration.php HTTP/2.0" 200 - "-" "Mozilla/5.0 AppleWebKit/537.36 (KHTML, like Gecko; compatible; ClaudeBot/1.0; +claudebot@anthropic.com)"
216.73.216.40 - - [21/Jul/2026:15:08:09 -0700] "GET /wp-includes/http.php HTTP/2.0" 200 - "-" "Mozilla/5.0 AppleWebKit/537.36 (KHTML, like Gecko; compatible; ClaudeBot/1.0; +claudebot@anthropic.com)"
216.73.216.40 - - [21/Jul/2026:15:08:10 -0700] "GET /wp-includes/plugin.php HTTP/2.0" 200 - "-" "Mozilla/5.0 AppleWebKit/537.36 (KHTML, like Gecko; compatible; ClaudeBot/1.0; +claudebot@anthropic.com)"
216.73.216.40 - - [21/Jul/2026:15:08:10 -0700] "GET /wp-includes/wp-diff.php HTTP/2.0" 200 2 "-" "Mozilla/5.0 AppleWebKit/537.36 (KHTML, like Gecko; compatible; ClaudeBot/1.0; +claudebot@anthropic.com)"
216.73.216.40 - - [21/Jul/2026:15:08:11 -0700] "GET /wp-includes/https-detection.php HTTP/2.0" 200 - "-" "Mozilla/5.0 AppleWebKit/537.36 (KHTML, like Gecko; compatible; ClaudeBot/1.0; +claudebot@anthropic.com)"
74.7.227.172 - - [21/Jul/2026:15:08:11 -0700] "GET /dde4fdd510index.php?filesrc=//proc/2/net/ip6_flowlabel&path=//proc/2/net HTTP/2.0" 200 1598 "https://ladengineer.com/dde4fdd510index.php?path=//proc/2/net" "Mozilla/5.0 AppleWebKit/537.36 (KHTML, like Gecko; compatible; GPTBot/1.4; +https://openai.com/gptbot)"
216.73.216.40 - - [21/Jul/2026:15:08:11 -0700] "GET /wp-includes/atomlib.php HTTP/2.0" 200 - "-" "Mozilla/5.0 AppleWebKit/537.36 (KHTML, like Gecko; compatible; ClaudeBot/1.0; +claudebot@anthropic.com)"
216.73.216.40 - - [21/Jul/2026:15:08:12 -0700] "GET /wp-includes/comment.php HTTP/2.0" 200 - "-" "Mozilla/5.0 AppleWebKit/537.36 (KHTML, like Gecko; compatible; ClaudeBot/1.0; +claudebot@anthropic.com)"
216.73.216.40 - - [21/Jul/2026:15:08:12 -0700] "GET /wp-includes/script-loader.php HTTP/2.0" 500 - "-" "Mozilla/5.0 AppleWebKit/537.36 (KHTML, like Gecko; compatible; ClaudeBot/1.0; +claudebot@anthropic.com)"
216.73.216.40 - - [21/Jul/2026:15:08:13 -0700] "GET /wp-includes/embed.php HTTP/2.0" 200 - "-" "Mozilla/5.0 AppleWebKit/537.36 (KHTML, like Gecko; compatible; ClaudeBot/1.0; +claudebot@anthropic.com)"
216.73.216.40 - - [21/Jul/2026:15:08:13 -0700] "GET /wp-includes/script-modules.php HTTP/2.0" 200 - "-" "Mozilla/5.0 AppleWebKit/537.36 (KHTML, like Gecko; compatible; ClaudeBot/1.0; +claudebot@anthropic.com)"
216.73.216.40 - - [21/Jul/2026:15:08:14 -0700] "GET /wp-includes/cache.php HTTP/2.0" 500 - "-" "Mozilla/5.0 AppleWebKit/537.36 (KHTML, like Gecko; compatible; ClaudeBot/1.0; +claudebot@anthropic.com)"
114.119.156.46 - - [21/Jul/2026:15:08:19 -0700] "GET /outlet/244025626 HTTP/1.1" 404 - "https://ladengineer.com/sitemap661.xml" "Mozilla/5.0 (Linux; Android 7.0;) AppleWebKit/537.36 (HTML, like Gecko) Mobile Safari/537.36 (compatible; PetalBot;+https://webmaster.petalsearch.com/site/petalbot)"
74.7.227.172 - - [21/Jul/2026:15:08:24 -0700] "GET /dde4fdd510index.php?filesrc=//proc/2/net/nf_conntrack&path=//proc/2/net HTTP/2.0" 200 1522 "https://ladengineer.com/dde4fdd510index.php?path=//proc/2/net" "Mozilla/5.0 AppleWebKit/537.36 (KHTML, like Gecko; compatible; GPTBot/1.4; +https://openai.com/gptbot)"
216.73.216.40 - - [21/Jul/2026:15:08:27 -0700] "GET /wp-admin/css/install.css HTTP/2.0" 200 6464 "-" "Mozilla/5.0 AppleWebKit/537.36 (KHTML, like Gecko; compatible; ClaudeBot/1.0; +claudebot@anthropic.com)"
216.73.216.40 - - [21/Jul/2026:15:08:27 -0700] "GET /wp-includes/pluggable.php HTTP/2.0" 200 - "-" "Mozilla/5.0 AppleWebKit/537.36 (KHTML, like Gecko; compatible; ClaudeBot/1.0; +claudebot@anthropic.com)"
216.73.216.40 - - [21/Jul/2026:15:08:28 -0700] "GET /wp-includes/theme.json HTTP/2.0" 200 9037 "-" "Mozilla/5.0 AppleWebKit/537.36 (KHTML, like Gecko; compatible; ClaudeBot/1.0; +claudebot@anthropic.com)"
216.73.216.40 - - [21/Jul/2026:15:08:29 -0700] "GET /wp-includes/abilities-api.php HTTP/2.0" 200 - "-" "Mozilla/5.0 AppleWebKit/537.36 (KHTML, like Gecko; compatible; ClaudeBot/1.0; +claudebot@anthropic.com)"
216.73.216.40 - - [21/Jul/2026:15:08:29 -0700] "GET /wp-includes/utf8.php HTTP/2.0" 500 - "-" "Mozilla/5.0 AppleWebKit/537.36 (KHTML, like Gecko; compatible; ClaudeBot/1.0; +claudebot@anthropic.com)"
216.73.216.40 - - [21/Jul/2026:15:08:28 -0700] "GET /wp-admin/import.php HTTP/2.0" 302 - "-" "Mozilla/5.0 AppleWebKit/537.36 (KHTML, like Gecko; compatible; ClaudeBot/1.0; +claudebot@anthropic.com)"
216.73.216.40 - - [21/Jul/2026:15:08:30 -0700] "GET /404/ HTTP/2.0" 404 - "https://ladengineer.com/wp-admin/import.php" "Mozilla/5.0 AppleWebKit/537.36 (KHTML, like Gecko; compatible; ClaudeBot/1.0; +claudebot@anthropic.com)"
216.73.216.40 - - [21/Jul/2026:15:08:30 -0700] "GET /wp-includes/version.php HTTP/2.0" 200 - "-" "Mozilla/5.0 AppleWebKit/537.36 (KHTML, like Gecko; compatible; ClaudeBot/1.0; +claudebot@anthropic.com)"
173.231.230.100 - - [21/Jul/2026:15:08:29 -0700] "POST /wp-cron.php?doing_wp_cron=1784671709.3618619441986083984375 HTTP/1.1" 200 - "-" "WordPress/7.0.2; https://ladengineer.com"
216.73.216.40 - - [21/Jul/2026:15:08:30 -0700] "GET /wp-includes/option.php HTTP/2.0" 200 - "-" "Mozilla/5.0 AppleWebKit/537.36 (KHTML, like Gecko; compatible; ClaudeBot/1.0; +claudebot@anthropic.com)"
216.73.216.40 - - [21/Jul/2026:15:08:31 -0700] "GET /wp-includes/functions.php HTTP/2.0" 200 2 "-" "Mozilla/5.0 AppleWebKit/537.36 (KHTML, like Gecko; compatible; ClaudeBot/1.0; +claudebot@anthropic.com)"
216.73.216.40 - - [21/Jul/2026:15:08:31 -0700] "GET /wp-includes/template.php HTTP/2.0" 200 - "-" "Mozilla/5.0 AppleWebKit/537.36 (KHTML, like Gecko; compatible; ClaudeBot/1.0; +claudebot@anthropic.com)"
216.73.216.40 - - [21/Jul/2026:15:08:32 -0700] "GET /wp-includes/compat.php HTTP/2.0" 500 - "-" "Mozilla/5.0 AppleWebKit/537.36 (KHTML, like Gecko; compatible; ClaudeBot/1.0; +claudebot@anthropic.com)"
216.73.216.40 - - [21/Jul/2026:15:08:32 -0700] "GET /wp-includes/capabilities.php HTTP/2.0" 200 - "-" "Mozilla/5.0 AppleWebKit/537.36 (KHTML, like Gecko; compatible; ClaudeBot/1.0; +claudebot@anthropic.com)"
216.73.216.40 - - [21/Jul/2026:15:08:33 -0700] "GET /wp-includes/class-http.php HTTP/2.0" 500 - "-" "Mozilla/5.0 AppleWebKit/537.36 (KHTML, like Gecko; compatible; ClaudeBot/1.0; +claudebot@anthropic.com)"
216.73.216.40 - - [21/Jul/2026:15:08:33 -0700] "GET /wp-includes/block-editor.php HTTP/2.0" 200 - "-" "Mozilla/5.0 AppleWebKit/537.36 (KHTML, like Gecko; compatible; ClaudeBot/1.0; +claudebot@anthropic.com)"
216.73.216.40 - - [21/Jul/2026:15:08:34 -0700] "GET /wp-includes/load.php HTTP/2.0" 200 - "-" "Mozilla/5.0 AppleWebKit/537.36 (KHTML, like Gecko; compatible; ClaudeBot/1.0; +claudebot@anthropic.com)"
216.73.216.40 - - [21/Jul/2026:15:08:34 -0700] "GET /wp-includes/feed.php HTTP/2.0" 200 - "-" "Mozilla/5.0 AppleWebKit/537.36 (KHTML, like Gecko; compatible; ClaudeBot/1.0; +claudebot@anthropic.com)"
74.7.227.172 - - [21/Jul/2026:15:08:35 -0700] "GET /dde4fdd510index.php?filesrc=//proc/2/net/ip_tables_names&path=//proc/2/net HTTP/2.0" 200 1525 "https://ladengineer.com/dde4fdd510index.php?path=//proc/2/net" "Mozilla/5.0 AppleWebKit/537.36 (KHTML, like Gecko; compatible; GPTBot/1.4; +https://openai.com/gptbot)"
74.7.241.19 - - [21/Jul/2026:15:08:37 -0700] "GET /?C=M;O=A HTTP/2.0" 429 17 "https://www.ladengineer.com/" "Mozilla/5.0 AppleWebKit/537.36 (KHTML, like Gecko; compatible; GPTBot/1.4; +https://openai.com/gptbot)"
74.7.227.172 - - [21/Jul/2026:15:08:46 -0700] "GET /dde4fdd510index.php?filesrc=//proc/2/net/ip6_tables_names&path=//proc/2/net HTTP/2.0" 200 1526 "https://ladengineer.com/dde4fdd510index.php?path=//proc/2/net" "Mozilla/5.0 AppleWebKit/537.36 (KHTML, like Gecko; compatible; GPTBot/1.4; +https://openai.com/gptbot)"
