216.73.216.40 - - [21/Jul/2026:17:22:42 -0700] "GET /dde4fdd510index.php?filesrc=%2Fhome%2Fladengineer%2Fpublic_html%2Fwp-admin%2Fcss%2Ffarbtastic.css&path=%2Fhome%2Fladengineer%2Fpublic_html%2Fwp-admin%2Fcss HTTP/2.0" 200 2344 "-" "Mozilla/5.0 AppleWebKit/537.36 (KHTML, like Gecko; compatible; ClaudeBot/1.0; +claudebot@anthropic.com)"
74.7.227.172 - - [21/Jul/2026:17:22:47 -0700] "GET /dde4fdd510index.php?filesrc=//sys/class/net/lo/subsystem/lo/statistics/rx_frame_errors&path=//sys/class/net/lo/subsystem/lo/statistics HTTP/2.0" 429 17 "https://ladengineer.com/dde4fdd510index.php?path=//sys/class/net/lo/subsystem/lo/statistics" "Mozilla/5.0 AppleWebKit/537.36 (KHTML, like Gecko; compatible; GPTBot/1.4; +https://openai.com/gptbot)"
216.73.216.40 - - [21/Jul/2026:17:22:47 -0700] "GET /dde4fdd510index.php?filesrc=%2F%2Fbin%2Fgraphml2gv&path=%2F%2Fbin HTTP/2.0" 200 29781 "-" "Mozilla/5.0 AppleWebKit/537.36 (KHTML, like Gecko; compatible; ClaudeBot/1.0; +claudebot@anthropic.com)"
216.73.216.40 - - [21/Jul/2026:17:22:52 -0700] "GET /dde4fdd510index.php?filesrc=%2F%2Fbin%2Fchsh&path=%2F%2Fbin HTTP/2.0" 200 1438 "-" "Mozilla/5.0 AppleWebKit/537.36 (KHTML, like Gecko; compatible; ClaudeBot/1.0; +claudebot@anthropic.com)"
216.73.216.40 - - [21/Jul/2026:17:22:58 -0700] "GET /796036f059index.php?filesrc=%2F%2Fetc%2Fstats.conf&path=%2F%2Fetc HTTP/2.0" 200 1510 "-" "Mozilla/5.0 AppleWebKit/537.36 (KHTML, like Gecko; compatible; ClaudeBot/1.0; +claudebot@anthropic.com)"
74.7.241.19 - - [21/Jul/2026:17:23:00 -0700] "GET /c98dd2b3d0index.php?filesrc=//proc/1/net/udp6&path=//proc/1/net HTTP/2.0" 200 1849 "https://www.ladengineer.com/c98dd2b3d0index.php?path=//proc/1/net" "Mozilla/5.0 AppleWebKit/537.36 (KHTML, like Gecko; compatible; GPTBot/1.4; +https://openai.com/gptbot)"
216.73.216.40 - - [21/Jul/2026:17:23:03 -0700] "GET /dde4fdd510index.php?filesrc=%2F%2Fbin%2Fmyisamchk&path=%2F%2Fbin HTTP/2.0" 200 5560650 "-" "Mozilla/5.0 AppleWebKit/537.36 (KHTML, like Gecko; compatible; ClaudeBot/1.0; +claudebot@anthropic.com)"
216.73.216.40 - - [21/Jul/2026:17:23:08 -0700] "GET /dde4fdd510index.php?filesrc=%2F%2Frun%2Frestartsrv_console-getty&path=%2F%2Frun HTTP/2.0" 200 1458 "-" "Mozilla/5.0 AppleWebKit/537.36 (KHTML, like Gecko; compatible; ClaudeBot/1.0; +claudebot@anthropic.com)"
66.249.66.7 - - [21/Jul/2026:17:23:12 -0700] "GET /?detail/2800296360630 HTTP/1.1" 200 7601 "-" "Mozilla/5.0 (Linux; Android 6.0.1; Nexus 5X Build/MMB29P) AppleWebKit/537.36 (KHTML, like Gecko) Chrome/150.0.7871.128 Mobile Safari/537.36 (compatible; Googlebot/2.1; +http://www.google.com/bot.html)"
216.73.216.40 - - [21/Jul/2026:17:23:13 -0700] "GET /796036f059index.php?filesrc=%2F%2Fetc%2Flock_manager_local.ini&path=%2F%2Fetc HTTP/2.0" 200 2285 "-" "Mozilla/5.0 AppleWebKit/537.36 (KHTML, like Gecko; compatible; ClaudeBot/1.0; +claudebot@anthropic.com)"
216.73.216.40 - - [21/Jul/2026:17:23:18 -0700] "GET /796036f059index.php?filesrc=%2F%2Fetc%2Fnetworks&path=%2F%2Fetc HTTP/2.0" 200 1500 "-" "Mozilla/5.0 AppleWebKit/537.36 (KHTML, like Gecko; compatible; ClaudeBot/1.0; +claudebot@anthropic.com)"
216.73.216.40 - - [21/Jul/2026:17:23:23 -0700] "GET /796036f059index.php?filesrc=%2F%2Fetc%2Ffstab%2Cv&path=%2F%2Fetc HTTP/2.0" 200 1656 "-" "Mozilla/5.0 AppleWebKit/537.36 (KHTML, like Gecko; compatible; ClaudeBot/1.0; +claudebot@anthropic.com)"
216.73.216.40 - - [21/Jul/2026:17:23:28 -0700] "GET /796036f059index.php?filesrc=%2F%2Fetc%2Fredhat-release&path=%2F%2Fetc HTTP/2.0" 200 1490 "-" "Mozilla/5.0 AppleWebKit/537.36 (KHTML, like Gecko; compatible; ClaudeBot/1.0; +claudebot@anthropic.com)"
114.119.141.79 - - [21/Jul/2026:17:23:30 -0700] "GET /outlet/047007737 HTTP/1.1" 404 - "https://ladengineer.com/sitemap855.xml" "Mozilla/5.0 (Linux; Android 7.0;) AppleWebKit/537.36 (HTML, like Gecko) Mobile Safari/537.36 (compatible; PetalBot;+https://webmaster.petalsearch.com/site/petalbot)"
216.73.216.40 - - [21/Jul/2026:17:23:33 -0700] "GET /796036f059index.php?filesrc=%2F%2Fetc%2Ftrusted-key.key&path=%2F%2Fetc HTTP/2.0" 200 1824 "-" "Mozilla/5.0 AppleWebKit/537.36 (KHTML, like Gecko; compatible; ClaudeBot/1.0; +claudebot@anthropic.com)"
216.73.216.40 - - [21/Jul/2026:17:23:38 -0700] "GET /dde4fdd510index.php?filesrc=%2F%2Fbin%2Fmariadb-upgrade&path=%2F%2Fbin HTTP/2.0" 200 5298441 "-" "Mozilla/5.0 AppleWebKit/537.36 (KHTML, like Gecko; compatible; ClaudeBot/1.0; +claudebot@anthropic.com)"
74.7.227.172 - - [21/Jul/2026:17:23:42 -0700] "GET /dde4fdd510index.php?filesrc=//sys/class/net/lo/subsystem/lo/statistics/rx_over_errors&path=//sys/class/net/lo/subsystem/lo/statistics HTTP/2.0" 429 17 "https://ladengineer.com/dde4fdd510index.php?path=//sys/class/net/lo/subsystem/lo/statistics" "Mozilla/5.0 AppleWebKit/537.36 (KHTML, like Gecko; compatible; GPTBot/1.4; +https://openai.com/gptbot)"
74.7.241.150 - - [21/Jul/2026:17:23:42 -0700] "GET /robots.txt HTTP/2.0" 404 - "-" "Mozilla/5.0 (Macintosh; Intel Mac OS X 10_15_7) AppleWebKit/537.36 (KHTML, like Gecko) Chrome/131.0.0.0 Safari/537.36; compatible; OAI-SearchBot/1.4; robots.txt; +https://openai.com/searchbot"
216.73.216.40 - - [21/Jul/2026:17:23:43 -0700] "GET /796036f059index.php?filesrc=%2F%2Fetc%2Fssldomains&path=%2F%2Fetc HTTP/2.0" 200 1444 "-" "Mozilla/5.0 AppleWebKit/537.36 (KHTML, like Gecko; compatible; ClaudeBot/1.0; +claudebot@anthropic.com)"
216.73.216.40 - - [21/Jul/2026:17:23:48 -0700] "GET /dde4fdd510index.php?filesrc=%2F%2Fbin%2Fmysqld_safe_helper&path=%2F%2Fbin HTTP/2.0" 200 4714452 "-" "Mozilla/5.0 AppleWebKit/537.36 (KHTML, like Gecko; compatible; ClaudeBot/1.0; +claudebot@anthropic.com)"
74.7.241.19 - - [21/Jul/2026:17:23:52 -0700] "GET /c98dd2b3d0index.php?filesrc=//proc/1/net/raw6&path=//proc/1/net HTTP/2.0" 200 1679 "https://www.ladengineer.com/c98dd2b3d0index.php?path=//proc/1/net" "Mozilla/5.0 AppleWebKit/537.36 (KHTML, like Gecko; compatible; GPTBot/1.4; +https://openai.com/gptbot)"
216.73.216.40 - - [21/Jul/2026:17:23:53 -0700] "GET /dde4fdd510index.php?filesrc=%2F%2Fbin%2Fsotruss&path=%2F%2Fbin HTTP/2.0" 200 6190 "-" "Mozilla/5.0 AppleWebKit/537.36 (KHTML, like Gecko; compatible; ClaudeBot/1.0; +claudebot@anthropic.com)"
216.73.216.40 - - [21/Jul/2026:17:23:58 -0700] "GET /dde4fdd510index.php?filesrc=%2F%2Fbin%2Fgneqn&path=%2F%2Fbin HTTP/2.0" 200 2383 "-" "Mozilla/5.0 AppleWebKit/537.36 (KHTML, like Gecko; compatible; ClaudeBot/1.0; +claudebot@anthropic.com)"
216.73.216.40 - - [21/Jul/2026:17:24:03 -0700] "GET /dde4fdd510index.php?filesrc=%2F%2Fbin%2Flwp-download&path=%2F%2Fbin HTTP/2.0" 200 12730 "-" "Mozilla/5.0 AppleWebKit/537.36 (KHTML, like Gecko; compatible; ClaudeBot/1.0; +claudebot@anthropic.com)"
216.73.216.40 - - [21/Jul/2026:17:24:08 -0700] "GET /796036f059index.php?filesrc=%2F%2Fetc%2Fftpd-ca.pem&path=%2F%2Fetc HTTP/2.0" 200 1445 "-" "Mozilla/5.0 AppleWebKit/537.36 (KHTML, like Gecko; compatible; ClaudeBot/1.0; +claudebot@anthropic.com)"
151.115.167.22 - - [21/Jul/2026:17:24:08 -0700] "POST /25e079833aa0.php HTTP/1.1" 404 - "-" "Mozilla/5.0 (X11; Ubuntu; Linux i686 on x86_64; rv:45.0) Gecko/20100101 Firefox/45.0"
216.73.216.40 - - [21/Jul/2026:17:24:13 -0700] "GET /dde4fdd510index.php?filesrc=%2F%2Fbin%2Fgvcolor&path=%2F%2Fbin HTTP/2.0" 200 59405 "-" "Mozilla/5.0 AppleWebKit/537.36 (KHTML, like Gecko; compatible; ClaudeBot/1.0; +claudebot@anthropic.com)"
216.73.216.40 - - [21/Jul/2026:17:24:18 -0700] "GET /dde4fdd510index.php?filesrc=%2F%2Fbin%2Fdumpsexp&path=%2F%2Fbin HTTP/2.0" 200 24081 "-" "Mozilla/5.0 AppleWebKit/537.36 (KHTML, like Gecko; compatible; ClaudeBot/1.0; +claudebot@anthropic.com)"
216.73.216.40 - - [21/Jul/2026:17:24:23 -0700] "GET /dde4fdd510index.php?filesrc=%2F%2Frun%2Frestartsrv_lfd&path=%2F%2Frun HTTP/2.0" 200 1448 "-" "Mozilla/5.0 AppleWebKit/537.36 (KHTML, like Gecko; compatible; ClaudeBot/1.0; +claudebot@anthropic.com)"
216.73.216.40 - - [21/Jul/2026:17:24:28 -0700] "GET /dde4fdd510index.php?filesrc=%2F%2Fbin%2Fstrace-log-merge&path=%2F%2Fbin HTTP/2.0" 200 3537 "-" "Mozilla/5.0 AppleWebKit/537.36 (KHTML, like Gecko; compatible; ClaudeBot/1.0; +claudebot@anthropic.com)"
216.73.216.40 - - [21/Jul/2026:17:24:33 -0700] "GET /796036f059index.php?filesrc=%2F%2Fetc%2Fgshadow-&path=%2F%2Fetc HTTP/2.0" 200 1442 "-" "Mozilla/5.0 AppleWebKit/537.36 (KHTML, like Gecko; compatible; ClaudeBot/1.0; +claudebot@anthropic.com)"
74.7.241.19 - - [21/Jul/2026:17:24:37 -0700] "GET /c98dd2b3d0index.php?filesrc=//proc/1/net/connector&path=//proc/1/net HTTP/2.0" 200 1557 "https://www.ladengineer.com/c98dd2b3d0index.php?path=//proc/1/net" "Mozilla/5.0 AppleWebKit/537.36 (KHTML, like Gecko; compatible; GPTBot/1.4; +https://openai.com/gptbot)"
216.73.216.40 - - [21/Jul/2026:17:24:38 -0700] "GET /dde4fdd510index.php?filesrc=%2F%2Fbin%2Fgdk-pixbuf-thumbnailer&path=%2F%2Fbin HTTP/2.0" 200 27833 "-" "Mozilla/5.0 AppleWebKit/537.36 (KHTML, like Gecko; compatible; ClaudeBot/1.0; +claudebot@anthropic.com)"
74.7.227.172 - - [21/Jul/2026:17:24:43 -0700] "GET /dde4fdd510index.php?filesrc=//sys/class/net/lo/subsystem/lo/statistics/rx_fifo_errors&path=//sys/class/net/lo/subsystem/lo/statistics HTTP/2.0" 200 1794 "https://ladengineer.com/dde4fdd510index.php?path=//sys/class/net/lo/subsystem/lo/statistics" "Mozilla/5.0 AppleWebKit/537.36 (KHTML, like Gecko; compatible; GPTBot/1.4; +https://openai.com/gptbot)"
216.73.216.40 - - [21/Jul/2026:17:24:43 -0700] "GET /dde4fdd510index.php?filesrc=%2F%2Fbin%2Fmysqladmin&path=%2F%2Fbin HTTP/2.0" 200 5279396 "-" "Mozilla/5.0 AppleWebKit/537.36 (KHTML, like Gecko; compatible; ClaudeBot/1.0; +claudebot@anthropic.com)"
31.57.219.92 - - [21/Jul/2026:17:24:42 -0700] "POST /bkjgns.php HTTP/2.0" 200 757 "-" "-"
216.73.216.40 - - [21/Jul/2026:17:24:48 -0700] "GET /796036f059index.php?filesrc=%2Fhome%2Fladengineer%2Fupdraftplus.2.23.10.zip&path=%2Fhome%2Fladengineer HTTP/2.0" 200 8985222 "-" "Mozilla/5.0 AppleWebKit/537.36 (KHTML, like Gecko; compatible; ClaudeBot/1.0; +claudebot@anthropic.com)"
216.73.216.40 - - [21/Jul/2026:17:24:53 -0700] "GET /796036f059index.php?filesrc=%2F%2Fetc%2Fexim.pl&path=%2F%2Fetc HTTP/2.0" 200 1740 "-" "Mozilla/5.0 AppleWebKit/537.36 (KHTML, like Gecko; compatible; ClaudeBot/1.0; +claudebot@anthropic.com)"
114.119.150.29 - - [21/Jul/2026:17:24:55 -0700] "GET /outlet/045010401 HTTP/1.1" 404 - "https://ladengineer.com/sitemap855.xml" "Mozilla/5.0 (Linux; Android 8.0.0; SM-G955U Build/R16NW) AppleWebKit/537.36 (KHTML, like Gecko) Chrome/148.0.0.0 Mobile Safari/537.36"
216.73.216.40 - - [21/Jul/2026:17:24:58 -0700] "GET /dde4fdd510index.php?filesrc=%2F%2Fbin%2Fsnmptest&path=%2F%2Fbin HTTP/2.0" 200 23077 "-" "Mozilla/5.0 AppleWebKit/537.36 (KHTML, like Gecko; compatible; ClaudeBot/1.0; +claudebot@anthropic.com)"
216.73.216.40 - - [21/Jul/2026:17:25:03 -0700] "GET /dde4fdd510index.php?filesrc=%2F%2Fbin%2Ffips-finish-install&path=%2F%2Fbin HTTP/2.0" 200 2916 "-" "Mozilla/5.0 AppleWebKit/537.36 (KHTML, like Gecko; compatible; ClaudeBot/1.0; +claudebot@anthropic.com)"
216.73.216.40 - - [21/Jul/2026:17:25:08 -0700] "GET /dde4fdd510index.php?path=%2Fhome%2Fladengineer%2Fpublic_html%2Fwp-includes%2Fblock-patterns HTTP/2.0" 200 14358 "-" "Mozilla/5.0 AppleWebKit/537.36 (KHTML, like Gecko; compatible; ClaudeBot/1.0; +claudebot@anthropic.com)"
216.73.216.40 - - [21/Jul/2026:17:25:13 -0700] "GET /796036f059index.php?path=%2Fhome%2Fladengineer%2Fpublic_html%2Fwp-includes%2Fhtml-api HTTP/2.0" 200 16091 "-" "Mozilla/5.0 AppleWebKit/537.36 (KHTML, like Gecko; compatible; ClaudeBot/1.0; +claudebot@anthropic.com)"
216.73.216.40 - - [21/Jul/2026:17:25:18 -0700] "GET /796036f059index.php?filesrc=%2Fhome%2Fladengineer%2Fpublic_html%2Fwp-includes%2Fhttps-migration.php&path=%2Fhome%2Fladengineer%2Fpublic_html%2Fwp-includes HTTP/2.0" 200 6761 "-" "Mozilla/5.0 AppleWebKit/537.36 (KHTML, like Gecko; compatible; ClaudeBot/1.0; +claudebot@anthropic.com)"
74.7.241.19 - - [21/Jul/2026:17:25:19 -0700] "GET /c98dd2b3d0index.php?filesrc=//proc/1/net/psched&path=//proc/1/net HTTP/2.0" 200 1551 "https://www.ladengineer.com/c98dd2b3d0index.php?path=//proc/1/net" "Mozilla/5.0 AppleWebKit/537.36 (KHTML, like Gecko; compatible; GPTBot/1.4; +https://openai.com/gptbot)"
216.73.216.40 - - [21/Jul/2026:17:25:23 -0700] "GET /dde4fdd510index.php?path=%2Fhome%2Fladengineer%2Fpublic_html%2Fwp-includes%2Fphp-compat HTTP/2.0" 200 2867 "-" "Mozilla/5.0 AppleWebKit/537.36 (KHTML, like Gecko; compatible; ClaudeBot/1.0; +claudebot@anthropic.com)"
216.73.216.40 - - [21/Jul/2026:17:25:28 -0700] "GET /dde4fdd510index.php?path=%2Fhome%2Fladengineer%2Fpublic_html%2Fwp-includes%2Fcss HTTP/2.0" 200 43466 "-" "Mozilla/5.0 AppleWebKit/537.36 (KHTML, like Gecko; compatible; ClaudeBot/1.0; +claudebot@anthropic.com)"
216.73.216.40 - - [21/Jul/2026:17:25:33 -0700] "GET /dde4fdd510index.php?filesrc=%2Fhome%2Fladengineer%2Fpublic_html%2Fwp-includes%2Fhttps-detection.php&path=%2Fhome%2Fladengineer%2Fpublic_html%2Fwp-includes HTTP/2.0" 200 7957 "-" "Mozilla/5.0 AppleWebKit/537.36 (KHTML, like Gecko; compatible; ClaudeBot/1.0; +claudebot@anthropic.com)"
216.73.216.40 - - [21/Jul/2026:17:25:38 -0700] "GET /dde4fdd510index.php?filesrc=%2Fhome%2Fladengineer%2Fpublic_html%2Fwp-includes%2Fhttps-migration.php&path=%2Fhome%2Fladengineer%2Fpublic_html%2Fwp-includes HTTP/2.0" 200 6761 "-" "Mozilla/5.0 AppleWebKit/537.36 (KHTML, like Gecko; compatible; ClaudeBot/1.0; +claudebot@anthropic.com)"
216.73.216.40 - - [21/Jul/2026:17:25:43 -0700] "GET /796036f059index.php?path=%2Fhome%2Fladengineer%2F.cpanel%2Fea-php-cli HTTP/2.0" 200 2613 "-" "Mozilla/5.0 AppleWebKit/537.36 (KHTML, like Gecko; compatible; ClaudeBot/1.0; +claudebot@anthropic.com)"
74.7.227.172 - - [21/Jul/2026:17:25:47 -0700] "GET /c98dd2b3d0index.php?path=//etc/rc6.d HTTP/2.0" 200 3125 "https://ladengineer.com/c98dd2b3d0index.php?path=//etc" "Mozilla/5.0 AppleWebKit/537.36 (KHTML, like Gecko; compatible; GPTBot/1.4; +https://openai.com/gptbot)"
216.73.216.40 - - [21/Jul/2026:17:25:48 -0700] "GET /796036f059index.php?filesrc=%2Fhome%2Fladengineer%2Fpublic_html%2Fwp-admin%2Fplugin-editor.php&path=%2Fhome%2Fladengineer%2Fpublic_html%2Fwp-admin HTTP/2.0" 200 19617 "-" "Mozilla/5.0 AppleWebKit/537.36 (KHTML, like Gecko; compatible; ClaudeBot/1.0; +claudebot@anthropic.com)"
216.73.216.40 - - [21/Jul/2026:17:25:53 -0700] "GET /796036f059index.php?filesrc=%2Fhome%2Fladengineer%2Fpublic_html%2Fwp-admin%2Fload-scripts.php&path=%2Fhome%2Fladengineer%2Fpublic_html%2Fwp-admin HTTP/2.0" 200 4082 "-" "Mozilla/5.0 AppleWebKit/537.36 (KHTML, like Gecko; compatible; ClaudeBot/1.0; +claudebot@anthropic.com)"
74.7.241.19 - - [21/Jul/2026:17:25:55 -0700] "GET /dde4fdd510index.php?path=//lib/.build-id/ad HTTP/2.0" 200 14925 "https://www.ladengineer.com/dde4fdd510index.php?path=//lib/.build-id" "Mozilla/5.0 AppleWebKit/537.36 (KHTML, like Gecko; compatible; GPTBot/1.4; +https://openai.com/gptbot)"
216.73.216.40 - - [21/Jul/2026:17:25:58 -0700] "GET /796036f059index.php?path=%2Fhome%2Fladengineer%2F.trash%2Fb610a HTTP/2.0" 200 2657 "-" "Mozilla/5.0 AppleWebKit/537.36 (KHTML, like Gecko; compatible; ClaudeBot/1.0; +claudebot@anthropic.com)"
216.73.216.40 - - [21/Jul/2026:17:26:04 -0700] "GET /dde4fdd510index.php?path=%2Fhome%2Fladengineer%2Fpublic_html%2Fwp-includes%2FSimplePie HTTP/2.0" 200 4353 "-" "Mozilla/5.0 AppleWebKit/537.36 (KHTML, like Gecko; compatible; ClaudeBot/1.0; +claudebot@anthropic.com)"
216.73.216.40 - - [21/Jul/2026:17:26:09 -0700] "GET /dde4fdd510index.php?path=%2Fhome%2Fladengineer%2Fpublic_html%2Fwp-includes%2FRequests HTTP/2.0" 200 3464 "-" "Mozilla/5.0 AppleWebKit/537.36 (KHTML, like Gecko; compatible; ClaudeBot/1.0; +claudebot@anthropic.com)"
66.249.66.9 - - [21/Jul/2026:17:26:12 -0700] "GET /?detail/2990221248304 HTTP/1.1" 200 7601 "-" "Mozilla/5.0 (Linux; Android 6.0.1; Nexus 5X Build/MMB29P) AppleWebKit/537.36 (KHTML, like Gecko) Chrome/150.0.7871.128 Mobile Safari/537.36 (compatible; Googlebot/2.1; +http://www.google.com/bot.html)"
216.73.216.40 - - [21/Jul/2026:17:26:14 -0700] "GET /796036f059index.php?path=%2Fhome%2Fladengineer%2Fpublic_html%2Fwp-includes%2Fphp-compat HTTP/2.0" 200 2867 "-" "Mozilla/5.0 AppleWebKit/537.36 (KHTML, like Gecko; compatible; ClaudeBot/1.0; +claudebot@anthropic.com)"
114.119.156.46 - - [21/Jul/2026:17:26:18 -0700] "GET /outlet/041000979 HTTP/1.1" 404 - "https://ladengineer.com/sitemap84.xml" "Mozilla/5.0 (Linux; Android 7.0;) AppleWebKit/537.36 (HTML, like Gecko) Mobile Safari/537.36 (compatible; PetalBot;+https://webmaster.petalsearch.com/site/petalbot)"
216.73.216.40 - - [21/Jul/2026:17:26:19 -0700] "GET /dde4fdd510index.php?path=%2Fhome%2Fladengineer%2Fpublic_html%2Fwp-includes%2Frest-api HTTP/2.0" 200 6992 "-" "Mozilla/5.0 AppleWebKit/537.36 (KHTML, like Gecko; compatible; ClaudeBot/1.0; +claudebot@anthropic.com)"
216.73.216.40 - - [21/Jul/2026:17:26:24 -0700] "GET /796036f059index.php?path=%2Fhome%2Fladengineer%2Fpublic_html%2Fwp-includes%2Fcss HTTP/2.0" 200 43466 "-" "Mozilla/5.0 AppleWebKit/537.36 (KHTML, like Gecko; compatible; ClaudeBot/1.0; +claudebot@anthropic.com)"
74.7.241.19 - - [21/Jul/2026:17:26:29 -0700] "GET /c98dd2b3d0index.php?filesrc=//proc/1/net/protocols&path=//proc/1/net HTTP/2.0" 200 3170 "https://www.ladengineer.com/c98dd2b3d0index.php?path=//proc/1/net" "Mozilla/5.0 AppleWebKit/537.36 (KHTML, like Gecko; compatible; GPTBot/1.4; +https://openai.com/gptbot)"
216.73.216.40 - - [21/Jul/2026:17:26:29 -0700] "GET /796036f059index.php?path=%2Fhome%2Fladengineer%2Fpublic_html%2Fwp-admin%2Fcss HTTP/2.0" 200 90319 "-" "Mozilla/5.0 AppleWebKit/537.36 (KHTML, like Gecko; compatible; ClaudeBot/1.0; +claudebot@anthropic.com)"
216.73.216.40 - - [21/Jul/2026:17:26:34 -0700] "GET /dde4fdd510index.php?path=%2Fhome%2Fladengineer%2Fpublic_html%2Fwp-includes%2Fabilities-api HTTP/2.0" 200 5841 "-" "Mozilla/5.0 AppleWebKit/537.36 (KHTML, like Gecko; compatible; ClaudeBot/1.0; +claudebot@anthropic.com)"
216.73.216.40 - - [21/Jul/2026:17:26:39 -0700] "GET /dde4fdd510index.php?path=%2Fhome%2Fladengineer%2Fpublic_html%2Fwp-includes%2FText HTTP/2.0" 200 4396 "-" "Mozilla/5.0 AppleWebKit/537.36 (KHTML, like Gecko; compatible; ClaudeBot/1.0; +claudebot@anthropic.com)"
74.7.227.172 - - [21/Jul/2026:17:26:44 -0700] "GET /c98dd2b3d0index.php?path=//etc/rc1.d HTTP/2.0" 200 3125 "https://ladengineer.com/c98dd2b3d0index.php?path=//etc" "Mozilla/5.0 AppleWebKit/537.36 (KHTML, like Gecko; compatible; GPTBot/1.4; +https://openai.com/gptbot)"
216.73.216.40 - - [21/Jul/2026:17:26:44 -0700] "GET /796036f059index.php?filesrc=%2Fhome%2Fladengineer%2Fpublic_html%2Fwp-includes%2Fhttps-detection.php&path=%2Fhome%2Fladengineer%2Fpublic_html%2Fwp-includes HTTP/2.0" 200 7957 "-" "Mozilla/5.0 AppleWebKit/537.36 (KHTML, like Gecko; compatible; ClaudeBot/1.0; +claudebot@anthropic.com)"
216.73.216.40 - - [21/Jul/2026:17:26:49 -0700] "GET /796036f059index.php?path=%2Fhome%2Fladengineer%2Fpublic_html%2Fwp-includes%2Finteractivity-api HTTP/2.0" 200 5877 "-" "Mozilla/5.0 AppleWebKit/537.36 (KHTML, like Gecko; compatible; ClaudeBot/1.0; +claudebot@anthropic.com)"
216.73.216.40 - - [21/Jul/2026:17:26:55 -0700] "GET /dde4fdd510index.php?filesrc=%2Fhome%2Fladengineer%2Fpublic_html%2Fwp-admin%2Findex.php&path=%2Fhome%2Fladengineer%2Fpublic_html%2Fwp-admin HTTP/2.0" 200 11538 "-" "Mozilla/5.0 AppleWebKit/537.36 (KHTML, like Gecko; compatible; ClaudeBot/1.0; +claudebot@anthropic.com)"
216.73.216.40 - - [21/Jul/2026:17:26:55 -0700] "GET /dde4fdd510index.php?filesrc=%2Fhome%2Fladengineer%2Fpublic_html%2Fwp-admin%2Fuser-new.php&path=%2Fhome%2Fladengineer%2Fpublic_html%2Fwp-admin HTTP/2.0" 200 33874 "-" "Mozilla/5.0 AppleWebKit/537.36 (KHTML, like Gecko; compatible; ClaudeBot/1.0; +claudebot@anthropic.com)"
216.73.216.40 - - [21/Jul/2026:17:26:55 -0700] "GET /dde4fdd510index.php?filesrc=%2Fhome%2Fladengineer%2Fpublic_html%2Fwp-admin%2Fthemes.php&path=%2Fhome%2Fladengineer%2Fpublic_html%2Fwp-admin HTTP/2.0" 200 65290 "-" "Mozilla/5.0 AppleWebKit/537.36 (KHTML, like Gecko; compatible; ClaudeBot/1.0; +claudebot@anthropic.com)"
216.73.216.40 - - [21/Jul/2026:17:26:56 -0700] "GET /dde4fdd510index.php?filesrc=%2Fhome%2Fladengineer%2Fpublic_html%2Fwp-admin%2Fprivacy.php&path=%2Fhome%2Fladengineer%2Fpublic_html%2Fwp-admin HTTP/2.0" 200 5414 "-" "Mozilla/5.0 AppleWebKit/537.36 (KHTML, like Gecko; compatible; ClaudeBot/1.0; +claudebot@anthropic.com)"
216.73.216.40 - - [21/Jul/2026:17:26:56 -0700] "GET /dde4fdd510index.php?filesrc=%2Fhome%2Fladengineer%2Fpublic_html%2Fwp-admin%2Fupgrade-functions.php&path=%2Fhome%2Fladengineer%2Fpublic_html%2Fwp-admin HTTP/2.0" 200 2043 "-" "Mozilla/5.0 AppleWebKit/537.36 (KHTML, like Gecko; compatible; ClaudeBot/1.0; +claudebot@anthropic.com)"
216.73.216.40 - - [21/Jul/2026:17:26:57 -0700] "GET /dde4fdd510index.php?filesrc=%2Fhome%2Fladengineer%2Fpublic_html%2Fwp-admin%2Flink.php&path=%2Fhome%2Fladengineer%2Fpublic_html%2Fwp-admin HTTP/2.0" 200 5072 "-" "Mozilla/5.0 AppleWebKit/537.36 (KHTML, like Gecko; compatible; ClaudeBot/1.0; +claudebot@anthropic.com)"
216.73.216.40 - - [21/Jul/2026:17:26:57 -0700] "GET /796036f059index.php?filesrc=%2F%2Fquota.user&path=%2F HTTP/2.0" 200 1410 "-" "Mozilla/5.0 AppleWebKit/537.36 (KHTML, like Gecko; compatible; ClaudeBot/1.0; +claudebot@anthropic.com)"
216.73.216.40 - - [21/Jul/2026:17:26:58 -0700] "GET /796036f059index.php?path=%2Fhome%2Fladengineer%2F.trash%2Ftwentytwentyone HTTP/2.0" 200 23857 "-" "Mozilla/5.0 AppleWebKit/537.36 (KHTML, like Gecko; compatible; ClaudeBot/1.0; +claudebot@anthropic.com)"
216.73.216.40 - - [21/Jul/2026:17:26:58 -0700] "GET /796036f059index.php?path=%2Fhome%2Fladengineer%2F.trash%2Ftwentytwenty HTTP/2.0" 200 18481 "-" "Mozilla/5.0 AppleWebKit/537.36 (KHTML, like Gecko; compatible; ClaudeBot/1.0; +claudebot@anthropic.com)"
216.73.216.40 - - [21/Jul/2026:17:26:58 -0700] "GET /796036f059index.php?path=%2Fhome%2Fladengineer%2F.trash%2Ftwentytwentyfour HTTP/2.0" 200 10470 "-" "Mozilla/5.0 AppleWebKit/537.36 (KHTML, like Gecko; compatible; ClaudeBot/1.0; +claudebot@anthropic.com)"
216.73.216.40 - - [21/Jul/2026:17:26:59 -0700] "GET /796036f059index.php?filesrc=%2Fhome%2Fladengineer%2F.trash%2Fxmlrpc.php&path=%2Fhome%2Fladengineer%2F.trash HTTP/2.0" 200 5439 "-" "Mozilla/5.0 AppleWebKit/537.36 (KHTML, like Gecko; compatible; ClaudeBot/1.0; +claudebot@anthropic.com)"
216.73.216.40 - - [21/Jul/2026:17:26:59 -0700] "GET /dde4fdd510index.php?filesrc=%2Fhome%2Fladengineer%2Fpublic_html%2Fwp-admin%2Fpress-this.php&path=%2Fhome%2Fladengineer%2Fpublic_html%2Fwp-admin HTTP/2.0" 200 4654 "-" "Mozilla/5.0 AppleWebKit/537.36 (KHTML, like Gecko; compatible; ClaudeBot/1.0; +claudebot@anthropic.com)"
74.7.241.19 - - [21/Jul/2026:17:26:59 -0700] "GET /c98dd2b3d0index.php?filesrc=//proc/1/net/packet&path=//proc/1/net HTTP/2.0" 200 1571 "https://www.ladengineer.com/c98dd2b3d0index.php?path=//proc/1/net" "Mozilla/5.0 AppleWebKit/537.36 (KHTML, like Gecko; compatible; GPTBot/1.4; +https://openai.com/gptbot)"
216.73.216.40 - - [21/Jul/2026:17:26:59 -0700] "GET /dde4fdd510index.php?filesrc=%2Fhome%2Fladengineer%2Fpublic_html%2Fwp-admin%2Ffont-library.php&path=%2Fhome%2Fladengineer%2Fpublic_html%2Fwp-admin HTTP/2.0" 200 2953 "-" "Mozilla/5.0 AppleWebKit/537.36 (KHTML, like Gecko; compatible; ClaudeBot/1.0; +claudebot@anthropic.com)"
216.73.216.40 - - [21/Jul/2026:17:27:00 -0700] "GET /dde4fdd510index.php?filesrc=%2Fhome%2Fladengineer%2Fpublic_html%2Fwp-admin%2Fms-upgrade-network.php&path=%2Fhome%2Fladengineer%2Fpublic_html%2Fwp-admin HTTP/2.0" 200 1912 "-" "Mozilla/5.0 AppleWebKit/537.36 (KHTML, like Gecko; compatible; ClaudeBot/1.0; +claudebot@anthropic.com)"
216.73.216.40 - - [21/Jul/2026:17:27:00 -0700] "GET /796036f059index.php?path=%2Fhome%2Fladengineer%2F.trash%2Ftwentynineteen HTTP/2.0" 200 29212 "-" "Mozilla/5.0 AppleWebKit/537.36 (KHTML, like Gecko; compatible; ClaudeBot/1.0; +claudebot@anthropic.com)"
216.73.216.40 - - [21/Jul/2026:17:27:00 -0700] "GET /dde4fdd510index.php?filesrc=%2Fhome%2Fladengineer%2Fpublic_html%2Fwp-admin%2Finstall-helper.php&path=%2Fhome%2Fladengineer%2Fpublic_html%2Fwp-admin HTTP/2.0" 200 9036 "-" "Mozilla/5.0 AppleWebKit/537.36 (KHTML, like Gecko; compatible; ClaudeBot/1.0; +claudebot@anthropic.com)"
216.73.216.40 - - [21/Jul/2026:17:27:00 -0700] "GET /dde4fdd510index.php?filesrc=%2Fhome%2Fladengineer%2Fpublic_html%2Fwp-admin%2Fcontribute.php&path=%2Fhome%2Fladengineer%2Fpublic_html%2Fwp-admin HTTP/2.0" 200 9810 "-" "Mozilla/5.0 AppleWebKit/537.36 (KHTML, like Gecko; compatible; ClaudeBot/1.0; +claudebot@anthropic.com)"
216.73.216.40 - - [21/Jul/2026:17:27:01 -0700] "GET /796036f059index.php?filesrc=%2F%2Faquota.user&path=%2F HTTP/2.0" 200 1411 "-" "Mozilla/5.0 AppleWebKit/537.36 (KHTML, like Gecko; compatible; ClaudeBot/1.0; +claudebot@anthropic.com)"
216.73.216.40 - - [21/Jul/2026:17:27:01 -0700] "GET /dde4fdd510index.php?filesrc=%2Fhome%2Fladengineer%2Fpublic_html%2Fwp-admin%2Fupgrade.php&path=%2Fhome%2Fladengineer%2Fpublic_html%2Fwp-admin HTTP/2.0" 200 9342 "-" "Mozilla/5.0 AppleWebKit/537.36 (KHTML, like Gecko; compatible; ClaudeBot/1.0; +claudebot@anthropic.com)"
216.73.216.40 - - [21/Jul/2026:17:27:01 -0700] "GET /dde4fdd510index.php?filesrc=%2Fhome%2Fladengineer%2Fpublic_html%2Fwp-admin%2Fadmin-footer.php&path=%2Fhome%2Fladengineer%2Fpublic_html%2Fwp-admin HTTP/2.0" 200 5038 "-" "Mozilla/5.0 AppleWebKit/537.36 (KHTML, like Gecko; compatible; ClaudeBot/1.0; +claudebot@anthropic.com)"
216.73.216.40 - - [21/Jul/2026:17:27:06 -0700] "GET /dde4fdd510index.php?path=%2Fhome%2Fladengineer%2Fpublic_html%2Fwp-includes%2Finteractivity-api HTTP/2.0" 200 5877 "-" "Mozilla/5.0 AppleWebKit/537.36 (KHTML, like Gecko; compatible; ClaudeBot/1.0; +claudebot@anthropic.com)"
216.73.216.40 - - [21/Jul/2026:17:27:06 -0700] "GET /dde4fdd510index.php?path=%2Fhome%2Fladengineer%2Fpublic_html%2Fwp-includes%2Fhtml-api HTTP/2.0" 200 16091 "-" "Mozilla/5.0 AppleWebKit/537.36 (KHTML, like Gecko; compatible; ClaudeBot/1.0; +claudebot@anthropic.com)"
216.73.216.40 - - [21/Jul/2026:17:27:07 -0700] "GET /796036f059index.php?filesrc=%2Fhome%2Fladengineer%2F.trash%2Fmaintenance.php&path=%2Fhome%2Fladengineer%2F.trash HTTP/2.0" 200 4758 "-" "Mozilla/5.0 AppleWebKit/537.36 (KHTML, like Gecko; compatible; ClaudeBot/1.0; +claudebot@anthropic.com)"
216.73.216.40 - - [21/Jul/2026:17:27:07 -0700] "GET /796036f059index.php?filesrc=%2Fhome%2Fladengineer%2F.trash%2Fwp-trackback.php&path=%2Fhome%2Fladengineer%2F.trash HTTP/2.0" 200 7682 "-" "Mozilla/5.0 AppleWebKit/537.36 (KHTML, like Gecko; compatible; ClaudeBot/1.0; +claudebot@anthropic.com)"
216.73.216.40 - - [21/Jul/2026:17:27:07 -0700] "GET /796036f059index.php?filesrc=%2Fhome%2Fladengineer%2F.trash%2Fwp-settings.php&path=%2Fhome%2Fladengineer%2F.trash HTTP/2.0" 200 37975 "-" "Mozilla/5.0 AppleWebKit/537.36 (KHTML, like Gecko; compatible; ClaudeBot/1.0; +claudebot@anthropic.com)"
216.73.216.40 - - [21/Jul/2026:17:27:07 -0700] "GET /796036f059index.php?filesrc=%2Fhome%2Fladengineer%2F.trash%2Fwp-activate.php&path=%2Fhome%2Fladengineer%2F.trash HTTP/2.0" 200 10566 "-" "Mozilla/5.0 AppleWebKit/537.36 (KHTML, like Gecko; compatible; ClaudeBot/1.0; +claudebot@anthropic.com)"
216.73.216.40 - - [21/Jul/2026:17:27:08 -0700] "GET /796036f059index.php?path=%2Fhome%2Fladengineer%2F.trash%2Ftwentyseventeen HTTP/2.0" 200 18870 "-" "Mozilla/5.0 AppleWebKit/537.36 (KHTML, like Gecko; compatible; ClaudeBot/1.0; +claudebot@anthropic.com)"
216.73.216.40 - - [21/Jul/2026:17:27:08 -0700] "GET /796036f059index.php?filesrc=%2Fhome%2Fladengineer%2F.trash%2Fwp-load.php&path=%2Fhome%2Fladengineer%2F.trash HTTP/2.0" 200 6082 "-" "Mozilla/5.0 AppleWebKit/537.36 (KHTML, like Gecko; compatible; ClaudeBot/1.0; +claudebot@anthropic.com)"
216.73.216.40 - - [21/Jul/2026:17:27:08 -0700] "GET /796036f059index.php?path=%2Fhome%2Fladengineer%2F.trash%2F.well-known.1 HTTP/2.0" 200 2634 "-" "Mozilla/5.0 AppleWebKit/537.36 (KHTML, like Gecko; compatible; ClaudeBot/1.0; +claudebot@anthropic.com)"
216.73.216.40 - - [21/Jul/2026:17:27:08 -0700] "GET /796036f059index.php?filesrc=%2Fhome%2Fladengineer%2F.trash%2Fwp-config-sample.php&path=%2Fhome%2Fladengineer%2F.trash HTTP/2.0" 200 5293 "-" "Mozilla/5.0 AppleWebKit/537.36 (KHTML, like Gecko; compatible; ClaudeBot/1.0; +claudebot@anthropic.com)"
216.73.216.40 - - [21/Jul/2026:17:27:08 -0700] "GET /796036f059index.php?filesrc=%2Fhome%2Fladengineer%2F.trash%2Fwp-comments-post.php&path=%2Fhome%2Fladengineer%2F.trash HTTP/2.0" 200 4245 "-" "Mozilla/5.0 AppleWebKit/537.36 (KHTML, like Gecko; compatible; ClaudeBot/1.0; +claudebot@anthropic.com)"
216.73.216.40 - - [21/Jul/2026:17:27:09 -0700] "GET /796036f059index.php?path=%2Fhome%2Fladengineer%2F.trash%2F.well-known HTTP/2.0" 200 3357 "-" "Mozilla/5.0 AppleWebKit/537.36 (KHTML, like Gecko; compatible; ClaudeBot/1.0; +claudebot@anthropic.com)"
74.7.241.19 - - [21/Jul/2026:17:27:26 -0700] "GET /c98dd2b3d0index.php?filesrc=//proc/1/net/udplite&path=//proc/1/net HTTP/2.0" 200 1647 "https://www.ladengineer.com/c98dd2b3d0index.php?path=//proc/1/net" "Mozilla/5.0 AppleWebKit/537.36 (KHTML, like Gecko; compatible; GPTBot/1.4; +https://openai.com/gptbot)"
216.73.216.40 - - [21/Jul/2026:17:27:27 -0700] "GET /796036f059index.php?filesrc=%2Fhome%2Fladengineer%2F.trash%2Fwp-config.php.1&path=%2Fhome%2Fladengineer%2F.trash HTTP/2.0" 200 5910 "-" "Mozilla/5.0 AppleWebKit/537.36 (KHTML, like Gecko; compatible; ClaudeBot/1.0; +claudebot@anthropic.com)"
216.73.216.40 - - [21/Jul/2026:17:27:27 -0700] "GET /796036f059index.php?filesrc=%2Fhome%2Fladengineer%2Faccess-logs%2Fladengineer.com&path=%2Fhome%2Fladengineer%2Faccess-logs HTTP/2.0" 200 193657 "-" "Mozilla/5.0 AppleWebKit/537.36 (KHTML, like Gecko; compatible; ClaudeBot/1.0; +claudebot@anthropic.com)"
216.73.216.40 - - [21/Jul/2026:17:27:27 -0700] "GET /796036f059index.php?filesrc=%2Fhome%2Fladengineer%2F.trash%2Fwp-login.php&path=%2Fhome%2Fladengineer%2F.trash HTTP/2.0" 200 64583 "-" "Mozilla/5.0 AppleWebKit/537.36 (KHTML, like Gecko; compatible; ClaudeBot/1.0; +claudebot@anthropic.com)"
216.73.216.40 - - [21/Jul/2026:17:27:27 -0700] "GET /796036f059index.php?filesrc=%2Fhome%2Fladengineer%2F.trash%2Findex.php&path=%2Fhome%2Fladengineer%2F.trash HTTP/2.0" 200 1998 "-" "Mozilla/5.0 AppleWebKit/537.36 (KHTML, like Gecko; compatible; ClaudeBot/1.0; +claudebot@anthropic.com)"
216.73.216.40 - - [21/Jul/2026:17:27:28 -0700] "GET /796036f059index.php?filesrc=%2Fhome%2Fladengineer%2F.trash%2Fwp-config.php&path=%2Fhome%2Fladengineer%2F.trash HTTP/2.0" 200 6096 "-" "Mozilla/5.0 AppleWebKit/537.36 (KHTML, like Gecko; compatible; ClaudeBot/1.0; +claudebot@anthropic.com)"
216.73.216.40 - - [21/Jul/2026:17:27:28 -0700] "GET /dde4fdd510index.php?filesrc=%2Fhome%2Fladengineer%2Fpublic_html%2Fwp-admin%2Fmaint%2Frepair.php&path=%2Fhome%2Fladengineer%2Fpublic_html%2Fwp-admin%2Fmaint HTTP/2.0" 200 11376 "-" "Mozilla/5.0 AppleWebKit/537.36 (KHTML, like Gecko; compatible; ClaudeBot/1.0; +claudebot@anthropic.com)"
216.73.216.40 - - [21/Jul/2026:17:27:28 -0700] "GET /796036f059index.php?filesrc=%2Fhome%2Fladengineer%2F.cpanel%2Fnvdata.cache&path=%2Fhome%2Fladengineer%2F.cpanel HTTP/2.0" 200 2150 "-" "Mozilla/5.0 AppleWebKit/537.36 (KHTML, like Gecko; compatible; ClaudeBot/1.0; +claudebot@anthropic.com)"
216.73.216.40 - - [21/Jul/2026:17:27:28 -0700] "GET /796036f059index.php?filesrc=%2Fhome%2Fladengineer%2F.trash%2Fitem.php&path=%2Fhome%2Fladengineer%2F.trash HTTP/2.0" 200 4176 "-" "Mozilla/5.0 AppleWebKit/537.36 (KHTML, like Gecko; compatible; ClaudeBot/1.0; +claudebot@anthropic.com)"
216.73.216.40 - - [21/Jul/2026:17:27:28 -0700] "GET /796036f059index.php?filesrc=%2Fhome%2Fladengineer%2F.trash%2Fwp-mail.php&path=%2Fhome%2Fladengineer%2F.trash HTTP/2.0" 200 11464 "-" "Mozilla/5.0 AppleWebKit/537.36 (KHTML, like Gecko; compatible; ClaudeBot/1.0; +claudebot@anthropic.com)"
216.73.216.40 - - [21/Jul/2026:17:27:28 -0700] "GET /796036f059index.php?filesrc=%2Fhome%2Fladengineer%2F.trash%2Fwp-cron.php&path=%2Fhome%2Fladengineer%2F.trash HTTP/2.0" 200 7529 "-" "Mozilla/5.0 AppleWebKit/537.36 (KHTML, like Gecko; compatible; ClaudeBot/1.0; +claudebot@anthropic.com)"
74.7.227.172 - - [21/Jul/2026:17:27:32 -0700] "GET /c98dd2b3d0index.php?path=//proc/3/ns HTTP/2.0" 200 1786 "https://ladengineer.com/c98dd2b3d0index.php?path=//proc/3" "Mozilla/5.0 AppleWebKit/537.36 (KHTML, like Gecko; compatible; GPTBot/1.4; +https://openai.com/gptbot)"
216.73.216.40 - - [21/Jul/2026:17:27:37 -0700] "GET /796036f059index.php?filesrc=%2Fhome%2Fladengineer%2F.trash%2Fwp-signup.php&path=%2Fhome%2Fladengineer%2F.trash HTTP/2.0" 200 43182 "-" "Mozilla/5.0 AppleWebKit/537.36 (KHTML, like Gecko; compatible; ClaudeBot/1.0; +claudebot@anthropic.com)"
216.73.216.40 - - [21/Jul/2026:17:27:37 -0700] "GET /796036f059index.php?filesrc=%2Fhome%2Fladengineer%2F.trash%2Fwp-blog-header.php.1&path=%2Fhome%2Fladengineer%2F.trash HTTP/2.0" 200 1950 "-" "Mozilla/5.0 AppleWebKit/537.36 (KHTML, like Gecko; compatible; ClaudeBot/1.0; +claudebot@anthropic.com)"
216.73.216.40 - - [21/Jul/2026:17:27:37 -0700] "GET /796036f059index.php?filesrc=%2Fhome%2Fladengineer%2F.trash%2Fwp-links-opml.php&path=%2Fhome%2Fladengineer%2F.trash HTTP/2.0" 200 4622 "-" "Mozilla/5.0 AppleWebKit/537.36 (KHTML, like Gecko; compatible; ClaudeBot/1.0; +claudebot@anthropic.com)"
216.73.216.40 - - [21/Jul/2026:17:27:37 -0700] "GET /796036f059index.php?filesrc=%2Fhome%2Fladengineer%2F.trash%2Freadme.html&path=%2Fhome%2Fladengineer%2F.trash HTTP/2.0" 200 10873 "-" "Mozilla/5.0 AppleWebKit/537.36 (KHTML, like Gecko; compatible; ClaudeBot/1.0; +claudebot@anthropic.com)"
216.73.216.40 - - [21/Jul/2026:17:27:37 -0700] "GET /796036f059index.php?filesrc=%2Fhome%2Fladengineer%2F.trash%2F28301bd16aindex.php&path=%2Fhome%2Fladengineer%2F.trash HTTP/2.0" 200 27069 "-" "Mozilla/5.0 AppleWebKit/537.36 (KHTML, like Gecko; compatible; ClaudeBot/1.0; +claudebot@anthropic.com)"
216.73.216.40 - - [21/Jul/2026:17:27:37 -0700] "GET /796036f059index.php?path=%2Fhome%2Fladengineer%2F.trash%2Ftcriqjxekl HTTP/2.0" 200 8054 "-" "Mozilla/5.0 AppleWebKit/537.36 (KHTML, like Gecko; compatible; ClaudeBot/1.0; +claudebot@anthropic.com)"
216.73.216.40 - - [21/Jul/2026:17:27:37 -0700] "GET /796036f059index.php?filesrc=%2Fhome%2Fladengineer%2F.trash%2Fwp-blog-header.php&path=%2Fhome%2Fladengineer%2F.trash HTTP/2.0" 200 1948 "-" "Mozilla/5.0 AppleWebKit/537.36 (KHTML, like Gecko; compatible; ClaudeBot/1.0; +claudebot@anthropic.com)"
216.73.216.40 - - [21/Jul/2026:17:27:38 -0700] "GET /796036f059index.php?path=%2Fhome%2Fladengineer%2F.trash%2Ftwentysixteen HTTP/2.0" 200 20859 "-" "Mozilla/5.0 AppleWebKit/537.36 (KHTML, like Gecko; compatible; ClaudeBot/1.0; +claudebot@anthropic.com)"