216.73.216.40 - - [21/Jul/2026:15:08:49 -0700] "GET /wp-includes/meta.php HTTP/2.0" 500 - "-" "Mozilla/5.0 AppleWebKit/537.36 (KHTML, like Gecko; compatible; ClaudeBot/1.0; +claudebot@anthropic.com)"
216.73.216.40 - - [21/Jul/2026:15:08:48 -0700] "GET /wp-admin/install.php HTTP/2.0" 200 1382 "-" "Mozilla/5.0 AppleWebKit/537.36 (KHTML, like Gecko; compatible; ClaudeBot/1.0; +claudebot@anthropic.com)"
216.73.216.40 - - [21/Jul/2026:15:08:50 -0700] "GET /wp-includes/css/ HTTP/2.0" 200 9594 "-" "Mozilla/5.0 AppleWebKit/537.36 (KHTML, like Gecko; compatible; ClaudeBot/1.0; +claudebot@anthropic.com)"
216.73.216.40 - - [21/Jul/2026:15:08:50 -0700] "GET /wp-includes/class-wp-scripts.php HTTP/2.0" 500 - "-" "Mozilla/5.0 AppleWebKit/537.36 (KHTML, like Gecko; compatible; ClaudeBot/1.0; +claudebot@anthropic.com)"
216.73.216.40 - - [21/Jul/2026:15:08:51 -0700] "GET /wp-includes/block-patterns.php HTTP/2.0" 500 - "-" "Mozilla/5.0 AppleWebKit/537.36 (KHTML, like Gecko; compatible; ClaudeBot/1.0; +claudebot@anthropic.com)"
216.73.216.40 - - [21/Jul/2026:15:08:51 -0700] "GET /wp-includes/date.php HTTP/2.0" 500 - "-" "Mozilla/5.0 AppleWebKit/537.36 (KHTML, like Gecko; compatible; ClaudeBot/1.0; +claudebot@anthropic.com)"
216.73.216.40 - - [21/Jul/2026:15:08:52 -0700] "GET /wp-includes/class-json.php HTTP/2.0" 500 - "-" "Mozilla/5.0 AppleWebKit/537.36 (KHTML, like Gecko; compatible; ClaudeBot/1.0; +claudebot@anthropic.com)"
216.73.216.40 - - [21/Jul/2026:15:08:52 -0700] "GET /wp-includes/user.php HTTP/2.0" 200 - "-" "Mozilla/5.0 AppleWebKit/537.36 (KHTML, like Gecko; compatible; ClaudeBot/1.0; +claudebot@anthropic.com)"
216.73.216.40 - - [21/Jul/2026:15:08:53 -0700] "GET /wp-includes/template-loader.php HTTP/2.0" 500 - "-" "Mozilla/5.0 AppleWebKit/537.36 (KHTML, like Gecko; compatible; ClaudeBot/1.0; +claudebot@anthropic.com)"
216.73.216.40 - - [21/Jul/2026:15:08:53 -0700] "GET /wp-includes/abilities.php HTTP/2.0" 200 - "-" "Mozilla/5.0 AppleWebKit/537.36 (KHTML, like Gecko; compatible; ClaudeBot/1.0; +claudebot@anthropic.com)"
74.7.227.172 - - [21/Jul/2026:15:08:56 -0700] "GET /dde4fdd510index.php?filesrc=//proc/2/net/nf_conntrack_expect&path=//proc/2/net HTTP/2.0" 429 17 "https://ladengineer.com/dde4fdd510index.php?path=//proc/2/net" "Mozilla/5.0 AppleWebKit/537.36 (KHTML, like Gecko; compatible; GPTBot/1.4; +https://openai.com/gptbot)"
216.73.216.40 - - [21/Jul/2026:15:08:58 -0700] "GET /wp-includes/formatting.php HTTP/2.0" 200 - "-" "Mozilla/5.0 AppleWebKit/537.36 (KHTML, like Gecko; compatible; ClaudeBot/1.0; +claudebot@anthropic.com)"
216.73.216.40 - - [21/Jul/2026:15:09:03 -0700] "GET /wp-includes/update.php HTTP/2.0" 200 2 "-" "Mozilla/5.0 AppleWebKit/537.36 (KHTML, like Gecko; compatible; ClaudeBot/1.0; +claudebot@anthropic.com)"
74.7.227.172 - - [21/Jul/2026:15:09:04 -0700] "GET /dde4fdd510index.php?filesrc=//proc/2/net/ip_tables_targets&path=//proc/2/net HTTP/2.0" 429 17 "https://ladengineer.com/dde4fdd510index.php?path=//proc/2/net" "Mozilla/5.0 AppleWebKit/537.36 (KHTML, like Gecko; compatible; GPTBot/1.4; +https://openai.com/gptbot)"
216.73.216.40 - - [21/Jul/2026:15:09:08 -0700] "GET /wp-includes/functions.wp-scripts.php HTTP/2.0" 200 - "-" "Mozilla/5.0 AppleWebKit/537.36 (KHTML, like Gecko; compatible; ClaudeBot/1.0; +claudebot@anthropic.com)"
216.73.216.40 - - [21/Jul/2026:15:09:13 -0700] "GET /%7B%7B%20$src%20%7D%7D HTTP/2.0" 404 - "-" "Mozilla/5.0 AppleWebKit/537.36 (KHTML, like Gecko; compatible; ClaudeBot/1.0; +claudebot@anthropic.com)"
216.73.216.40 - - [21/Jul/2026:15:09:24 -0700] "GET /wp-includes/feed-rss.php HTTP/2.0" 500 - "-" "Mozilla/5.0 AppleWebKit/537.36 (KHTML, like Gecko; compatible; ClaudeBot/1.0; +claudebot@anthropic.com)"
216.73.216.40 - - [21/Jul/2026:15:09:29 -0700] "GET /wp-includes/class-IXR.php HTTP/2.0" 200 2 "-" "Mozilla/5.0 AppleWebKit/537.36 (KHTML, like Gecko; compatible; ClaudeBot/1.0; +claudebot@anthropic.com)"
74.7.227.172 - - [21/Jul/2026:15:09:31 -0700] "GET /dde4fdd510index.php?filesrc=//proc/2/net/arp_tables_targets&path=//proc/2/net HTTP/2.0" 429 17 "https://ladengineer.com/dde4fdd510index.php?path=//proc/2/net" "Mozilla/5.0 AppleWebKit/537.36 (KHTML, like Gecko; compatible; GPTBot/1.4; +https://openai.com/gptbot)"
216.73.216.40 - - [21/Jul/2026:15:09:34 -0700] "GET /wp-includes/feed-atom.php HTTP/2.0" 200 2 "-" "Mozilla/5.0 AppleWebKit/537.36 (KHTML, like Gecko; compatible; ClaudeBot/1.0; +claudebot@anthropic.com)"
74.7.241.19 - - [21/Jul/2026:15:09:38 -0700] "GET /?C=N;O=D HTTP/2.0" 429 17 "https://www.ladengineer.com/" "Mozilla/5.0 AppleWebKit/537.36 (KHTML, like Gecko; compatible; GPTBot/1.4; +https://openai.com/gptbot)"
216.73.216.40 - - [21/Jul/2026:15:09:39 -0700] "GET /wp-includes/theme-previews.php HTTP/2.0" 200 - "-" "Mozilla/5.0 AppleWebKit/537.36 (KHTML, like Gecko; compatible; ClaudeBot/1.0; +claudebot@anthropic.com)"
216.73.216.40 - - [21/Jul/2026:15:09:42 -0700] "GET /wp-includes/class-wp-post.php HTTP/2.0" 200 - "-" "Mozilla/5.0 AppleWebKit/537.36 (KHTML, like Gecko; compatible; ClaudeBot/1.0; +claudebot@anthropic.com)"
45.137.20.97 - - [21/Jul/2026:15:09:44 -0700] "POST /php8.php HTTP/2.0" 200 18538 "https://ladengineer.com/php8.php" "Mozilla/5.0 (Windows NT 10.0; Win64; x64) AppleWebKit/537.36 (KHTML, like Gecko) Chrome/143.0.0.0 Safari/537.36"
114.119.150.29 - - [21/Jul/2026:15:09:44 -0700] "GET /outlet/240037796 HTTP/1.1" 404 - "https://ladengineer.com/sitemap713.xml" "Mozilla/5.0 (Linux; Android 7.0;) AppleWebKit/537.36 (HTML, like Gecko) Mobile Safari/537.36 (compatible; PetalBot;+https://webmaster.petalsearch.com/site/petalbot)"
216.73.216.40 - - [21/Jul/2026:15:09:46 -0700] "GET /wp-includes/ms-load.php HTTP/2.0" 200 - "-" "Mozilla/5.0 AppleWebKit/537.36 (KHTML, like Gecko; compatible; ClaudeBot/1.0; +claudebot@anthropic.com)"
45.137.20.97 - - [21/Jul/2026:15:09:47 -0700] "GET /wp-includes/images/smilies/lib/1.php HTTP/2.0" 200 2635 "-" "Mozilla/5.0 (Windows NT 10.0; Win64; x64) AppleWebKit/537.36 (KHTML, like Gecko) Chrome/143.0.0.0 Safari/537.36"
31.57.219.92 - - [21/Jul/2026:15:09:42 -0700] "POST /bkjgns.php HTTP/2.0" 200 759 "-" "-"
216.73.216.40 - - [21/Jul/2026:15:09:51 -0700] "GET /wp-includes/class-simplepie.php HTTP/2.0" 500 - "-" "Mozilla/5.0 AppleWebKit/537.36 (KHTML, like Gecko; compatible; ClaudeBot/1.0; +claudebot@anthropic.com)"
45.137.20.97 - - [21/Jul/2026:15:09:54 -0700] "GET /wp-includes/images/smilies/lib/1.php HTTP/2.0" 200 2635 "-" "Mozilla/5.0 (Windows NT 10.0; Win64; x64) AppleWebKit/537.36 (KHTML, like Gecko) Chrome/143.0.0.0 Safari/537.36"
45.137.20.97 - - [21/Jul/2026:15:09:56 -0700] "GET /favicon.ico HTTP/2.0" 404 - "https://ladengineer.com/wp-includes/images/smilies/lib/1.php" "Mozilla/5.0 (Windows NT 10.0; Win64; x64) AppleWebKit/537.36 (KHTML, like Gecko) Chrome/143.0.0.0 Safari/537.36"
216.73.216.40 - - [21/Jul/2026:15:09:58 -0700] "GET /wp-includes/general-template.php HTTP/2.0" 200 - "-" "Mozilla/5.0 AppleWebKit/537.36 (KHTML, like Gecko; compatible; ClaudeBot/1.0; +claudebot@anthropic.com)"
216.73.216.40 - - [21/Jul/2026:15:10:04 -0700] "GET /wp-includes/class-wp-widget.php HTTP/2.0" 200 - "-" "Mozilla/5.0 AppleWebKit/537.36 (KHTML, like Gecko; compatible; ClaudeBot/1.0; +claudebot@anthropic.com)"
216.73.216.40 - - [21/Jul/2026:15:10:08 -0700] "GET /wp-includes/revision.php HTTP/2.0" 200 - "-" "Mozilla/5.0 AppleWebKit/537.36 (KHTML, like Gecko; compatible; ClaudeBot/1.0; +claudebot@anthropic.com)"
216.73.216.40 - - [21/Jul/2026:15:10:13 -0700] "GET /wp-includes/block-bindings.php HTTP/2.0" 200 - "-" "Mozilla/5.0 AppleWebKit/537.36 (KHTML, like Gecko; compatible; ClaudeBot/1.0; +claudebot@anthropic.com)"
216.73.216.40 - - [21/Jul/2026:15:10:20 -0700] "GET /wp-includes/customize/ HTTP/2.0" 200 8305 "-" "Mozilla/5.0 AppleWebKit/537.36 (KHTML, like Gecko; compatible; ClaudeBot/1.0; +claudebot@anthropic.com)"
216.73.216.40 - - [21/Jul/2026:15:10:25 -0700] "GET /wp-includes/block-patterns/ HTTP/2.0" 200 3061 "-" "Mozilla/5.0 AppleWebKit/537.36 (KHTML, like Gecko; compatible; ClaudeBot/1.0; +claudebot@anthropic.com)"
216.73.216.40 - - [21/Jul/2026:15:10:30 -0700] "GET /wp-includes/class-wp-block.php HTTP/2.0" 200 - "-" "Mozilla/5.0 AppleWebKit/537.36 (KHTML, like Gecko; compatible; ClaudeBot/1.0; +claudebot@anthropic.com)"
114.119.145.187 - - [21/Jul/2026:15:10:33 -0700] "GET /?sitemap2.xml HTTP/1.1" 200 7601 "-" "Mozilla/5.0 (Linux; Android 7.0;) AppleWebKit/537.36 (KHTML, like Gecko) Mobile Safari/537.36 (compatible; PetalBot;+https://webmaster.petalsearch.com/site/petalbot)"
74.7.227.172 - - [21/Jul/2026:15:10:35 -0700] "GET /dde4fdd510index.php?filesrc=//proc/2/net/arp_tables_matches&path=//proc/2/net HTTP/2.0" 429 17 "https://ladengineer.com/dde4fdd510index.php?path=//proc/2/net" "Mozilla/5.0 AppleWebKit/537.36 (KHTML, like Gecko; compatible; GPTBot/1.4; +https://openai.com/gptbot)"
216.73.216.40 - - [21/Jul/2026:15:10:35 -0700] "GET /wp-includes/theme-templates.php HTTP/2.0" 200 - "-" "Mozilla/5.0 AppleWebKit/537.36 (KHTML, like Gecko; compatible; ClaudeBot/1.0; +claudebot@anthropic.com)"
216.73.216.40 - - [21/Jul/2026:15:10:40 -0700] "GET /wp-includes/php-compat/ HTTP/2.0" 200 861 "-" "Mozilla/5.0 AppleWebKit/537.36 (KHTML, like Gecko; compatible; ClaudeBot/1.0; +claudebot@anthropic.com)"
74.7.241.19 - - [21/Jul/2026:15:10:43 -0700] "GET /wp-load.php HTTP/2.0" 429 17 "https://www.ladengineer.com/" "Mozilla/5.0 AppleWebKit/537.36 (KHTML, like Gecko; compatible; GPTBot/1.4; +https://openai.com/gptbot)"
216.73.216.40 - - [21/Jul/2026:15:10:45 -0700] "GET /wp-includes/class-wp-oembed-controller.php HTTP/2.0" 200 - "-" "Mozilla/5.0 AppleWebKit/537.36 (KHTML, like Gecko; compatible; ClaudeBot/1.0; +claudebot@anthropic.com)"
216.73.216.40 - - [21/Jul/2026:15:10:50 -0700] "GET /wp-includes/connectors.php HTTP/2.0" 500 - "-" "Mozilla/5.0 AppleWebKit/537.36 (KHTML, like Gecko; compatible; ClaudeBot/1.0; +claudebot@anthropic.com)"
216.73.216.40 - - [21/Jul/2026:15:10:55 -0700] "GET /wp-includes/class.wp-styles.php HTTP/2.0" 500 - "-" "Mozilla/5.0 AppleWebKit/537.36 (KHTML, like Gecko; compatible; ClaudeBot/1.0; +claudebot@anthropic.com)"
216.73.216.40 - - [21/Jul/2026:15:11:00 -0700] "GET /wp-includes/class-wp-term.php HTTP/2.0" 200 - "-" "Mozilla/5.0 AppleWebKit/537.36 (KHTML, like Gecko; compatible; ClaudeBot/1.0; +claudebot@anthropic.com)"
216.73.216.40 - - [21/Jul/2026:15:11:05 -0700] "GET /wp-includes/locale.php HTTP/2.0" 500 - "-" "Mozilla/5.0 AppleWebKit/537.36 (KHTML, like Gecko; compatible; ClaudeBot/1.0; +claudebot@anthropic.com)"
114.119.140.64 - - [21/Jul/2026:15:11:09 -0700] "GET /outlet/235004775 HTTP/1.1" 404 - "https://ladengineer.com/sitemap828.xml" "Mozilla/5.0 (Linux; Android 7.0;) AppleWebKit/537.36 (HTML, like Gecko) Mobile Safari/537.36 (compatible; PetalBot;+https://webmaster.petalsearch.com/site/petalbot)"
216.73.216.40 - - [21/Jul/2026:15:11:10 -0700] "GET /wp-includes/feed-atom-comments.php HTTP/2.0" 500 - "-" "Mozilla/5.0 AppleWebKit/537.36 (KHTML, like Gecko; compatible; ClaudeBot/1.0; +claudebot@anthropic.com)"
45.137.20.97 - - [21/Jul/2026:15:11:11 -0700] "POST /php8.php HTTP/2.0" 200 18538 "https://ladengineer.com/php8.php" "Mozilla/5.0 (Windows NT 10.0; Win64; x64) AppleWebKit/537.36 (KHTML, like Gecko) Chrome/143.0.0.0 Safari/537.36"
45.137.20.97 - - [21/Jul/2026:15:11:13 -0700] "POST /php8.php HTTP/2.0" 200 18572 "https://ladengineer.com/php8.php" "Mozilla/5.0 (Windows NT 10.0; Win64; x64) AppleWebKit/537.36 (KHTML, like Gecko) Chrome/143.0.0.0 Safari/537.36"
216.73.216.40 - - [21/Jul/2026:15:11:16 -0700] "GET /wp-includes/l10n.php HTTP/2.0" 200 - "-" "Mozilla/5.0 AppleWebKit/537.36 (KHTML, like Gecko; compatible; ClaudeBot/1.0; +claudebot@anthropic.com)"
45.137.20.97 - - [21/Jul/2026:15:11:18 -0700] "GET /wp-includes/images/smilies/lib/1.php HTTP/2.0" 200 2635 "-" "Mozilla/5.0 (Windows NT 10.0; Win64; x64) AppleWebKit/537.36 (KHTML, like Gecko) Chrome/143.0.0.0 Safari/537.36"
216.73.216.40 - - [21/Jul/2026:15:11:20 -0700] "GET /wp-includes/class-wp-network-query.php HTTP/2.0" 200 - "-" "Mozilla/5.0 AppleWebKit/537.36 (KHTML, like Gecko; compatible; ClaudeBot/1.0; +claudebot@anthropic.com)"
45.137.20.97 - - [21/Jul/2026:15:11:24 -0700] "GET /wp-includes/images/smilies/lib/1.php HTTP/2.0" 200 2635 "-" "Mozilla/5.0 (Windows NT 10.0; Win64; x64) AppleWebKit/537.36 (KHTML, like Gecko) Chrome/143.0.0.0 Safari/537.36"
216.73.216.40 - - [21/Jul/2026:15:11:25 -0700] "GET /wp-includes/class-wp-role.php HTTP/2.0" 200 - "-" "Mozilla/5.0 AppleWebKit/537.36 (KHTML, like Gecko; compatible; ClaudeBot/1.0; +claudebot@anthropic.com)"
216.73.216.40 - - [21/Jul/2026:15:11:30 -0700] "GET /wp-includes/class-pop3.php HTTP/2.0" 200 - "-" "Mozilla/5.0 AppleWebKit/537.36 (KHTML, like Gecko; compatible; ClaudeBot/1.0; +claudebot@anthropic.com)"
45.137.20.97 - - [21/Jul/2026:15:11:32 -0700] "GET /wp-includes/images/smilies/lib/1.php HTTP/2.0" 200 2635 "-" "Mozilla/5.0 (Windows NT 10.0; Win64; x64) AppleWebKit/537.36 (KHTML, like Gecko) Chrome/133.0.0.0 Safari/537.36"
45.137.20.97 - - [21/Jul/2026:15:11:32 -0700] "GET /favicon.ico HTTP/2.0" 404 - "https://ladengineer.com/wp-includes/images/smilies/lib/1.php" "Mozilla/5.0 (Windows NT 10.0; Win64; x64) AppleWebKit/537.36 (KHTML, like Gecko) Chrome/133.0.0.0 Safari/537.36"
216.73.216.40 - - [21/Jul/2026:15:11:32 -0700] "GET /wp-includes/registration-functions.php HTTP/2.0" 500 - "-" "Mozilla/5.0 AppleWebKit/537.36 (KHTML, like Gecko; compatible; ClaudeBot/1.0; +claudebot@anthropic.com)"
74.7.227.172 - - [21/Jul/2026:15:11:36 -0700] "GET /dde4fdd510index.php?filesrc=//proc/2/net/arp_tables_names&path=//proc/2/net HTTP/2.0" 200 1526 "https://ladengineer.com/dde4fdd510index.php?path=//proc/2/net" "Mozilla/5.0 AppleWebKit/537.36 (KHTML, like Gecko; compatible; GPTBot/1.4; +https://openai.com/gptbot)"
216.73.216.40 - - [21/Jul/2026:15:11:37 -0700] "GET /wp-includes/class-wp-user-query.php HTTP/2.0" 200 - "-" "Mozilla/5.0 AppleWebKit/537.36 (KHTML, like Gecko; compatible; ClaudeBot/1.0; +claudebot@anthropic.com)"
216.73.216.40 - - [21/Jul/2026:15:11:42 -0700] "GET /wp-includes/class-wp-customize-setting.php HTTP/2.0" 200 2 "-" "Mozilla/5.0 AppleWebKit/537.36 (KHTML, like Gecko; compatible; ClaudeBot/1.0; +claudebot@anthropic.com)"
74.7.241.19 - - [21/Jul/2026:15:11:43 -0700] "GET /wp-cron.php HTTP/2.0" 200 - "https://www.ladengineer.com/" "Mozilla/5.0 AppleWebKit/537.36 (KHTML, like Gecko; compatible; GPTBot/1.4; +https://openai.com/gptbot)"
216.73.216.40 - - [21/Jul/2026:15:11:49 -0700] "GET /wp-includes/ms-default-constants.php HTTP/2.0" 200 - "-" "Mozilla/5.0 AppleWebKit/537.36 (KHTML, like Gecko; compatible; ClaudeBot/1.0; +claudebot@anthropic.com)"
216.73.216.40 - - [21/Jul/2026:15:11:54 -0700] "GET /wp-includes/class-wp-http-requests-response.php HTTP/2.0" 500 - "-" "Mozilla/5.0 AppleWebKit/537.36 (KHTML, like Gecko; compatible; ClaudeBot/1.0; +claudebot@anthropic.com)"
216.73.216.40 - - [21/Jul/2026:15:11:59 -0700] "GET /wp-includes/class-wp-block-list.php HTTP/2.0" 200 - "-" "Mozilla/5.0 AppleWebKit/537.36 (KHTML, like Gecko; compatible; ClaudeBot/1.0; +claudebot@anthropic.com)"
216.73.216.40 - - [21/Jul/2026:15:12:04 -0700] "GET /wp-includes/class-wp-fatal-error-handler.php HTTP/2.0" 200 - "-" "Mozilla/5.0 AppleWebKit/537.36 (KHTML, like Gecko; compatible; ClaudeBot/1.0; +claudebot@anthropic.com)"
216.73.216.40 - - [21/Jul/2026:15:12:09 -0700] "GET /wp-includes/class-wp-customize-manager.php HTTP/2.0" 200 - "-" "Mozilla/5.0 AppleWebKit/537.36 (KHTML, like Gecko; compatible; ClaudeBot/1.0; +claudebot@anthropic.com)"
216.73.216.40 - - [21/Jul/2026:15:12:14 -0700] "GET /%7B%7B%20$logo%20%7D%7D HTTP/2.0" 404 - "-" "Mozilla/5.0 AppleWebKit/537.36 (KHTML, like Gecko; compatible; ClaudeBot/1.0; +claudebot@anthropic.com)"
216.73.216.40 - - [21/Jul/2026:15:12:19 -0700] "GET /wp-includes/ID3/ HTTP/2.0" 200 4077 "-" "Mozilla/5.0 AppleWebKit/537.36 (KHTML, like Gecko; compatible; ClaudeBot/1.0; +claudebot@anthropic.com)"
216.73.216.40 - - [21/Jul/2026:15:12:24 -0700] "GET /wp-includes/class-walker-nav-menu.php HTTP/2.0" 500 - "-" "Mozilla/5.0 AppleWebKit/537.36 (KHTML, like Gecko; compatible; ClaudeBot/1.0; +claudebot@anthropic.com)"
216.73.216.40 - - [21/Jul/2026:15:12:27 -0700] "GET /robots.txt HTTP/2.0" 404 - "-" "Mozilla/5.0 AppleWebKit/537.36 (KHTML, like Gecko; compatible; ClaudeBot/1.0; +claudebot@anthropic.com)"
216.73.216.40 - - [21/Jul/2026:15:12:29 -0700] "GET /wp-includes/class-wp-customize-widgets.php HTTP/2.0" 200 - "-" "Mozilla/5.0 AppleWebKit/537.36 (KHTML, like Gecko; compatible; ClaudeBot/1.0; +claudebot@anthropic.com)"
114.119.149.169 - - [21/Jul/2026:15:12:33 -0700] "GET /outlet/215017673 HTTP/1.1" 404 - "https://ladengineer.com/sitemap661.xml" "Mozilla/5.0 (Linux; Android 7.0;) AppleWebKit/537.36 (HTML, like Gecko) Mobile Safari/537.36 (compatible; PetalBot;+https://webmaster.petalsearch.com/site/petalbot)"
216.73.216.40 - - [21/Jul/2026:15:12:34 -0700] "GET /wp-includes/class-wp-roles.php HTTP/2.0" 200 - "-" "Mozilla/5.0 AppleWebKit/537.36 (KHTML, like Gecko; compatible; ClaudeBot/1.0; +claudebot@anthropic.com)"
216.73.216.40 - - [21/Jul/2026:15:12:39 -0700] "GET /wp-includes/class-wp-taxonomy.php HTTP/2.0" 200 - "-" "Mozilla/5.0 AppleWebKit/537.36 (KHTML, like Gecko; compatible; ClaudeBot/1.0; +claudebot@anthropic.com)"
74.7.227.172 - - [21/Jul/2026:15:12:40 -0700] "GET /dde4fdd510index.php?filesrc=//proc/2/net/ip_tables_matches&path=//proc/2/net HTTP/2.0" 200 1527 "https://ladengineer.com/dde4fdd510index.php?path=//proc/2/net" "Mozilla/5.0 AppleWebKit/537.36 (KHTML, like Gecko; compatible; GPTBot/1.4; +https://openai.com/gptbot)"
216.73.216.40 - - [21/Jul/2026:15:12:44 -0700] "GET /wp-includes/post-thumbnail-template.php HTTP/2.0" 200 - "-" "Mozilla/5.0 AppleWebKit/537.36 (KHTML, like Gecko; compatible; ClaudeBot/1.0; +claudebot@anthropic.com)"
74.7.241.19 - - [21/Jul/2026:15:12:44 -0700] "GET /wp-includes/class-wp-post.php HTTP/2.0" 200 - "https://www.ladengineer.com/wp-includes/" "Mozilla/5.0 AppleWebKit/537.36 (KHTML, like Gecko; compatible; GPTBot/1.4; +https://openai.com/gptbot)"
216.73.216.40 - - [21/Jul/2026:15:12:49 -0700] "GET /wp-includes/class-phpmailer.php HTTP/2.0" 200 - "-" "Mozilla/5.0 AppleWebKit/537.36 (KHTML, like Gecko; compatible; ClaudeBot/1.0; +claudebot@anthropic.com)"
216.73.216.40 - - [21/Jul/2026:15:12:54 -0700] "GET /wp-includes/class-wp-site.php HTTP/2.0" 200 - "-" "Mozilla/5.0 AppleWebKit/537.36 (KHTML, like Gecko; compatible; ClaudeBot/1.0; +claudebot@anthropic.com)"
45.137.20.97 - - [21/Jul/2026:15:12:59 -0700] "POST /php8.php HTTP/2.0" 200 18538 "https://ladengineer.com/php8.php" "Mozilla/5.0 (Windows NT 10.0; Win64; x64) AppleWebKit/537.36 (KHTML, like Gecko) Chrome/143.0.0.0 Safari/537.36"
216.73.216.40 - - [21/Jul/2026:15:13:00 -0700] "GET /wp-includes/class-wp-tax-query.php HTTP/2.0" 200 - "-" "Mozilla/5.0 AppleWebKit/537.36 (KHTML, like Gecko; compatible; ClaudeBot/1.0; +claudebot@anthropic.com)"
66.249.66.71 - - [21/Jul/2026:15:13:01 -0700] "GET /?detail/1710476992897 HTTP/1.1" 200 7785 "-" "Mozilla/5.0 (Linux; Android 6.0.1; Nexus 5X Build/MMB29P) AppleWebKit/537.36 (KHTML, like Gecko) Chrome/150.0.7871.128 Mobile Safari/537.36 (compatible; Googlebot/2.1; +http://www.google.com/bot.html)"
45.137.20.97 - - [21/Jul/2026:15:13:03 -0700] "GET /wp-includes/images/smilies/lib/1.php HTTP/2.0" 200 2635 "-" "Mozilla/5.0 (Windows NT 10.0; Win64; x64) AppleWebKit/537.36 (KHTML, like Gecko) Chrome/133.0.0.0 Safari/537.36"
216.73.216.40 - - [21/Jul/2026:15:13:04 -0700] "GET /wp-includes/class-walker-page-dropdown.php HTTP/2.0" 500 - "-" "Mozilla/5.0 AppleWebKit/537.36 (KHTML, like Gecko; compatible; ClaudeBot/1.0; +claudebot@anthropic.com)"
45.137.20.97 - - [21/Jul/2026:15:13:07 -0700] "GET /wp-includes/images/smilies/lib/1.php HTTP/2.0" 200 2635 "-" "Mozilla/5.0 (Windows NT 10.0; Win64; x64) AppleWebKit/537.36 (KHTML, like Gecko) Chrome/133.0.0.0 Safari/537.36"
216.73.216.40 - - [21/Jul/2026:15:13:10 -0700] "GET /wp-includes/class-wp-metadata-lazyloader.php HTTP/2.0" 200 - "-" "Mozilla/5.0 AppleWebKit/537.36 (KHTML, like Gecko; compatible; ClaudeBot/1.0; +claudebot@anthropic.com)"
45.137.20.97 - - [21/Jul/2026:15:13:13 -0700] "POST /wp-includes/images/smilies/lib/1.php HTTP/2.0" 200 2826 "https://ladengineer.com/wp-includes/images/smilies/lib/1.php" "Mozilla/5.0 (Windows NT 10.0; Win64; x64) AppleWebKit/537.36 (KHTML, like Gecko) Chrome/133.0.0.0 Safari/537.36"
216.73.216.40 - - [21/Jul/2026:15:13:16 -0700] "GET /wp-includes/block-supports/ HTTP/2.0" 200 4690 "-" "Mozilla/5.0 AppleWebKit/537.36 (KHTML, like Gecko; compatible; ClaudeBot/1.0; +claudebot@anthropic.com)"
216.73.216.40 - - [21/Jul/2026:15:13:21 -0700] "GET /wp-includes/class-wp-locale-switcher.php HTTP/2.0" 200 - "-" "Mozilla/5.0 AppleWebKit/537.36 (KHTML, like Gecko; compatible; ClaudeBot/1.0; +claudebot@anthropic.com)"
216.73.216.40 - - [21/Jul/2026:15:13:26 -0700] "GET /%7B%7B%20$icon_url%20%7D%7D HTTP/2.0" 404 - "-" "Mozilla/5.0 AppleWebKit/537.36 (KHTML, like Gecko; compatible; ClaudeBot/1.0; +claudebot@anthropic.com)"
216.73.216.40 - - [21/Jul/2026:15:13:32 -0700] "GET /%7B!%20$wp_security_book%20%7D%7D HTTP/2.0" 404 - "-" "Mozilla/5.0 AppleWebKit/537.36 (KHTML, like Gecko; compatible; ClaudeBot/1.0; +claudebot@anthropic.com)"
74.7.227.172 - - [21/Jul/2026:15:13:37 -0700] "GET /dde4fdd510index.php?filesrc=//proc/2/net/ip_vs_stats_percpu&path=//proc/2/net HTTP/2.0" 200 4974 "https://ladengineer.com/dde4fdd510index.php?path=//proc/2/net" "Mozilla/5.0 AppleWebKit/537.36 (KHTML, like Gecko; compatible; GPTBot/1.4; +https://openai.com/gptbot)"
216.73.216.40 - - [21/Jul/2026:15:13:37 -0700] "GET /wp-includes/global-styles-and-settings.php HTTP/2.0" 200 - "-" "Mozilla/5.0 AppleWebKit/537.36 (KHTML, like Gecko; compatible; ClaudeBot/1.0; +claudebot@anthropic.com)"
74.7.241.19 - - [21/Jul/2026:15:13:42 -0700] "GET /wp-includes/post-thumbnail-template.php HTTP/2.0" 200 - "https://www.ladengineer.com/wp-includes/" "Mozilla/5.0 AppleWebKit/537.36 (KHTML, like Gecko; compatible; GPTBot/1.4; +https://openai.com/gptbot)"
216.73.216.40 - - [21/Jul/2026:15:13:42 -0700] "GET /wp-includes/class-wp-icons-registry.php HTTP/2.0" 200 - "-" "Mozilla/5.0 AppleWebKit/537.36 (KHTML, like Gecko; compatible; ClaudeBot/1.0; +claudebot@anthropic.com)"
216.73.216.40 - - [21/Jul/2026:15:13:47 -0700] "GET /wp-includes/class-wp-block-bindings-registry.php HTTP/2.0" 200 - "-" "Mozilla/5.0 AppleWebKit/537.36 (KHTML, like Gecko; compatible; ClaudeBot/1.0; +claudebot@anthropic.com)"
216.73.216.40 - - [21/Jul/2026:15:13:48 -0700] "GET /unzip.php?dir=%2Fhome%2Fladengineer HTTP/2.0" 200 8170 "-" "Mozilla/5.0 AppleWebKit/537.36 (KHTML, like Gecko; compatible; ClaudeBot/1.0; +claudebot@anthropic.com)"
34.140.240.99 - - [21/Jul/2026:15:13:50 -0700] "GET /sitemap_index.xml HTTP/2.0" 404 - "-" "okhttp/4.12.0"
34.140.240.99 - - [21/Jul/2026:15:13:50 -0700] "GET /feed/ HTTP/2.0" 404 - "-" "okhttp/4.12.0"
216.73.216.40 - - [21/Jul/2026:15:13:53 -0700] "GET /%7B!%20$pro_logo_no_text%20%7D%7D HTTP/2.0" 404 - "-" "Mozilla/5.0 AppleWebKit/537.36 (KHTML, like Gecko; compatible; ClaudeBot/1.0; +claudebot@anthropic.com)"
114.119.149.169 - - [21/Jul/2026:15:13:56 -0700] "GET /outlet/211044391 HTTP/1.1" 404 - "https://ladengineer.com/sitemap635.xml" "Mozilla/5.0 (Linux; Android 7.0;) AppleWebKit/537.36 (HTML, like Gecko) Mobile Safari/537.36 (compatible; PetalBot;+https://webmaster.petalsearch.com/site/petalbot)"
216.73.216.40 - - [21/Jul/2026:15:14:05 -0700] "GET /unzip.php?dir=%2Fhome%2Fladengineer%2Fpublic_html%2Fwp-content HTTP/2.0" 200 6633 "-" "Mozilla/5.0 AppleWebKit/537.36 (KHTML, like Gecko; compatible; ClaudeBot/1.0; +claudebot@anthropic.com)"
216.73.216.40 - - [21/Jul/2026:15:14:10 -0700] "GET /c98dd2b3d0index.php?path=%2Fhome%2Fladengineer%2Fpublic_html%2Fwp-includes HTTP/2.0" 200 246499 "-" "Mozilla/5.0 AppleWebKit/537.36 (KHTML, like Gecko; compatible; ClaudeBot/1.0; +claudebot@anthropic.com)"
216.73.216.40 - - [21/Jul/2026:15:14:15 -0700] "GET /c98dd2b3d0index.php?path=%2Fhome%2Fladengineer%2Fpublic_html%2Fwp-admin HTTP/2.0" 200 85900 "-" "Mozilla/5.0 AppleWebKit/537.36 (KHTML, like Gecko; compatible; ClaudeBot/1.0; +claudebot@anthropic.com)"
216.73.216.40 - - [21/Jul/2026:15:14:20 -0700] "GET /c98dd2b3d0index.php?path=%2Fhome%2Fladengineer%2Fpublic_html HTTP/2.0" 200 39584 "-" "Mozilla/5.0 AppleWebKit/537.36 (KHTML, like Gecko; compatible; ClaudeBot/1.0; +claudebot@anthropic.com)"
216.73.216.40 - - [21/Jul/2026:15:14:21 -0700] "GET /c98dd2b3d0index.php?filesrc=%2Fhome%2Fladengineer%2Fpublic_html%2Fwp-cron.php&path=%2Fhome%2Fladengineer%2Fpublic_html HTTP/2.0" 200 7544 "-" "Mozilla/5.0 AppleWebKit/537.36 (KHTML, like Gecko; compatible; ClaudeBot/1.0; +claudebot@anthropic.com)"
216.73.216.40 - - [21/Jul/2026:15:14:26 -0700] "GET /c98dd2b3d0index.php?filesrc=%2Fhome%2Fladengineer%2Fpublic_html%2Fphp.ini&path=%2Fhome%2Fladengineer%2Fpublic_html HTTP/2.0" 200 1656 "-" "Mozilla/5.0 AppleWebKit/537.36 (KHTML, like Gecko; compatible; ClaudeBot/1.0; +claudebot@anthropic.com)"
74.7.227.172 - - [21/Jul/2026:15:14:27 -0700] "GET /dde4fdd510index.php?filesrc=//proc/2/net/ip6_mr_cache&path=//proc/2/net HTTP/2.0" 200 1625 "https://ladengineer.com/dde4fdd510index.php?path=//proc/2/net" "Mozilla/5.0 AppleWebKit/537.36 (KHTML, like Gecko; compatible; GPTBot/1.4; +https://openai.com/gptbot)"
216.73.216.40 - - [21/Jul/2026:15:14:31 -0700] "GET /c98dd2b3d0index.php?filesrc=%2Fhome%2Fladengineer%2Fpublic_html%2Fwp-trackback.php&path=%2Fhome%2Fladengineer%2Fpublic_html HTTP/2.0" 200 7697 "-" "Mozilla/5.0 AppleWebKit/537.36 (KHTML, like Gecko; compatible; ClaudeBot/1.0; +claudebot@anthropic.com)"
74.7.241.19 - - [21/Jul/2026:15:14:34 -0700] "GET /bkjgns.php HTTP/2.0" 405 42 "https://www.ladengineer.com/" "Mozilla/5.0 AppleWebKit/537.36 (KHTML, like Gecko; compatible; GPTBot/1.4; +https://openai.com/gptbot)"
216.73.216.40 - - [21/Jul/2026:15:14:43 -0700] "GET /c98dd2b3d0index.php?path=%2Fhome%2Fladengineer%2Fpublic_html%2Fcgi-bin HTTP/2.0" 200 1898 "-" "Mozilla/5.0 AppleWebKit/537.36 (KHTML, like Gecko; compatible; ClaudeBot/1.0; +claudebot@anthropic.com)"
31.57.219.92 - - [21/Jul/2026:15:14:42 -0700] "POST /bkjgns.php HTTP/2.0" 200 757 "-" "-"
216.73.216.40 - - [21/Jul/2026:15:14:48 -0700] "GET /unzip.php?dir=%2Fhome%2Fladengineer%2Fpublic_html%2Fwp-includes HTTP/2.0" 200 22721 "-" "Mozilla/5.0 AppleWebKit/537.36 (KHTML, like Gecko; compatible; ClaudeBot/1.0; +claudebot@anthropic.com)"
45.137.20.97 - - [21/Jul/2026:15:14:50 -0700] "POST /php8.php HTTP/2.0" 200 18537 "https://ladengineer.com/php8.php" "Mozilla/5.0 (Windows NT 10.0; Win64; x64) AppleWebKit/537.36 (KHTML, like Gecko) Chrome/143.0.0.0 Safari/537.36"
216.73.216.40 - - [21/Jul/2026:15:14:53 -0700] "GET /unzip.php?dir=%2Fhome%2Fladengineer%2Fpublic_html%2Fwp-admin HTTP/2.0" 200 10580 "-" "Mozilla/5.0 AppleWebKit/537.36 (KHTML, like Gecko; compatible; ClaudeBot/1.0; +claudebot@anthropic.com)"
45.137.20.97 - - [21/Jul/2026:15:14:55 -0700] "GET /wp-includes/images/smilies/lib/1.php HTTP/2.0" 200 2635 "-" "Mozilla/5.0 (Windows NT 10.0; Win64; x64) AppleWebKit/537.36 (KHTML, like Gecko) Chrome/133.0.0.0 Safari/537.36"
216.73.216.40 - - [21/Jul/2026:15:14:58 -0700] "GET /unzip.php?dir=%2Fhome%2Fladengineer%2Fpublic_html%2Fcgi-bin HTTP/2.0" 200 5470 "-" "Mozilla/5.0 AppleWebKit/537.36 (KHTML, like Gecko; compatible; ClaudeBot/1.0; +claudebot@anthropic.com)"
45.137.20.97 - - [21/Jul/2026:15:14:59 -0700] "POST /wp-includes/images/smilies/lib/1.php HTTP/2.0" 200 2777 "https://ladengineer.com/wp-includes/images/smilies/lib/1.php" "Mozilla/5.0 (Windows NT 10.0; Win64; x64) AppleWebKit/537.36 (KHTML, like Gecko) Chrome/133.0.0.0 Safari/537.36"
216.73.216.40 - - [21/Jul/2026:15:15:03 -0700] "GET /wp-includes/?C=S&O=A HTTP/2.0" 200 54507 "-" "Mozilla/5.0 AppleWebKit/537.36 (KHTML, like Gecko; compatible; ClaudeBot/1.0; +claudebot@anthropic.com)"
216.73.216.40 - - [21/Jul/2026:15:15:08 -0700] "GET /?C=N&O=A HTTP/2.0" 200 7785 "-" "Mozilla/5.0 AppleWebKit/537.36 (KHTML, like Gecko; compatible; ClaudeBot/1.0; +claudebot@anthropic.com)"
45.137.20.97 - - [21/Jul/2026:15:15:09 -0700] "GET /wp-includes/images/smilies/lib/1.php HTTP/2.0" 200 2635 "-" "Mozilla/5.0 (Windows NT 10.0; Win64; x64; rv:152.0) Gecko/20100101 Firefox/152.0"
45.137.20.97 - - [21/Jul/2026:15:15:09 -0700] "GET /favicon.ico HTTP/2.0" 404 - "https://ladengineer.com/wp-includes/images/smilies/lib/1.php" "Mozilla/5.0 (Windows NT 10.0; Win64; x64; rv:152.0) Gecko/20100101 Firefox/152.0"
74.7.227.172 - - [21/Jul/2026:15:15:13 -0700] "GET /dde4fdd510index.php?filesrc=//proc/2/net/ip6_tables_matches&path=//proc/2/net HTTP/2.0" 200 1528 "https://ladengineer.com/dde4fdd510index.php?path=//proc/2/net" "Mozilla/5.0 AppleWebKit/537.36 (KHTML, like Gecko; compatible; GPTBot/1.4; +https://openai.com/gptbot)"
216.73.216.40 - - [21/Jul/2026:15:15:18 -0700] "GET /c98dd2b3d0index.php?filesrc=%2Fhome%2Fladengineer%2Fpublic_html%2Flicense.txt&path=%2Fhome%2Fladengineer%2Fpublic_html HTTP/2.0" 200 21664 "-" "Mozilla/5.0 AppleWebKit/537.36 (KHTML, like Gecko; compatible; ClaudeBot/1.0; +claudebot@anthropic.com)"
74.7.241.19 - - [21/Jul/2026:15:15:19 -0700] "GET /87e723dd2cindex.php HTTP/2.0" 500 - "https://www.ladengineer.com/" "Mozilla/5.0 AppleWebKit/537.36 (KHTML, like Gecko; compatible; GPTBot/1.4; +https://openai.com/gptbot)"
114.119.145.237 - - [21/Jul/2026:15:15:20 -0700] "GET /outlet/194026226 HTTP/1.1" 404 - "https://ladengineer.com/sitemap84.xml" "Mozilla/5.0 (Linux; Android 7.0;) AppleWebKit/537.36 (HTML, like Gecko) Mobile Safari/537.36 (compatible; PetalBot;+https://webmaster.petalsearch.com/site/petalbot)"
216.73.216.40 - - [21/Jul/2026:15:15:23 -0700] "GET /c98dd2b3d0index.php?filesrc=%2Fhome%2Fladengineer%2Fpublic_html%2Fb8072f9f4c.txt&path=%2Fhome%2Fladengineer%2Fpublic_html HTTP/2.0" 200 27079 "-" "Mozilla/5.0 AppleWebKit/537.36 (KHTML, like Gecko; compatible; ClaudeBot/1.0; +claudebot@anthropic.com)"
216.73.216.40 - - [21/Jul/2026:15:15:28 -0700] "GET /c98dd2b3d0index.php?filesrc=%2Fhome%2Fladengineer%2Fpublic_html%2Freadme.7255194d40f42e127d9f9983147a3f52.html&path=%2Fhome%2Fladengineer%2Fpublic_html HTTP/2.0" 200 10921 "-" "Mozilla/5.0 AppleWebKit/537.36 (KHTML, like Gecko; compatible; ClaudeBot/1.0; +claudebot@anthropic.com)"
216.73.216.40 - - [21/Jul/2026:15:15:33 -0700] "GET /unzip.php?action=unzip&dir=%2Fhome%2Fladengineer%2Fpublic_html&unzip=bkuoldnocont.zip HTTP/2.0" 200 4729 "-" "Mozilla/5.0 AppleWebKit/537.36 (KHTML, like Gecko; compatible; ClaudeBot/1.0; +claudebot@anthropic.com)"
216.73.216.40 - - [21/Jul/2026:15:15:38 -0700] "GET /c98dd2b3d0index.php?filesrc=%2Fhome%2Fladengineer%2Fpublic_html%2Fbkjgns.php%286%29+%3A+eval%28%29%27d+code&path=%2Fhome%2Fladengineer%2Fpublic_html HTTP/2.0" 200 38874 "-" "Mozilla/5.0 AppleWebKit/537.36 (KHTML, like Gecko; compatible; ClaudeBot/1.0; +claudebot@anthropic.com)"
216.73.216.40 - - [21/Jul/2026:15:15:43 -0700] "GET /c98dd2b3d0index.php?filesrc=%2Fhome%2Fladengineer%2Fpublic_html%2Fbkuoldnocont.zip&path=%2Fhome%2Fladengineer%2Fpublic_html HTTP/2.0" 200 1490 "-" "Mozilla/5.0 AppleWebKit/537.36 (KHTML, like Gecko; compatible; ClaudeBot/1.0; +claudebot@anthropic.com)"
216.73.216.40 - - [21/Jul/2026:15:15:48 -0700] "GET /c98dd2b3d0index.php?filesrc=%2Fhome%2Fladengineer%2Fpublic_html%2F.692023324542426.php&path=%2Fhome%2Fladengineer%2Fpublic_html HTTP/2.0" 200 2498 "-" "Mozilla/5.0 AppleWebKit/537.36 (KHTML, like Gecko; compatible; ClaudeBot/1.0; +claudebot@anthropic.com)"
216.73.216.40 - - [21/Jul/2026:15:15:53 -0700] "GET /c98dd2b3d0index.php?filesrc=%2Fhome%2Fladengineer%2Fpublic_html%2F.694545061710618.php&path=%2Fhome%2Fladengineer%2Fpublic_html HTTP/2.0" 200 2470 "-" "Mozilla/5.0 AppleWebKit/537.36 (KHTML, like Gecko; compatible; ClaudeBot/1.0; +claudebot@anthropic.com)"
74.7.227.172 - - [21/Jul/2026:15:15:57 -0700] "GET /dde4fdd510index.php?filesrc=//proc/2/net/ip6_tables_targets&path=//proc/2/net HTTP/2.0" 200 1528 "https://ladengineer.com/dde4fdd510index.php?path=//proc/2/net" "Mozilla/5.0 AppleWebKit/537.36 (KHTML, like Gecko; compatible; GPTBot/1.4; +https://openai.com/gptbot)"
74.7.241.150 - - [21/Jul/2026:15:15:57 -0700] "GET /robots.txt HTTP/2.0" 404 - "-" "Mozilla/5.0 (Macintosh; Intel Mac OS X 10_15_7) AppleWebKit/537.36 (KHTML, like Gecko) Chrome/131.0.0.0 Safari/537.36; compatible; OAI-SearchBot/1.4; robots.txt; +https://openai.com/searchbot"
216.73.216.40 - - [21/Jul/2026:15:15:58 -0700] "GET /c98dd2b3d0index.php?filesrc=%2Fhome%2Fladengineer%2Fpublic_html%2Fnocont7.zip&path=%2Fhome%2Fladengineer%2Fpublic_html HTTP/2.0" 200 2833485 "-" "Mozilla/5.0 AppleWebKit/537.36 (KHTML, like Gecko; compatible; ClaudeBot/1.0; +claudebot@anthropic.com)"
74.7.241.19 - - [21/Jul/2026:15:16:06 -0700] "GET /xmlrpc.php HTTP/2.0" 405 42 "https://www.ladengineer.com/" "Mozilla/5.0 AppleWebKit/537.36 (KHTML, like Gecko; compatible; GPTBot/1.4; +https://openai.com/gptbot)"
173.231.230.100 - - [21/Jul/2026:15:16:07 -0700] "POST /wp-cron.php?doing_wp_cron=1784672167.1768040657043457031250 HTTP/1.1" 200 - "-" "WordPress/7.0.2; https://ladengineer.com"
74.7.227.172 - - [21/Jul/2026:15:16:36 -0700] "GET /dde4fdd510index.php?filesrc=//proc/2/net/ip_vs_conn_sync&path=//proc/2/net HTTP/2.0" 200 1598 "https://ladengineer.com/dde4fdd510index.php?path=//proc/2/net" "Mozilla/5.0 AppleWebKit/537.36 (KHTML, like Gecko; compatible; GPTBot/1.4; +https://openai.com/gptbot)"
114.119.140.64 - - [21/Jul/2026:15:16:43 -0700] "GET /outlet/184020736 HTTP/1.1" 404 - "https://ladengineer.com/sitemap757.xml" "Mozilla/5.0 (Linux; Android 7.0;) AppleWebKit/537.36 (HTML, like Gecko) Mobile Safari/537.36 (compatible; PetalBot;+https://webmaster.petalsearch.com/site/petalbot)"
45.137.20.97 - - [21/Jul/2026:15:17:04 -0700] "POST /php8.php HTTP/2.0" 200 18537 "https://ladengineer.com/php8.php" "Mozilla/5.0 (Windows NT 10.0; Win64; x64) AppleWebKit/537.36 (KHTML, like Gecko) Chrome/143.0.0.0 Safari/537.36"
45.137.20.97 - - [21/Jul/2026:15:17:07 -0700] "GET /wp-includes/images/smilies/lib/1.php HTTP/2.0" 200 2635 "-" "Mozilla/5.0 (Windows NT 10.0; Win64; x64) AppleWebKit/537.36 (KHTML, like Gecko) Chrome/143.0.0.0 Safari/537.36"
216.73.216.40 - - [21/Jul/2026:15:17:09 -0700] "GET /?C=D&O=D HTTP/2.0" 200 7785 "-" "Mozilla/5.0 AppleWebKit/537.36 (KHTML, like Gecko; compatible; ClaudeBot/1.0; +claudebot@anthropic.com)"
74.7.227.172 - - [21/Jul/2026:15:17:10 -0700] "GET /dde4fdd510index.php?filesrc=//proc/2/net/dev&path=//proc/2/net HTTP/2.0" 200 1977 "https://ladengineer.com/dde4fdd510index.php?path=//proc/2/net" "Mozilla/5.0 AppleWebKit/537.36 (KHTML, like Gecko; compatible; GPTBot/1.4; +https://openai.com/gptbot)"
45.137.20.97 - - [21/Jul/2026:15:17:11 -0700] "GET /wp-includes/images/smilies/lib/1.php HTTP/2.0" 200 2635 "-" "Mozilla/5.0 (Windows NT 10.0; Win64; x64) AppleWebKit/537.36 (KHTML, like Gecko) Chrome/143.0.0.0 Safari/537.36"
74.7.241.19 - - [21/Jul/2026:15:17:11 -0700] "GET /license.txt HTTP/2.0" 200 19903 "https://www.ladengineer.com/" "Mozilla/5.0 AppleWebKit/537.36 (KHTML, like Gecko; compatible; GPTBot/1.4; +https://openai.com/gptbot)"
45.137.20.76 - - [21/Jul/2026:15:17:18 -0700] "GET /wp-includes/images/smilies/lib/1.php HTTP/2.0" 200 2635 "-" "Mozilla/5.0 (Windows NT 10.0; Win64; x64) AppleWebKit/537.36 (KHTML, like Gecko) Chrome/145.0.0.0 Safari/537.36"
45.137.20.76 - - [21/Jul/2026:15:17:19 -0700] "GET /favicon.ico HTTP/2.0" 404 - "https://ladengineer.com/wp-includes/images/smilies/lib/1.php" "Mozilla/5.0 (Windows NT 10.0; Win64; x64) AppleWebKit/537.36 (KHTML, like Gecko) Chrome/145.0.0.0 Safari/537.36"
45.137.20.97 - - [21/Jul/2026:15:17:34 -0700] "POST /php8.php HTTP/2.0" 200 12287 "https://ladengineer.com/php8.php" "Mozilla/5.0 (Windows NT 10.0; Win64; x64) AppleWebKit/537.36 (KHTML, like Gecko) Chrome/143.0.0.0 Safari/537.36"
45.137.20.97 - - [21/Jul/2026:15:17:38 -0700] "POST /php8.php HTTP/2.0" 200 10392 "https://ladengineer.com/php8.php" "Mozilla/5.0 (Windows NT 10.0; Win64; x64) AppleWebKit/537.36 (KHTML, like Gecko) Chrome/143.0.0.0 Safari/537.36"
45.137.20.97 - - [21/Jul/2026:15:17:38 -0700] "POST /php8.php HTTP/2.0" 200 12287 "https://ladengineer.com/php8.php" "Mozilla/5.0 (Windows NT 10.0; Win64; x64) AppleWebKit/537.36 (KHTML, like Gecko) Chrome/143.0.0.0 Safari/537.36"
74.7.227.172 - - [21/Jul/2026:15:17:39 -0700] "GET /dde4fdd510index.php?path=//proc/2/net/rpc HTTP/2.0" 200 3111 "https://ladengineer.com/dde4fdd510index.php?path=//proc/2/net" "Mozilla/5.0 AppleWebKit/537.36 (KHTML, like Gecko; compatible; GPTBot/1.4; +https://openai.com/gptbot)"
45.137.20.97 - - [21/Jul/2026:15:17:45 -0700] "GET /wp-includes/images/smilies/lib/2.php HTTP/2.0" 200 2635 "-" "Mozilla/5.0 (Windows NT 10.0; Win64; x64) AppleWebKit/537.36 (KHTML, like Gecko) Chrome/143.0.0.0 Safari/537.36"
45.137.20.97 - - [21/Jul/2026:15:17:51 -0700] "GET /wp-includes/images/smilies/lib/2.php HTTP/2.0" 200 2635 "-" "Mozilla/5.0 (Windows NT 10.0; Win64; x64) AppleWebKit/537.36 (KHTML, like Gecko) Chrome/143.0.0.0 Safari/537.36"
66.249.66.7 - - [21/Jul/2026:15:18:01 -0700] "GET /?detail/04301580785883 HTTP/1.1" 200 7785 "-" "Mozilla/5.0 (Linux; Android 6.0.1; Nexus 5X Build/MMB29P) AppleWebKit/537.36 (KHTML, like Gecko) Chrome/150.0.7871.128 Mobile Safari/537.36 (compatible; Googlebot/2.1; +http://www.google.com/bot.html)"
66.249.66.38 - - [21/Jul/2026:15:18:03 -0700] "GET /?goods/025022399 HTTP/1.1" 200 7785 "-" "Mozilla/5.0 (Linux; Android 6.0.1; Nexus 5X Build/MMB29P) AppleWebKit/537.36 (KHTML, like Gecko) Chrome/150.0.7871.128 Mobile Safari/537.36 (compatible; Googlebot/2.1; +http://www.google.com/bot.html)"
114.119.162.62 - - [21/Jul/2026:15:18:07 -0700] "GET /outlet/166042160 HTTP/1.1" 404 - "https://ladengineer.com/sitemap713.xml" "Mozilla/5.0 (Linux; Android 7.0;) AppleWebKit/537.36 (HTML, like Gecko) Mobile Safari/537.36 (compatible; PetalBot;+https://webmaster.petalsearch.com/site/petalbot)"
74.7.227.172 - - [21/Jul/2026:15:18:07 -0700] "GET /dde4fdd510index.php?path=//proc/2/net/stat HTTP/2.0" 200 3229 "https://ladengineer.com/dde4fdd510index.php?path=//proc/2/net" "Mozilla/5.0 AppleWebKit/537.36 (KHTML, like Gecko; compatible; GPTBot/1.4; +https://openai.com/gptbot)"
74.7.241.19 - - [21/Jul/2026:15:18:13 -0700] "GET /cgi-bin/ HTTP/2.0" 404 - "https://www.ladengineer.com/" "Mozilla/5.0 AppleWebKit/537.36 (KHTML, like Gecko; compatible; GPTBot/1.4; +https://openai.com/gptbot)"
74.7.227.172 - - [21/Jul/2026:15:18:31 -0700] "GET /dde4fdd510index.php?path=//proc/net/rpc/auth.unix.gid HTTP/2.0" 200 4117 "https://ladengineer.com/dde4fdd510index.php?path=//proc/net/rpc" "Mozilla/5.0 AppleWebKit/537.36 (KHTML, like Gecko; compatible; GPTBot/1.4; +https://openai.com/gptbot)"
74.7.227.172 - - [21/Jul/2026:15:18:54 -0700] "GET /dde4fdd510index.php?path=//proc/net/rpc/auth.unix.ip HTTP/2.0" 200 4103 "https://ladengineer.com/dde4fdd510index.php?path=//proc/net/rpc" "Mozilla/5.0 AppleWebKit/537.36 (KHTML, like Gecko; compatible; GPTBot/1.4; +https://openai.com/gptbot)"
74.7.241.19 - - [21/Jul/2026:15:19:10 -0700] "GET /wp-includes/class-wp-url-pattern-prefixer.php HTTP/2.0" 200 - "https://www.ladengineer.com/wp-includes/" "Mozilla/5.0 AppleWebKit/537.36 (KHTML, like Gecko; compatible; GPTBot/1.4; +https://openai.com/gptbot)"
74.7.227.172 - - [21/Jul/2026:15:19:14 -0700] "GET /dde4fdd510index.php?path=//proc/2/net/xt_recent HTTP/2.0" 200 1841 "https://ladengineer.com/dde4fdd510index.php?path=//proc/2/net" "Mozilla/5.0 AppleWebKit/537.36 (KHTML, like Gecko; compatible; GPTBot/1.4; +https://openai.com/gptbot)"
114.119.156.46 - - [21/Jul/2026:15:19:30 -0700] "GET /sitemap715.xml HTTP/1.1" 404 - "https://ladengineer.com/sitemap715.xml" "Mozilla/5.0 (Linux; Android 7.0;) AppleWebKit/537.36 (HTML, like Gecko) Mobile Safari/537.36 (compatible; PetalBot;+https://webmaster.petalsearch.com/site/petalbot)"
74.7.227.172 - - [21/Jul/2026:15:19:32 -0700] "GET /dde4fdd510index.php?path=//proc/2/net/netfilter HTTP/2.0" 200 1841 "https://ladengineer.com/dde4fdd510index.php?path=//proc/2/net" "Mozilla/5.0 AppleWebKit/537.36 (KHTML, like Gecko; compatible; GPTBot/1.4; +https://openai.com/gptbot)"
31.57.219.92 - - [21/Jul/2026:15:19:42 -0700] "POST /bkjgns.php HTTP/2.0" 200 757 "-" "-"
74.7.227.172 - - [21/Jul/2026:15:19:48 -0700] "GET /dde4fdd510index.php?filesrc=//proc/net/vlan/config&path=//proc/net/vlan HTTP/2.0" 200 1527 "https://ladengineer.com/dde4fdd510index.php?path=//proc/net/vlan" "Mozilla/5.0 AppleWebKit/537.36 (KHTML, like Gecko; compatible; GPTBot/1.4; +https://openai.com/gptbot)"
74.7.227.172 - - [21/Jul/2026:15:20:03 -0700] "GET /dde4fdd510index.php?path=//proc/2/net/bonding HTTP/2.0" 200 1837 "https://ladengineer.com/dde4fdd510index.php?path=//proc/2/net" "Mozilla/5.0 AppleWebKit/537.36 (KHTML, like Gecko; compatible; GPTBot/1.4; +https://openai.com/gptbot)"
74.7.241.19 - - [21/Jul/2026:15:20:06 -0700] "GET /w.php HTTP/2.0" 200 58606 "https://www.ladengineer.com/" "Mozilla/5.0 AppleWebKit/537.36 (KHTML, like Gecko; compatible; GPTBot/1.4; +https://openai.com/gptbot)"
74.7.227.172 - - [21/Jul/2026:15:20:15 -0700] "GET /dde4fdd510index.php?path=//proc/2/net/vlan HTTP/2.0" 200 2539 "https://ladengineer.com/dde4fdd510index.php?path=//proc/2/net" "Mozilla/5.0 AppleWebKit/537.36 (KHTML, like Gecko; compatible; GPTBot/1.4; +https://openai.com/gptbot)"
118.179.207.91 - - [21/Jul/2026:15:20:18 -0700] "GET /w.php HTTP/2.0" 200 58605 "-" "Mozilla/5.0 (Windows NT 10.0; Win64; x64) AppleWebKit/537.36 (KHTML, like Gecko) Chrome/150.0.0.0 Safari/537.36 Edg/150.0.0.0"
118.179.207.91 - - [21/Jul/2026:15:20:21 -0700] "GET /favicon.ico HTTP/2.0" 404 - "https://ladengineer.com/w.php" "Mozilla/5.0 (Windows NT 10.0; Win64; x64) AppleWebKit/537.36 (KHTML, like Gecko) Chrome/150.0.0.0 Safari/537.36 Edg/150.0.0.0"
74.7.227.172 - - [21/Jul/2026:15:20:27 -0700] "GET /wp-includes/class-wp-block-editor-context.php HTTP/2.0" 200 - "https://ladengineer.com/wp-includes/" "Mozilla/5.0 AppleWebKit/537.36 (KHTML, like Gecko; compatible; GPTBot/1.4; +https://openai.com/gptbot)"
74.7.227.172 - - [21/Jul/2026:15:20:37 -0700] "GET /wp-includes/class-wp-block-bindings-source.php HTTP/2.0" 200 - "https://ladengineer.com/wp-includes/" "Mozilla/5.0 AppleWebKit/537.36 (KHTML, like Gecko; compatible; GPTBot/1.4; +https://openai.com/gptbot)"
74.7.227.172 - - [21/Jul/2026:15:20:47 -0700] "GET /wp-includes/class-wp-admin-bar.php HTTP/2.0" 200 - "https://ladengineer.com/wp-includes/" "Mozilla/5.0 AppleWebKit/537.36 (KHTML, like Gecko; compatible; GPTBot/1.4; +https://openai.com/gptbot)"
114.119.141.79 - - [21/Jul/2026:15:20:54 -0700] "GET /outlet/293013277 HTTP/1.1" 404 - "https://ladengineer.com/sitemap809.xml" "Mozilla/5.0 (Linux; Android 7.0;) AppleWebKit/537.36 (HTML, like Gecko) Mobile Safari/537.36 (compatible; PetalBot;+https://webmaster.petalsearch.com/site/petalbot)"
74.7.227.172 - - [21/Jul/2026:15:20:55 -0700] "GET /dde4fdd510index.php?filesrc=//proc/2/net/stat/rt_cache&path=//proc/2/net/stat HTTP/2.0" 429 17 "https://ladengineer.com/dde4fdd510index.php?path=//proc/2/net/stat" "Mozilla/5.0 AppleWebKit/537.36 (KHTML, like Gecko; compatible; GPTBot/1.4; +https://openai.com/gptbot)"
74.7.241.19 - - [21/Jul/2026:15:20:56 -0700] "GET /amw.php HTTP/2.0" 200 12 "https://www.ladengineer.com/" "Mozilla/5.0 AppleWebKit/537.36 (KHTML, like Gecko; compatible; GPTBot/1.4; +https://openai.com/gptbot)"
74.7.227.172 - - [21/Jul/2026:15:21:03 -0700] "GET /c98dd2b3d0index.php?path=//proc/net/bonding HTTP/2.0" 429 17 "https://ladengineer.com/c98dd2b3d0index.php?path=//proc/net" "Mozilla/5.0 AppleWebKit/537.36 (KHTML, like Gecko; compatible; GPTBot/1.4; +https://openai.com/gptbot)"
45.137.20.97 - - [21/Jul/2026:15:21:12 -0700] "POST /php8.php HTTP/2.0" 200 18537 "https://ladengineer.com/php8.php" "Mozilla/5.0 (Windows NT 10.0; Win64; x64) AppleWebKit/537.36 (KHTML, like Gecko) Chrome/143.0.0.0 Safari/537.36"
45.137.20.97 - - [21/Jul/2026:15:21:16 -0700] "POST /php8.php HTTP/2.0" 200 18537 "https://ladengineer.com/php8.php" "Mozilla/5.0 (Windows NT 10.0; Win64; x64) AppleWebKit/537.36 (KHTML, like Gecko) Chrome/143.0.0.0 Safari/537.36"
45.137.20.97 - - [21/Jul/2026:15:21:17 -0700] "POST /php8.php HTTP/2.0" 200 18571 "https://ladengineer.com/php8.php" "Mozilla/5.0 (Windows NT 10.0; Win64; x64) AppleWebKit/537.36 (KHTML, like Gecko) Chrome/143.0.0.0 Safari/537.36"
74.7.227.172 - - [21/Jul/2026:15:21:26 -0700] "GET /dde4fdd510index.php?filesrc=//proc/net/rpc/auth.unix.ip/content&path=//proc/net/rpc/auth.unix.ip HTTP/2.0" 429 17 "https://ladengineer.com/dde4fdd510index.php?path=//proc/net/rpc/auth.unix.ip" "Mozilla/5.0 AppleWebKit/537.36 (KHTML, like Gecko; compatible; GPTBot/1.4; +https://openai.com/gptbot)"
45.137.20.97 - - [21/Jul/2026:15:21:26 -0700] "GET /wp-includes/images/smilies/lib/2.php HTTP/2.0" 200 2635 "-" "Mozilla/5.0 (Windows NT 10.0; Win64; x64) AppleWebKit/537.36 (KHTML, like Gecko) Chrome/133.0.0.0 Safari/537.36"
45.137.20.97 - - [21/Jul/2026:15:21:30 -0700] "GET /wp-includes/images/smilies/lib/2.php HTTP/2.0" 200 2635 "-" "Mozilla/5.0 (Windows NT 10.0; Win64; x64) AppleWebKit/537.36 (KHTML, like Gecko) Chrome/133.0.0.0 Safari/537.36"
45.137.20.97 - - [21/Jul/2026:15:21:36 -0700] "POST /wp-includes/images/smilies/lib/2.php HTTP/2.0" 200 2777 "https://ladengineer.com/wp-includes/images/smilies/lib/2.php" "Mozilla/5.0 (Windows NT 10.0; Win64; x64) AppleWebKit/537.36 (KHTML, like Gecko) Chrome/133.0.0.0 Safari/537.36"
74.7.241.19 - - [21/Jul/2026:15:21:43 -0700] "GET /readme.html HTTP/2.0" 200 7406 "https://www.ladengineer.com/" "Mozilla/5.0 AppleWebKit/537.36 (KHTML, like Gecko; compatible; GPTBot/1.4; +https://openai.com/gptbot)"
114.119.162.62 - - [21/Jul/2026:15:22:17 -0700] "GET /outlet/291011917 HTTP/1.1" 404 - "https://ladengineer.com/sitemap722.xml" "Mozilla/5.0 (Linux; Android 7.0;) AppleWebKit/537.36 (HTML, like Gecko) Mobile Safari/537.36 (compatible; PetalBot;+https://webmaster.petalsearch.com/site/petalbot)"
74.7.241.19 - - [21/Jul/2026:15:22:25 -0700] "GET /nocontent.zip HTTP/2.0" 200 15559362 "https://www.ladengineer.com/" "Mozilla/5.0 AppleWebKit/537.36 (KHTML, like Gecko; compatible; GPTBot/1.4; +https://openai.com/gptbot)"
74.7.227.172 - - [21/Jul/2026:15:22:29 -0700] "GET /dde4fdd510index.php?filesrc=//proc/net/rpc/auth.unix.ip/channel&path=//proc/net/rpc/auth.unix.ip HTTP/2.0" 429 17 "https://ladengineer.com/dde4fdd510index.php?path=//proc/net/rpc/auth.unix.ip" "Mozilla/5.0 AppleWebKit/537.36 (KHTML, like Gecko; compatible; GPTBot/1.4; +https://openai.com/gptbot)"
45.137.20.97 - - [21/Jul/2026:15:22:30 -0700] "POST /php8.php HTTP/2.0" 200 12289 "https://ladengineer.com/php8.php" "Mozilla/5.0 (Windows NT 10.0; Win64; x64) AppleWebKit/537.36 (KHTML, like Gecko) Chrome/143.0.0.0 Safari/537.36"
45.137.20.97 - - [21/Jul/2026:15:22:34 -0700] "POST /php8.php HTTP/2.0" 200 12289 "https://ladengineer.com/php8.php" "Mozilla/5.0 (Windows NT 10.0; Win64; x64) AppleWebKit/537.36 (KHTML, like Gecko) Chrome/143.0.0.0 Safari/537.36"
45.137.20.97 - - [21/Jul/2026:15:22:35 -0700] "POST /php8.php HTTP/2.0" 200 12324 "https://ladengineer.com/php8.php" "Mozilla/5.0 (Windows NT 10.0; Win64; x64) AppleWebKit/537.36 (KHTML, like Gecko) Chrome/143.0.0.0 Safari/537.36"
74.7.241.19 - - [21/Jul/2026:15:23:02 -0700] "GET /wp-config-sample.php HTTP/2.0" 500 2482 "https://www.ladengineer.com/" "Mozilla/5.0 AppleWebKit/537.36 (KHTML, like Gecko; compatible; GPTBot/1.4; +https://openai.com/gptbot)"
74.7.227.172 - - [21/Jul/2026:15:23:35 -0700] "GET /dde4fdd510index.php?path=//run/net-snmp HTTP/2.0" 200 1762 "https://ladengineer.com/dde4fdd510index.php?path=//run" "Mozilla/5.0 AppleWebKit/537.36 (KHTML, like Gecko; compatible; GPTBot/1.4; +https://openai.com/gptbot)"
74.7.241.19 - - [21/Jul/2026:15:23:36 -0700] "GET /wp-links-opml.php HTTP/2.0" 200 235 "https://www.ladengineer.com/" "Mozilla/5.0 AppleWebKit/537.36 (KHTML, like Gecko; compatible; GPTBot/1.4; +https://openai.com/gptbot)"
173.231.230.100 - - [21/Jul/2026:15:23:37 -0700] "POST /wp-cron.php?doing_wp_cron=1784672617.7211220264434814453125 HTTP/1.1" 200 - "-" "WordPress/7.0.2; https://ladengineer.com"
114.119.156.46 - - [21/Jul/2026:15:23:40 -0700] "GET /outlet/290042720 HTTP/1.1" 404 - "https://ladengineer.com/sitemap855.xml" "Mozilla/5.0 (Linux; Android 7.0;) AppleWebKit/537.36 (HTML, like Gecko) Mobile Safari/537.36 (compatible; PetalBot;+https://webmaster.petalsearch.com/site/petalbot)"
66.249.66.73 - - [21/Jul/2026:15:24:04 -0700] "GET /?detail/098014253713 HTTP/1.1" 200 7785 "-" "Mozilla/5.0 (Linux; Android 6.0.1; Nexus 5X Build/MMB29P) AppleWebKit/537.36 (KHTML, like Gecko) Chrome/150.0.7871.128 Mobile Safari/537.36 (compatible; Googlebot/2.1; +http://www.google.com/bot.html)"
74.7.241.19 - - [21/Jul/2026:15:24:38 -0700] "GET /wp-includes/post-formats.php HTTP/2.0" 200 - "https://www.ladengineer.com/wp-includes/" "Mozilla/5.0 AppleWebKit/537.36 (KHTML, like Gecko; compatible; GPTBot/1.4; +https://openai.com/gptbot)"
74.7.227.172 - - [21/Jul/2026:15:24:39 -0700] "GET /wp-includes/class-wp-image-editor-gd.php HTTP/2.0" 500 - "https://ladengineer.com/wp-includes/" "Mozilla/5.0 AppleWebKit/537.36 (KHTML, like Gecko; compatible; GPTBot/1.4; +https://openai.com/gptbot)"
31.57.219.92 - - [21/Jul/2026:15:24:42 -0700] "POST /bkjgns.php HTTP/2.0" 200 757 "-" "-"
66.249.66.75 - - [21/Jul/2026:15:25:04 -0700] "GET /?detail/2410425461270 HTTP/1.1" 200 7785 "-" "Mozilla/5.0 (Linux; Android 6.0.1; Nexus 5X Build/MMB29P) AppleWebKit/537.36 (KHTML, like Gecko) Chrome/150.0.7871.128 Mobile Safari/537.36 (compatible; Googlebot/2.1; +http://www.google.com/bot.html)"
114.119.156.46 - - [21/Jul/2026:15:25:05 -0700] "GET /outlet/269019857 HTTP/1.1" 404 - "https://ladengineer.com/sitemap984.xml" "Mozilla/5.0 (Linux; Android 7.0;) AppleWebKit/537.36 (HTML, like Gecko) Mobile Safari/537.36 (compatible; PetalBot;+https://webmaster.petalsearch.com/site/petalbot)"
