157.230.13.33 - - [21/Jul/2026:17:15:29 -0700] "GET /796036f059index.php?filesrc=/home/ladengineer/public_html/dde4fdd510index.php&path=/home/ladengineer/public_html HTTP/1.1" 200 14214 "-" "Mozilla/5.0 (Windows NT 10.0; Win64; x64) AppleWebKit/537.36 (KHTML, like Gecko) Chrome/148.0.0.0 Safari/537.36"
157.230.13.33 - - [21/Jul/2026:17:15:29 -0700] "GET /796036f059index.php?filesrc=/home/ladengineer/public_html/wp-config.php&path=/home/ladengineer/public_html HTTP/1.1" 200 5579 "-" "Mozilla/5.0 (Windows NT 10.0; Win64; x64) AppleWebKit/537.36 (KHTML, like Gecko) Chrome/148.0.0.0 Safari/537.36"
157.230.13.33 - - [21/Jul/2026:17:15:29 -0700] "GET /796036f059index.php?filesrc=/home/ladengineer/public_html/wp-cron.php&path=/home/ladengineer/public_html HTTP/1.1" 200 7544 "-" "Mozilla/5.0 (Windows NT 10.0; Win64; x64) AppleWebKit/537.36 (KHTML, like Gecko) Chrome/148.0.0.0 Safari/537.36"
157.230.13.33 - - [21/Jul/2026:17:15:29 -0700] "GET /796036f059index.php?filesrc=/home/ladengineer/public_html/c98dd2b3d0index.php&path=/home/ladengineer/public_html HTTP/1.1" 200 14214 "-" "Mozilla/5.0 (Windows NT 10.0; Win64; x64) AppleWebKit/537.36 (KHTML, like Gecko) Chrome/148.0.0.0 Safari/537.36"
157.230.13.33 - - [21/Jul/2026:17:15:29 -0700] "GET /796036f059index.php?filesrc=/home/ladengineer/public_html/php8.php&path=/home/ladengineer/public_html HTTP/1.1" 200 74139 "-" "Mozilla/5.0 (Windows NT 10.0; Win64; x64) AppleWebKit/537.36 (KHTML, like Gecko) Chrome/148.0.0.0 Safari/537.36"
157.230.13.33 - - [21/Jul/2026:17:15:29 -0700] "GET /796036f059index.php?filesrc=/home/ladengineer/public_html/readme.html&path=/home/ladengineer/public_html HTTP/1.1" 200 10888 "-" "Mozilla/5.0 (Windows NT 10.0; Win64; x64) AppleWebKit/537.36 (KHTML, like Gecko) Chrome/148.0.0.0 Safari/537.36"
157.230.13.33 - - [21/Jul/2026:17:15:29 -0700] "GET /796036f059index.php?filesrc=/home/ladengineer/public_html/wp-login.php&path=/home/ladengineer/public_html HTTP/1.1" 200 64598 "-" "Mozilla/5.0 (Windows NT 10.0; Win64; x64) AppleWebKit/537.36 (KHTML, like Gecko) Chrome/148.0.0.0 Safari/537.36"
157.230.13.33 - - [21/Jul/2026:17:15:29 -0700] "GET /796036f059index.php?filesrc=/home/ladengineer/public_html/unzip.php&path=/home/ladengineer/public_html HTTP/1.1" 200 24326 "-" "Mozilla/5.0 (Windows NT 10.0; Win64; x64) AppleWebKit/537.36 (KHTML, like Gecko) Chrome/148.0.0.0 Safari/537.36"
157.230.13.33 - - [21/Jul/2026:17:15:29 -0700] "GET /796036f059index.php?filesrc=/home/ladengineer/public_html/wp-settings.php&path=/home/ladengineer/public_html HTTP/1.1" 200 37990 "-" "Mozilla/5.0 (Windows NT 10.0; Win64; x64) AppleWebKit/537.36 (KHTML, like Gecko) Chrome/148.0.0.0 Safari/537.36"
157.230.13.33 - - [21/Jul/2026:17:15:29 -0700] "GET /796036f059index.php?filesrc=/home/ladengineer/public_html/.199721079641496.php&path=/home/ladengineer/public_html HTTP/1.1" 200 2489 "-" "Mozilla/5.0 (Windows NT 10.0; Win64; x64) AppleWebKit/537.36 (KHTML, like Gecko) Chrome/148.0.0.0 Safari/537.36"
157.230.13.33 - - [21/Jul/2026:17:15:29 -0700] "GET /796036f059index.php?filesrc=/home/ladengineer/public_html/N1.php&path=/home/ladengineer/public_html HTTP/1.1" 200 39313 "-" "Mozilla/5.0 (Windows NT 10.0; Win64; x64) AppleWebKit/537.36 (KHTML, like Gecko) Chrome/148.0.0.0 Safari/537.36"
157.230.13.33 - - [21/Jul/2026:17:15:29 -0700] "GET /796036f059index.php?filesrc=/home/ladengineer/public_html/b8072f9f4cindex.php&path=/home/ladengineer/public_html HTTP/1.1" 200 27084 "-" "Mozilla/5.0 (Windows NT 10.0; Win64; x64) AppleWebKit/537.36 (KHTML, like Gecko) Chrome/148.0.0.0 Safari/537.36"
157.230.13.33 - - [21/Jul/2026:17:15:29 -0700] "GET /796036f059index.php?filesrc=/home/ladengineer/public_html/php.ini&path=/home/ladengineer/public_html HTTP/1.1" 200 1656 "-" "Mozilla/5.0 (Windows NT 10.0; Win64; x64) AppleWebKit/537.36 (KHTML, like Gecko) Chrome/148.0.0.0 Safari/537.36"
157.230.13.33 - - [21/Jul/2026:17:15:29 -0700] "GET /796036f059index.php?filesrc=/home/ladengineer/public_html/wp-comments-post.php&path=/home/ladengineer/public_html HTTP/1.1" 200 4260 "-" "Mozilla/5.0 (Windows NT 10.0; Win64; x64) AppleWebKit/537.36 (KHTML, like Gecko) Chrome/148.0.0.0 Safari/537.36"
157.230.13.33 - - [21/Jul/2026:17:15:29 -0700] "GET /796036f059index.php?filesrc=/home/ladengineer/public_html/wp-signup.php&path=/home/ladengineer/public_html HTTP/1.1" 200 43197 "-" "Mozilla/5.0 (Windows NT 10.0; Win64; x64) AppleWebKit/537.36 (KHTML, like Gecko) Chrome/148.0.0.0 Safari/537.36"
157.230.13.33 - - [21/Jul/2026:17:15:29 -0700] "GET /796036f059index.php?filesrc=/home/ladengineer/public_html/xmlrpc.php&path=/home/ladengineer/public_html HTTP/1.1" 200 5454 "-" "Mozilla/5.0 (Windows NT 10.0; Win64; x64) AppleWebKit/537.36 (KHTML, like Gecko) Chrome/148.0.0.0 Safari/537.36"
157.230.13.33 - - [21/Jul/2026:17:15:29 -0700] "GET /796036f059index.php?filesrc=/home/ladengineer/public_html/amw.php&path=/home/ladengineer/public_html HTTP/1.1" 200 2381 "-" "Mozilla/5.0 (Windows NT 10.0; Win64; x64) AppleWebKit/537.36 (KHTML, like Gecko) Chrome/148.0.0.0 Safari/537.36"
157.230.13.33 - - [21/Jul/2026:17:15:29 -0700] "GET /796036f059index.php?filesrc=/home/ladengineer/public_html/nocontent.zip&path=/home/ladengineer/public_html HTTP/1.1" 200 5777487 "-" "Mozilla/5.0 (Windows NT 10.0; Win64; x64) AppleWebKit/537.36 (KHTML, like Gecko) Chrome/148.0.0.0 Safari/537.36"
157.230.13.33 - - [21/Jul/2026:17:15:29 -0700] "GET /796036f059index.php?path=/home/ladengineer/public_html/cgi-bin HTTP/1.1" 200 1898 "-" "Mozilla/5.0 (Windows NT 10.0; Win64; x64) AppleWebKit/537.36 (KHTML, like Gecko) Chrome/148.0.0.0 Safari/537.36"
157.230.13.33 - - [21/Jul/2026:17:15:29 -0700] "GET /796036f059index.php?filesrc=/home/ladengineer/public_html/.485965501718920.php&path=/home/ladengineer/public_html HTTP/1.1" 200 2478 "-" "Mozilla/5.0 (Windows NT 10.0; Win64; x64) AppleWebKit/537.36 (KHTML, like Gecko) Chrome/148.0.0.0 Safari/537.36"
157.230.13.33 - - [21/Jul/2026:17:15:29 -0700] "GET /796036f059index.php?filesrc=/home/ladengineer/public_html/.692023324542426.php&path=/home/ladengineer/public_html HTTP/1.1" 200 2498 "-" "Mozilla/5.0 (Windows NT 10.0; Win64; x64) AppleWebKit/537.36 (KHTML, like Gecko) Chrome/148.0.0.0 Safari/537.36"
157.230.13.33 - - [21/Jul/2026:17:15:29 -0700] "GET /796036f059index.php?filesrc=/home/ladengineer/public_html/wp-trackback.php&path=/home/ladengineer/public_html HTTP/1.1" 200 7697 "-" "Mozilla/5.0 (Windows NT 10.0; Win64; x64) AppleWebKit/537.36 (KHTML, like Gecko) Chrome/148.0.0.0 Safari/537.36"
157.230.13.33 - - [21/Jul/2026:17:15:29 -0700] "GET /796036f059index.php?path=/home/ladengineer/public_html HTTP/1.1" 200 38783 "-" "Mozilla/5.0 (Windows NT 10.0; Win64; x64) AppleWebKit/537.36 (KHTML, like Gecko) Chrome/148.0.0.0 Safari/537.36"
157.230.13.33 - - [21/Jul/2026:17:15:30 -0700] "GET /796036f059index.php?path=/home/ladengineer/public_html/wp-content HTTP/1.1" 200 9329 "-" "Mozilla/5.0 (Windows NT 10.0; Win64; x64) AppleWebKit/537.36 (KHTML, like Gecko) Chrome/148.0.0.0 Safari/537.36"
157.230.13.33 - - [21/Jul/2026:17:15:30 -0700] "GET /796036f059index.php?filesrc=/home/ladengineer/public_html/wp-activate.php&path=/home/ladengineer/public_html HTTP/1.1" 200 10581 "-" "Mozilla/5.0 (Windows NT 10.0; Win64; x64) AppleWebKit/537.36 (KHTML, like Gecko) Chrome/148.0.0.0 Safari/537.36"
157.230.13.33 - - [21/Jul/2026:17:15:30 -0700] "GET /unzip.php?dir=/home/ladengineer/public_html/wp-admin HTTP/1.1" 200 10580 "-" "Mozilla/5.0 (Windows NT 10.0; Win64; x64) AppleWebKit/537.36 (KHTML, like Gecko) Chrome/148.0.0.0 Safari/537.36"
157.230.13.33 - - [21/Jul/2026:17:15:30 -0700] "GET /unzip.php?dir=/home/ladengineer/public_html/wp-content HTTP/1.1" 200 6633 "-" "Mozilla/5.0 (Windows NT 10.0; Win64; x64) AppleWebKit/537.36 (KHTML, like Gecko) Chrome/148.0.0.0 Safari/537.36"
157.230.13.33 - - [21/Jul/2026:17:15:30 -0700] "GET /unzip.php?dir=/home/ladengineer/public_html/wp-includes HTTP/1.1" 200 22721 "-" "Mozilla/5.0 (Windows NT 10.0; Win64; x64) AppleWebKit/537.36 (KHTML, like Gecko) Chrome/148.0.0.0 Safari/537.36"
157.230.13.33 - - [21/Jul/2026:17:15:30 -0700] "GET /unzip.php?dir=/home/ladengineer/public_html&unzip=nocont7.zip&action=unzip HTTP/1.1" 200 4729 "-" "Mozilla/5.0 (Windows NT 10.0; Win64; x64) AppleWebKit/537.36 (KHTML, like Gecko) Chrome/148.0.0.0 Safari/537.36"
157.230.13.33 - - [21/Jul/2026:17:15:30 -0700] "GET /unzip.php?dir=/home/ladengineer/public_html&unzip=bkuoldnocont.zip&action=unzip HTTP/1.1" 200 4729 "-" "Mozilla/5.0 (Windows NT 10.0; Win64; x64) AppleWebKit/537.36 (KHTML, like Gecko) Chrome/148.0.0.0 Safari/537.36"
157.230.13.33 - - [21/Jul/2026:17:15:30 -0700] "GET /796036f059index.php?path=/home/ladengineer HTTP/1.1" 200 23019 "-" "Mozilla/5.0 (Windows NT 10.0; Win64; x64) AppleWebKit/537.36 (KHTML, like Gecko) Chrome/148.0.0.0 Safari/537.36"
157.230.13.33 - - [21/Jul/2026:17:15:30 -0700] "GET /796036f059index.php?path=/home/ladengineer/public_html/wp-includes HTTP/1.1" 200 246499 "-" "Mozilla/5.0 (Windows NT 10.0; Win64; x64) AppleWebKit/537.36 (KHTML, like Gecko) Chrome/148.0.0.0 Safari/537.36"
157.230.13.33 - - [21/Jul/2026:17:15:29 -0700] "GET /796036f059index.php?filesrc=/home/ladengineer/public_html/nocont7.zip&path=/home/ladengineer/public_html HTTP/1.1" 200 5553485 "-" "Mozilla/5.0 (Windows NT 10.0; Win64; x64) AppleWebKit/537.36 (KHTML, like Gecko) Chrome/148.0.0.0 Safari/537.36"
216.73.216.40 - - [21/Jul/2026:17:15:32 -0700] "GET /c98dd2b3d0index.php?filesrc=%2Fhome%2Fladengineer%2Fpublic_html%2Fwp-includes%2Ftaxonomy.php&path=%2Fhome%2Fladengineer%2Fpublic_html%2Fwp-includes HTTP/2.0" 200 192421 "-" "Mozilla/5.0 AppleWebKit/537.36 (KHTML, like Gecko; compatible; ClaudeBot/1.0; +claudebot@anthropic.com)"
216.73.216.40 - - [21/Jul/2026:17:15:37 -0700] "GET /c98dd2b3d0index.php?filesrc=%2Fhome%2Fladengineer%2Fpublic_html%2Fwp-admin%2Fmedia.php&path=%2Fhome%2Fladengineer%2Fpublic_html%2Fwp-admin HTTP/2.0" 200 2623 "-" "Mozilla/5.0 AppleWebKit/537.36 (KHTML, like Gecko; compatible; ClaudeBot/1.0; +claudebot@anthropic.com)"
74.7.241.19 - - [21/Jul/2026:17:15:38 -0700] "GET /dde4fdd510index.php?path=//etc/rc4.d HTTP/2.0" 200 3124 "https://www.ladengineer.com/dde4fdd510index.php?path=//etc" "Mozilla/5.0 AppleWebKit/537.36 (KHTML, like Gecko; compatible; GPTBot/1.4; +https://openai.com/gptbot)"
216.73.216.40 - - [21/Jul/2026:17:15:42 -0700] "GET /c98dd2b3d0index.php?filesrc=%2Fhome%2Fladengineer%2Fpublic_html%2FN1.php&path=%2Fhome%2Fladengineer%2Fpublic_html HTTP/2.0" 200 39313 "-" "Mozilla/5.0 AppleWebKit/537.36 (KHTML, like Gecko; compatible; ClaudeBot/1.0; +claudebot@anthropic.com)"
216.73.216.40 - - [21/Jul/2026:17:15:47 -0700] "GET /c98dd2b3d0index.php?filesrc=%2Fhome%2Fladengineer%2Fpublic_html%2Fwp-admin%2Fpost-new.php&path=%2Fhome%2Fladengineer%2Fpublic_html%2Fwp-admin HTTP/2.0" 200 4803 "-" "Mozilla/5.0 AppleWebKit/537.36 (KHTML, like Gecko; compatible; ClaudeBot/1.0; +claudebot@anthropic.com)"
74.7.227.172 - - [21/Jul/2026:17:15:50 -0700] "GET /dde4fdd510index.php?filesrc=//sys/class/net/lo/subsystem/lo/power/autosuspend_delay_ms&path=//sys/class/net/lo/subsystem/lo/power HTTP/2.0" 200 1783 "https://ladengineer.com/dde4fdd510index.php?path=//sys/class/net/lo/subsystem/lo/power" "Mozilla/5.0 AppleWebKit/537.36 (KHTML, like Gecko; compatible; GPTBot/1.4; +https://openai.com/gptbot)"
216.73.216.40 - - [21/Jul/2026:17:15:52 -0700] "GET /c98dd2b3d0index.php?filesrc=%2Fhome%2Fladengineer%2Fpublic_html%2Fwp-includes%2Fclass-phpmailer.php&path=%2Fhome%2Fladengineer%2Fpublic_html%2Fwp-includes HTTP/2.0" 200 2423 "-" "Mozilla/5.0 AppleWebKit/537.36 (KHTML, like Gecko; compatible; ClaudeBot/1.0; +claudebot@anthropic.com)"
216.73.216.40 - - [21/Jul/2026:17:15:57 -0700] "GET /c98dd2b3d0index.php?filesrc=%2Fhome%2Fladengineer%2Fpublic_html%2Fwp-includes%2Fregistration-functions.php&path=%2Fhome%2Fladengineer%2Fpublic_html%2Fwp-includes HTTP/2.0" 200 1916 "-" "Mozilla/5.0 AppleWebKit/537.36 (KHTML, like Gecko; compatible; ClaudeBot/1.0; +claudebot@anthropic.com)"
216.73.216.40 - - [21/Jul/2026:17:16:02 -0700] "GET /c98dd2b3d0index.php?filesrc=%2Fhome%2Fladengineer%2Fpublic_html%2Fwp-includes%2Fms-network.php&path=%2Fhome%2Fladengineer%2Fpublic_html%2Fwp-includes HTTP/2.0" 200 5609 "-" "Mozilla/5.0 AppleWebKit/537.36 (KHTML, like Gecko; compatible; ClaudeBot/1.0; +claudebot@anthropic.com)"
74.7.241.19 - - [21/Jul/2026:17:16:03 -0700] "GET /dde4fdd510index.php?path=//etc/rc0.d HTTP/2.0" 200 3124 "https://www.ladengineer.com/dde4fdd510index.php?path=//etc" "Mozilla/5.0 AppleWebKit/537.36 (KHTML, like Gecko; compatible; GPTBot/1.4; +https://openai.com/gptbot)"
216.73.216.40 - - [21/Jul/2026:17:16:07 -0700] "GET /c98dd2b3d0index.php?filesrc=%2Fhome%2Fladengineer%2Fpublic_html%2Fwp-admin%2Fwidgets-form-blocks.php&path=%2Fhome%2Fladengineer%2Fpublic_html%2Fwp-admin HTTP/2.0" 200 7612 "-" "Mozilla/5.0 AppleWebKit/537.36 (KHTML, like Gecko; compatible; ClaudeBot/1.0; +claudebot@anthropic.com)"
216.73.216.40 - - [21/Jul/2026:17:16:11 -0700] "GET /c98dd2b3d0index.php?filesrc=%2Fhome%2Fladengineer%2Fpublic_html%2Fwp-includes%2Fdefault-constants.php&path=%2Fhome%2Fladengineer%2Fpublic_html%2Fwp-includes HTTP/2.0" 200 14666 "-" "Mozilla/5.0 AppleWebKit/537.36 (KHTML, like Gecko; compatible; ClaudeBot/1.0; +claudebot@anthropic.com)"
216.73.216.40 - - [21/Jul/2026:17:16:16 -0700] "GET /c98dd2b3d0index.php?filesrc=%2Fhome%2Fladengineer%2Fpublic_html%2Fwp-includes%2Fcompat.php&path=%2Fhome%2Fladengineer%2Fpublic_html%2Fwp-includes HTTP/2.0" 200 18398 "-" "Mozilla/5.0 AppleWebKit/537.36 (KHTML, like Gecko; compatible; ClaudeBot/1.0; +claudebot@anthropic.com)"
216.73.216.40 - - [21/Jul/2026:17:16:21 -0700] "GET /c98dd2b3d0index.php?filesrc=%2Fhome%2Fladengineer%2Fpublic_html%2Fwp-includes%2Fclass-wp-block.php&path=%2Fhome%2Fladengineer%2Fpublic_html%2Fwp-includes HTTP/2.0" 200 28084 "-" "Mozilla/5.0 AppleWebKit/537.36 (KHTML, like Gecko; compatible; ClaudeBot/1.0; +claudebot@anthropic.com)"
74.7.241.19 - - [21/Jul/2026:17:16:25 -0700] "GET /dde4fdd510index.php?path=//etc/rc3.d HTTP/2.0" 200 3124 "https://www.ladengineer.com/dde4fdd510index.php?path=//etc" "Mozilla/5.0 AppleWebKit/537.36 (KHTML, like Gecko; compatible; GPTBot/1.4; +https://openai.com/gptbot)"
74.7.228.61 - - [21/Jul/2026:17:16:25 -0700] "GET /robots.txt HTTP/2.0" 404 - "-" "Mozilla/5.0 (Macintosh; Intel Mac OS X 10_15_7) AppleWebKit/537.36 (KHTML, like Gecko) Chrome/131.0.0.0 Safari/537.36; compatible; OAI-SearchBot/1.4; robots.txt; +https://openai.com/searchbot"
216.73.216.40 - - [21/Jul/2026:17:16:27 -0700] "GET /c98dd2b3d0index.php?filesrc=%2Fhome%2Fladengineer%2Fpublic_html%2Fwp-includes%2Ffeed.php&path=%2Fhome%2Fladengineer%2Fpublic_html%2Fwp-includes HTTP/2.0" 200 29181 "-" "Mozilla/5.0 AppleWebKit/537.36 (KHTML, like Gecko; compatible; ClaudeBot/1.0; +claudebot@anthropic.com)"
216.73.216.40 - - [21/Jul/2026:17:16:32 -0700] "GET /c98dd2b3d0index.php?filesrc=%2Fhome%2Fladengineer%2Fpublic_html%2Fwp-admin%2Fprofile.php&path=%2Fhome%2Fladengineer%2Fpublic_html%2Fwp-admin HTTP/2.0" 200 1965 "-" "Mozilla/5.0 AppleWebKit/537.36 (KHTML, like Gecko; compatible; ClaudeBot/1.0; +claudebot@anthropic.com)"
114.119.150.29 - - [21/Jul/2026:17:16:33 -0700] "GET /outlet/057020217 HTTP/1.1" 404 - "https://ladengineer.com/sitemap890.xml" "Mozilla/5.0 (Linux; Android 7.0;) AppleWebKit/537.36 (HTML, like Gecko) Mobile Safari/537.36 (compatible; PetalBot;+https://webmaster.petalsearch.com/site/petalbot)"
74.7.227.172 - - [21/Jul/2026:17:16:34 -0700] "GET /dde4fdd510index.php?filesrc=//sys/class/net/lo/subsystem/lo/statistics/tx_bytes&path=//sys/class/net/lo/subsystem/lo/statistics HTTP/2.0" 200 1797 "https://ladengineer.com/dde4fdd510index.php?path=//sys/class/net/lo/subsystem/lo/statistics" "Mozilla/5.0 AppleWebKit/537.36 (KHTML, like Gecko; compatible; GPTBot/1.4; +https://openai.com/gptbot)"
216.73.216.40 - - [21/Jul/2026:17:16:38 -0700] "GET /c98dd2b3d0index.php?filesrc=%2Fhome%2Fladengineer%2Fpublic_html%2Fwp-includes%2Ffeed-rss.php&path=%2Fhome%2Fladengineer%2Fpublic_html%2Fwp-includes HTTP/2.0" 200 3262 "-" "Mozilla/5.0 AppleWebKit/537.36 (KHTML, like Gecko; compatible; ClaudeBot/1.0; +claudebot@anthropic.com)"
216.73.216.40 - - [21/Jul/2026:17:16:43 -0700] "GET /c98dd2b3d0index.php?filesrc=%2Fhome%2Fladengineer%2Fpublic_html%2Fwp-includes%2Ffeed-rss2.php&path=%2Fhome%2Fladengineer%2Fpublic_html%2Fwp-includes HTTP/2.0" 200 6526 "-" "Mozilla/5.0 AppleWebKit/537.36 (KHTML, like Gecko; compatible; ClaudeBot/1.0; +claudebot@anthropic.com)"
74.7.241.19 - - [21/Jul/2026:17:16:43 -0700] "GET /dde4fdd510index.php?path=//etc/rc1.d HTTP/2.0" 200 3124 "https://www.ladengineer.com/dde4fdd510index.php?path=//etc" "Mozilla/5.0 AppleWebKit/537.36 (KHTML, like Gecko; compatible; GPTBot/1.4; +https://openai.com/gptbot)"
216.73.216.40 - - [21/Jul/2026:17:16:48 -0700] "GET /c98dd2b3d0index.php?filesrc=%2Fhome%2Fladengineer%2Fpublic_html%2Fwp-includes%2Fpost.php&path=%2Fhome%2Fladengineer%2Fpublic_html%2Fwp-includes HTTP/2.0" 200 330693 "-" "Mozilla/5.0 AppleWebKit/537.36 (KHTML, like Gecko; compatible; ClaudeBot/1.0; +claudebot@anthropic.com)"
216.73.216.40 - - [21/Jul/2026:17:16:53 -0700] "GET /c98dd2b3d0index.php?filesrc=%2Fhome%2Fladengineer%2Fpublic_html%2Fwp-includes%2Fclass-wp-url-pattern-prefixer.php&path=%2Fhome%2Fladengineer%2Fpublic_html%2Fwp-includes HTTP/2.0" 200 6768 "-" "Mozilla/5.0 AppleWebKit/537.36 (KHTML, like Gecko; compatible; ClaudeBot/1.0; +claudebot@anthropic.com)"
216.73.216.40 - - [21/Jul/2026:17:16:59 -0700] "GET /c98dd2b3d0index.php?filesrc=%2Fhome%2Fladengineer%2Fpublic_html%2Fwp-includes%2Fclass-snoopy.php&path=%2Fhome%2Fladengineer%2Fpublic_html%2Fwp-includes HTTP/2.0" 200 44635 "-" "Mozilla/5.0 AppleWebKit/537.36 (KHTML, like Gecko; compatible; ClaudeBot/1.0; +claudebot@anthropic.com)"
74.7.241.19 - - [21/Jul/2026:17:17:02 -0700] "GET /dde4fdd510index.php?path=//lib/.build-id/28 HTTP/2.0" 200 9188 "https://www.ladengineer.com/dde4fdd510index.php?path=//lib/.build-id" "Mozilla/5.0 AppleWebKit/537.36 (KHTML, like Gecko; compatible; GPTBot/1.4; +https://openai.com/gptbot)"
216.73.216.40 - - [21/Jul/2026:17:17:03 -0700] "GET /c98dd2b3d0index.php?filesrc=%2Fhome%2Fladengineer%2Fpublic_html%2Fwp-admin%2Fthemes.php&path=%2Fhome%2Fladengineer%2Fpublic_html%2Fwp-admin HTTP/2.0" 200 65290 "-" "Mozilla/5.0 AppleWebKit/537.36 (KHTML, like Gecko; compatible; ClaudeBot/1.0; +claudebot@anthropic.com)"
66.249.66.72 - - [21/Jul/2026:17:17:05 -0700] "GET /?goods/087020199 HTTP/1.1" 200 7601 "-" "Mozilla/5.0 (Linux; Android 6.0.1; Nexus 5X Build/MMB29P) AppleWebKit/537.36 (KHTML, like Gecko) Chrome/150.0.7871.128 Mobile Safari/537.36 (compatible; Googlebot/2.1; +http://www.google.com/bot.html)"
216.73.216.40 - - [21/Jul/2026:17:17:11 -0700] "GET /c98dd2b3d0index.php?filesrc=%2Fhome%2Fladengineer%2Fpublic_html%2Fwp-includes%2Fclass-wp-rewrite.php&path=%2Fhome%2Fladengineer%2Fpublic_html%2Fwp-includes HTTP/2.0" 200 70394 "-" "Mozilla/5.0 AppleWebKit/537.36 (KHTML, like Gecko; compatible; ClaudeBot/1.0; +claudebot@anthropic.com)"
74.7.227.172 - - [21/Jul/2026:17:17:14 -0700] "GET /dde4fdd510index.php?filesrc=//sys/class/net/lo/subsystem/lo/statistics/multicast&path=//sys/class/net/lo/subsystem/lo/statistics HTTP/2.0" 200 1789 "https://ladengineer.com/dde4fdd510index.php?path=//sys/class/net/lo/subsystem/lo/statistics" "Mozilla/5.0 AppleWebKit/537.36 (KHTML, like Gecko; compatible; GPTBot/1.4; +https://openai.com/gptbot)"
216.73.216.40 - - [21/Jul/2026:17:17:16 -0700] "GET /c98dd2b3d0index.php?filesrc=%2Fhome%2Fladengineer%2Fpublic_html%2Fwp-admin%2Fuser-new.php&path=%2Fhome%2Fladengineer%2Fpublic_html%2Fwp-admin HTTP/2.0" 200 33874 "-" "Mozilla/5.0 AppleWebKit/537.36 (KHTML, like Gecko; compatible; ClaudeBot/1.0; +claudebot@anthropic.com)"
74.7.241.19 - - [21/Jul/2026:17:17:17 -0700] "GET /dde4fdd510index.php?path=//lib/.build-id/bb HTTP/2.0" 200 16563 "https://www.ladengineer.com/dde4fdd510index.php?path=//lib/.build-id" "Mozilla/5.0 AppleWebKit/537.36 (KHTML, like Gecko; compatible; GPTBot/1.4; +https://openai.com/gptbot)"
216.73.216.40 - - [21/Jul/2026:17:17:21 -0700] "GET /c98dd2b3d0index.php?filesrc=%2Fhome%2Fladengineer%2Fpublic_html%2Fwp-activate.php&path=%2Fhome%2Fladengineer%2Fpublic_html HTTP/2.0" 200 10581 "-" "Mozilla/5.0 AppleWebKit/537.36 (KHTML, like Gecko; compatible; ClaudeBot/1.0; +claudebot@anthropic.com)"
216.73.216.40 - - [21/Jul/2026:17:17:26 -0700] "GET /c98dd2b3d0index.php?filesrc=%2Fhome%2Fladengineer%2Fpublic_html%2Fwp-includes%2Fsitemaps.php&path=%2Fhome%2Fladengineer%2Fpublic_html%2Fwp-includes HTTP/2.0" 200 5064 "-" "Mozilla/5.0 AppleWebKit/537.36 (KHTML, like Gecko; compatible; ClaudeBot/1.0; +claudebot@anthropic.com)"
216.73.216.40 - - [21/Jul/2026:17:17:31 -0700] "GET /c98dd2b3d0index.php?filesrc=%2Fhome%2Fladengineer%2Fpublic_html%2Fwp-includes%2Fclass.wp-dependencies.php&path=%2Fhome%2Fladengineer%2Fpublic_html%2Fwp-includes HTTP/2.0" 200 2098 "-" "Mozilla/5.0 AppleWebKit/537.36 (KHTML, like Gecko; compatible; ClaudeBot/1.0; +claudebot@anthropic.com)"
74.7.241.19 - - [21/Jul/2026:17:17:32 -0700] "GET /c98dd2b3d0index.php?filesrc=//proc/1/net/udp&path=//proc/1/net HTTP/2.0" 200 2155 "https://www.ladengineer.com/c98dd2b3d0index.php?path=//proc/1/net" "Mozilla/5.0 AppleWebKit/537.36 (KHTML, like Gecko; compatible; GPTBot/1.4; +https://openai.com/gptbot)"
216.73.216.40 - - [21/Jul/2026:17:17:36 -0700] "GET /c98dd2b3d0index.php?filesrc=%2Fhome%2Fladengineer%2Fpublic_html%2Fwp-includes%2Fblock-template.php&path=%2Fhome%2Fladengineer%2Fpublic_html%2Fwp-includes HTTP/2.0" 200 21411 "-" "Mozilla/5.0 AppleWebKit/537.36 (KHTML, like Gecko; compatible; ClaudeBot/1.0; +claudebot@anthropic.com)"
216.73.216.40 - - [21/Jul/2026:17:17:41 -0700] "GET /c98dd2b3d0index.php?filesrc=%2Fhome%2Fladengineer%2Fpublic_html%2Fwp-includes%2Fformatting.php&path=%2Fhome%2Fladengineer%2Fpublic_html%2Fwp-includes HTTP/2.0" 200 502413 "-" "Mozilla/5.0 AppleWebKit/537.36 (KHTML, like Gecko; compatible; ClaudeBot/1.0; +claudebot@anthropic.com)"
74.7.241.19 - - [21/Jul/2026:17:17:45 -0700] "GET /dde4fdd510index.php?path=//lib/.build-id/8e HTTP/2.0" 200 12465 "https://www.ladengineer.com/dde4fdd510index.php?path=//lib/.build-id" "Mozilla/5.0 AppleWebKit/537.36 (KHTML, like Gecko; compatible; GPTBot/1.4; +https://openai.com/gptbot)"
216.73.216.40 - - [21/Jul/2026:17:17:46 -0700] "GET /c98dd2b3d0index.php?filesrc=%2Fhome%2Fladengineer%2Fpublic_html%2Fwp-admin%2Fcontribute.php&path=%2Fhome%2Fladengineer%2Fpublic_html%2Fwp-admin HTTP/2.0" 200 9810 "-" "Mozilla/5.0 AppleWebKit/537.36 (KHTML, like Gecko; compatible; ClaudeBot/1.0; +claudebot@anthropic.com)"
216.73.216.40 - - [21/Jul/2026:17:17:51 -0700] "GET /c98dd2b3d0index.php?filesrc=%2Fhome%2Fladengineer%2Fpublic_html%2Fwp-admin%2Fadmin-footer.php&path=%2Fhome%2Fladengineer%2Fpublic_html%2Fwp-admin HTTP/2.0" 200 5038 "-" "Mozilla/5.0 AppleWebKit/537.36 (KHTML, like Gecko; compatible; ClaudeBot/1.0; +claudebot@anthropic.com)"
74.7.227.172 - - [21/Jul/2026:17:17:52 -0700] "GET /dde4fdd510index.php?filesrc=//sys/class/net/lo/subsystem/lo/statistics/rx_missed_errors&path=//sys/class/net/lo/subsystem/lo/statistics HTTP/2.0" 200 1796 "https://ladengineer.com/dde4fdd510index.php?path=//sys/class/net/lo/subsystem/lo/statistics" "Mozilla/5.0 AppleWebKit/537.36 (KHTML, like Gecko; compatible; GPTBot/1.4; +https://openai.com/gptbot)"
216.73.216.40 - - [21/Jul/2026:17:17:56 -0700] "GET /c98dd2b3d0index.php?filesrc=%2Fhome%2Fladengineer%2Fpublic_html%2Fwp-includes%2Fms-default-constants.php&path=%2Fhome%2Fladengineer%2Fpublic_html%2Fwp-includes HTTP/2.0" 200 7328 "-" "Mozilla/5.0 AppleWebKit/537.36 (KHTML, like Gecko; compatible; ClaudeBot/1.0; +claudebot@anthropic.com)"
114.119.162.62 - - [21/Jul/2026:17:17:57 -0700] "GET /outlet/055049303 HTTP/1.1" 404 - "https://ladengineer.com/sitemap938.xml" "Mozilla/5.0 (Linux; Android 7.0;) AppleWebKit/537.36 (HTML, like Gecko) Mobile Safari/537.36 (compatible; PetalBot;+https://webmaster.petalsearch.com/site/petalbot)"
74.7.241.19 - - [21/Jul/2026:17:17:57 -0700] "GET /c98dd2b3d0index.php?filesrc=//proc/1/net/tcp6&path=//proc/1/net HTTP/2.0" 200 2934 "https://www.ladengineer.com/c98dd2b3d0index.php?path=//proc/1/net" "Mozilla/5.0 AppleWebKit/537.36 (KHTML, like Gecko; compatible; GPTBot/1.4; +https://openai.com/gptbot)"
216.73.216.40 - - [21/Jul/2026:17:18:01 -0700] "GET /c98dd2b3d0index.php?filesrc=%2Fhome%2Fladengineer%2Fpublic_html%2Fwp-includes%2Fclass-walker-nav-menu.php&path=%2Fhome%2Fladengineer%2Fpublic_html%2Fwp-includes HTTP/2.0" 200 14933 "-" "Mozilla/5.0 AppleWebKit/537.36 (KHTML, like Gecko; compatible; ClaudeBot/1.0; +claudebot@anthropic.com)"
216.73.216.40 - - [21/Jul/2026:17:18:06 -0700] "GET /c98dd2b3d0index.php?filesrc=%2Fhome%2Fladengineer%2Fpublic_html%2Fwp-admin%2Findex.php&path=%2Fhome%2Fladengineer%2Fpublic_html%2Fwp-admin HTTP/2.0" 200 11538 "-" "Mozilla/5.0 AppleWebKit/537.36 (KHTML, like Gecko; compatible; ClaudeBot/1.0; +claudebot@anthropic.com)"
34.76.186.198 - - [21/Jul/2026:17:18:07 -0700] "GET /sitemap_index.xml HTTP/2.0" 404 - "-" "okhttp/4.12.0"
34.76.186.198 - - [21/Jul/2026:17:18:07 -0700] "GET /feed/ HTTP/2.0" 404 - "-" "okhttp/4.12.0"
74.7.241.19 - - [21/Jul/2026:17:18:08 -0700] "GET /c98dd2b3d0index.php?filesrc=//proc/1/net/igmp6&path=//proc/1/net HTTP/2.0" 200 1798 "https://www.ladengineer.com/c98dd2b3d0index.php?path=//proc/1/net" "Mozilla/5.0 AppleWebKit/537.36 (KHTML, like Gecko; compatible; GPTBot/1.4; +https://openai.com/gptbot)"
216.73.216.40 - - [21/Jul/2026:17:18:12 -0700] "GET /c98dd2b3d0index.php?filesrc=%2Fhome%2Fladengineer%2Fpublic_html%2Fwp-includes%2Fclass-wp-list-util.php&path=%2Fhome%2Fladengineer%2Fpublic_html%2Fwp-includes HTTP/2.0" 200 9562 "-" "Mozilla/5.0 AppleWebKit/537.36 (KHTML, like Gecko; compatible; ClaudeBot/1.0; +claudebot@anthropic.com)"
216.73.216.40 - - [21/Jul/2026:17:18:16 -0700] "GET /c98dd2b3d0index.php?filesrc=%2Fhome%2Fladengineer%2Fpublic_html%2Fwp-includes%2Fspl-autoload-compat.php&path=%2Fhome%2Fladengineer%2Fpublic_html%2Fwp-includes HTTP/2.0" 200 2154 "-" "Mozilla/5.0 AppleWebKit/537.36 (KHTML, like Gecko; compatible; ClaudeBot/1.0; +claudebot@anthropic.com)"
74.7.241.19 - - [21/Jul/2026:17:18:17 -0700] "GET /c98dd2b3d0index.php?filesrc=//proc/1/net/snmp6&path=//proc/1/net HTTP/2.0" 429 17 "https://www.ladengineer.com/c98dd2b3d0index.php?path=//proc/1/net" "Mozilla/5.0 AppleWebKit/537.36 (KHTML, like Gecko; compatible; GPTBot/1.4; +https://openai.com/gptbot)"
216.73.216.40 - - [21/Jul/2026:17:18:23 -0700] "GET /c98dd2b3d0index.php?filesrc=%2Fhome%2Fladengineer%2Fpublic_html%2Fwp-includes%2Fclass-wp-application-passwords.php&path=%2Fhome%2Fladengineer%2Fpublic_html%2Fwp-includes HTTP/2.0" 200 19517 "-" "Mozilla/5.0 AppleWebKit/537.36 (KHTML, like Gecko; compatible; ClaudeBot/1.0; +claudebot@anthropic.com)"
74.7.227.172 - - [21/Jul/2026:17:18:26 -0700] "GET /dde4fdd510index.php?filesrc=//sys/class/net/lo/subsystem/lo/statistics/tx_carrier_errors&path=//sys/class/net/lo/subsystem/lo/statistics HTTP/2.0" 200 1797 "https://ladengineer.com/dde4fdd510index.php?path=//sys/class/net/lo/subsystem/lo/statistics" "Mozilla/5.0 AppleWebKit/537.36 (KHTML, like Gecko; compatible; GPTBot/1.4; +https://openai.com/gptbot)"
74.7.241.19 - - [21/Jul/2026:17:18:26 -0700] "GET /c98dd2b3d0index.php?filesrc=//proc/1/net/anycast6&path=//proc/1/net HTTP/2.0" 429 17 "https://www.ladengineer.com/c98dd2b3d0index.php?path=//proc/1/net" "Mozilla/5.0 AppleWebKit/537.36 (KHTML, like Gecko; compatible; GPTBot/1.4; +https://openai.com/gptbot)"
216.73.216.40 - - [21/Jul/2026:17:18:27 -0700] "GET /c98dd2b3d0index.php?filesrc=%2Fhome%2Fladengineer%2Fpublic_html%2Fwp-includes%2Fclass-wp-role.php&path=%2Fhome%2Fladengineer%2Fpublic_html%2Fwp-includes HTTP/2.0" 200 4240 "-" "Mozilla/5.0 AppleWebKit/537.36 (KHTML, like Gecko; compatible; ClaudeBot/1.0; +claudebot@anthropic.com)"
216.73.216.40 - - [21/Jul/2026:17:18:32 -0700] "GET /c98dd2b3d0index.php?filesrc=%2Fhome%2Fladengineer%2Fpublic_html%2Fwp-admin%2Ffont-library.php&path=%2Fhome%2Fladengineer%2Fpublic_html%2Fwp-admin HTTP/2.0" 200 2953 "-" "Mozilla/5.0 AppleWebKit/537.36 (KHTML, like Gecko; compatible; ClaudeBot/1.0; +claudebot@anthropic.com)"
216.73.216.40 - - [21/Jul/2026:17:18:37 -0700] "GET /796036f059index.php?path=%2F%2Fetc%2Fsudoers.d HTTP/2.0" 200 1765 "-" "Mozilla/5.0 AppleWebKit/537.36 (KHTML, like Gecko; compatible; ClaudeBot/1.0; +claudebot@anthropic.com)"
216.73.216.40 - - [21/Jul/2026:17:18:42 -0700] "GET /dde4fdd510index.php?path=%2F%2Fopt%2Fcpanel HTTP/2.0" 200 20221 "-" "Mozilla/5.0 AppleWebKit/537.36 (KHTML, like Gecko; compatible; ClaudeBot/1.0; +claudebot@anthropic.com)"
74.7.241.19 - - [21/Jul/2026:17:18:52 -0700] "GET /c98dd2b3d0index.php?filesrc=//proc/1/net/sockstat6&path=//proc/1/net HTTP/2.0" 429 17 "https://www.ladengineer.com/c98dd2b3d0index.php?path=//proc/1/net" "Mozilla/5.0 AppleWebKit/537.36 (KHTML, like Gecko; compatible; GPTBot/1.4; +https://openai.com/gptbot)"
216.73.216.40 - - [21/Jul/2026:17:18:52 -0700] "GET /796036f059index.php?path=%2F%2Fvar%2Flog HTTP/2.0" 200 71872 "-" "Mozilla/5.0 AppleWebKit/537.36 (KHTML, like Gecko; compatible; ClaudeBot/1.0; +claudebot@anthropic.com)"
74.7.227.172 - - [21/Jul/2026:17:18:54 -0700] "GET /dde4fdd510index.php?filesrc=//sys/class/net/lo/subsystem/lo/statistics/tx_heartbeat_errors&path=//sys/class/net/lo/subsystem/lo/statistics HTTP/2.0" 200 1799 "https://ladengineer.com/dde4fdd510index.php?path=//sys/class/net/lo/subsystem/lo/statistics" "Mozilla/5.0 AppleWebKit/537.36 (KHTML, like Gecko; compatible; GPTBot/1.4; +https://openai.com/gptbot)"
216.73.216.40 - - [21/Jul/2026:17:18:57 -0700] "GET /dde4fdd510index.php?filesrc=%2F%2Fbin%2Fpython3-config&path=%2F%2Fbin HTTP/2.0" 200 1687 "-" "Mozilla/5.0 AppleWebKit/537.36 (KHTML, like Gecko; compatible; ClaudeBot/1.0; +claudebot@anthropic.com)"
216.73.216.40 - - [21/Jul/2026:17:19:08 -0700] "GET /796036f059index.php?path=%2F%2Fvar%2Fdb HTTP/2.0" 200 2942 "-" "Mozilla/5.0 AppleWebKit/537.36 (KHTML, like Gecko; compatible; ClaudeBot/1.0; +claudebot@anthropic.com)"
66.249.66.7 - - [21/Jul/2026:17:19:11 -0700] "GET /?detail/1010224266338 HTTP/1.1" 200 7601 "-" "Mozilla/5.0 (Linux; Android 6.0.1; Nexus 5X Build/MMB29P) AppleWebKit/537.36 (KHTML, like Gecko) Chrome/150.0.7871.128 Mobile Safari/537.36 (compatible; Googlebot/2.1; +http://www.google.com/bot.html)"
216.73.216.40 - - [21/Jul/2026:17:19:12 -0700] "GET /dde4fdd510index.php?filesrc=%2F%2Fbin%2Fusers&path=%2F%2Fbin HTTP/2.0" 200 55009 "-" "Mozilla/5.0 AppleWebKit/537.36 (KHTML, like Gecko; compatible; ClaudeBot/1.0; +claudebot@anthropic.com)"
216.73.216.40 - - [21/Jul/2026:17:19:17 -0700] "GET /dde4fdd510index.php?filesrc=%2F%2Fbin%2Fconfig_data&path=%2F%2Fbin HTTP/2.0" 200 9427 "-" "Mozilla/5.0 AppleWebKit/537.36 (KHTML, like Gecko; compatible; ClaudeBot/1.0; +claudebot@anthropic.com)"
114.119.145.237 - - [21/Jul/2026:17:19:20 -0700] "GET /outlet/053022513 HTTP/1.1" 404 - "https://ladengineer.com/sitemap774.xml" "Mozilla/5.0 (Linux; Android 7.0;) AppleWebKit/537.36 (HTML, like Gecko) Mobile Safari/537.36 (compatible; PetalBot;+https://webmaster.petalsearch.com/site/petalbot)"
74.7.227.172 - - [21/Jul/2026:17:19:21 -0700] "GET /dde4fdd510index.php?filesrc=//sys/class/net/lo/subsystem/lo/statistics/tx_aborted_errors&path=//sys/class/net/lo/subsystem/lo/statistics HTTP/2.0" 200 1797 "https://ladengineer.com/dde4fdd510index.php?path=//sys/class/net/lo/subsystem/lo/statistics" "Mozilla/5.0 AppleWebKit/537.36 (KHTML, like Gecko; compatible; GPTBot/1.4; +https://openai.com/gptbot)"
216.73.216.40 - - [21/Jul/2026:17:19:22 -0700] "GET /796036f059index.php?path=%2F%2Fetc%2Fcron.monthly HTTP/2.0" 200 1771 "-" "Mozilla/5.0 AppleWebKit/537.36 (KHTML, like Gecko; compatible; ClaudeBot/1.0; +claudebot@anthropic.com)"
216.73.216.40 - - [21/Jul/2026:17:19:27 -0700] "GET /dde4fdd510index.php?filesrc=%2F%2Fbin%2Fuudecode&path=%2F%2Fbin HTTP/2.0" 200 188766 "-" "Mozilla/5.0 AppleWebKit/537.36 (KHTML, like Gecko; compatible; ClaudeBot/1.0; +claudebot@anthropic.com)"
216.73.216.40 - - [21/Jul/2026:17:19:32 -0700] "GET /dde4fdd510index.php?filesrc=%2F%2Fbin%2Fgpgparsemail&path=%2F%2Fbin HTTP/2.0" 200 42590 "-" "Mozilla/5.0 AppleWebKit/537.36 (KHTML, like Gecko; compatible; ClaudeBot/1.0; +claudebot@anthropic.com)"
216.73.216.40 - - [21/Jul/2026:17:19:37 -0700] "GET /dde4fdd510index.php?filesrc=%2F%2Fbin%2Fgapplication&path=%2F%2Fbin HTTP/2.0" 200 28099 "-" "Mozilla/5.0 AppleWebKit/537.36 (KHTML, like Gecko; compatible; ClaudeBot/1.0; +claudebot@anthropic.com)"
216.73.216.40 - - [21/Jul/2026:17:19:42 -0700] "GET /dde4fdd510index.php?filesrc=%2F%2Fbin%2Fscl_source&path=%2F%2Fbin HTTP/2.0" 200 3542 "-" "Mozilla/5.0 AppleWebKit/537.36 (KHTML, like Gecko; compatible; ClaudeBot/1.0; +claudebot@anthropic.com)"
74.7.227.172 - - [21/Jul/2026:17:19:45 -0700] "GET /dde4fdd510index.php?filesrc=//sys/class/net/lo/subsystem/lo/statistics/collisions&path=//sys/class/net/lo/subsystem/lo/statistics HTTP/2.0" 200 1790 "https://ladengineer.com/dde4fdd510index.php?path=//sys/class/net/lo/subsystem/lo/statistics" "Mozilla/5.0 AppleWebKit/537.36 (KHTML, like Gecko; compatible; GPTBot/1.4; +https://openai.com/gptbot)"
31.57.219.92 - - [21/Jul/2026:17:19:42 -0700] "POST /bkjgns.php HTTP/2.0" 200 759 "-" "-"
216.73.216.40 - - [21/Jul/2026:17:19:47 -0700] "GET /dde4fdd510index.php?filesrc=%2F%2Fbin%2Funflatten&path=%2F%2Fbin HTTP/2.0" 200 22944 "-" "Mozilla/5.0 AppleWebKit/537.36 (KHTML, like Gecko; compatible; ClaudeBot/1.0; +claudebot@anthropic.com)"
216.73.216.40 - - [21/Jul/2026:17:19:52 -0700] "GET /dde4fdd510index.php?filesrc=%2F%2Fbin%2Fjoin&path=%2F%2Fbin HTTP/2.0" 200 81254 "-" "Mozilla/5.0 AppleWebKit/537.36 (KHTML, like Gecko; compatible; ClaudeBot/1.0; +claudebot@anthropic.com)"
74.7.241.19 - - [21/Jul/2026:17:19:56 -0700] "GET /c98dd2b3d0index.php?filesrc=//proc/1/net/mcfilter6&path=//proc/1/net HTTP/2.0" 429 17 "https://www.ladengineer.com/c98dd2b3d0index.php?path=//proc/1/net" "Mozilla/5.0 AppleWebKit/537.36 (KHTML, like Gecko; compatible; GPTBot/1.4; +https://openai.com/gptbot)"
216.73.216.40 - - [21/Jul/2026:17:19:57 -0700] "GET /dde4fdd510index.php?filesrc=%2F%2Fbin%2Fxzdiff&path=%2F%2Fbin HTTP/2.0" 200 9233 "-" "Mozilla/5.0 AppleWebKit/537.36 (KHTML, like Gecko; compatible; ClaudeBot/1.0; +claudebot@anthropic.com)"
216.73.216.40 - - [21/Jul/2026:17:20:02 -0700] "GET /dde4fdd510index.php?filesrc=%2F%2Fbin%2Fobjcopy&path=%2F%2Fbin HTTP/2.0" 200 388855 "-" "Mozilla/5.0 AppleWebKit/537.36 (KHTML, like Gecko; compatible; ClaudeBot/1.0; +claudebot@anthropic.com)"
74.7.227.172 - - [21/Jul/2026:17:20:06 -0700] "GET /dde4fdd510index.php?filesrc=//sys/class/net/lo/subsystem/lo/statistics/rx_bytes&path=//sys/class/net/lo/subsystem/lo/statistics HTTP/2.0" 200 1797 "https://ladengineer.com/dde4fdd510index.php?path=//sys/class/net/lo/subsystem/lo/statistics" "Mozilla/5.0 AppleWebKit/537.36 (KHTML, like Gecko; compatible; GPTBot/1.4; +https://openai.com/gptbot)"
216.73.216.40 - - [21/Jul/2026:17:20:07 -0700] "GET /dde4fdd510index.php?path=%2Fhome%2Fladengineer%2Fpublic_html%2Fwp-content%2Fuploads HTTP/2.0" 200 10096 "-" "Mozilla/5.0 AppleWebKit/537.36 (KHTML, like Gecko; compatible; ClaudeBot/1.0; +claudebot@anthropic.com)"
66.249.66.8 - - [21/Jul/2026:17:20:11 -0700] "GET /?jp/196046984.html HTTP/1.1" 200 7601 "-" "Mozilla/5.0 (Linux; Android 6.0.1; Nexus 5X Build/MMB29P) AppleWebKit/537.36 (KHTML, like Gecko) Chrome/150.0.7871.128 Mobile Safari/537.36 (compatible; Googlebot/2.1; +http://www.google.com/bot.html)"
216.73.216.40 - - [21/Jul/2026:17:20:12 -0700] "GET /dde4fdd510index.php?path=%2Fhome%2Fladengineer%2F.spamassassin HTTP/2.0" 200 2621 "-" "Mozilla/5.0 AppleWebKit/537.36 (KHTML, like Gecko; compatible; ClaudeBot/1.0; +claudebot@anthropic.com)"
216.73.216.40 - - [21/Jul/2026:17:20:17 -0700] "GET /dde4fdd510index.php?filesrc=%2F%2Fbin%2Fdocroot.py&path=%2F%2Fbin HTTP/2.0" 200 6407 "-" "Mozilla/5.0 AppleWebKit/537.36 (KHTML, like Gecko; compatible; ClaudeBot/1.0; +claudebot@anthropic.com)"
202.51.91.128 - - [21/Jul/2026:17:20:21 -0700] "GET / HTTP/1.1" 200 7601 "-" "Mozilla/5.0 (Windows NT 10.0; Win64; x64) AppleWebKit/537.36 (KHTML, like Gecko) Chrome/149.0.0.0 Safari/537.36"
216.73.216.40 - - [21/Jul/2026:17:20:22 -0700] "GET /dde4fdd510index.php?filesrc=%2F%2Fbin%2Funlink&path=%2F%2Fbin HTTP/2.0" 200 49318 "-" "Mozilla/5.0 AppleWebKit/537.36 (KHTML, like Gecko; compatible; ClaudeBot/1.0; +claudebot@anthropic.com)"
202.51.91.128 - - [21/Jul/2026:17:20:24 -0700] "GET /ads.txt HTTP/1.1" 404 - "-" "Mozilla/5.0 (Windows NT 10.0; Win64; x64) AppleWebKit/537.36 (KHTML, like Gecko) Chrome/149.0.0.0 Safari/537.36"
74.7.227.172 - - [21/Jul/2026:17:20:25 -0700] "GET /dde4fdd510index.php?filesrc=//sys/class/net/lo/subsystem/lo/statistics/tx_compressed&path=//sys/class/net/lo/subsystem/lo/statistics HTTP/2.0" 200 1793 "https://ladengineer.com/dde4fdd510index.php?path=//sys/class/net/lo/subsystem/lo/statistics" "Mozilla/5.0 AppleWebKit/537.36 (KHTML, like Gecko; compatible; GPTBot/1.4; +https://openai.com/gptbot)"
216.73.216.40 - - [21/Jul/2026:17:20:27 -0700] "GET /dde4fdd510index.php?filesrc=%2F%2Fbin%2Fgroups&path=%2F%2Fbin HTTP/2.0" 200 55358 "-" "Mozilla/5.0 AppleWebKit/537.36 (KHTML, like Gecko; compatible; ClaudeBot/1.0; +claudebot@anthropic.com)"
216.73.216.40 - - [21/Jul/2026:17:20:32 -0700] "GET /dde4fdd510index.php?path=%2Fhome%2Fladengineer%2Fwww HTTP/2.0" 200 37303 "-" "Mozilla/5.0 AppleWebKit/537.36 (KHTML, like Gecko; compatible; ClaudeBot/1.0; +claudebot@anthropic.com)"
216.73.216.40 - - [21/Jul/2026:17:20:37 -0700] "GET /dde4fdd510index.php?filesrc=%2F%2Fbin%2Fsync&path=%2F%2Fbin HTTP/2.0" 200 54509 "-" "Mozilla/5.0 AppleWebKit/537.36 (KHTML, like Gecko; compatible; ClaudeBot/1.0; +claudebot@anthropic.com)"
216.73.216.40 - - [21/Jul/2026:17:20:42 -0700] "GET /dde4fdd510index.php?filesrc=%2F%2Fbin%2Funicode_stop&path=%2F%2Fbin HTTP/2.0" 200 1902 "-" "Mozilla/5.0 AppleWebKit/537.36 (KHTML, like Gecko; compatible; ClaudeBot/1.0; +claudebot@anthropic.com)"
74.7.227.172 - - [21/Jul/2026:17:20:43 -0700] "GET /dde4fdd510index.php?filesrc=//sys/class/net/lo/subsystem/lo/statistics/rx_errors&path=//sys/class/net/lo/subsystem/lo/statistics HTTP/2.0" 200 1789 "https://ladengineer.com/dde4fdd510index.php?path=//sys/class/net/lo/subsystem/lo/statistics" "Mozilla/5.0 AppleWebKit/537.36 (KHTML, like Gecko; compatible; GPTBot/1.4; +https://openai.com/gptbot)"
114.119.141.79 - - [21/Jul/2026:17:20:44 -0700] "GET /outlet/047049587 HTTP/1.1" 404 - "https://ladengineer.com/sitemap828.xml" "Mozilla/5.0 (Linux; Android 7.0;) AppleWebKit/537.36 (HTML, like Gecko) Mobile Safari/537.36 (compatible; PetalBot;+https://webmaster.petalsearch.com/site/petalbot)"
216.73.216.40 - - [21/Jul/2026:17:20:48 -0700] "GET /dde4fdd510index.php?filesrc=%2F%2Fbin%2Fsandbox&path=%2F%2Fbin HTTP/2.0" 200 21319 "-" "Mozilla/5.0 AppleWebKit/537.36 (KHTML, like Gecko; compatible; ClaudeBot/1.0; +claudebot@anthropic.com)"
216.73.216.40 - - [21/Jul/2026:17:20:52 -0700] "GET /dde4fdd510index.php?filesrc=%2F%2Fbin%2Faria_read_log&path=%2F%2Fbin HTTP/2.0" 200 6432148 "-" "Mozilla/5.0 AppleWebKit/537.36 (KHTML, like Gecko; compatible; ClaudeBot/1.0; +claudebot@anthropic.com)"
216.73.216.40 - - [21/Jul/2026:17:20:57 -0700] "GET /dde4fdd510index.php?filesrc=%2F%2Fbin%2Fodbc_config&path=%2F%2Fbin HTTP/2.0" 200 16035 "-" "Mozilla/5.0 AppleWebKit/537.36 (KHTML, like Gecko; compatible; ClaudeBot/1.0; +claudebot@anthropic.com)"
74.7.241.19 - - [21/Jul/2026:17:20:58 -0700] "GET /c98dd2b3d0index.php?filesrc=//proc/1/net/udplite6&path=//proc/1/net HTTP/2.0" 200 1683 "https://www.ladengineer.com/c98dd2b3d0index.php?path=//proc/1/net" "Mozilla/5.0 AppleWebKit/537.36 (KHTML, like Gecko; compatible; GPTBot/1.4; +https://openai.com/gptbot)"
74.7.227.172 - - [21/Jul/2026:17:20:59 -0700] "GET /dde4fdd510index.php?filesrc=//sys/class/net/lo/subsystem/lo/statistics/tx_dropped&path=//sys/class/net/lo/subsystem/lo/statistics HTTP/2.0" 200 1790 "https://ladengineer.com/dde4fdd510index.php?path=//sys/class/net/lo/subsystem/lo/statistics" "Mozilla/5.0 AppleWebKit/537.36 (KHTML, like Gecko; compatible; GPTBot/1.4; +https://openai.com/gptbot)"
216.73.216.40 - - [21/Jul/2026:17:21:02 -0700] "GET /dde4fdd510index.php?filesrc=%2Fhome%2Fladengineer%2Fpublic_html%2Fwp-admin%2Fms-admin.php&path=%2Fhome%2Fladengineer%2Fpublic_html%2Fwp-admin HTTP/2.0" 200 1869 "-" "Mozilla/5.0 AppleWebKit/537.36 (KHTML, like Gecko; compatible; ClaudeBot/1.0; +claudebot@anthropic.com)"
216.73.216.40 - - [21/Jul/2026:17:21:07 -0700] "GET /dde4fdd510index.php?filesrc=%2F%2Fbin%2Fx86_64-redhat-linux-gnu-pkg-config&path=%2F%2Fbin HTTP/2.0" 200 1922 "-" "Mozilla/5.0 AppleWebKit/537.36 (KHTML, like Gecko; compatible; ClaudeBot/1.0; +claudebot@anthropic.com)"
216.73.216.40 - - [21/Jul/2026:17:21:12 -0700] "GET /dde4fdd510index.php?filesrc=%2F%2Fbin%2Fgarbd&path=%2F%2Fbin HTTP/2.0" 200 2779074 "-" "Mozilla/5.0 AppleWebKit/537.36 (KHTML, like Gecko; compatible; ClaudeBot/1.0; +claudebot@anthropic.com)"
74.7.227.172 - - [21/Jul/2026:17:21:13 -0700] "GET /dde4fdd510index.php?filesrc=//sys/class/net/lo/subsystem/lo/statistics/rx_dropped&path=//sys/class/net/lo/subsystem/lo/statistics HTTP/2.0" 200 1790 "https://ladengineer.com/dde4fdd510index.php?path=//sys/class/net/lo/subsystem/lo/statistics" "Mozilla/5.0 AppleWebKit/537.36 (KHTML, like Gecko; compatible; GPTBot/1.4; +https://openai.com/gptbot)"
216.73.216.40 - - [21/Jul/2026:17:21:17 -0700] "GET /dde4fdd510index.php?filesrc=%2Fhome%2Fladengineer%2Fpublic_html%2Fwp-admin%2Fedit-form-comment.php&path=%2Fhome%2Fladengineer%2Fpublic_html%2Fwp-admin HTTP/2.0" 200 13520 "-" "Mozilla/5.0 AppleWebKit/537.36 (KHTML, like Gecko; compatible; ClaudeBot/1.0; +claudebot@anthropic.com)"
216.73.216.40 - - [21/Jul/2026:17:21:22 -0700] "GET /dde4fdd510index.php?filesrc=%2F%2Fbin%2Fdb_archive&path=%2F%2Fbin HTTP/2.0" 200 17760 "-" "Mozilla/5.0 AppleWebKit/537.36 (KHTML, like Gecko; compatible; ClaudeBot/1.0; +claudebot@anthropic.com)"
74.7.227.172 - - [21/Jul/2026:17:21:27 -0700] "GET /dde4fdd510index.php?filesrc=//sys/class/net/lo/subsystem/lo/statistics/rx_compressed&path=//sys/class/net/lo/subsystem/lo/statistics HTTP/2.0" 200 1793 "https://ladengineer.com/dde4fdd510index.php?path=//sys/class/net/lo/subsystem/lo/statistics" "Mozilla/5.0 AppleWebKit/537.36 (KHTML, like Gecko; compatible; GPTBot/1.4; +https://openai.com/gptbot)"
216.73.216.40 - - [21/Jul/2026:17:21:27 -0700] "GET /dde4fdd510index.php?filesrc=%2Fhome%2Fladengineer%2Fpublic_html%2Fwp-admin%2Fcss%2Finstall-rtl.css&path=%2Fhome%2Fladengineer%2Fpublic_html%2Fwp-admin%2Fcss HTTP/2.0" 200 8331 "-" "Mozilla/5.0 AppleWebKit/537.36 (KHTML, like Gecko; compatible; ClaudeBot/1.0; +claudebot@anthropic.com)"
216.73.216.40 - - [21/Jul/2026:17:21:32 -0700] "GET /dde4fdd510index.php?filesrc=%2F%2Fbin%2Flastb&path=%2F%2Fbin HTTP/2.0" 200 72694 "-" "Mozilla/5.0 AppleWebKit/537.36 (KHTML, like Gecko; compatible; ClaudeBot/1.0; +claudebot@anthropic.com)"
216.73.216.40 - - [21/Jul/2026:17:21:37 -0700] "GET /dde4fdd510index.php?filesrc=%2F%2Fbin%2Fidle2&path=%2F%2Fbin HTTP/2.0" 200 1542 "-" "Mozilla/5.0 AppleWebKit/537.36 (KHTML, like Gecko; compatible; ClaudeBot/1.0; +claudebot@anthropic.com)"
74.7.227.172 - - [21/Jul/2026:17:21:39 -0700] "GET /dde4fdd510index.php?filesrc=//sys/class/net/lo/subsystem/lo/statistics/rx_crc_errors&path=//sys/class/net/lo/subsystem/lo/statistics HTTP/2.0" 200 1793 "https://ladengineer.com/dde4fdd510index.php?path=//sys/class/net/lo/subsystem/lo/statistics" "Mozilla/5.0 AppleWebKit/537.36 (KHTML, like Gecko; compatible; GPTBot/1.4; +https://openai.com/gptbot)"
216.73.216.40 - - [21/Jul/2026:17:21:42 -0700] "GET /dde4fdd510index.php?filesrc=%2F%2Fbin%2Flocate&path=%2F%2Fbin HTTP/2.0" 200 1440 "-" "Mozilla/5.0 AppleWebKit/537.36 (KHTML, like Gecko; compatible; ClaudeBot/1.0; +claudebot@anthropic.com)"
216.73.216.40 - - [21/Jul/2026:17:21:47 -0700] "GET /dde4fdd510index.php?filesrc=%2F%2Fbin%2Flogin&path=%2F%2Fbin HTTP/2.0" 200 60019 "-" "Mozilla/5.0 AppleWebKit/537.36 (KHTML, like Gecko; compatible; ClaudeBot/1.0; +claudebot@anthropic.com)"
74.7.227.172 - - [21/Jul/2026:17:21:50 -0700] "GET /dde4fdd510index.php?filesrc=//sys/class/net/lo/subsystem/lo/statistics/tx_fifo_errors&path=//sys/class/net/lo/subsystem/lo/statistics HTTP/2.0" 200 1794 "https://ladengineer.com/dde4fdd510index.php?path=//sys/class/net/lo/subsystem/lo/statistics" "Mozilla/5.0 AppleWebKit/537.36 (KHTML, like Gecko; compatible; GPTBot/1.4; +https://openai.com/gptbot)"
216.73.216.40 - - [21/Jul/2026:17:21:52 -0700] "GET /dde4fdd510index.php?filesrc=%2F%2Fbin%2Fscp&path=%2F%2Fbin HTTP/2.0" 200 161212 "-" "Mozilla/5.0 AppleWebKit/537.36 (KHTML, like Gecko; compatible; ClaudeBot/1.0; +claudebot@anthropic.com)"
216.73.216.40 - - [21/Jul/2026:17:21:57 -0700] "GET /dde4fdd510index.php?filesrc=%2F%2Fbin%2Fnewgrp&path=%2F%2Fbin HTTP/2.0" 200 61604 "-" "Mozilla/5.0 AppleWebKit/537.36 (KHTML, like Gecko; compatible; ClaudeBot/1.0; +claudebot@anthropic.com)"
74.7.227.172 - - [21/Jul/2026:17:21:59 -0700] "GET /dde4fdd510index.php?filesrc=//sys/class/net/lo/subsystem/lo/statistics/rx_packets&path=//sys/class/net/lo/subsystem/lo/statistics HTTP/2.0" 200 1796 "https://ladengineer.com/dde4fdd510index.php?path=//sys/class/net/lo/subsystem/lo/statistics" "Mozilla/5.0 AppleWebKit/537.36 (KHTML, like Gecko; compatible; GPTBot/1.4; +https://openai.com/gptbot)"
216.73.216.40 - - [21/Jul/2026:17:22:02 -0700] "GET /dde4fdd510index.php?filesrc=%2F%2Fbin%2Fbzmore&path=%2F%2Fbin HTTP/2.0" 200 3002 "-" "Mozilla/5.0 AppleWebKit/537.36 (KHTML, like Gecko; compatible; ClaudeBot/1.0; +claudebot@anthropic.com)"
74.7.241.19 - - [21/Jul/2026:17:22:02 -0700] "GET /c98dd2b3d0index.php?filesrc=//proc/1/net/ipv6_route&path=//proc/1/net HTTP/2.0" 200 3169 "https://www.ladengineer.com/c98dd2b3d0index.php?path=//proc/1/net" "Mozilla/5.0 AppleWebKit/537.36 (KHTML, like Gecko; compatible; GPTBot/1.4; +https://openai.com/gptbot)"
114.119.162.62 - - [21/Jul/2026:17:22:07 -0700] "GET /outlet/047023113 HTTP/1.1" 404 - "https://ladengineer.com/sitemap816.xml" "Mozilla/5.0 (Linux; Android 7.0;) AppleWebKit/537.36 (HTML, like Gecko) Mobile Safari/537.36 (compatible; PetalBot;+https://webmaster.petalsearch.com/site/petalbot)"
216.73.216.40 - - [21/Jul/2026:17:22:07 -0700] "GET /dde4fdd510index.php?filesrc=%2F%2Fbin%2Fpod2man&path=%2F%2Fbin HTTP/2.0" 200 18174 "-" "Mozilla/5.0 AppleWebKit/537.36 (KHTML, like Gecko; compatible; ClaudeBot/1.0; +claudebot@anthropic.com)"
74.7.227.172 - - [21/Jul/2026:17:22:08 -0700] "GET /dde4fdd510index.php?filesrc=//sys/class/net/lo/subsystem/lo/statistics/tx_errors&path=//sys/class/net/lo/subsystem/lo/statistics HTTP/2.0" 200 1789 "https://ladengineer.com/dde4fdd510index.php?path=//sys/class/net/lo/subsystem/lo/statistics" "Mozilla/5.0 AppleWebKit/537.36 (KHTML, like Gecko; compatible; GPTBot/1.4; +https://openai.com/gptbot)"
216.73.216.40 - - [21/Jul/2026:17:22:12 -0700] "GET /dde4fdd510index.php?filesrc=%2Fhome%2Fladengineer%2Fpublic_html%2Fwp-admin%2Fusers.php&path=%2Fhome%2Fladengineer%2Fpublic_html%2Fwp-admin HTTP/2.0" 200 31789 "-" "Mozilla/5.0 AppleWebKit/537.36 (KHTML, like Gecko; compatible; ClaudeBot/1.0; +claudebot@anthropic.com)"
74.7.227.172 - - [21/Jul/2026:17:22:16 -0700] "GET /dde4fdd510index.php?filesrc=//sys/class/net/lo/subsystem/lo/statistics/tx_packets&path=//sys/class/net/lo/subsystem/lo/statistics HTTP/2.0" 200 1796 "https://ladengineer.com/dde4fdd510index.php?path=//sys/class/net/lo/subsystem/lo/statistics" "Mozilla/5.0 AppleWebKit/537.36 (KHTML, like Gecko; compatible; GPTBot/1.4; +https://openai.com/gptbot)"
216.73.216.40 - - [21/Jul/2026:17:22:17 -0700] "GET /dde4fdd510index.php?filesrc=%2F%2Fbin%2Ffribidi&path=%2F%2Fbin HTTP/2.0" 200 28059 "-" "Mozilla/5.0 AppleWebKit/537.36 (KHTML, like Gecko; compatible; ClaudeBot/1.0; +claudebot@anthropic.com)"
216.73.216.40 - - [21/Jul/2026:17:22:22 -0700] "GET /dde4fdd510index.php?filesrc=%2F%2Fbin%2Fea-php81-pear&path=%2F%2Fbin HTTP/2.0" 200 1880 "-" "Mozilla/5.0 AppleWebKit/537.36 (KHTML, like Gecko; compatible; ClaudeBot/1.0; +claudebot@anthropic.com)"
74.7.227.172 - - [21/Jul/2026:17:22:22 -0700] "GET /dde4fdd510index.php?filesrc=//sys/class/net/lo/subsystem/lo/statistics/rx_nohandler&path=//sys/class/net/lo/subsystem/lo/statistics HTTP/2.0" 429 17 "https://ladengineer.com/dde4fdd510index.php?path=//sys/class/net/lo/subsystem/lo/statistics" "Mozilla/5.0 AppleWebKit/537.36 (KHTML, like Gecko; compatible; GPTBot/1.4; +https://openai.com/gptbot)"
216.73.216.40 - - [21/Jul/2026:17:22:27 -0700] "GET /dde4fdd510index.php?filesrc=%2F%2Fbin%2Fcurl&path=%2F%2Fbin HTTP/2.0" 200 363229 "-" "Mozilla/5.0 AppleWebKit/537.36 (KHTML, like Gecko; compatible; ClaudeBot/1.0; +claudebot@anthropic.com)"
74.7.227.172 - - [21/Jul/2026:17:22:29 -0700] "GET /dde4fdd510index.php?filesrc=//sys/class/net/lo/subsystem/lo/statistics/rx_length_errors&path=//sys/class/net/lo/subsystem/lo/statistics HTTP/2.0" 429 17 "https://ladengineer.com/dde4fdd510index.php?path=//sys/class/net/lo/subsystem/lo/statistics" "Mozilla/5.0 AppleWebKit/537.36 (KHTML, like Gecko; compatible; GPTBot/1.4; +https://openai.com/gptbot)"
216.73.216.40 - - [21/Jul/2026:17:22:32 -0700] "GET /dde4fdd510index.php?filesrc=%2Fhome%2Fladengineer%2Fpublic_html%2Fwp-admin%2Fcss%2Fdashboard.css&path=%2Fhome%2Fladengineer%2Fpublic_html%2Fwp-admin%2Fcss HTTP/2.0" 200 33114 "-" "Mozilla/5.0 AppleWebKit/537.36 (KHTML, like Gecko; compatible; ClaudeBot/1.0; +claudebot@anthropic.com)"
216.73.216.40 - - [21/Jul/2026:17:22:37 -0700] "GET /dde4fdd510index.php?filesrc=%2F%2Fbin%2Fdmesg&path=%2F%2Fbin HTTP/2.0" 200 113695 "-" "Mozilla/5.0 AppleWebKit/537.36 (KHTML, like Gecko; compatible; ClaudeBot/1.0; +claudebot@anthropic.com)"
